From mboxrd@z Thu Jan 1 00:00:00 1970 Return-Path: Received: from mails.dpdk.org (mails.dpdk.org [217.70.189.124]) by inbox.dpdk.org (Postfix) with ESMTP id 05A0D46265 for ; Wed, 19 Feb 2025 08:19:34 +0100 (CET) Received: from mails.dpdk.org (localhost [127.0.0.1]) by mails.dpdk.org (Postfix) with ESMTP id F1D154028B; Wed, 19 Feb 2025 08:19:33 +0100 (CET) Received: from mail-ua1-f98.google.com (mail-ua1-f98.google.com [209.85.222.98]) by mails.dpdk.org (Postfix) with ESMTP id 6D7DC4025A for ; Wed, 19 Feb 2025 08:19:32 +0100 (CET) Received: by mail-ua1-f98.google.com with SMTP id a1e0cc1a2514c-8691b23d129so940809241.3 for ; Tue, 18 Feb 2025 23:19:32 -0800 (PST) DKIM-Signature: v=1; a=rsa-sha256; c=relaxed/relaxed; d=iol.unh.edu; s=unh-iol; t=1739949572; x=1740554372; darn=dpdk.org; h=cc:to:from:subject:message-id:date:from:to:cc:subject:date :message-id:reply-to; bh=CyJyr2tCaLf0/58UiUy67PqkujJCOXrJpn/xRTSb598=; b=I1zDxRq+L8vwowaDCeOrLemx+7soM1fBMzQLNug3f2KXaFDgtheplV2zr99J+/DMhQ bMDW2MF/r+WWdAoSizk1ldOWWOaskSEAUS4OO6btbGx/thMqwNJqcAxRN+hI5sw4ZAwC hIkVj/zJpEjBONdW+7QKh3qS24LUHYjiUdCEQ= X-Google-DKIM-Signature: v=1; a=rsa-sha256; c=relaxed/relaxed; d=1e100.net; s=20230601; t=1739949572; x=1740554372; h=cc:to:from:subject:message-id:date:x-gm-message-state:from:to:cc :subject:date:message-id:reply-to; bh=CyJyr2tCaLf0/58UiUy67PqkujJCOXrJpn/xRTSb598=; b=NJtNg6pieHJSgP9xDB6n2yQ8jcIjb3PY0l1w6mxzIKwi3yzFI7fG5rsSn3tXSAZPd9 O1MCt5uLIGjqGDnVnVYn+UIf4XVh0IJbT+N3543gnqxVCrZmZ3ywi1aAPZY57KbdT3gB QaIkQTtZKRvoJg2mNfRuEvf/fsWJfppT3kX4RLDmrzP7zk5RKkX2c21YhM6ormxt2sTx ZTvpJNvRm3EbCfAyaU/8Kv6r7s0hNM5oGMLj6yUnpFZII9aDV5hZFWWUS3jRI21LeaBg kirS0J46iggPwk7QgBe3U3fYVjaB0ocrpPj7eOpnmv+ysG1AW1gyTEOMNA/Iz9W0CQbJ nOJA== X-Gm-Message-State: AOJu0YwJ+3uozBdG4BtSa4tNQgIb4dw+8V4jtrZ72scwqLrQq5h6ZCER lJk/RhcPLQkbv6p41CTzwSCg9uHu2wvYMmtd6XO0LzRwdS+f7UgBbJFuQYJJ495zMhIgL8WyxCL hagMsvzvTztZRFZQKkQB7e61oIC4kSXxK X-Gm-Gg: ASbGnct3FjzsI3HKUCTSdLoQfUvPTUdwLsQqh0kqJs/YOW47/Nj2+mo1TpYTZzC0h2P xCNHFfieeMc0Y/vJP7XV3RZsN5ucYAiNz/akaXt42yUxIV0FiuMBsC3D3CAXF1jRKzaja0R4Fqy bRt1fxC613Yn8ER628U4YvuOlQlMbz3jSOXdQqUrPtah72Zfj/V5vUiSPr4mSAEkDOaT2Enmpeq M80TnJ4Ft3xZmOptiZe+L3p0jCBNhLthqbEP7RJNBckjMrAqLDpkkyIi72JI66oJouemdQLORPk aeWt2B3MrMETQooFW+Uh4ENwQ8aZTQ== X-Google-Smtp-Source: AGHT+IFcpR4xvk5Z3HFE47+AbzMbKldzSGITk1uFz36llwKEX/cUVKWWnCBz2zsEAC4KIKNkMJtMgRYSbB/1 X-Received: by 2002:a05:6102:4410:b0:4bb:dfd8:4177 with SMTP id ada2fe7eead31-4bd3fc6c4c9mr8460117137.7.1739949571716; Tue, 18 Feb 2025 23:19:31 -0800 (PST) Received: from postal.iol.unh.edu (postal.iol.unh.edu. [132.177.123.84]) by smtp-relay.gmail.com with ESMTPS id ada2fe7eead31-4be6ee3ab27sm266094137.4.2025.02.18.23.19.31 (version=TLS1_2 cipher=ECDHE-ECDSA-AES128-GCM-SHA256 bits=128/128); Tue, 18 Feb 2025 23:19:31 -0800 (PST) X-Relaying-Domain: iol.unh.edu Date: Tue, 18 Feb 2025 23:19:31 -0800 (PST) Message-ID: <67b58603.050a0220.20f6a1.c315SMTPIN_ADDED_MISSING@mx.google.com> Received: from [172.21.0.5] (unknown [172.18.0.240]) by postal.iol.unh.edu (Postfix) with ESMTP id 4C3286052471; Wed, 19 Feb 2025 02:19:31 -0500 (EST) Subject: |WARNING| [GIT MASTER] 7ce7d3341d7e21c2a81f2fea8e451681d7306d77 From: dpdklab@iol.unh.edu To: Test Report Cc: dpdk-test-reports@iol.unh.edu, Xueming Li , Christian Ehrhardt , Kevin Traynor , Luca Boccassi Content-Type: text/plain X-BeenThere: test-report@dpdk.org X-Mailman-Version: 2.1.29 Precedence: list List-Id: automatic DPDK test reports List-Unsubscribe: , List-Archive: List-Post: List-Help: List-Subscribe: , Errors-To: test-report-bounces@dpdk.org _Testing issues_ Branch: tags/v22.11 7ce7d3341d7e21c2a81f2fea8e451681d7306d77 --> testing issues Upstream job id: Generic-DPDK-Compile-Meson#362903 Test environment and result as below: +---------------------+--------------------+-------------------------+ | Environment | dpdk_meson_compile | dpdk_llvm_clang_compile | +=====================+====================+=========================+ | CentOS Stream 9 | PEND | SKIPPED | +---------------------+--------------------+-------------------------+ | CentOS Stream 10 | PASS | SKIPPED | +---------------------+--------------------+-------------------------+ | Debian Bullseye | PEND | SKIPPED | +---------------------+--------------------+-------------------------+ | Fedora 40 (Clang) | PEND | SKIPPED | +---------------------+--------------------+-------------------------+ | Debian 12 | PEND | SKIPPED | +---------------------+--------------------+-------------------------+ | Fedora 40 | PEND | SKIPPED | +---------------------+--------------------+-------------------------+ | Fedora 41 (Clang) | PEND | SKIPPED | +---------------------+--------------------+-------------------------+ | FreeBSD 13.4 | PASS | SKIPPED | +---------------------+--------------------+-------------------------+ | Fedora 41 | PEND | SKIPPED | +---------------------+--------------------+-------------------------+ | openSUSE Leap 15 | PEND | SKIPPED | +---------------------+--------------------+-------------------------+ | RHEL9 | PEND | SKIPPED | +---------------------+--------------------+-------------------------+ | Ubuntu 20.04 | PEND | SKIPPED | +---------------------+--------------------+-------------------------+ | Ubuntu 22.04 | PEND | SKIPPED | +---------------------+--------------------+-------------------------+ | Ubuntu 24.04 | PEND | SKIPPED | +---------------------+--------------------+-------------------------+ | FreeBSD 14.2 | PASS | SKIPPED | +---------------------+--------------------+-------------------------+ | RHEL8 | PEND | SKIPPED | +---------------------+--------------------+-------------------------+ | Windows Server 2022 | SKIPPED | FAIL | +---------------------+--------------------+-------------------------+ ==== 20 line log output for Windows Server 2022 (dpdk_llvm_clang_compile): ==== ..\lib\eal\include/rte_common.h:850:32: note: expanded from macro 'RTE_FMT_TAIL' #define RTE_FMT_TAIL(fmt, ...) __VA_ARGS__ ^~~~~~~~~~~ ..\lib\eal\include/rte_common.h:848:39: note: expanded from macro 'RTE_FMT' #define RTE_FMT(fmt, ...) fmt "%.0s", __VA_ARGS__ "" ^~~~~~~~~~~ ../drivers/crypto/mlx5/mlx5_crypto.c:463:18: note: forward declaration of 'struct mlx5_err_cqe' volatile struct mlx5_err_cqe *cqe = (volatile struct mlx5_err_cqe *) ^ 3 errors generated. [627/788] Compiling C object drivers/libtmp_rte_net_vmxnet3.a.p/net_vmxnet3_vmxnet3_rxtx.c.obj [628/788] Compiling C object drivers/libtmp_rte_crypto_mlx5.a.p/crypto_mlx5_mlx5_crypto_dek.c.obj [629/788] Generating rte_net_octeon_ep.pmd.c with a custom command (wrapped by meson to set PATH) [630/788] Compiling C object drivers/libtmp_rte_net_mlx5.a.p/net_mlx5_mlx5_tx_empw.c.obj [631/788] Compiling C object drivers/libtmp_rte_net_mlx5.a.p/net_mlx5_mlx5_tx_nompw.c.obj [632/788] Compiling C object app/dpdk-testpmd.exe.p/test-pmd_csumonly.c.obj [633/788] Compiling C object app/dpdk-testpmd.exe.p/test-pmd_cmdline_mtr.c.obj [634/788] Compiling C object app/test/dpdk-test.exe.p/test_cryptodev.c.obj [635/788] Compiling C object drivers/libtmp_rte_net_mlx5.a.p/net_mlx5_mlx5_tx_txpp.c.obj ninja: build stopped: subcommand failed. ==== End log output ==== CentOS Stream 9 Kernel: Depends on container host Compiler: gcc 11.5.0 20240719 (Red Hat 11.5.0-2) CentOS Stream 10 Kernel: Depends on container host Compiler: gcc 14.2.1 20241104 (Red Hat 14.2.1-6) Debian Bullseye Kernel: Depends on container host Compiler: gcc (Debian 10.2.1-6) 10.2.1 20210110 Fedora 40 (Clang) Kernel: Depends on container host Compiler: clang 18.1.8 (Fedora 18.1.8-1.fc40) Debian 12 Kernel: Depends on container host Compiler: gcc (Debian 12.2.0-14) 12.2.0 Fedora 40 Kernel: Depends on container host Compiler: gcc 14.2.1 20240912 (Red Hat 14.2.1-3) Fedora 41 (Clang) Kernel: Depends on container host Compiler: clang 19.1.5 (Fedora 19.1.5-1.fc41) FreeBSD 13.4 Kernel: 13.4-RELEASE-p1 Compiler: clang 18.1.6 Fedora 41 Kernel: Depends on container host Compiler: gcc 14.2.1 20240912 (Red Hat 14.2.1-3) openSUSE Leap 15 Kernel: Depends on container host Compiler: gcc (SUSE Linux) 7.5.0 RHEL9 Kernel: Depends on container host Compiler: gcc 11.5.0 20240719 (Red Hat 11.5.0-2) Ubuntu 20.04 Kernel: Depends on container host Compiler: gcc (Ubuntu 9.4.0-1ubuntu1~20.04.2) 9.4.0 Ubuntu 22.04 Kernel: Depends on container host Compiler: gcc (Ubuntu 11.4.0-1ubuntu1~22.04) 11.4.0 Ubuntu 24.04 Kernel: Depends on container host Compiler: gcc (Ubuntu 13.3.0-6ubuntu2~24.04) 13.3.0 FreeBSD 14.2 Kernel: 14.2-RELEASE Compiler: clang 18.1.6 RHEL8 Kernel: Depends on container host Compiler: gcc 8.5.0 20210514 (Red Hat 8.5.0-22) Windows Server 2022 Kernel: 10.0.20348.2031 Compiler: clang 15.0.7, gcc 14.1.0 (MinGW), and MSVC VS 19.39.33521 To view detailed results, visit: https://lab.dpdk.org/results/dashboard/tarballs/32620/ UNH-IOL DPDK Community Lab To manage your email subscriptions, visit: https://lab.dpdk.org/results/dashboard/preferences/subscriptions/