From mboxrd@z Thu Jan 1 00:00:00 1970 Return-Path: Received: from mails.dpdk.org (mails.dpdk.org [217.70.189.124]) by inbox.dpdk.org (Postfix) with ESMTP id 750B846265 for ; Wed, 19 Feb 2025 08:22:32 +0100 (CET) Received: from mails.dpdk.org (localhost [127.0.0.1]) by mails.dpdk.org (Postfix) with ESMTP id 544514028B; Wed, 19 Feb 2025 08:22:32 +0100 (CET) Received: from mail-pl1-f228.google.com (mail-pl1-f228.google.com [209.85.214.228]) by mails.dpdk.org (Postfix) with ESMTP id CB5BA4025A for ; Wed, 19 Feb 2025 08:22:30 +0100 (CET) Received: by mail-pl1-f228.google.com with SMTP id d9443c01a7336-2211cd4463cso62086085ad.2 for ; Tue, 18 Feb 2025 23:22:30 -0800 (PST) DKIM-Signature: v=1; a=rsa-sha256; c=relaxed/relaxed; d=iol.unh.edu; s=unh-iol; t=1739949750; x=1740554550; darn=dpdk.org; h=cc:to:from:subject:message-id:date:from:to:cc:subject:date :message-id:reply-to; bh=yNNL5yDC/jNy/Xajeh7LHNAB0WhhAxrspQajvnOodMA=; b=KiZiy3Hdeq84I5wQPRpSLV+PZMUpkJgeajPaG3jq0f0cIpz6hiAY8Tdxc1SG0htORu SmCVzBUckPVkRdMGaV/sQovhto9OrROKUu4o9zeFbdHKw7lS8oStT6j/2cWhDPtY/ukr h9mTTbnjLgknd+HNQ3l4KjzV3+9bNetHvQ4NU= X-Google-DKIM-Signature: v=1; a=rsa-sha256; c=relaxed/relaxed; d=1e100.net; s=20230601; t=1739949750; x=1740554550; h=cc:to:from:subject:message-id:date:x-gm-message-state:from:to:cc :subject:date:message-id:reply-to; bh=yNNL5yDC/jNy/Xajeh7LHNAB0WhhAxrspQajvnOodMA=; b=llvPDuIluo3d85PwXsf8UPCFThHrGlgtn9St/udCznl5ngwLox8SOsBWrfCKo+B/bV Cnv+oce59yLXyCHe7u6X1H4Xe2huCTzwLNuRqWCXDmNkwgW6zLy0jcEN+2anEH1DymyJ QJhaushKp6hD76LB961dkFlhxC/hYkaFKLe+u9TQIsX1ETdyNen9WvQ7aAOVY3EMmdnZ 04MAWiPLgNaV65LHsmnT0AbT3LQAl0jzmFg9XyncjjRc89o/1aU5Q+mODmKBudCvUMJg UsBdncDEu+5LKG9xWqLP3MEIu3tL0cJg67nKH81jjlLDoa4+qCq3EA/SRZp6yi3Fz7hi hM4Q== X-Gm-Message-State: AOJu0YzaxS/k3Wj/TYh1JHyP5VIMAi3F/wNnccdNkNVLUrEAQ3SkzGxo JiSGRVXeNy55LLtbsDr1BX0lD/nHqyt0MIRe5K91CVJYFm0/F2cApeLDyttdN1As2DXQVKDCz+J aZp6BlBRwp5i/4CUcLORBiErmYg8yCl38 X-Gm-Gg: ASbGncvL3LjnL8cgZYXisNZ6TB9OUiG/K8iIarrVJWBJoMFHUsLg60aBRrf7KJ7a7XX 0ZGCfNeFlG1B4aVnTp4zhtPApNwgXatTdj0QFj7y8KM538/0PuMyEfHrFPqiYOTWjDDcOFdBVrk 3QieSdNEpM+RNo4MrPoYw5KzziG1M7Nk/EY/5RfOuH5o/THDSr0e5JqHLv8E21tcO7rO4q8owjz BhXdI3scLLQZpZTFdkp1GEGHbNCPFN7E6ZY8o942TIIxwd2+eht73pknnCVg7csjQ9EuV267Ss4 5Na2OzurMQIag/XCGZzZmYOlFDsVKQ== X-Google-Smtp-Source: AGHT+IEWCEvUdTKT3znCOkha2I2fLBdLnnXcx0KA10kfi0JUx5EgifFaxcw25gBT3Keh+Kiuyb5VzB0s3COZ X-Received: by 2002:a17:902:f1cd:b0:220:c94f:eb5f with SMTP id d9443c01a7336-221040136a3mr180420145ad.6.1739949749961; Tue, 18 Feb 2025 23:22:29 -0800 (PST) Received: from postal.iol.unh.edu (postal.iol.unh.edu. [132.177.123.84]) by smtp-relay.gmail.com with ESMTPS id d9443c01a7336-220d5307cbfsm6755095ad.32.2025.02.18.23.22.29 (version=TLS1_2 cipher=ECDHE-ECDSA-AES128-GCM-SHA256 bits=128/128); Tue, 18 Feb 2025 23:22:29 -0800 (PST) X-Relaying-Domain: iol.unh.edu Date: Tue, 18 Feb 2025 23:22:29 -0800 (PST) Message-ID: <67b586b5.170a0220.11d5c3.1f15SMTPIN_ADDED_MISSING@mx.google.com> Received: from [172.21.0.6] (unknown [172.18.0.240]) by postal.iol.unh.edu (Postfix) with ESMTP id 122336052471; Wed, 19 Feb 2025 02:22:29 -0500 (EST) Subject: |WARNING| [GIT MASTER] 7ce7d3341d7e21c2a81f2fea8e451681d7306d77 From: dpdklab@iol.unh.edu To: Test Report Cc: dpdk-test-reports@iol.unh.edu, Xueming Li , Christian Ehrhardt , Kevin Traynor , Luca Boccassi Content-Type: text/plain X-BeenThere: test-report@dpdk.org X-Mailman-Version: 2.1.29 Precedence: list List-Id: automatic DPDK test reports List-Unsubscribe: , List-Archive: List-Post: List-Help: List-Subscribe: , Errors-To: test-report-bounces@dpdk.org _Testing issues_ Branch: tags/v22.11 7ce7d3341d7e21c2a81f2fea8e451681d7306d77 --> testing issues Upstream job id: Generic-DPDK-Compile-Meson#362904 Test environment and result as below: +---------------------+--------------------+-------------------------+----------------------+ | Environment | dpdk_meson_compile | dpdk_llvm_clang_compile | dpdk_mingw64_compile | +=====================+====================+=========================+======================+ | CentOS Stream 9 | PEND | SKIPPED | SKIPPED | +---------------------+--------------------+-------------------------+----------------------+ | CentOS Stream 10 | PASS | SKIPPED | SKIPPED | +---------------------+--------------------+-------------------------+----------------------+ | Debian Bullseye | PASS | SKIPPED | SKIPPED | +---------------------+--------------------+-------------------------+----------------------+ | Fedora 40 (Clang) | PEND | SKIPPED | SKIPPED | +---------------------+--------------------+-------------------------+----------------------+ | Debian 12 | PEND | SKIPPED | SKIPPED | +---------------------+--------------------+-------------------------+----------------------+ | Fedora 40 | PEND | SKIPPED | SKIPPED | +---------------------+--------------------+-------------------------+----------------------+ | Fedora 41 (Clang) | PEND | SKIPPED | SKIPPED | +---------------------+--------------------+-------------------------+----------------------+ | FreeBSD 13.4 | PASS | SKIPPED | SKIPPED | +---------------------+--------------------+-------------------------+----------------------+ | Fedora 41 | PEND | SKIPPED | SKIPPED | +---------------------+--------------------+-------------------------+----------------------+ | openSUSE Leap 15 | PEND | SKIPPED | SKIPPED | +---------------------+--------------------+-------------------------+----------------------+ | RHEL9 | PEND | SKIPPED | SKIPPED | +---------------------+--------------------+-------------------------+----------------------+ | Ubuntu 20.04 | PEND | SKIPPED | SKIPPED | +---------------------+--------------------+-------------------------+----------------------+ | Ubuntu 22.04 | PEND | SKIPPED | SKIPPED | +---------------------+--------------------+-------------------------+----------------------+ | Ubuntu 24.04 | PEND | SKIPPED | SKIPPED | +---------------------+--------------------+-------------------------+----------------------+ | FreeBSD 14.2 | PASS | SKIPPED | SKIPPED | +---------------------+--------------------+-------------------------+----------------------+ | RHEL8 | PEND | SKIPPED | SKIPPED | +---------------------+--------------------+-------------------------+----------------------+ | Windows Server 2022 | SKIPPED | FAIL | PEND | +---------------------+--------------------+-------------------------+----------------------+ ==== 20 line log output for Windows Server 2022 (dpdk_llvm_clang_compile): ==== ..\lib\eal\include/rte_common.h:850:32: note: expanded from macro 'RTE_FMT_TAIL' #define RTE_FMT_TAIL(fmt, ...) __VA_ARGS__ ^~~~~~~~~~~ ..\lib\eal\include/rte_common.h:848:39: note: expanded from macro 'RTE_FMT' #define RTE_FMT(fmt, ...) fmt "%.0s", __VA_ARGS__ "" ^~~~~~~~~~~ ../drivers/crypto/mlx5/mlx5_crypto.c:463:18: note: forward declaration of 'struct mlx5_err_cqe' volatile struct mlx5_err_cqe *cqe = (volatile struct mlx5_err_cqe *) ^ 3 errors generated. [627/788] Compiling C object drivers/libtmp_rte_net_vmxnet3.a.p/net_vmxnet3_vmxnet3_rxtx.c.obj [628/788] Compiling C object drivers/libtmp_rte_crypto_mlx5.a.p/crypto_mlx5_mlx5_crypto_dek.c.obj [629/788] Generating rte_net_octeon_ep.pmd.c with a custom command (wrapped by meson to set PATH) [630/788] Compiling C object drivers/libtmp_rte_net_mlx5.a.p/net_mlx5_mlx5_tx_empw.c.obj [631/788] Compiling C object drivers/libtmp_rte_net_mlx5.a.p/net_mlx5_mlx5_tx_nompw.c.obj [632/788] Compiling C object app/dpdk-testpmd.exe.p/test-pmd_csumonly.c.obj [633/788] Compiling C object app/dpdk-testpmd.exe.p/test-pmd_cmdline_mtr.c.obj [634/788] Compiling C object app/test/dpdk-test.exe.p/test_cryptodev.c.obj [635/788] Compiling C object drivers/libtmp_rte_net_mlx5.a.p/net_mlx5_mlx5_tx_txpp.c.obj ninja: build stopped: subcommand failed. ==== End log output ==== CentOS Stream 9 Kernel: Depends on container host Compiler: gcc 11.5.0 20240719 (Red Hat 11.5.0-2) CentOS Stream 10 Kernel: Depends on container host Compiler: gcc 14.2.1 20241104 (Red Hat 14.2.1-6) Debian Bullseye Kernel: Depends on container host Compiler: gcc (Debian 10.2.1-6) 10.2.1 20210110 Fedora 40 (Clang) Kernel: Depends on container host Compiler: clang 18.1.8 (Fedora 18.1.8-1.fc40) Debian 12 Kernel: Depends on container host Compiler: gcc (Debian 12.2.0-14) 12.2.0 Fedora 40 Kernel: Depends on container host Compiler: gcc 14.2.1 20240912 (Red Hat 14.2.1-3) Fedora 41 (Clang) Kernel: Depends on container host Compiler: clang 19.1.5 (Fedora 19.1.5-1.fc41) FreeBSD 13.4 Kernel: 13.4-RELEASE-p1 Compiler: clang 18.1.6 Fedora 41 Kernel: Depends on container host Compiler: gcc 14.2.1 20240912 (Red Hat 14.2.1-3) openSUSE Leap 15 Kernel: Depends on container host Compiler: gcc (SUSE Linux) 7.5.0 RHEL9 Kernel: Depends on container host Compiler: gcc 11.5.0 20240719 (Red Hat 11.5.0-2) Ubuntu 20.04 Kernel: Depends on container host Compiler: gcc (Ubuntu 9.4.0-1ubuntu1~20.04.2) 9.4.0 Ubuntu 22.04 Kernel: Depends on container host Compiler: gcc (Ubuntu 11.4.0-1ubuntu1~22.04) 11.4.0 Ubuntu 24.04 Kernel: Depends on container host Compiler: gcc (Ubuntu 13.3.0-6ubuntu2~24.04) 13.3.0 FreeBSD 14.2 Kernel: 14.2-RELEASE Compiler: clang 18.1.6 RHEL8 Kernel: Depends on container host Compiler: gcc 8.5.0 20210514 (Red Hat 8.5.0-22) Windows Server 2022 Kernel: 10.0.20348.2031 Compiler: clang 15.0.7, gcc 14.1.0 (MinGW), and MSVC VS 19.39.33521 To view detailed results, visit: https://lab.dpdk.org/results/dashboard/tarballs/32620/ UNH-IOL DPDK Community Lab To manage your email subscriptions, visit: https://lab.dpdk.org/results/dashboard/preferences/subscriptions/