automatic DPDK test reports
 help / color / mirror / Atom feed
From: dpdklab@iol.unh.edu
To: Test Report <test-report@dpdk.org>
Cc: dpdk-test-reports@iol.unh.edu
Subject: |PENDING| pw151613-151639 [PATCH] [v13,28/28] net/rnp: support Rx/Tx
Date: Wed, 19 Feb 2025 01:37:58 -0800 (PST)	[thread overview]
Message-ID: <67b5a676.050a0220.2d5a81.8267SMTPIN_ADDED_MISSING@mx.google.com> (raw)
In-Reply-To: <1739951849-67601-29-git-send-email-caowenbo@mucse.com>

Test-Label: iol-abi-testing
Test-Status: PENDING
http://dpdk.org/patch/151639

_Testing pending_

Submitter: Wenbo Cao <caowenbo@mucse.com>
Date: Wednesday, February 19 2025 07:57:29 
DPDK git baseline: Repo:dpdk
  Branch: master
  CommitID:968f7b6d7b6a7e60e6e551db430c4eecaccbbfd2

151613-151639 --> testing pending

Upstream job id: Generic-DPDK-Compile-ABI#116722

Test environment and result as below:

+-------------------+----------+
|    Environment    | abi_test |
+===================+==========+
| CentOS Stream 9   | PEND     |
+-------------------+----------+
| CentOS Stream 10  | PEND     |
+-------------------+----------+
| Debian Bullseye   | PEND     |
+-------------------+----------+
| Debian 12         | PEND     |
+-------------------+----------+
| Fedora 41         | PASS     |
+-------------------+----------+
| Fedora 40 (Clang) | PEND     |
+-------------------+----------+
| Fedora 40         | PEND     |
+-------------------+----------+
| Fedora 41 (Clang) | PEND     |
+-------------------+----------+
| openSUSE Leap 15  | PEND     |
+-------------------+----------+
| RHEL8             | PEND     |
+-------------------+----------+
| RHEL9             | PEND     |
+-------------------+----------+
| Ubuntu 22.04      | PEND     |
+-------------------+----------+
| Ubuntu 24.04      | PEND     |
+-------------------+----------+


CentOS Stream 9
	Kernel: Depends on container host
	Compiler: gcc 11.5.0 20240719 (Red Hat 11.5.0-2)

CentOS Stream 10
	Kernel: Depends on container host
	Compiler: gcc 14.2.1 20241104 (Red Hat 14.2.1-6)

Debian Bullseye
	Kernel: Depends on container host
	Compiler: gcc (Debian 10.2.1-6) 10.2.1 20210110

Debian 12
	Kernel: Depends on container host
	Compiler: gcc (Debian 12.2.0-14) 12.2.0

Fedora 41
	Kernel: Depends on container host
	Compiler: gcc 14.2.1 20240912 (Red Hat 14.2.1-3)

Fedora 40 (Clang)
	Kernel: Depends on container host
	Compiler: clang 18.1.8 (Fedora 18.1.8-1.fc40)

Fedora 40
	Kernel: Depends on container host
	Compiler: gcc 14.2.1 20240912 (Red Hat 14.2.1-3)

Fedora 41 (Clang)
	Kernel: Depends on container host
	Compiler: clang 19.1.5 (Fedora 19.1.5-1.fc41)

openSUSE Leap 15
	Kernel: Depends on container host
	Compiler: gcc (SUSE Linux) 7.5.0

RHEL8
	Kernel: Depends on container host
	Compiler: gcc 8.5.0 20210514 (Red Hat 8.5.0-22)

RHEL9
	Kernel: Depends on container host
	Compiler: gcc 11.5.0 20240719 (Red Hat 11.5.0-2)

Ubuntu 22.04
	Kernel: Depends on container host
	Compiler: gcc (Ubuntu 11.4.0-1ubuntu1~22.04) 11.4.0

Ubuntu 24.04
	Kernel: Depends on container host
	Compiler: gcc (Ubuntu 13.3.0-6ubuntu2~24.04) 13.3.0

To view detailed results, visit:
https://lab.dpdk.org/results/dashboard/patchsets/32609/

UNH-IOL DPDK Community Lab

To manage your email subscriptions, visit: 
https://lab.dpdk.org/results/dashboard/preferences/subscriptions/

  parent reply	other threads:[~2025-02-19  9:38 UTC|newest]

Thread overview: 23+ messages / expand[flat|nested]  mbox.gz  Atom feed  top
     [not found] <1739951849-67601-29-git-send-email-caowenbo@mucse.com>
2025-02-19  7:28 ` |SUCCESS| pw151613-151639 [PATCH v13 28/28] net/rnp: support Rx/Tx burst mode info qemudev
2025-02-19  7:32 ` qemudev
2025-02-19  8:05 ` |SUCCESS| pw151639 " checkpatch
2025-02-19  9:04 ` 0-day Robot
2025-02-19  9:09 ` |SUCCESS| pw151613-151639 [PATCH] [v13,28/28] net/rnp: support Rx/Tx dpdklab
2025-02-19  9:13 ` dpdklab
2025-02-19  9:15 ` dpdklab
2025-02-19  9:37 ` dpdklab [this message]
2025-02-19  9:39 ` |PENDING| " dpdklab
2025-02-19  9:45 ` dpdklab
2025-02-19  9:49 ` |SUCCESS| " dpdklab
2025-02-19 10:12 ` dpdklab
2025-02-19 10:13 ` |PENDING| " dpdklab
2025-02-19 10:17 ` |FAILURE| " dpdklab
2025-02-19 10:23 ` dpdklab
2025-02-19 10:29 ` |SUCCESS| " dpdklab
2025-02-19 10:32 ` dpdklab
2025-02-19 10:32 ` dpdklab
2025-02-19 10:40 ` dpdklab
2025-02-19 10:49 ` dpdklab
2025-02-19 11:38 ` |FAILURE| " dpdklab
2025-02-19 11:39 ` dpdklab
2025-02-19 15:10 ` |SUCCESS| " dpdklab

Reply instructions:

You may reply publicly to this message via plain-text email
using any one of the following methods:

* Save the following mbox file, import it into your mail client,
  and reply-to-all from there: mbox

  Avoid top-posting and favor interleaved quoting:
  https://en.wikipedia.org/wiki/Posting_style#Interleaved_style

* Reply using the --to, --cc, and --in-reply-to
  switches of git-send-email(1):

  git send-email \
    --in-reply-to=67b5a676.050a0220.2d5a81.8267SMTPIN_ADDED_MISSING@mx.google.com \
    --to=dpdklab@iol.unh.edu \
    --cc=dpdk-test-reports@iol.unh.edu \
    --cc=test-report@dpdk.org \
    /path/to/YOUR_REPLY

  https://kernel.org/pub/software/scm/git/docs/git-send-email.html

* If your mail client supports setting the In-Reply-To header
  via mailto: links, try the mailto: link
Be sure your reply has a Subject: header at the top and a blank line before the message body.
This is a public inbox, see mirroring instructions
for how to clone and mirror all data and code used for this inbox;
as well as URLs for NNTP newsgroup(s).