From mboxrd@z Thu Jan 1 00:00:00 1970 Return-Path: Received: from mails.dpdk.org (mails.dpdk.org [217.70.189.124]) by inbox.dpdk.org (Postfix) with ESMTP id 2714146267 for ; Wed, 19 Feb 2025 11:23:16 +0100 (CET) Received: from mails.dpdk.org (localhost [127.0.0.1]) by mails.dpdk.org (Postfix) with ESMTP id 23BFC4028B; Wed, 19 Feb 2025 11:23:16 +0100 (CET) Received: from mail-pl1-f228.google.com (mail-pl1-f228.google.com [209.85.214.228]) by mails.dpdk.org (Postfix) with ESMTP id 64A474025A for ; Wed, 19 Feb 2025 11:23:14 +0100 (CET) Received: by mail-pl1-f228.google.com with SMTP id d9443c01a7336-221050f3f00so77867605ad.2 for ; Wed, 19 Feb 2025 02:23:14 -0800 (PST) DKIM-Signature: v=1; a=rsa-sha256; c=relaxed/relaxed; d=iol.unh.edu; s=unh-iol; t=1739960593; x=1740565393; darn=dpdk.org; h=references:in-reply-to:cc:to:from:subject:message-id:date:from:to :cc:subject:date:message-id:reply-to; bh=kzFsVBLr1e5bnB8YgaRP31W75sJ8HpSNgmW4fBZnPGI=; b=KeBXOXJvZgKu0YxYGl6kjEb/KuGFNIuvwsaPmFEXaKI5k8ZwbBjHhTqw4W5hDxSJce 2PxQ/isSaS479UWmLo/p2g+yHeebYv33bpbf48Tt4EyoA6xVbhhoMs8gallo98sC1lve U+cK8DwIAXj4ivpwJgehHoycbNLbcY+llvEM0= X-Google-DKIM-Signature: v=1; a=rsa-sha256; c=relaxed/relaxed; d=1e100.net; s=20230601; t=1739960593; x=1740565393; h=references:in-reply-to:cc:to:from:subject:message-id:date :x-gm-message-state:from:to:cc:subject:date:message-id:reply-to; bh=kzFsVBLr1e5bnB8YgaRP31W75sJ8HpSNgmW4fBZnPGI=; b=arEeYBEdr3uN/WLpiWPazPu4F8+vgSk7LeYueBKxOYXUfGK4iguaoFsc8SR0/gOlMi MTcSep17MM6DOpOXIeJFXX/pram5kafSoBBswGGoMkFRboaK0zg3LTUaVZ4gS/rihFOz vmwfyWblKSQeigOdqKgvR6yMXhxuiF8l56PdWm2YvcOtBJHoHJGjqr8ENyPgL5mQGQQW F+J+Khn3HzAmh9PcSu+3rcPlEuSd7VfIsf9laA7bdhLbakc3IVG1qkD5pDunpr/pKR9N AxlYYw5I7053qDfLLZwf3gYK1XI9veKARySmB5KymCS3JBeo6u6hNmj+b+8NeKQQhKQZ sQuQ== X-Gm-Message-State: AOJu0YydkMMjiZu3AHZly530tCTVUs+C+FTUMsmVdMJJY2aV7r+DhWXo WNVmfSFF3DMPzknVzeXnryyDodmui4gLBs+9jjqSEdCGnbGkQyfj+u1d6uccoAxB2aN9SRdzZ9m SvfocqiRy6DAVSM9thKVdspjTe8qoGxpfpbAj9TG588Ot3Q6CCjiLg/ax X-Gm-Gg: ASbGncuyDX5cTdCWNHeMyb7ea8S3lvOZ85PqCQQAGJQwAwCwuvjojsoAFzXIywcZn6/ JaOzOKGVKfjVy5ozEaxeIRYgdL6Rsntz59e7H+jcfjBL/ICxVDNdgsI+MpZJNG8SMwUs/56hZRq Wjn5mWu5WXVHuA+s3ZEo73CO6hWMxLLHM3ZSk2RK1sdSNwZ/1PA+9KhmDfulrfkSl4oXBdzOxm0 KWeeR8Tdze8qD77jF28KXkjjJ/wNQQKSGqNMjEYLfzPaTVj1aI6oVhf81aoe2I7b1TpTRz+Ikjn VwCeBJqWaIbvn2MedG+q+/EL+zYxnNK2drOvAvYIwA== X-Google-Smtp-Source: AGHT+IFwL1RQctN/lwUxToTO8c7l3L19Id9iZ6+hIqSSeKGJbilvM+n3k/32CogNkEThwTrAyu7jxli/yKoz X-Received: by 2002:a17:902:ce89:b0:21f:9c48:2557 with SMTP id d9443c01a7336-221040d74eemr292886525ad.43.1739960593540; Wed, 19 Feb 2025 02:23:13 -0800 (PST) Received: from postal.iol.unh.edu (postal.iol.unh.edu. [2606:4100:3880:1234::84]) by smtp-relay.gmail.com with ESMTPS id d9443c01a7336-220d5438acasm6630615ad.118.2025.02.19.02.23.13 (version=TLS1_2 cipher=ECDHE-ECDSA-AES128-GCM-SHA256 bits=128/128); Wed, 19 Feb 2025 02:23:13 -0800 (PST) X-Relaying-Domain: iol.unh.edu Date: Wed, 19 Feb 2025 02:23:13 -0800 (PST) Message-ID: <67b5b111.170a0220.306c35.0c7cSMTPIN_ADDED_MISSING@mx.google.com> Received: from [172.17.0.6] (unknown [172.18.0.217]) by postal.iol.unh.edu (Postfix) with ESMTP id 9F6DA6052471; Wed, 19 Feb 2025 05:23:12 -0500 (EST) Subject: |FAILURE| pw151613-151639 [PATCH] [v13,28/28] net/rnp: support Rx/Tx From: dpdklab@iol.unh.edu To: Test Report Cc: dpdk-test-reports@iol.unh.edu, Wenbo Cao In-Reply-To: <1739951849-67601-29-git-send-email-caowenbo@mucse.com> References: <1739951849-67601-29-git-send-email-caowenbo@mucse.com> Content-Type: text/plain X-BeenThere: test-report@dpdk.org X-Mailman-Version: 2.1.29 Precedence: list List-Id: automatic DPDK test reports List-Unsubscribe: , List-Archive: List-Post: List-Help: List-Subscribe: , Errors-To: test-report-bounces@dpdk.org Test-Label: iol-compile-arm64-testing Test-Status: FAILURE http://dpdk.org/patch/151639 _Testing issues_ Submitter: Wenbo Cao Date: Wednesday, February 19 2025 07:57:29 DPDK git baseline: Repo:dpdk Branch: master CommitID:968f7b6d7b6a7e60e6e551db430c4eecaccbbfd2 151613-151639 --> testing issues Upstream job id: Generic-DPDK-Compile-Meson#362976 Test environment and result as below: +----------------------------------------+--------------------+ | Environment | dpdk_meson_compile | +========================================+====================+ | RHEL9 (ARM) | PASS | +----------------------------------------+--------------------+ | Ubuntu 20.04 ARM GCC Cross Compile | PASS | +----------------------------------------+--------------------+ | Ubuntu 20.04 ARM SVE | PASS | +----------------------------------------+--------------------+ | Debian 12 with MUSDK | FAIL | +----------------------------------------+--------------------+ | Fedora 40 (ARM Clang) | PEND | +----------------------------------------+--------------------+ | Fedora 41 (ARM Clang) | PEND | +----------------------------------------+--------------------+ | Fedora 41 (ARM) | PEND | +----------------------------------------+--------------------+ | Fedora 40 (ARM) | PEND | +----------------------------------------+--------------------+ | Ubuntu 20.04 (ARM) | PEND | +----------------------------------------+--------------------+ | Ubuntu 22.04 (ARM) | PEND | +----------------------------------------+--------------------+ | Ubuntu 24.04 (ARM) | PEND | +----------------------------------------+--------------------+ | CentOS Stream 9 (ARM) | PEND | +----------------------------------------+--------------------+ | CentOS Stream 10 (ARM) | PEND | +----------------------------------------+--------------------+ | Debian 11 (Buster) (ARM) | PEND | +----------------------------------------+--------------------+ | Ubuntu 20.04 ARM Clang Cross Compile | PEND | +----------------------------------------+--------------------+ | Ubuntu 20.04 aarch32 GCC Cross Compile | PEND | +----------------------------------------+--------------------+ ==== 20 line log output for Debian 12 with MUSDK (dpdk_meson_compile): ==== [888/1284] Linking static target drivers/libtmp_rte_net_r8169.a [889/1284] Generating rte_net_r8169.pmd.c with a custom command [890/1284] Compiling C object drivers/librte_net_r8169.a.p/meson-generated_.._rte_net_r8169.pmd.c.o [891/1284] Linking static target drivers/librte_net_r8169.a [892/1284] Compiling C object drivers/librte_net_r8169.so.25.1.p/meson-generated_.._rte_net_r8169.pmd.c.o [893/1284] Linking target drivers/librte_net_r8169.so.25.1 [894/1284] Compiling C object drivers/net/rnp/base/librnp_base.a.p/rnp_mbx.c.o [895/1284] Compiling C object drivers/net/rnp/base/librnp_base.a.p/rnp_fw_cmd.c.o [896/1284] Compiling C object drivers/net/rnp/base/librnp_base.a.p/rnp_mbx_fw.c.o FAILED: drivers/net/rnp/base/librnp_base.a.p/rnp_mbx_fw.c.o ccache aarch64-linux-gnu-gcc -Idrivers/net/rnp/base/librnp_base.a.p -Idrivers/net/rnp/base -I../drivers/net/rnp/base -I. -I.. -Iconfig -I../config -Ilib/eal/include -I../lib/eal/include -Ilib/eal/linux/include -I../lib/eal/linux/include -Ilib/eal/arm/include -I../lib/eal/arm/include -I../kernel/linux -Ilib/eal/common -I../lib/eal/common -Ilib/eal -I../lib/eal -Ilib/kvargs -I../lib/kvargs -Ilib/log -I../lib/log -Ilib/metrics -I../lib/metrics -Ilib/telemetry -I../lib/telemetry -Ilib/net -I../lib/net -Ilib/mbuf -I../lib/mbuf -Ilib/mempool -I../lib/mempool -Ilib/ring -I../lib/ring -Ilib/ethdev -I../lib/ethdev -Ilib/meter -I../lib/meter -fdiagnostics-color=always -pipe -D_FILE_OFFSET_BITS=64 -Wall -Winvalid-pch -Wextra -Werror -std=c11 -O3 -include rte_config.h -Wvla -Wcast-qual -Wdeprecated -Wformat -Wformat-nonliteral -Wformat-security -Wmissing-declarations -Wmissing-prototypes -Wnested-externs -Wold-style-definition -Wpointer-arith -Wsign-compare -Wstrict-prototypes -Wundef -Wwrite-st rings -Wno-packed-not-aligned -Wno-missing-field-initializers -D_GNU_SOURCE -fPIC -mcpu=cortex-a72 -DALLOW_EXPERIMENTAL_API -DALLOW_INTERNAL_API -Wno-format-truncation -Wno-address-of-packed-member -DRTE_LIBRTE_IXGBE_BYPASS -Wno-unused-value -Wno-unused-but-set-variable -Wno-unused-parameter -MD -MQ drivers/net/rnp/base/librnp_base.a.p/rnp_mbx_fw.c.o -MF drivers/net/rnp/base/librnp_base.a.p/rnp_mbx_fw.c.o.d -o drivers/net/rnp/base/librnp_base.a.p/rnp_mbx_fw.c.o -c ../drivers/net/rnp/base/rnp_mbx_fw.c ../drivers/net/rnp/base/rnp_mbx_fw.c: In function 'rnp_mbx_fw_get_capability': ../drivers/net/rnp/base/rnp_mbx_fw.c:257:65: error: 'ability' may be used uninitialized [-Werror=maybe-uninitialized] 257 | hw->phy_port_ids[idx] = ability.port_ids[idx]; | ~~~~~~~~~~~~~~~~^~~~~ ../drivers/net/rnp/base/rnp_mbx_fw.c:235:38: note: 'ability' declared here 235 | struct rnp_phy_abilities_rep ability; | ^~~~~~~ cc1: all warnings being treated as errors ninja: build stopped: subcommand failed. ==== End log output ==== RHEL9 (ARM) Kernel: Depends on container host Compiler: gcc 11.5.0 20240719 (Red Hat 11.5.0-2) Ubuntu 20.04 ARM GCC Cross Compile Kernel: Depends on container host Compiler: aarch64-linux-gnu-gcc (Ubuntu 9.4.0-1ubuntu1~20.04.2) 9.4.0 Ubuntu 20.04 ARM SVE Kernel: Depends on container host Compiler: gcc (Ubuntu 10.5.0-1ubuntu1~20.04) 10.5.0 Debian 12 with MUSDK Kernel: Depends on container host Compiler: gcc (Debian 12.2.0-14) 12.2.0 Fedora 40 (ARM Clang) Kernel: Depends on container host Compiler: clang 18.1.8 (Fedora 18.1.8-1.fc40) Fedora 41 (ARM Clang) Kernel: Depends on container host Compiler: clang 19.1.5 (Fedora 19.1.5-1.fc41) Fedora 41 (ARM) Kernel: Depends on container host Compiler: gcc 14.2.1 20240912 (Red Hat 14.2.1-3) Fedora 40 (ARM) Kernel: Depends on container host Compiler: gcc 14.2.1 20240912 (Red Hat 14.2.1-3) Ubuntu 20.04 (ARM) Kernel: Depends on container host Compiler: gcc (Ubuntu 9.4.0-1ubuntu1~20.04.2) 9.4.0 Ubuntu 22.04 (ARM) Kernel: Depends on container host Compiler: gcc (Ubuntu 11.4.0-1ubuntu1~22.04) 11.4.0 Ubuntu 24.04 (ARM) Kernel: Depends on container host Compiler: gcc (Ubuntu 13.3.0-6ubuntu2~24.04) 13.3.0 CentOS Stream 9 (ARM) Kernel: Depends on container host Compiler: gcc 11.5.0 20240719 (Red Hat 11.5.0-2) CentOS Stream 10 (ARM) Kernel: Depends on container host Compiler: gcc 14.2.1 20241104 (Red Hat 14.2.1-6) Debian 11 (Buster) (ARM) Kernel: Depends on container host Compiler: gcc (Debian 10.2.1-6) 10.2.1 20210110 Ubuntu 20.04 ARM Clang Cross Compile Kernel: Depends on container host Compiler: clang 10.0.0-4ubuntu1 Ubuntu 20.04 aarch32 GCC Cross Compile Kernel: Depends on container host Compiler: gcc 9.4.0 To view detailed results, visit: https://lab.dpdk.org/results/dashboard/patchsets/32609/ UNH-IOL DPDK Community Lab To manage your email subscriptions, visit: https://lab.dpdk.org/results/dashboard/preferences/subscriptions/