From mboxrd@z Thu Jan 1 00:00:00 1970 Return-Path: Received: from mails.dpdk.org (mails.dpdk.org [217.70.189.124]) by inbox.dpdk.org (Postfix) with ESMTP id 8AC5446268 for ; Wed, 19 Feb 2025 12:38:35 +0100 (CET) Received: from mails.dpdk.org (localhost [127.0.0.1]) by mails.dpdk.org (Postfix) with ESMTP id 51A6440E12; Wed, 19 Feb 2025 12:38:35 +0100 (CET) Received: from mail-qv1-f98.google.com (mail-qv1-f98.google.com [209.85.219.98]) by mails.dpdk.org (Postfix) with ESMTP id 858BC40DDC for ; Wed, 19 Feb 2025 12:38:34 +0100 (CET) Received: by mail-qv1-f98.google.com with SMTP id 6a1803df08f44-6e65a00556aso53163946d6.3 for ; Wed, 19 Feb 2025 03:38:34 -0800 (PST) DKIM-Signature: v=1; a=rsa-sha256; c=relaxed/relaxed; d=iol.unh.edu; s=unh-iol; t=1739965114; x=1740569914; darn=dpdk.org; h=references:in-reply-to:cc:to:from:subject:message-id:date:from:to :cc:subject:date:message-id:reply-to; bh=zSaBFPFA3I7Sag1CMPZLUzC8OTijN6b8ppYXkwSW91c=; b=XujajK2DxEj/J8TqlSgTMP5ksZhydc7pi0jq76pJPV3iy/QlyuqPBZT8P8K6lssnGU lBuqFfRfh9/9Y0nBEQMoIqfn9T32c+z2pujB+z7ElBYa/AlyOa7D1ary61s9QavpUKNl b5x6lM09VKH/+3bRlMrPY9E00BCDVLkJDVfPk= X-Google-DKIM-Signature: v=1; a=rsa-sha256; c=relaxed/relaxed; d=1e100.net; s=20230601; t=1739965114; x=1740569914; h=references:in-reply-to:cc:to:from:subject:message-id:date :x-gm-message-state:from:to:cc:subject:date:message-id:reply-to; bh=zSaBFPFA3I7Sag1CMPZLUzC8OTijN6b8ppYXkwSW91c=; b=ZXeZxm+M85E4W70LWJNdsbVU6QC0Fxbv8AqMMnKuM24dV7cug7rDNn+hJZ2KZOnQlQ JOaf2qlhAy/JJIXYErHjYtS6Pd3AQ15IJ41OJ4KML845iZRasAqaJIKoiqdaq20dCSqR fuW/qT/qLNv76P9kTX7FXv6eD8xqGLlR0l9u6lc2YyLWOU9K+t3gX11iTRVcFu9X83LP 4EVH9xdV7j50n374vsPBiOi/vanE3MDle7l+GrWIitAZ01QFH8ARigXwepkj/ZzkKarj g8b7y9xfXUhLIZiQvtjZeAvEilBzHSI38/PweeBfTy0/kLWdLKIB8fzV8O49GwuFl2x+ u6HA== X-Gm-Message-State: AOJu0YwphSW6csWQOcUF4trSgjU1QIG6BNr0+9/ax2MA5Tud9rxt2fM1 ffFRmdYvAtoHaS7P1JD8Fdw9mzLCl9/et2TFgqJ8N15X4PzQxau+He+x1NCWfILDzUFiFpzUIzN Ku02QQzUQFqv5Re/5pnFLoGXpxD8n2xgNaSo9LDH3HszEXEcdMCTjMr9p X-Gm-Gg: ASbGncskuTQhOMBm6qK2E5AB8bZeNmWyauO8caVQGTu/nQqH2WydT1BD9phlM51VpQm Pqb8LvWOPPqyZFWqCerd4EzDF0teLJKV1Gt4NUbfL8WQp0HviYyqgxmdLFgixVthydAyVFWqs+f Xk3qDU6m9/kMvHlk3A2xP3xa9QCiRcwMrZhmjXCOlPedWcfUP7WyXmnYZKwWCwjiWt7Qaxr+p4I XERp1rt4GXVM38c7gDxIwR8WEidHbQabeZSVn/xIxZcvaxRNzhzZeFQgNSAj1j/zVNRHh4OyvC9 9Sv4T07XNe+6VZpCGXQ0ZFYfQOxI7VlvXZ+uE8APWw== X-Google-Smtp-Source: AGHT+IFL/bmjp248ZDjZWresoFpvSiAACbkg9j6Yh2Hb9EVdW3mu5uKUGUp+6dXi/m6aonwosVw0GqAhvkEF X-Received: by 2002:a05:6214:f65:b0:6d8:a027:9077 with SMTP id 6a1803df08f44-6e66cc8090bmr250113806d6.5.1739965113901; Wed, 19 Feb 2025 03:38:33 -0800 (PST) Received: from postal.iol.unh.edu (postal.iol.unh.edu. [2606:4100:3880:1234::84]) by smtp-relay.gmail.com with ESMTPS id 6a1803df08f44-6e65d734a7fsm5709036d6.17.2025.02.19.03.38.33 (version=TLS1_2 cipher=ECDHE-ECDSA-AES128-GCM-SHA256 bits=128/128); Wed, 19 Feb 2025 03:38:33 -0800 (PST) X-Relaying-Domain: iol.unh.edu Date: Wed, 19 Feb 2025 03:38:33 -0800 (PST) Message-ID: <67b5c2b9.050a0220.145f19.ca30SMTPIN_ADDED_MISSING@mx.google.com> Received: from [172.21.0.5] (unknown [172.18.0.240]) by postal.iol.unh.edu (Postfix) with ESMTP id 68C796052471; Wed, 19 Feb 2025 06:38:33 -0500 (EST) Subject: |FAILURE| pw151613-151639 [PATCH] [v13,28/28] net/rnp: support Rx/Tx From: dpdklab@iol.unh.edu To: Test Report Cc: dpdk-test-reports@iol.unh.edu, Wenbo Cao In-Reply-To: <1739951849-67601-29-git-send-email-caowenbo@mucse.com> References: <1739951849-67601-29-git-send-email-caowenbo@mucse.com> Content-Type: text/plain X-BeenThere: test-report@dpdk.org X-Mailman-Version: 2.1.29 Precedence: list List-Id: automatic DPDK test reports List-Unsubscribe: , List-Archive: List-Post: List-Help: List-Subscribe: , Errors-To: test-report-bounces@dpdk.org Test-Label: iol-compile-arm64-testing Test-Status: FAILURE http://dpdk.org/patch/151639 _Testing issues_ Submitter: Wenbo Cao Date: Wednesday, February 19 2025 07:57:29 DPDK git baseline: Repo:dpdk Branch: master CommitID:968f7b6d7b6a7e60e6e551db430c4eecaccbbfd2 151613-151639 --> testing issues Upstream job id: Generic-DPDK-Compile-Meson#362981 Test environment and result as below: +----------------------------------------+--------------------+ | Environment | dpdk_meson_compile | +========================================+====================+ | RHEL9 (ARM) | PASS | +----------------------------------------+--------------------+ | Ubuntu 20.04 ARM GCC Cross Compile | PASS | +----------------------------------------+--------------------+ | Ubuntu 20.04 ARM SVE | PASS | +----------------------------------------+--------------------+ | Debian 12 with MUSDK | FAIL | +----------------------------------------+--------------------+ | Fedora 40 (ARM Clang) | PASS | +----------------------------------------+--------------------+ | Fedora 41 (ARM Clang) | PASS | +----------------------------------------+--------------------+ | Fedora 41 (ARM) | PASS | +----------------------------------------+--------------------+ | Fedora 40 (ARM) | PASS | +----------------------------------------+--------------------+ | Ubuntu 20.04 (ARM) | PASS | +----------------------------------------+--------------------+ | Ubuntu 22.04 (ARM) | PASS | +----------------------------------------+--------------------+ | Ubuntu 24.04 (ARM) | PASS | +----------------------------------------+--------------------+ | CentOS Stream 9 (ARM) | PASS | +----------------------------------------+--------------------+ | CentOS Stream 10 (ARM) | PASS | +----------------------------------------+--------------------+ | Debian 11 (Buster) (ARM) | PASS | +----------------------------------------+--------------------+ | Ubuntu 20.04 ARM Clang Cross Compile | PASS | +----------------------------------------+--------------------+ | Ubuntu 20.04 aarch32 GCC Cross Compile | PASS | +----------------------------------------+--------------------+ | Debian 12 (arm) | PASS | +----------------------------------------+--------------------+ ==== 20 line log output for Debian 12 with MUSDK (dpdk_meson_compile): ==== [888/1284] Linking static target drivers/libtmp_rte_net_r8169.a [889/1284] Generating rte_net_r8169.pmd.c with a custom command [890/1284] Compiling C object drivers/librte_net_r8169.a.p/meson-generated_.._rte_net_r8169.pmd.c.o [891/1284] Linking static target drivers/librte_net_r8169.a [892/1284] Compiling C object drivers/librte_net_r8169.so.25.1.p/meson-generated_.._rte_net_r8169.pmd.c.o [893/1284] Linking target drivers/librte_net_r8169.so.25.1 [894/1284] Compiling C object drivers/net/rnp/base/librnp_base.a.p/rnp_mbx.c.o [895/1284] Compiling C object drivers/net/rnp/base/librnp_base.a.p/rnp_fw_cmd.c.o [896/1284] Compiling C object drivers/net/rnp/base/librnp_base.a.p/rnp_mbx_fw.c.o FAILED: drivers/net/rnp/base/librnp_base.a.p/rnp_mbx_fw.c.o ccache aarch64-linux-gnu-gcc -Idrivers/net/rnp/base/librnp_base.a.p -Idrivers/net/rnp/base -I../drivers/net/rnp/base -I. -I.. -Iconfig -I../config -Ilib/eal/include -I../lib/eal/include -Ilib/eal/linux/include -I../lib/eal/linux/include -Ilib/eal/arm/include -I../lib/eal/arm/include -I../kernel/linux -Ilib/eal/common -I../lib/eal/common -Ilib/eal -I../lib/eal -Ilib/kvargs -I../lib/kvargs -Ilib/log -I../lib/log -Ilib/metrics -I../lib/metrics -Ilib/telemetry -I../lib/telemetry -Ilib/net -I../lib/net -Ilib/mbuf -I../lib/mbuf -Ilib/mempool -I../lib/mempool -Ilib/ring -I../lib/ring -Ilib/ethdev -I../lib/ethdev -Ilib/meter -I../lib/meter -fdiagnostics-color=always -pipe -D_FILE_OFFSET_BITS=64 -Wall -Winvalid-pch -Wextra -Werror -std=c11 -O3 -include rte_config.h -Wvla -Wcast-qual -Wdeprecated -Wformat -Wformat-nonliteral -Wformat-security -Wmissing-declarations -Wmissing-prototypes -Wnested-externs -Wold-style-definition -Wpointer-arith -Wsign-compare -Wstrict-prototypes -Wundef -Wwrite-st rings -Wno-packed-not-aligned -Wno-missing-field-initializers -D_GNU_SOURCE -fPIC -mcpu=cortex-a72 -DALLOW_EXPERIMENTAL_API -DALLOW_INTERNAL_API -Wno-format-truncation -Wno-address-of-packed-member -DRTE_LIBRTE_IXGBE_BYPASS -Wno-unused-value -Wno-unused-but-set-variable -Wno-unused-parameter -MD -MQ drivers/net/rnp/base/librnp_base.a.p/rnp_mbx_fw.c.o -MF drivers/net/rnp/base/librnp_base.a.p/rnp_mbx_fw.c.o.d -o drivers/net/rnp/base/librnp_base.a.p/rnp_mbx_fw.c.o -c ../drivers/net/rnp/base/rnp_mbx_fw.c ../drivers/net/rnp/base/rnp_mbx_fw.c: In function 'rnp_mbx_fw_get_capability': ../drivers/net/rnp/base/rnp_mbx_fw.c:257:65: error: 'ability' may be used uninitialized [-Werror=maybe-uninitialized] 257 | hw->phy_port_ids[idx] = ability.port_ids[idx]; | ~~~~~~~~~~~~~~~~^~~~~ ../drivers/net/rnp/base/rnp_mbx_fw.c:235:38: note: 'ability' declared here 235 | struct rnp_phy_abilities_rep ability; | ^~~~~~~ cc1: all warnings being treated as errors ninja: build stopped: subcommand failed. ==== End log output ==== RHEL9 (ARM) Kernel: Depends on container host Compiler: gcc 11.5.0 20240719 (Red Hat 11.5.0-2) Ubuntu 20.04 ARM GCC Cross Compile Kernel: Depends on container host Compiler: aarch64-linux-gnu-gcc (Ubuntu 9.4.0-1ubuntu1~20.04.2) 9.4.0 Ubuntu 20.04 ARM SVE Kernel: Depends on container host Compiler: gcc (Ubuntu 10.5.0-1ubuntu1~20.04) 10.5.0 Debian 12 with MUSDK Kernel: Depends on container host Compiler: gcc (Debian 12.2.0-14) 12.2.0 Fedora 40 (ARM Clang) Kernel: Depends on container host Compiler: clang 18.1.8 (Fedora 18.1.8-1.fc40) Fedora 41 (ARM Clang) Kernel: Depends on container host Compiler: clang 19.1.5 (Fedora 19.1.5-1.fc41) Fedora 41 (ARM) Kernel: Depends on container host Compiler: gcc 14.2.1 20240912 (Red Hat 14.2.1-3) Fedora 40 (ARM) Kernel: Depends on container host Compiler: gcc 14.2.1 20240912 (Red Hat 14.2.1-3) Ubuntu 20.04 (ARM) Kernel: Depends on container host Compiler: gcc (Ubuntu 9.4.0-1ubuntu1~20.04.2) 9.4.0 Ubuntu 22.04 (ARM) Kernel: Depends on container host Compiler: gcc (Ubuntu 11.4.0-1ubuntu1~22.04) 11.4.0 Ubuntu 24.04 (ARM) Kernel: Depends on container host Compiler: gcc (Ubuntu 13.3.0-6ubuntu2~24.04) 13.3.0 CentOS Stream 9 (ARM) Kernel: Depends on container host Compiler: gcc 11.5.0 20240719 (Red Hat 11.5.0-2) CentOS Stream 10 (ARM) Kernel: Depends on container host Compiler: gcc 14.2.1 20241104 (Red Hat 14.2.1-6) Debian 11 (Buster) (ARM) Kernel: Depends on container host Compiler: gcc (Debian 10.2.1-6) 10.2.1 20210110 Ubuntu 20.04 ARM Clang Cross Compile Kernel: Depends on container host Compiler: clang 10.0.0-4ubuntu1 Ubuntu 20.04 aarch32 GCC Cross Compile Kernel: Depends on container host Compiler: gcc 9.4.0 Debian 12 (arm) Kernel: Depends on container host Compiler: gcc (Debian 12.2.0-14) 12.2.0 To view detailed results, visit: https://lab.dpdk.org/results/dashboard/patchsets/32609/ UNH-IOL DPDK Community Lab To manage your email subscriptions, visit: https://lab.dpdk.org/results/dashboard/preferences/subscriptions/