automatic DPDK test reports
 help / color / mirror / Atom feed
* |SUCCESS| pw151613-151639 [PATCH v13 28/28] net/rnp: support Rx/Tx burst mode info
       [not found] <1739951849-67601-29-git-send-email-caowenbo@mucse.com>
@ 2025-02-19  7:28 ` qemudev
  2025-02-19  7:32 ` qemudev
                   ` (21 subsequent siblings)
  22 siblings, 0 replies; 23+ messages in thread
From: qemudev @ 2025-02-19  7:28 UTC (permalink / raw)
  To: test-report

Test-Label: loongarch-compilation
Test-Status: SUCCESS
http://dpdk.org/patch/151639

_Compilation OK_

Submitter: Wenbo Cao <caowenbo@mucse.com>
Date: Wed, 19 Feb 2025 15:57:02 +0800
DPDK git baseline: Repo:dpdk-next-net
  Branch: main
  CommitID: 968f7b6d7b6a7e60e6e551db430c4eecaccbbfd2

151613-151639 --> meson & ninja build successfully

Test environment and result as below:

+---------------------+----------------+
|     Environment     | compilation    |
+---------------------+----------------+
| Loongnix-Server 8.3 | PASS           |
+---------------------+----------------+

Loongnix-Server 8.3
    Kernel: 4.19.190+
    Compiler: gcc 8.3


^ permalink raw reply	[flat|nested] 23+ messages in thread

* |SUCCESS| pw151613-151639 [PATCH v13 28/28] net/rnp: support Rx/Tx burst mode info
       [not found] <1739951849-67601-29-git-send-email-caowenbo@mucse.com>
  2025-02-19  7:28 ` |SUCCESS| pw151613-151639 [PATCH v13 28/28] net/rnp: support Rx/Tx burst mode info qemudev
@ 2025-02-19  7:32 ` qemudev
  2025-02-19  8:05 ` |SUCCESS| pw151639 " checkpatch
                   ` (20 subsequent siblings)
  22 siblings, 0 replies; 23+ messages in thread
From: qemudev @ 2025-02-19  7:32 UTC (permalink / raw)
  To: test-report

Test-Label: loongarch-unit-testing
Test-Status: SUCCESS
http://dpdk.org/patch/151639

_Unit Testing PASS_

Submitter: Wenbo Cao <caowenbo@mucse.com>
Date: Wed, 19 Feb 2025 15:57:02 +0800
DPDK git baseline: Repo:dpdk-next-net
  Branch: main
  CommitID: 968f7b6d7b6a7e60e6e551db430c4eecaccbbfd2

151613-151639 --> testing pass

Test environment and result as below:

+---------------------+----------------+
|     Environment     | dpdk_unit_test |
+---------------------+----------------+
| Loongnix-Server 8.3 | PASS           |
+---------------------+----------------+

Loongnix-Server 8.3
    Kernel: 4.19.190+
    Compiler: gcc 8.3


Test result details:
  1/119 DPDK:fast-tests / acl_autotest                            OK              3.09s
  2/119 DPDK:fast-tests / alarm_autotest                          OK              1.30s
  3/119 DPDK:fast-tests / argparse_autotest                       OK              0.31s
  4/119 DPDK:fast-tests / atomic_autotest                         OK              7.08s
  5/119 DPDK:fast-tests / bitcount_autotest                       OK              0.31s
  6/119 DPDK:fast-tests / bitmap_autotest                         OK              0.31s
  7/119 DPDK:fast-tests / bitops_autotest                         OK              1.80s
  8/119 DPDK:fast-tests / bitratestats_autotest                   OK              0.31s
  9/119 DPDK:fast-tests / bitset_autotest                         OK              3.00s
 10/119 DPDK:fast-tests / bpf_autotest                            OK              0.31s
 11/119 DPDK:fast-tests / bpf_convert_autotest                    OK              0.31s
 12/119 DPDK:fast-tests / byteorder_autotest                      OK              0.31s
 13/119 DPDK:fast-tests / cfgfile_autotest                        OK              0.31s
 14/119 DPDK:fast-tests / cksum_autotest                          OK              0.30s
 15/119 DPDK:fast-tests / cmdline_autotest                        OK              0.31s
 16/119 DPDK:fast-tests / common_autotest                         OK              1.19s
 17/119 DPDK:fast-tests / compressdev_autotest                    SKIP            0.06s   exit status 77
 18/119 DPDK:fast-tests / cpuflags_autotest                       OK              0.31s
 19/119 DPDK:fast-tests / crc_autotest                            OK              0.31s
 20/119 DPDK:fast-tests / user_delay_us                           OK              0.31s
 21/119 DPDK:fast-tests / debug_autotest                          OK             19.88s
 22/119 DPDK:fast-tests / devargs_autotest                        OK              0.31s
 23/119 DPDK:fast-tests / dispatcher_autotest                     OK              2.44s
 24/119 DPDK:fast-tests / distributor_autotest                    OK              1.20s
 25/119 DPDK:fast-tests / eal_flags_c_opt_autotest                OK              0.78s
 26/119 DPDK:fast-tests / eal_flags_main_opt_autotest             OK              0.22s
 27/119 DPDK:fast-tests / eal_flags_n_opt_autotest                OK              0.20s
 28/119 DPDK:fast-tests / eal_flags_hpet_autotest                 OK              0.13s
 29/119 DPDK:fast-tests / eal_flags_no_huge_autotest              OK              0.22s
 30/119 DPDK:fast-tests / eal_flags_a_opt_autotest                OK              0.30s
 31/119 DPDK:fast-tests / eal_flags_b_opt_autotest                OK              0.24s
 32/119 DPDK:fast-tests / eal_flags_vdev_opt_autotest             OK              0.19s
 33/119 DPDK:fast-tests / eal_flags_r_opt_autotest                OK              0.18s
 34/119 DPDK:fast-tests / eal_flags_mem_autotest                  OK              0.59s
 35/119 DPDK:fast-tests / eal_flags_file_prefix_autotest          OK             22.25s
 36/119 DPDK:fast-tests / eal_flags_misc_autotest                 OK              1.04s
 37/119 DPDK:fast-tests / eal_fs_autotest                         OK              0.30s
 38/119 DPDK:fast-tests / errno_autotest                          OK              0.31s
 39/119 DPDK:fast-tests / ethdev_link_status                      OK              0.31s
 40/119 DPDK:fast-tests / event_eth_tx_adapter_autotest           OK              1.68s
 41/119 DPDK:fast-tests / event_ring_autotest                     OK              0.31s
 42/119 DPDK:fast-tests / eventdev_common_autotest                OK              0.31s
 43/119 DPDK:fast-tests / eventdev_selftest_sw                    OK              7.23s
 44/119 DPDK:fast-tests / fbarray_autotest                        OK              0.31s
 45/119 DPDK:fast-tests / fib_autotest                            OK              1.21s
 46/119 DPDK:fast-tests / fib6_autotest                           OK              0.99s
 47/119 DPDK:fast-tests / func_reentrancy_autotest                OK              2.16s
 48/119 DPDK:fast-tests / graph_autotest                          OK              0.43s
 49/119 DPDK:fast-tests / node_list_dump                          OK              0.63s
 50/119 DPDK:fast-tests / hash_autotest                           OK              1.25s
 51/119 DPDK:fast-tests / hash_readwrite_func_autotest            OK              6.37s
 52/119 DPDK:fast-tests / interrupt_autotest                      OK              1.61s
 53/119 DPDK:fast-tests / ipfrag_autotest                         OK              0.07s
 54/119 DPDK:fast-tests / ipsec_autotest                          SKIP            0.31s   exit status 77
 55/119 DPDK:fast-tests / kvargs_autotest                         OK              0.31s
 56/119 DPDK:fast-tests / latencystats_autotest                   OK              0.31s
 57/119 DPDK:fast-tests / lcore_var_autotest                      OK              0.46s
 58/119 DPDK:fast-tests / lcores_autotest                         OK              5.12s
 59/119 DPDK:fast-tests / logs_autotest                           OK              0.31s
 60/119 DPDK:fast-tests / lpm_autotest                            OK              2.39s
 61/119 DPDK:fast-tests / lpm6_autotest                           OK              5.48s
 62/119 DPDK:fast-tests / malloc_autotest                         OK             61.12s
 63/119 DPDK:fast-tests / mbuf_autotest                           OK              5.26s
 64/119 DPDK:fast-tests / mcslock_autotest                        OK              2.67s
 65/119 DPDK:fast-tests / member_autotest                         OK              1.49s
 66/119 DPDK:fast-tests / memcpy_autotest                         OK              7.02s
 67/119 DPDK:fast-tests / memory_autotest                         OK              0.08s
 68/119 DPDK:fast-tests / mempool_autotest                        OK              0.44s
 69/119 DPDK:fast-tests / memzone_autotest                        OK              0.14s
 70/119 DPDK:fast-tests / meter_autotest                          OK              0.31s
 71/119 DPDK:fast-tests / metrics_autotest                        OK              0.31s
 72/119 DPDK:fast-tests / multiprocess_autotest                   OK              0.18s
 73/119 DPDK:fast-tests / net_ether_autotest                      OK              0.97s
 74/119 DPDK:fast-tests / net_ipv6_autotest                       OK              0.31s
 75/119 DPDK:fast-tests / pcapng_autotest                         OK              6.73s
 76/119 DPDK:fast-tests / pdcp_autotest                           SKIP            0.06s   exit status 77
 77/119 DPDK:fast-tests / pdump_autotest                          OK              0.43s
 78/119 DPDK:fast-tests / per_lcore_autotest                      OK              0.41s
 79/119 DPDK:fast-tests / pflock_autotest                         OK              1.12s
 80/119 DPDK:fast-tests / pie_autotest                            OK              0.31s
 81/119 DPDK:fast-tests / ring_pmd_autotest                       OK              0.31s
 82/119 DPDK:fast-tests / power_autotest                          OK              0.31s
 83/119 DPDK:fast-tests / power_cpufreq_autotest                  SKIP            0.06s   exit status 77
 84/119 DPDK:fast-tests / power_intel_uncore_autotest             SKIP            0.31s   exit status 77
 85/119 DPDK:fast-tests / power_kvm_vm_autotest                   SKIP            0.06s   exit status 77
 86/119 DPDK:fast-tests / prefetch_autotest                       OK              0.31s
 87/119 DPDK:fast-tests / ptr_compress_autotest                   OK              0.31s
 88/119 DPDK:fast-tests / rawdev_autotest                         OK              0.31s
 89/119 DPDK:fast-tests / rcu_qsbr_autotest                       OK              0.83s
 90/119 DPDK:fast-tests / reorder_autotest                        OK              0.37s
 91/119 DPDK:fast-tests / rib_autotest                            OK              8.99s
 92/119 DPDK:fast-tests / rib6_autotest                           OK              8.96s
 93/119 DPDK:fast-tests / ring_autotest                           OK              0.34s
 94/119 DPDK:fast-tests / rwlock_test1_autotest                   OK              1.06s
 95/119 DPDK:fast-tests / rwlock_rda_autotest                     OK              5.31s
 96/119 DPDK:fast-tests / rwlock_rds_wrm_autotest                 OK              5.31s
 97/119 DPDK:fast-tests / rwlock_rde_wro_autotest                 OK              5.31s
 98/119 DPDK:fast-tests / sched_autotest                          OK              0.31s
 99/119 DPDK:fast-tests / security_autotest                       OK              0.06s
100/119 DPDK:fast-tests / seqlock_autotest                        OK              2.31s
101/119 DPDK:fast-tests / service_autotest                        OK              3.01s
102/119 DPDK:fast-tests / soring_autotest                         OK              0.31s
103/119 DPDK:fast-tests / spinlock_autotest                       OK              0.39s
104/119 DPDK:fast-tests / stack_autotest                          OK              0.86s
105/119 DPDK:fast-tests / stack_lf_autotest                       SKIP            0.05s   exit status 77
106/119 DPDK:fast-tests / string_autotest                         OK              0.31s
107/119 DPDK:fast-tests / table_autotest                          OK              7.60s
108/119 DPDK:fast-tests / tailq_autotest                          OK              0.30s
109/119 DPDK:fast-tests / telemetry_data_autotest                 OK              0.31s
110/119 DPDK:fast-tests / telemetry_json_autotest                 OK              0.31s
111/119 DPDK:fast-tests / thash_autotest                          OK              0.32s
112/119 DPDK:fast-tests / threads_autotest                        OK              0.49s
113/119 DPDK:fast-tests / ticketlock_autotest                     OK              0.46s
114/119 DPDK:fast-tests / timer_autotest                          OK              3.87s
115/119 DPDK:fast-tests / trace_autotest                          OK              0.31s
116/119 DPDK:fast-tests / trace_autotest_with_traces              OK              0.43s
117/119 DPDK:fast-tests / vdev_autotest                           OK              0.30s
118/119 DPDK:fast-tests / version_autotest                        OK              0.31s
119/119 DPDK:fast-tests / telemetry_all                           OK              1.28s


Ok:                 112
Expected Fail:      0
Fail:               0
Unexpected Pass:    0
Skipped:            7
Timeout:            0


^ permalink raw reply	[flat|nested] 23+ messages in thread

* |SUCCESS| pw151639 [PATCH v13 28/28] net/rnp: support Rx/Tx burst mode info
       [not found] <1739951849-67601-29-git-send-email-caowenbo@mucse.com>
  2025-02-19  7:28 ` |SUCCESS| pw151613-151639 [PATCH v13 28/28] net/rnp: support Rx/Tx burst mode info qemudev
  2025-02-19  7:32 ` qemudev
@ 2025-02-19  8:05 ` checkpatch
  2025-02-19  9:04 ` 0-day Robot
                   ` (19 subsequent siblings)
  22 siblings, 0 replies; 23+ messages in thread
From: checkpatch @ 2025-02-19  8:05 UTC (permalink / raw)
  To: test-report

Test-Label: checkpatch
Test-Status: SUCCESS
http://dpdk.org/patch/151639

_coding style OK_



^ permalink raw reply	[flat|nested] 23+ messages in thread

* |SUCCESS| pw151639 [PATCH v13 28/28] net/rnp: support Rx/Tx burst mode info
       [not found] <1739951849-67601-29-git-send-email-caowenbo@mucse.com>
                   ` (2 preceding siblings ...)
  2025-02-19  8:05 ` |SUCCESS| pw151639 " checkpatch
@ 2025-02-19  9:04 ` 0-day Robot
  2025-02-19  9:09 ` |SUCCESS| pw151613-151639 [PATCH] [v13,28/28] net/rnp: support Rx/Tx dpdklab
                   ` (18 subsequent siblings)
  22 siblings, 0 replies; 23+ messages in thread
From: 0-day Robot @ 2025-02-19  9:04 UTC (permalink / raw)
  To: test-report; +Cc: robot

From: robot@bytheb.org

Test-Label: github-robot: build
Test-Status: SUCCESS
http://patchwork.dpdk.org/patch/151639/

_github build: passed_
Build URL: https://github.com/ovsrobot/dpdk/actions/runs/13408277470

^ permalink raw reply	[flat|nested] 23+ messages in thread

* |SUCCESS| pw151613-151639 [PATCH] [v13,28/28] net/rnp: support Rx/Tx
       [not found] <1739951849-67601-29-git-send-email-caowenbo@mucse.com>
                   ` (3 preceding siblings ...)
  2025-02-19  9:04 ` 0-day Robot
@ 2025-02-19  9:09 ` dpdklab
  2025-02-19  9:13 ` dpdklab
                   ` (17 subsequent siblings)
  22 siblings, 0 replies; 23+ messages in thread
From: dpdklab @ 2025-02-19  9:09 UTC (permalink / raw)
  To: Ali Alnubani, Test Report; +Cc: dpdk-test-reports

Test-Label: iol-mellanox-Performance
Test-Status: SUCCESS
http://dpdk.org/patch/151639

_Performance Testing PASS_

Submitter: Wenbo Cao <caowenbo@mucse.com>
Date: Wednesday, February 19 2025 07:57:29 
DPDK git baseline: Repo:dpdk
  Branch: master
  CommitID:968f7b6d7b6a7e60e6e551db430c4eecaccbbfd2

151613-151639 --> performance testing pass

Upstream job id: Template-DTS-Pipeline#213259

Test environment and result as below:

Ubuntu 24.04
Kernel: 6.8.0-45-generic
Compiler: gcc 13.2.0
NIC: NVIDIA Mellanox ConnectX-7 100000 Mbps
Fail/Total: 0/6

Detail performance results: 
+------------+---------+----------+-------------+------------------------------+
| frame_size | txd/rxd | num_cpus | num_threads |  throughput difference from  |
|            |         |          |             |           expected           |
+============+=========+==========+=============+==============================+
| 64         | 1024    | 1        | 1           | -0.3%                        |
+------------+---------+----------+-------------+------------------------------+
| 128        | 1024    | 1        | 1           | -0.8%                        |
+------------+---------+----------+-------------+------------------------------+
| 256        | 1024    | 1        | 1           | -0.2%                        |
+------------+---------+----------+-------------+------------------------------+
| 512        | 1024    | 1        | 1           | 0.1%                         |
+------------+---------+----------+-------------+------------------------------+
| 1024       | 1024    | 1        | 1           | -0.1%                        |
+------------+---------+----------+-------------+------------------------------+
| 1518       | 1024    | 1        | 1           | 0.2%                         |
+------------+---------+----------+-------------+------------------------------+

Ubuntu 24.04
Kernel: 6.8.0-45-generic
Compiler: gcc 13.2.0
NIC: Mellanox ConnectX-6 Lx 25000 Mbps
Fail/Total: 0/6

Detail performance results: 
+------------+---------+----------+-------------+------------------------------+
| frame_size | txd/rxd | num_cpus | num_threads |  throughput difference from  |
|            |         |          |             |           expected           |
+============+=========+==========+=============+==============================+
| 64         | 1024    | 1        | 1           | -0.1%                        |
+------------+---------+----------+-------------+------------------------------+
| 128        | 1024    | 1        | 1           | -0.0%                        |
+------------+---------+----------+-------------+------------------------------+
| 256        | 1024    | 1        | 1           | 0.2%                         |
+------------+---------+----------+-------------+------------------------------+
| 512        | 1024    | 1        | 1           | -0.1%                        |
+------------+---------+----------+-------------+------------------------------+
| 1024       | 1024    | 1        | 1           | -0.1%                        |
+------------+---------+----------+-------------+------------------------------+
| 1518       | 1024    | 1        | 1           | -0.1%                        |
+------------+---------+----------+-------------+------------------------------+

To view detailed results, visit:
https://lab.dpdk.org/results/dashboard/patchsets/32609/

UNH-IOL DPDK Community Lab

To manage your email subscriptions, visit: 
https://lab.dpdk.org/results/dashboard/preferences/subscriptions/

^ permalink raw reply	[flat|nested] 23+ messages in thread

* |SUCCESS| pw151613-151639 [PATCH] [v13,28/28] net/rnp: support Rx/Tx
       [not found] <1739951849-67601-29-git-send-email-caowenbo@mucse.com>
                   ` (4 preceding siblings ...)
  2025-02-19  9:09 ` |SUCCESS| pw151613-151639 [PATCH] [v13,28/28] net/rnp: support Rx/Tx dpdklab
@ 2025-02-19  9:13 ` dpdklab
  2025-02-19  9:15 ` dpdklab
                   ` (16 subsequent siblings)
  22 siblings, 0 replies; 23+ messages in thread
From: dpdklab @ 2025-02-19  9:13 UTC (permalink / raw)
  To: Test Report; +Cc: dpdk-test-reports

Test-Label: iol-broadcom-Performance
Test-Status: SUCCESS
http://dpdk.org/patch/151639

_Performance Testing PASS_

Submitter: Wenbo Cao <caowenbo@mucse.com>
Date: Wednesday, February 19 2025 07:57:29 
DPDK git baseline: Repo:dpdk
  Branch: master
  CommitID:968f7b6d7b6a7e60e6e551db430c4eecaccbbfd2

151613-151639 --> performance testing pass

Upstream job id: Template-DTS-Pipeline#213262

Test environment and result as below:

Ubuntu 22.04
Kernel: 5.15.0-100-generic
Compiler: gcc (Ubuntu 11.4.0-1ubuntu1~22.04) 11.4.0
NIC: Broadcom Inc. and subsidiaries BCM57414 NetXtreme-E 10Gb/25Gb RDMA Ethernet Controller 16d7 25 Mbps
Fail/Total: 0/3

Detail performance results: 
+------------+---------+----------+-------------+------------------------------+
| frame_size | txd/rxd | num_cpus | num_threads |  throughput difference from  |
|            |         |          |             |           expected           |
+============+=========+==========+=============+==============================+
| 64         | 128     | 1        | 1           | -0.5%                        |
+------------+---------+----------+-------------+------------------------------+
| 64         | 512     | 1        | 1           | 0.1%                         |
+------------+---------+----------+-------------+------------------------------+
| 64         | 2048    | 1        | 1           | 1.9%                         |
+------------+---------+----------+-------------+------------------------------+

Ubuntu 22.04 ARM
Kernel: 5.15.83+
Compiler: gcc 11.4.0
NIC: Arm Broadcom Inc. brcm_57414 25000 Mbps
Fail/Total: 0/2

Detail performance results: 
+------------+---------+----------+-------------+------------------------------+
| frame_size | txd/rxd | num_cpus | num_threads |  throughput difference from  |
|            |         |          |             |           expected           |
+============+=========+==========+=============+==============================+
| 64         | 512     | 1        | 1           | -0.0%                        |
+------------+---------+----------+-------------+------------------------------+
| 64         | 2048    | 1        | 1           | -0.1%                        |
+------------+---------+----------+-------------+------------------------------+

To view detailed results, visit:
https://lab.dpdk.org/results/dashboard/patchsets/32609/

UNH-IOL DPDK Community Lab

To manage your email subscriptions, visit: 
https://lab.dpdk.org/results/dashboard/preferences/subscriptions/

^ permalink raw reply	[flat|nested] 23+ messages in thread

* |SUCCESS| pw151613-151639 [PATCH] [v13,28/28] net/rnp: support Rx/Tx
       [not found] <1739951849-67601-29-git-send-email-caowenbo@mucse.com>
                   ` (5 preceding siblings ...)
  2025-02-19  9:13 ` dpdklab
@ 2025-02-19  9:15 ` dpdklab
  2025-02-19  9:37 ` |PENDING| " dpdklab
                   ` (15 subsequent siblings)
  22 siblings, 0 replies; 23+ messages in thread
From: dpdklab @ 2025-02-19  9:15 UTC (permalink / raw)
  To: Test Report; +Cc: dpdk-test-reports

Test-Label: iol-sample-apps-testing
Test-Status: SUCCESS
http://dpdk.org/patch/151639

_Testing PASS_

Submitter: Wenbo Cao <caowenbo@mucse.com>
Date: Wednesday, February 19 2025 07:57:29 
DPDK git baseline: Repo:dpdk
  Branch: master
  CommitID:968f7b6d7b6a7e60e6e551db430c4eecaccbbfd2

151613-151639 --> testing pass

Upstream job id: Template-DTS-Pipeline#213270

Test environment and result as below:

+--------------------+----------------------+
|    Environment     | compressdev_zlib_pmd |
+====================+======================+
| Ubuntu 22.04 (ARM) | PASS                 |
+--------------------+----------------------+


Ubuntu 22.04 (ARM)
	Kernel: 5.15.0-97-generic
	Compiler: gcc gcc (Ubuntu 11.4.0-1ubuntu1~22.04) 11.4.0

To view detailed results, visit:
https://lab.dpdk.org/results/dashboard/patchsets/32609/

UNH-IOL DPDK Community Lab

To manage your email subscriptions, visit: 
https://lab.dpdk.org/results/dashboard/preferences/subscriptions/

^ permalink raw reply	[flat|nested] 23+ messages in thread

* |PENDING| pw151613-151639 [PATCH] [v13,28/28] net/rnp: support Rx/Tx
       [not found] <1739951849-67601-29-git-send-email-caowenbo@mucse.com>
                   ` (6 preceding siblings ...)
  2025-02-19  9:15 ` dpdklab
@ 2025-02-19  9:37 ` dpdklab
  2025-02-19  9:39 ` dpdklab
                   ` (14 subsequent siblings)
  22 siblings, 0 replies; 23+ messages in thread
From: dpdklab @ 2025-02-19  9:37 UTC (permalink / raw)
  To: Test Report; +Cc: dpdk-test-reports

Test-Label: iol-abi-testing
Test-Status: PENDING
http://dpdk.org/patch/151639

_Testing pending_

Submitter: Wenbo Cao <caowenbo@mucse.com>
Date: Wednesday, February 19 2025 07:57:29 
DPDK git baseline: Repo:dpdk
  Branch: master
  CommitID:968f7b6d7b6a7e60e6e551db430c4eecaccbbfd2

151613-151639 --> testing pending

Upstream job id: Generic-DPDK-Compile-ABI#116722

Test environment and result as below:

+-------------------+----------+
|    Environment    | abi_test |
+===================+==========+
| CentOS Stream 9   | PEND     |
+-------------------+----------+
| CentOS Stream 10  | PEND     |
+-------------------+----------+
| Debian Bullseye   | PEND     |
+-------------------+----------+
| Debian 12         | PEND     |
+-------------------+----------+
| Fedora 41         | PASS     |
+-------------------+----------+
| Fedora 40 (Clang) | PEND     |
+-------------------+----------+
| Fedora 40         | PEND     |
+-------------------+----------+
| Fedora 41 (Clang) | PEND     |
+-------------------+----------+
| openSUSE Leap 15  | PEND     |
+-------------------+----------+
| RHEL8             | PEND     |
+-------------------+----------+
| RHEL9             | PEND     |
+-------------------+----------+
| Ubuntu 22.04      | PEND     |
+-------------------+----------+
| Ubuntu 24.04      | PEND     |
+-------------------+----------+


CentOS Stream 9
	Kernel: Depends on container host
	Compiler: gcc 11.5.0 20240719 (Red Hat 11.5.0-2)

CentOS Stream 10
	Kernel: Depends on container host
	Compiler: gcc 14.2.1 20241104 (Red Hat 14.2.1-6)

Debian Bullseye
	Kernel: Depends on container host
	Compiler: gcc (Debian 10.2.1-6) 10.2.1 20210110

Debian 12
	Kernel: Depends on container host
	Compiler: gcc (Debian 12.2.0-14) 12.2.0

Fedora 41
	Kernel: Depends on container host
	Compiler: gcc 14.2.1 20240912 (Red Hat 14.2.1-3)

Fedora 40 (Clang)
	Kernel: Depends on container host
	Compiler: clang 18.1.8 (Fedora 18.1.8-1.fc40)

Fedora 40
	Kernel: Depends on container host
	Compiler: gcc 14.2.1 20240912 (Red Hat 14.2.1-3)

Fedora 41 (Clang)
	Kernel: Depends on container host
	Compiler: clang 19.1.5 (Fedora 19.1.5-1.fc41)

openSUSE Leap 15
	Kernel: Depends on container host
	Compiler: gcc (SUSE Linux) 7.5.0

RHEL8
	Kernel: Depends on container host
	Compiler: gcc 8.5.0 20210514 (Red Hat 8.5.0-22)

RHEL9
	Kernel: Depends on container host
	Compiler: gcc 11.5.0 20240719 (Red Hat 11.5.0-2)

Ubuntu 22.04
	Kernel: Depends on container host
	Compiler: gcc (Ubuntu 11.4.0-1ubuntu1~22.04) 11.4.0

Ubuntu 24.04
	Kernel: Depends on container host
	Compiler: gcc (Ubuntu 13.3.0-6ubuntu2~24.04) 13.3.0

To view detailed results, visit:
https://lab.dpdk.org/results/dashboard/patchsets/32609/

UNH-IOL DPDK Community Lab

To manage your email subscriptions, visit: 
https://lab.dpdk.org/results/dashboard/preferences/subscriptions/

^ permalink raw reply	[flat|nested] 23+ messages in thread

* |PENDING| pw151613-151639 [PATCH] [v13,28/28] net/rnp: support Rx/Tx
       [not found] <1739951849-67601-29-git-send-email-caowenbo@mucse.com>
                   ` (7 preceding siblings ...)
  2025-02-19  9:37 ` |PENDING| " dpdklab
@ 2025-02-19  9:39 ` dpdklab
  2025-02-19  9:45 ` dpdklab
                   ` (13 subsequent siblings)
  22 siblings, 0 replies; 23+ messages in thread
From: dpdklab @ 2025-02-19  9:39 UTC (permalink / raw)
  To: Test Report; +Cc: dpdk-test-reports

Test-Label: iol-unit-amd64-testing
Test-Status: PENDING
http://dpdk.org/patch/151639

_Testing pending_

Submitter: Wenbo Cao <caowenbo@mucse.com>
Date: Wednesday, February 19 2025 07:57:29 
DPDK git baseline: Repo:dpdk
  Branch: master
  CommitID:968f7b6d7b6a7e60e6e551db430c4eecaccbbfd2

151613-151639 --> testing pending

Upstream job id: Generic-Unit-Test-DPDK#316167

Test environment and result as below:

+-------------------+----------------+
|    Environment    | dpdk_unit_test |
+===================+================+
| Debian Bullseye   | PASS           |
+-------------------+----------------+
| Debian 12         | PEND           |
+-------------------+----------------+
| CentOS Stream 10  | PEND           |
+-------------------+----------------+
| CentOS Stream 9   | PEND           |
+-------------------+----------------+
| Fedora 40         | PEND           |
+-------------------+----------------+
| Fedora 40 (Clang) | PEND           |
+-------------------+----------------+
| Fedora 41         | PEND           |
+-------------------+----------------+
| RHEL9             | PEND           |
+-------------------+----------------+
| Fedora 41 (Clang) | PEND           |
+-------------------+----------------+
| RHEL8             | PEND           |
+-------------------+----------------+
| Ubuntu 20.04      | PEND           |
+-------------------+----------------+
| Ubuntu 22.04      | PEND           |
+-------------------+----------------+
| Ubuntu 24.04      | PEND           |
+-------------------+----------------+


Debian Bullseye
	Kernel: Depends on container host
	Compiler: gcc (Debian 10.2.1-6) 10.2.1 20210110

Debian 12
	Kernel: Depends on container host
	Compiler: gcc (Debian 12.2.0-14) 12.2.0

CentOS Stream 10
	Kernel: Depends on container host
	Compiler: gcc 14.2.1 20241104 (Red Hat 14.2.1-6)

CentOS Stream 9
	Kernel: Depends on container host
	Compiler: gcc 11.5.0 20240719 (Red Hat 11.5.0-2)

Fedora 40
	Kernel: Depends on container host
	Compiler: gcc 14.2.1 20240912 (Red Hat 14.2.1-3)

Fedora 40 (Clang)
	Kernel: Depends on container host
	Compiler: clang 18.1.8 (Fedora 18.1.8-1.fc40)

Fedora 41
	Kernel: Depends on container host
	Compiler: gcc 14.2.1 20240912 (Red Hat 14.2.1-3)

RHEL9
	Kernel: Depends on container host
	Compiler: gcc 11.5.0 20240719 (Red Hat 11.5.0-2)

Fedora 41 (Clang)
	Kernel: Depends on container host
	Compiler: clang 19.1.5 (Fedora 19.1.5-1.fc41)

RHEL8
	Kernel: Depends on container host
	Compiler: gcc 8.5.0 20210514 (Red Hat 8.5.0-22)

Ubuntu 20.04
	Kernel: Depends on container host
	Compiler: gcc (Ubuntu 9.4.0-1ubuntu1~20.04.2) 9.4.0

Ubuntu 22.04
	Kernel: Depends on container host
	Compiler: gcc (Ubuntu 11.4.0-1ubuntu1~22.04) 11.4.0

Ubuntu 24.04
	Kernel: Depends on container host
	Compiler: gcc (Ubuntu 13.3.0-6ubuntu2~24.04) 13.3.0

To view detailed results, visit:
https://lab.dpdk.org/results/dashboard/patchsets/32609/

UNH-IOL DPDK Community Lab

To manage your email subscriptions, visit: 
https://lab.dpdk.org/results/dashboard/preferences/subscriptions/

^ permalink raw reply	[flat|nested] 23+ messages in thread

* |PENDING| pw151613-151639 [PATCH] [v13,28/28] net/rnp: support Rx/Tx
       [not found] <1739951849-67601-29-git-send-email-caowenbo@mucse.com>
                   ` (8 preceding siblings ...)
  2025-02-19  9:39 ` dpdklab
@ 2025-02-19  9:45 ` dpdklab
  2025-02-19  9:49 ` |SUCCESS| " dpdklab
                   ` (12 subsequent siblings)
  22 siblings, 0 replies; 23+ messages in thread
From: dpdklab @ 2025-02-19  9:45 UTC (permalink / raw)
  To: Test Report; +Cc: dpdk-test-reports

Test-Label: iol-compile-amd64-testing
Test-Status: PENDING
http://dpdk.org/patch/151639

_Testing pending_

Submitter: Wenbo Cao <caowenbo@mucse.com>
Date: Wednesday, February 19 2025 07:57:29 
DPDK git baseline: Repo:dpdk
  Branch: master
  CommitID:968f7b6d7b6a7e60e6e551db430c4eecaccbbfd2

151613-151639 --> testing pending

Upstream job id: Generic-DPDK-Compile-Meson#362962

Test environment and result as below:

+-------------------+--------------------+-------------------+------------------+
|    Environment    | dpdk_meson_compile | dpdk_compile_spdk | dpdk_compile_ovs |
+===================+====================+===================+==================+
| CentOS Stream 10  | PASS               | SKIPPED           | SKIPPED          |
+-------------------+--------------------+-------------------+------------------+
| Debian Bullseye   | PEND               | PEND              | SKIPPED          |
+-------------------+--------------------+-------------------+------------------+
| Debian 12         | PEND               | PEND              | SKIPPED          |
+-------------------+--------------------+-------------------+------------------+
| openSUSE Leap 15  | PEND               | SKIPPED           | SKIPPED          |
+-------------------+--------------------+-------------------+------------------+
| Fedora 41         | PEND               | PEND              | PEND             |
+-------------------+--------------------+-------------------+------------------+
| Fedora 40 (Clang) | PEND               | PEND              | SKIPPED          |
+-------------------+--------------------+-------------------+------------------+
| Fedora 41 (Clang) | PEND               | PEND              | PEND             |
+-------------------+--------------------+-------------------+------------------+


CentOS Stream 10
	Kernel: Depends on container host
	Compiler: gcc 14.2.1 20241104 (Red Hat 14.2.1-6)

Debian Bullseye
	Kernel: Depends on container host
	Compiler: gcc (Debian 10.2.1-6) 10.2.1 20210110

Debian 12
	Kernel: Depends on container host
	Compiler: gcc (Debian 12.2.0-14) 12.2.0

openSUSE Leap 15
	Kernel: Depends on container host
	Compiler: gcc (SUSE Linux) 7.5.0

Fedora 41
	Kernel: Depends on container host
	Compiler: gcc 14.2.1 20240912 (Red Hat 14.2.1-3)

Fedora 40 (Clang)
	Kernel: Depends on container host
	Compiler: clang 18.1.8 (Fedora 18.1.8-1.fc40)

Fedora 41 (Clang)
	Kernel: Depends on container host
	Compiler: clang 19.1.5 (Fedora 19.1.5-1.fc41)

To view detailed results, visit:
https://lab.dpdk.org/results/dashboard/patchsets/32609/

UNH-IOL DPDK Community Lab

To manage your email subscriptions, visit: 
https://lab.dpdk.org/results/dashboard/preferences/subscriptions/

^ permalink raw reply	[flat|nested] 23+ messages in thread

* |SUCCESS| pw151613-151639 [PATCH] [v13,28/28] net/rnp: support Rx/Tx
       [not found] <1739951849-67601-29-git-send-email-caowenbo@mucse.com>
                   ` (9 preceding siblings ...)
  2025-02-19  9:45 ` dpdklab
@ 2025-02-19  9:49 ` dpdklab
  2025-02-19 10:12 ` dpdklab
                   ` (11 subsequent siblings)
  22 siblings, 0 replies; 23+ messages in thread
From: dpdklab @ 2025-02-19  9:49 UTC (permalink / raw)
  To: Test Report; +Cc: dpdk-test-reports

Test-Label: iol-sample-apps-testing
Test-Status: SUCCESS
http://dpdk.org/patch/151639

_Testing PASS_

Submitter: Wenbo Cao <caowenbo@mucse.com>
Date: Wednesday, February 19 2025 07:57:29 
DPDK git baseline: Repo:dpdk
  Branch: master
  CommitID:968f7b6d7b6a7e60e6e551db430c4eecaccbbfd2

151613-151639 --> testing pass

Upstream job id: Template-DTS-Pipeline#213269

Test environment and result as below:

+--------------------+----------------------+
|    Environment     | compressdev_zlib_pmd |
+====================+======================+
| Ubuntu 22.04 (ARM) | PASS                 |
+--------------------+----------------------+
| Ubuntu 22.04       | PASS                 |
+--------------------+----------------------+


Ubuntu 22.04 (ARM)
	Kernel: 5.15.0-97-generic
	Compiler: gcc gcc (Ubuntu 11.4.0-1ubuntu1~22.04) 11.4.0

Ubuntu 22.04
	Kernel: 5.15.0-100-generic
	Compiler: gcc gcc (Ubuntu 11.4.0-1ubuntu1~22.04) 11.4.0

To view detailed results, visit:
https://lab.dpdk.org/results/dashboard/patchsets/32609/

UNH-IOL DPDK Community Lab

To manage your email subscriptions, visit: 
https://lab.dpdk.org/results/dashboard/preferences/subscriptions/

^ permalink raw reply	[flat|nested] 23+ messages in thread

* |SUCCESS| pw151613-151639 [PATCH] [v13,28/28] net/rnp: support Rx/Tx
       [not found] <1739951849-67601-29-git-send-email-caowenbo@mucse.com>
                   ` (10 preceding siblings ...)
  2025-02-19  9:49 ` |SUCCESS| " dpdklab
@ 2025-02-19 10:12 ` dpdklab
  2025-02-19 10:13 ` |PENDING| " dpdklab
                   ` (10 subsequent siblings)
  22 siblings, 0 replies; 23+ messages in thread
From: dpdklab @ 2025-02-19 10:12 UTC (permalink / raw)
  To: Test Report; +Cc: dpdk-test-reports

Test-Label: iol-unit-arm64-testing
Test-Status: SUCCESS
http://dpdk.org/patch/151639

_Testing PASS_

Submitter: Wenbo Cao <caowenbo@mucse.com>
Date: Wednesday, February 19 2025 07:57:29 
DPDK git baseline: Repo:dpdk
  Branch: master
  CommitID:968f7b6d7b6a7e60e6e551db430c4eecaccbbfd2

151613-151639 --> testing pass

Upstream job id: Generic-Unit-Test-DPDK#316178

Test environment and result as below:

+-----------------------------+----------------+---------------------------+--------------+------------------------------+
|         Environment         | dpdk_unit_test | cryptodev_sw_zuc_autotest | lpm_autotest | cryptodev_sw_snow3g_autotest |
+=============================+================+===========================+==============+==============================+
| 32-bit Ubuntu 22.04.4 (ARM) | PASS           | SKIPPED                   | SKIPPED      | SKIPPED                      |
+-----------------------------+----------------+---------------------------+--------------+------------------------------+
| CentOS Stream 9 (ARM)       | PASS           | SKIPPED                   | SKIPPED      | SKIPPED                      |
+-----------------------------+----------------+---------------------------+--------------+------------------------------+
| Debian 11 (Buster) (ARM)    | PASS           | SKIPPED                   | SKIPPED      | SKIPPED                      |
+-----------------------------+----------------+---------------------------+--------------+------------------------------+
| CentOS Stream 10 (ARM)      | PASS           | SKIPPED                   | SKIPPED      | SKIPPED                      |
+-----------------------------+----------------+---------------------------+--------------+------------------------------+
| Debian 12 (arm)             | PASS           | PASS                      | SKIPPED      | PASS                         |
+-----------------------------+----------------+---------------------------+--------------+------------------------------+
| Fedora 40 (ARM)             | PASS           | SKIPPED                   | SKIPPED      | SKIPPED                      |
+-----------------------------+----------------+---------------------------+--------------+------------------------------+
| Fedora 41 (ARM)             | PASS           | SKIPPED                   | SKIPPED      | SKIPPED                      |
+-----------------------------+----------------+---------------------------+--------------+------------------------------+
| Fedora 40 (ARM Clang)       | PASS           | SKIPPED                   | SKIPPED      | SKIPPED                      |
+-----------------------------+----------------+---------------------------+--------------+------------------------------+
| Fedora 41 (ARM Clang)       | PASS           | SKIPPED                   | SKIPPED      | SKIPPED                      |
+-----------------------------+----------------+---------------------------+--------------+------------------------------+
| Ubuntu 20.04 (ARM)          | PASS           | SKIPPED                   | SKIPPED      | SKIPPED                      |
+-----------------------------+----------------+---------------------------+--------------+------------------------------+
| RHEL9 (ARM)                 | PASS           | SKIPPED                   | SKIPPED      | SKIPPED                      |
+-----------------------------+----------------+---------------------------+--------------+------------------------------+
| Ubuntu 22.04 (ARM)          | PASS           | SKIPPED                   | SKIPPED      | SKIPPED                      |
+-----------------------------+----------------+---------------------------+--------------+------------------------------+
| Ubuntu 24.04 (ARM)          | PASS           | SKIPPED                   | SKIPPED      | SKIPPED                      |
+-----------------------------+----------------+---------------------------+--------------+------------------------------+
| Ubuntu 20.04 ARM SVE        | SKIPPED        | SKIPPED                   | PASS         | SKIPPED                      |
+-----------------------------+----------------+---------------------------+--------------+------------------------------+


32-bit Ubuntu 22.04.4 (ARM)
	Kernel: 5.15.83+ aarch64
	Compiler: gcc (Ubuntu 11.4.0-1ubuntu1~22.04) 11.4.0

CentOS Stream 9 (ARM)
	Kernel: Depends on container host
	Compiler: gcc 11.5.0 20240719 (Red Hat 11.5.0-2)

Debian 11 (Buster) (ARM)
	Kernel: Depends on container host
	Compiler: gcc (Debian 10.2.1-6) 10.2.1 20210110

CentOS Stream 10 (ARM)
	Kernel: Depends on container host
	Compiler: gcc 14.2.1 20241104 (Red Hat 14.2.1-6)

Debian 12 (arm)
	Kernel: Depends on container host
	Compiler: gcc (Debian 12.2.0-14) 12.2.0

Fedora 40 (ARM)
	Kernel: Depends on container host
	Compiler: gcc 14.2.1 20240912 (Red Hat 14.2.1-3)

Fedora 41 (ARM)
	Kernel: Depends on container host
	Compiler: gcc 14.2.1 20240912 (Red Hat 14.2.1-3)

Fedora 40 (ARM Clang)
	Kernel: Depends on container host
	Compiler: clang 18.1.8 (Fedora 18.1.8-1.fc40)

Fedora 41 (ARM Clang)
	Kernel: Depends on container host
	Compiler: clang 19.1.5 (Fedora 19.1.5-1.fc41)

Ubuntu 20.04 (ARM)
	Kernel: Depends on container host
	Compiler: gcc (Ubuntu 9.4.0-1ubuntu1~20.04.2) 9.4.0

RHEL9 (ARM)
	Kernel: Depends on container host
	Compiler: gcc 11.5.0 20240719 (Red Hat 11.5.0-2)

Ubuntu 22.04 (ARM)
	Kernel: Depends on container host
	Compiler: gcc (Ubuntu 11.4.0-1ubuntu1~22.04) 11.4.0

Ubuntu 24.04 (ARM)
	Kernel: Depends on container host
	Compiler: gcc (Ubuntu 13.3.0-6ubuntu2~24.04) 13.3.0

Ubuntu 20.04 ARM SVE
	Kernel: Depends on container host
	Compiler: gcc (Ubuntu 10.5.0-1ubuntu1~20.04) 10.5.0

To view detailed results, visit:
https://lab.dpdk.org/results/dashboard/patchsets/32609/

UNH-IOL DPDK Community Lab

To manage your email subscriptions, visit: 
https://lab.dpdk.org/results/dashboard/preferences/subscriptions/

^ permalink raw reply	[flat|nested] 23+ messages in thread

* |PENDING| pw151613-151639 [PATCH] [v13,28/28] net/rnp: support Rx/Tx
       [not found] <1739951849-67601-29-git-send-email-caowenbo@mucse.com>
                   ` (11 preceding siblings ...)
  2025-02-19 10:12 ` dpdklab
@ 2025-02-19 10:13 ` dpdklab
  2025-02-19 10:17 ` |FAILURE| " dpdklab
                   ` (9 subsequent siblings)
  22 siblings, 0 replies; 23+ messages in thread
From: dpdklab @ 2025-02-19 10:13 UTC (permalink / raw)
  To: Test Report; +Cc: dpdk-test-reports

Test-Label: iol-compile-arm64-testing
Test-Status: PENDING
http://dpdk.org/patch/151639

_Testing pending_

Submitter: Wenbo Cao <caowenbo@mucse.com>
Date: Wednesday, February 19 2025 07:57:29 
DPDK git baseline: Repo:dpdk
  Branch: master
  CommitID:968f7b6d7b6a7e60e6e551db430c4eecaccbbfd2

151613-151639 --> testing pending

Upstream job id: Generic-DPDK-Compile-Meson#362978

Test environment and result as below:

+------------------------------------+--------------------+
|            Environment             | dpdk_meson_compile |
+====================================+====================+
| RHEL9 (ARM)                        | PEND               |
+------------------------------------+--------------------+
| Ubuntu 20.04 ARM GCC Cross Compile | PEND               |
+------------------------------------+--------------------+
| Ubuntu 20.04 ARM SVE               | PASS               |
+------------------------------------+--------------------+
| Debian 12 with MUSDK               | PEND               |
+------------------------------------+--------------------+
| Fedora 40 (ARM Clang)              | PEND               |
+------------------------------------+--------------------+
| Fedora 41 (ARM Clang)              | PEND               |
+------------------------------------+--------------------+
| Fedora 41 (ARM)                    | PEND               |
+------------------------------------+--------------------+
| Fedora 40 (ARM)                    | PEND               |
+------------------------------------+--------------------+


RHEL9 (ARM)
	Kernel: Depends on container host
	Compiler: gcc 11.5.0 20240719 (Red Hat 11.5.0-2)

Ubuntu 20.04 ARM GCC Cross Compile
	Kernel: Depends on container host
	Compiler: aarch64-linux-gnu-gcc (Ubuntu 9.4.0-1ubuntu1~20.04.2) 9.4.0

Ubuntu 20.04 ARM SVE
	Kernel: Depends on container host
	Compiler: gcc (Ubuntu 10.5.0-1ubuntu1~20.04) 10.5.0

Debian 12 with MUSDK
	Kernel: Depends on container host
	Compiler: gcc (Debian 12.2.0-14) 12.2.0

Fedora 40 (ARM Clang)
	Kernel: Depends on container host
	Compiler: clang 18.1.8 (Fedora 18.1.8-1.fc40)

Fedora 41 (ARM Clang)
	Kernel: Depends on container host
	Compiler: clang 19.1.5 (Fedora 19.1.5-1.fc41)

Fedora 41 (ARM)
	Kernel: Depends on container host
	Compiler: gcc 14.2.1 20240912 (Red Hat 14.2.1-3)

Fedora 40 (ARM)
	Kernel: Depends on container host
	Compiler: gcc 14.2.1 20240912 (Red Hat 14.2.1-3)

To view detailed results, visit:
https://lab.dpdk.org/results/dashboard/patchsets/32609/

UNH-IOL DPDK Community Lab

To manage your email subscriptions, visit: 
https://lab.dpdk.org/results/dashboard/preferences/subscriptions/

^ permalink raw reply	[flat|nested] 23+ messages in thread

* |FAILURE| pw151613-151639 [PATCH] [v13,28/28] net/rnp: support Rx/Tx
       [not found] <1739951849-67601-29-git-send-email-caowenbo@mucse.com>
                   ` (12 preceding siblings ...)
  2025-02-19 10:13 ` |PENDING| " dpdklab
@ 2025-02-19 10:17 ` dpdklab
  2025-02-19 10:23 ` dpdklab
                   ` (8 subsequent siblings)
  22 siblings, 0 replies; 23+ messages in thread
From: dpdklab @ 2025-02-19 10:17 UTC (permalink / raw)
  To: Test Report; +Cc: dpdk-test-reports, Wenbo Cao

Test-Label: iol-compile-arm64-testing
Test-Status: FAILURE
http://dpdk.org/patch/151639

_Testing issues_

Submitter: Wenbo Cao <caowenbo@mucse.com>
Date: Wednesday, February 19 2025 07:57:29 
DPDK git baseline: Repo:dpdk
  Branch: master
  CommitID:968f7b6d7b6a7e60e6e551db430c4eecaccbbfd2

151613-151639 --> testing issues

Upstream job id: Generic-DPDK-Compile-Meson#362979

Test environment and result as below:

+------------------------------------+--------------------+
|            Environment             | dpdk_meson_compile |
+====================================+====================+
| RHEL9 (ARM)                        | PEND               |
+------------------------------------+--------------------+
| Ubuntu 20.04 ARM GCC Cross Compile | PEND               |
+------------------------------------+--------------------+
| Ubuntu 20.04 ARM SVE               | PASS               |
+------------------------------------+--------------------+
| Debian 12 with MUSDK               | FAIL               |
+------------------------------------+--------------------+
| Fedora 40 (ARM Clang)              | PEND               |
+------------------------------------+--------------------+
| Fedora 41 (ARM Clang)              | PEND               |
+------------------------------------+--------------------+
| Fedora 41 (ARM)                    | PEND               |
+------------------------------------+--------------------+
| Fedora 40 (ARM)                    | PEND               |
+------------------------------------+--------------------+
| Ubuntu 20.04 (ARM)                 | PEND               |
+------------------------------------+--------------------+
| Ubuntu 22.04 (ARM)                 | PEND               |
+------------------------------------+--------------------+
| Ubuntu 24.04 (ARM)                 | PEND               |
+------------------------------------+--------------------+
| CentOS Stream 9 (ARM)              | PEND               |
+------------------------------------+--------------------+

==== 20 line log output for Debian 12 with MUSDK (dpdk_meson_compile): ====
[888/1284] Linking static target drivers/libtmp_rte_net_r8169.a
[889/1284] Generating rte_net_r8169.pmd.c with a custom command
[890/1284] Compiling C object drivers/librte_net_r8169.a.p/meson-generated_.._rte_net_r8169.pmd.c.o
[891/1284] Linking static target drivers/librte_net_r8169.a
[892/1284] Compiling C object drivers/librte_net_r8169.so.25.1.p/meson-generated_.._rte_net_r8169.pmd.c.o
[893/1284] Linking target drivers/librte_net_r8169.so.25.1
[894/1284] Compiling C object drivers/net/rnp/base/librnp_base.a.p/rnp_mbx.c.o
[895/1284] Compiling C object drivers/net/rnp/base/librnp_base.a.p/rnp_fw_cmd.c.o
[896/1284] Compiling C object drivers/net/rnp/base/librnp_base.a.p/rnp_mbx_fw.c.o
FAILED: drivers/net/rnp/base/librnp_base.a.p/rnp_mbx_fw.c.o
ccache aarch64-linux-gnu-gcc -Idrivers/net/rnp/base/librnp_base.a.p -Idrivers/net/rnp/base -I../drivers/net/rnp/base -I. -I.. -Iconfig -I../config -Ilib/eal/include -I../lib/eal/include -Ilib/eal/linux/include -I../lib/eal/linux/include -Ilib/eal/arm/include -I../lib/eal/arm/include -I../kernel/linux -Ilib/eal/common -I../lib/eal/common -Ilib/eal -I../lib/eal -Ilib/kvargs -I../lib/kvargs -Ilib/log -I../lib/log -Ilib/metrics -I../lib/metrics -Ilib/telemetry -I../lib/telemetry -Ilib/net -I../lib/net -Ilib/mbuf -I../lib/mbuf -Ilib/mempool -I../lib/mempool -Ilib/ring -I../lib/ring -Ilib/ethdev -I../lib/ethdev -Ilib/meter -I../lib/meter -fdiagnostics-color=always -pipe -D_FILE_OFFSET_BITS=64 -Wall -Winvalid-pch -Wextra -Werror -std=c11 -O3 -include rte_config.h -Wvla -Wcast-qual -Wdeprecated -Wformat -Wformat-nonliteral -Wformat-security -Wmissing-declarations -Wmissing-prototypes -Wnested-externs -Wold-style-definition -Wpointer-arith -Wsign-compare -Wstrict-prototypes -Wundef -Wwrite-st
 rings -Wno-packed-not-aligned -Wno-missing-field-initializers -D_GNU_SOURCE -fPIC -mcpu=cortex-a72 -DALLOW_EXPERIMENTAL_API -DALLOW_INTERNAL_API -Wno-format-truncation -Wno-address-of-packed-member -DRTE_LIBRTE_IXGBE_BYPASS -Wno-unused-value -Wno-unused-but-set-variable -Wno-unused-parameter -MD -MQ drivers/net/rnp/base/librnp_base.a.p/rnp_mbx_fw.c.o -MF drivers/net/rnp/base/librnp_base.a.p/rnp_mbx_fw.c.o.d -o drivers/net/rnp/base/librnp_base.a.p/rnp_mbx_fw.c.o -c ../drivers/net/rnp/base/rnp_mbx_fw.c
../drivers/net/rnp/base/rnp_mbx_fw.c: In function 'rnp_mbx_fw_get_capability':
../drivers/net/rnp/base/rnp_mbx_fw.c:257:65: error: 'ability' may be used uninitialized [-Werror=maybe-uninitialized]
257 |                         hw->phy_port_ids[idx] = ability.port_ids[idx];
|                                                 ~~~~~~~~~~~~~~~~^~~~~
../drivers/net/rnp/base/rnp_mbx_fw.c:235:38: note: 'ability' declared here
235 |         struct rnp_phy_abilities_rep ability;
|                                      ^~~~~~~
cc1: all warnings being treated as errors
ninja: build stopped: subcommand failed.
==== End log output ====

RHEL9 (ARM)
	Kernel: Depends on container host
	Compiler: gcc 11.5.0 20240719 (Red Hat 11.5.0-2)

Ubuntu 20.04 ARM GCC Cross Compile
	Kernel: Depends on container host
	Compiler: aarch64-linux-gnu-gcc (Ubuntu 9.4.0-1ubuntu1~20.04.2) 9.4.0

Ubuntu 20.04 ARM SVE
	Kernel: Depends on container host
	Compiler: gcc (Ubuntu 10.5.0-1ubuntu1~20.04) 10.5.0

Debian 12 with MUSDK
	Kernel: Depends on container host
	Compiler: gcc (Debian 12.2.0-14) 12.2.0

Fedora 40 (ARM Clang)
	Kernel: Depends on container host
	Compiler: clang 18.1.8 (Fedora 18.1.8-1.fc40)

Fedora 41 (ARM Clang)
	Kernel: Depends on container host
	Compiler: clang 19.1.5 (Fedora 19.1.5-1.fc41)

Fedora 41 (ARM)
	Kernel: Depends on container host
	Compiler: gcc 14.2.1 20240912 (Red Hat 14.2.1-3)

Fedora 40 (ARM)
	Kernel: Depends on container host
	Compiler: gcc 14.2.1 20240912 (Red Hat 14.2.1-3)

Ubuntu 20.04 (ARM)
	Kernel: Depends on container host
	Compiler: gcc (Ubuntu 9.4.0-1ubuntu1~20.04.2) 9.4.0

Ubuntu 22.04 (ARM)
	Kernel: Depends on container host
	Compiler: gcc (Ubuntu 11.4.0-1ubuntu1~22.04) 11.4.0

Ubuntu 24.04 (ARM)
	Kernel: Depends on container host
	Compiler: gcc (Ubuntu 13.3.0-6ubuntu2~24.04) 13.3.0

CentOS Stream 9 (ARM)
	Kernel: Depends on container host
	Compiler: gcc 11.5.0 20240719 (Red Hat 11.5.0-2)

To view detailed results, visit:
https://lab.dpdk.org/results/dashboard/patchsets/32609/

UNH-IOL DPDK Community Lab

To manage your email subscriptions, visit: 
https://lab.dpdk.org/results/dashboard/preferences/subscriptions/

^ permalink raw reply	[flat|nested] 23+ messages in thread

* |FAILURE| pw151613-151639 [PATCH] [v13,28/28] net/rnp: support Rx/Tx
       [not found] <1739951849-67601-29-git-send-email-caowenbo@mucse.com>
                   ` (13 preceding siblings ...)
  2025-02-19 10:17 ` |FAILURE| " dpdklab
@ 2025-02-19 10:23 ` dpdklab
  2025-02-19 10:29 ` |SUCCESS| " dpdklab
                   ` (7 subsequent siblings)
  22 siblings, 0 replies; 23+ messages in thread
From: dpdklab @ 2025-02-19 10:23 UTC (permalink / raw)
  To: Test Report; +Cc: dpdk-test-reports, Wenbo Cao

Test-Label: iol-compile-arm64-testing
Test-Status: FAILURE
http://dpdk.org/patch/151639

_Testing issues_

Submitter: Wenbo Cao <caowenbo@mucse.com>
Date: Wednesday, February 19 2025 07:57:29 
DPDK git baseline: Repo:dpdk
  Branch: master
  CommitID:968f7b6d7b6a7e60e6e551db430c4eecaccbbfd2

151613-151639 --> testing issues

Upstream job id: Generic-DPDK-Compile-Meson#362976

Test environment and result as below:

+----------------------------------------+--------------------+
|              Environment               | dpdk_meson_compile |
+========================================+====================+
| RHEL9 (ARM)                            | PASS               |
+----------------------------------------+--------------------+
| Ubuntu 20.04 ARM GCC Cross Compile     | PASS               |
+----------------------------------------+--------------------+
| Ubuntu 20.04 ARM SVE                   | PASS               |
+----------------------------------------+--------------------+
| Debian 12 with MUSDK                   | FAIL               |
+----------------------------------------+--------------------+
| Fedora 40 (ARM Clang)                  | PEND               |
+----------------------------------------+--------------------+
| Fedora 41 (ARM Clang)                  | PEND               |
+----------------------------------------+--------------------+
| Fedora 41 (ARM)                        | PEND               |
+----------------------------------------+--------------------+
| Fedora 40 (ARM)                        | PEND               |
+----------------------------------------+--------------------+
| Ubuntu 20.04 (ARM)                     | PEND               |
+----------------------------------------+--------------------+
| Ubuntu 22.04 (ARM)                     | PEND               |
+----------------------------------------+--------------------+
| Ubuntu 24.04 (ARM)                     | PEND               |
+----------------------------------------+--------------------+
| CentOS Stream 9 (ARM)                  | PEND               |
+----------------------------------------+--------------------+
| CentOS Stream 10 (ARM)                 | PEND               |
+----------------------------------------+--------------------+
| Debian 11 (Buster) (ARM)               | PEND               |
+----------------------------------------+--------------------+
| Ubuntu 20.04 ARM Clang Cross Compile   | PEND               |
+----------------------------------------+--------------------+
| Ubuntu 20.04 aarch32 GCC Cross Compile | PEND               |
+----------------------------------------+--------------------+

==== 20 line log output for Debian 12 with MUSDK (dpdk_meson_compile): ====
[888/1284] Linking static target drivers/libtmp_rte_net_r8169.a
[889/1284] Generating rte_net_r8169.pmd.c with a custom command
[890/1284] Compiling C object drivers/librte_net_r8169.a.p/meson-generated_.._rte_net_r8169.pmd.c.o
[891/1284] Linking static target drivers/librte_net_r8169.a
[892/1284] Compiling C object drivers/librte_net_r8169.so.25.1.p/meson-generated_.._rte_net_r8169.pmd.c.o
[893/1284] Linking target drivers/librte_net_r8169.so.25.1
[894/1284] Compiling C object drivers/net/rnp/base/librnp_base.a.p/rnp_mbx.c.o
[895/1284] Compiling C object drivers/net/rnp/base/librnp_base.a.p/rnp_fw_cmd.c.o
[896/1284] Compiling C object drivers/net/rnp/base/librnp_base.a.p/rnp_mbx_fw.c.o
FAILED: drivers/net/rnp/base/librnp_base.a.p/rnp_mbx_fw.c.o
ccache aarch64-linux-gnu-gcc -Idrivers/net/rnp/base/librnp_base.a.p -Idrivers/net/rnp/base -I../drivers/net/rnp/base -I. -I.. -Iconfig -I../config -Ilib/eal/include -I../lib/eal/include -Ilib/eal/linux/include -I../lib/eal/linux/include -Ilib/eal/arm/include -I../lib/eal/arm/include -I../kernel/linux -Ilib/eal/common -I../lib/eal/common -Ilib/eal -I../lib/eal -Ilib/kvargs -I../lib/kvargs -Ilib/log -I../lib/log -Ilib/metrics -I../lib/metrics -Ilib/telemetry -I../lib/telemetry -Ilib/net -I../lib/net -Ilib/mbuf -I../lib/mbuf -Ilib/mempool -I../lib/mempool -Ilib/ring -I../lib/ring -Ilib/ethdev -I../lib/ethdev -Ilib/meter -I../lib/meter -fdiagnostics-color=always -pipe -D_FILE_OFFSET_BITS=64 -Wall -Winvalid-pch -Wextra -Werror -std=c11 -O3 -include rte_config.h -Wvla -Wcast-qual -Wdeprecated -Wformat -Wformat-nonliteral -Wformat-security -Wmissing-declarations -Wmissing-prototypes -Wnested-externs -Wold-style-definition -Wpointer-arith -Wsign-compare -Wstrict-prototypes -Wundef -Wwrite-st
 rings -Wno-packed-not-aligned -Wno-missing-field-initializers -D_GNU_SOURCE -fPIC -mcpu=cortex-a72 -DALLOW_EXPERIMENTAL_API -DALLOW_INTERNAL_API -Wno-format-truncation -Wno-address-of-packed-member -DRTE_LIBRTE_IXGBE_BYPASS -Wno-unused-value -Wno-unused-but-set-variable -Wno-unused-parameter -MD -MQ drivers/net/rnp/base/librnp_base.a.p/rnp_mbx_fw.c.o -MF drivers/net/rnp/base/librnp_base.a.p/rnp_mbx_fw.c.o.d -o drivers/net/rnp/base/librnp_base.a.p/rnp_mbx_fw.c.o -c ../drivers/net/rnp/base/rnp_mbx_fw.c
../drivers/net/rnp/base/rnp_mbx_fw.c: In function 'rnp_mbx_fw_get_capability':
../drivers/net/rnp/base/rnp_mbx_fw.c:257:65: error: 'ability' may be used uninitialized [-Werror=maybe-uninitialized]
257 |                         hw->phy_port_ids[idx] = ability.port_ids[idx];
|                                                 ~~~~~~~~~~~~~~~~^~~~~
../drivers/net/rnp/base/rnp_mbx_fw.c:235:38: note: 'ability' declared here
235 |         struct rnp_phy_abilities_rep ability;
|                                      ^~~~~~~
cc1: all warnings being treated as errors
ninja: build stopped: subcommand failed.
==== End log output ====

RHEL9 (ARM)
	Kernel: Depends on container host
	Compiler: gcc 11.5.0 20240719 (Red Hat 11.5.0-2)

Ubuntu 20.04 ARM GCC Cross Compile
	Kernel: Depends on container host
	Compiler: aarch64-linux-gnu-gcc (Ubuntu 9.4.0-1ubuntu1~20.04.2) 9.4.0

Ubuntu 20.04 ARM SVE
	Kernel: Depends on container host
	Compiler: gcc (Ubuntu 10.5.0-1ubuntu1~20.04) 10.5.0

Debian 12 with MUSDK
	Kernel: Depends on container host
	Compiler: gcc (Debian 12.2.0-14) 12.2.0

Fedora 40 (ARM Clang)
	Kernel: Depends on container host
	Compiler: clang 18.1.8 (Fedora 18.1.8-1.fc40)

Fedora 41 (ARM Clang)
	Kernel: Depends on container host
	Compiler: clang 19.1.5 (Fedora 19.1.5-1.fc41)

Fedora 41 (ARM)
	Kernel: Depends on container host
	Compiler: gcc 14.2.1 20240912 (Red Hat 14.2.1-3)

Fedora 40 (ARM)
	Kernel: Depends on container host
	Compiler: gcc 14.2.1 20240912 (Red Hat 14.2.1-3)

Ubuntu 20.04 (ARM)
	Kernel: Depends on container host
	Compiler: gcc (Ubuntu 9.4.0-1ubuntu1~20.04.2) 9.4.0

Ubuntu 22.04 (ARM)
	Kernel: Depends on container host
	Compiler: gcc (Ubuntu 11.4.0-1ubuntu1~22.04) 11.4.0

Ubuntu 24.04 (ARM)
	Kernel: Depends on container host
	Compiler: gcc (Ubuntu 13.3.0-6ubuntu2~24.04) 13.3.0

CentOS Stream 9 (ARM)
	Kernel: Depends on container host
	Compiler: gcc 11.5.0 20240719 (Red Hat 11.5.0-2)

CentOS Stream 10 (ARM)
	Kernel: Depends on container host
	Compiler: gcc 14.2.1 20241104 (Red Hat 14.2.1-6)

Debian 11 (Buster) (ARM)
	Kernel: Depends on container host
	Compiler: gcc (Debian 10.2.1-6) 10.2.1 20210110

Ubuntu 20.04 ARM Clang Cross Compile
	Kernel: Depends on container host
	Compiler: clang 10.0.0-4ubuntu1

Ubuntu 20.04 aarch32 GCC Cross Compile
	Kernel: Depends on container host
	Compiler: gcc 9.4.0

To view detailed results, visit:
https://lab.dpdk.org/results/dashboard/patchsets/32609/

UNH-IOL DPDK Community Lab

To manage your email subscriptions, visit: 
https://lab.dpdk.org/results/dashboard/preferences/subscriptions/

^ permalink raw reply	[flat|nested] 23+ messages in thread

* |SUCCESS| pw151613-151639 [PATCH] [v13,28/28] net/rnp: support Rx/Tx
       [not found] <1739951849-67601-29-git-send-email-caowenbo@mucse.com>
                   ` (14 preceding siblings ...)
  2025-02-19 10:23 ` dpdklab
@ 2025-02-19 10:29 ` dpdklab
  2025-02-19 10:32 ` dpdklab
                   ` (6 subsequent siblings)
  22 siblings, 0 replies; 23+ messages in thread
From: dpdklab @ 2025-02-19 10:29 UTC (permalink / raw)
  To: Test Report; +Cc: dpdk-test-reports

Test-Label: iol-abi-testing
Test-Status: SUCCESS
http://dpdk.org/patch/151639

_Testing PASS_

Submitter: Wenbo Cao <caowenbo@mucse.com>
Date: Wednesday, February 19 2025 07:57:29 
DPDK git baseline: Repo:dpdk
  Branch: master
  CommitID:968f7b6d7b6a7e60e6e551db430c4eecaccbbfd2

151613-151639 --> testing pass

Upstream job id: Generic-DPDK-Compile-ABI#116725

Test environment and result as below:

+-------------------+----------+
|    Environment    | abi_test |
+===================+==========+
| CentOS Stream 9   | PASS     |
+-------------------+----------+
| CentOS Stream 10  | PASS     |
+-------------------+----------+
| Debian Bullseye   | PASS     |
+-------------------+----------+
| Debian 12         | PASS     |
+-------------------+----------+
| Fedora 41         | PASS     |
+-------------------+----------+
| Fedora 40 (Clang) | PASS     |
+-------------------+----------+
| Fedora 40         | PASS     |
+-------------------+----------+
| Fedora 41 (Clang) | PASS     |
+-------------------+----------+
| openSUSE Leap 15  | PASS     |
+-------------------+----------+
| RHEL8             | PASS     |
+-------------------+----------+
| RHEL9             | PASS     |
+-------------------+----------+
| Ubuntu 22.04      | PASS     |
+-------------------+----------+
| Ubuntu 24.04      | PASS     |
+-------------------+----------+


CentOS Stream 9
	Kernel: Depends on container host
	Compiler: gcc 11.5.0 20240719 (Red Hat 11.5.0-2)

CentOS Stream 10
	Kernel: Depends on container host
	Compiler: gcc 14.2.1 20241104 (Red Hat 14.2.1-6)

Debian Bullseye
	Kernel: Depends on container host
	Compiler: gcc (Debian 10.2.1-6) 10.2.1 20210110

Debian 12
	Kernel: Depends on container host
	Compiler: gcc (Debian 12.2.0-14) 12.2.0

Fedora 41
	Kernel: Depends on container host
	Compiler: gcc 14.2.1 20240912 (Red Hat 14.2.1-3)

Fedora 40 (Clang)
	Kernel: Depends on container host
	Compiler: clang 18.1.8 (Fedora 18.1.8-1.fc40)

Fedora 40
	Kernel: Depends on container host
	Compiler: gcc 14.2.1 20240912 (Red Hat 14.2.1-3)

Fedora 41 (Clang)
	Kernel: Depends on container host
	Compiler: clang 19.1.5 (Fedora 19.1.5-1.fc41)

openSUSE Leap 15
	Kernel: Depends on container host
	Compiler: gcc (SUSE Linux) 7.5.0

RHEL8
	Kernel: Depends on container host
	Compiler: gcc 8.5.0 20210514 (Red Hat 8.5.0-22)

RHEL9
	Kernel: Depends on container host
	Compiler: gcc 11.5.0 20240719 (Red Hat 11.5.0-2)

Ubuntu 22.04
	Kernel: Depends on container host
	Compiler: gcc (Ubuntu 11.4.0-1ubuntu1~22.04) 11.4.0

Ubuntu 24.04
	Kernel: Depends on container host
	Compiler: gcc (Ubuntu 13.3.0-6ubuntu2~24.04) 13.3.0

To view detailed results, visit:
https://lab.dpdk.org/results/dashboard/patchsets/32609/

UNH-IOL DPDK Community Lab

To manage your email subscriptions, visit: 
https://lab.dpdk.org/results/dashboard/preferences/subscriptions/

^ permalink raw reply	[flat|nested] 23+ messages in thread

* |SUCCESS| pw151613-151639 [PATCH] [v13,28/28] net/rnp: support Rx/Tx
       [not found] <1739951849-67601-29-git-send-email-caowenbo@mucse.com>
                   ` (15 preceding siblings ...)
  2025-02-19 10:29 ` |SUCCESS| " dpdklab
@ 2025-02-19 10:32 ` dpdklab
  2025-02-19 10:32 ` dpdklab
                   ` (5 subsequent siblings)
  22 siblings, 0 replies; 23+ messages in thread
From: dpdklab @ 2025-02-19 10:32 UTC (permalink / raw)
  To: Test Report; +Cc: dpdk-test-reports

Test-Label: iol-unit-amd64-testing
Test-Status: SUCCESS
http://dpdk.org/patch/151639

_Testing PASS_

Submitter: Wenbo Cao <caowenbo@mucse.com>
Date: Wednesday, February 19 2025 07:57:29 
DPDK git baseline: Repo:dpdk
  Branch: master
  CommitID:968f7b6d7b6a7e60e6e551db430c4eecaccbbfd2

151613-151639 --> testing pass

Upstream job id: Generic-VM-Unit-Test-DPDK#27278

Test environment and result as below:

+---------------------+----------------+
|     Environment     | dpdk_unit_test |
+=====================+================+
| Debian Bullseye     | PASS           |
+---------------------+----------------+
| Debian 12           | PASS           |
+---------------------+----------------+
| CentOS Stream 10    | PASS           |
+---------------------+----------------+
| CentOS Stream 9     | PASS           |
+---------------------+----------------+
| Fedora 40           | PASS           |
+---------------------+----------------+
| Fedora 40 (Clang)   | PASS           |
+---------------------+----------------+
| Fedora 41           | PASS           |
+---------------------+----------------+
| RHEL9               | PASS           |
+---------------------+----------------+
| Fedora 41 (Clang)   | PASS           |
+---------------------+----------------+
| RHEL8               | PASS           |
+---------------------+----------------+
| Ubuntu 20.04        | PASS           |
+---------------------+----------------+
| Ubuntu 22.04        | PASS           |
+---------------------+----------------+
| Ubuntu 24.04        | PASS           |
+---------------------+----------------+
| Windows Server 2022 | PASS           |
+---------------------+----------------+


Debian Bullseye
	Kernel: Depends on container host
	Compiler: gcc (Debian 10.2.1-6) 10.2.1 20210110

Debian 12
	Kernel: Depends on container host
	Compiler: gcc (Debian 12.2.0-14) 12.2.0

CentOS Stream 10
	Kernel: Depends on container host
	Compiler: gcc 14.2.1 20241104 (Red Hat 14.2.1-6)

CentOS Stream 9
	Kernel: Depends on container host
	Compiler: gcc 11.5.0 20240719 (Red Hat 11.5.0-2)

Fedora 40
	Kernel: Depends on container host
	Compiler: gcc 14.2.1 20240912 (Red Hat 14.2.1-3)

Fedora 40 (Clang)
	Kernel: Depends on container host
	Compiler: clang 18.1.8 (Fedora 18.1.8-1.fc40)

Fedora 41
	Kernel: Depends on container host
	Compiler: gcc 14.2.1 20240912 (Red Hat 14.2.1-3)

RHEL9
	Kernel: Depends on container host
	Compiler: gcc 11.5.0 20240719 (Red Hat 11.5.0-2)

Fedora 41 (Clang)
	Kernel: Depends on container host
	Compiler: clang 19.1.5 (Fedora 19.1.5-1.fc41)

RHEL8
	Kernel: Depends on container host
	Compiler: gcc 8.5.0 20210514 (Red Hat 8.5.0-22)

Ubuntu 20.04
	Kernel: Depends on container host
	Compiler: gcc (Ubuntu 9.4.0-1ubuntu1~20.04.2) 9.4.0

Ubuntu 22.04
	Kernel: Depends on container host
	Compiler: gcc (Ubuntu 11.4.0-1ubuntu1~22.04) 11.4.0

Ubuntu 24.04
	Kernel: Depends on container host
	Compiler: gcc (Ubuntu 13.3.0-6ubuntu2~24.04) 13.3.0

Windows Server 2022
	Kernel: 10.0.20348.2031
	Compiler: clang 15.0.7, gcc 14.1.0 (MinGW), and MSVC VS 19.39.33521

To view detailed results, visit:
https://lab.dpdk.org/results/dashboard/patchsets/32609/

UNH-IOL DPDK Community Lab

To manage your email subscriptions, visit: 
https://lab.dpdk.org/results/dashboard/preferences/subscriptions/

^ permalink raw reply	[flat|nested] 23+ messages in thread

* |SUCCESS| pw151613-151639 [PATCH] [v13,28/28] net/rnp: support Rx/Tx
       [not found] <1739951849-67601-29-git-send-email-caowenbo@mucse.com>
                   ` (16 preceding siblings ...)
  2025-02-19 10:32 ` dpdklab
@ 2025-02-19 10:32 ` dpdklab
  2025-02-19 10:40 ` dpdklab
                   ` (4 subsequent siblings)
  22 siblings, 0 replies; 23+ messages in thread
From: dpdklab @ 2025-02-19 10:32 UTC (permalink / raw)
  To: Test Report; +Cc: dpdk-test-reports

Test-Label: iol-unit-amd64-testing
Test-Status: SUCCESS
http://dpdk.org/patch/151639

_Testing PASS_

Submitter: Wenbo Cao <caowenbo@mucse.com>
Date: Wednesday, February 19 2025 07:57:29 
DPDK git baseline: Repo:dpdk
  Branch: master
  CommitID:968f7b6d7b6a7e60e6e551db430c4eecaccbbfd2

151613-151639 --> testing pass

Upstream job id: Generic-Unit-Test-DPDK#316184

Test environment and result as below:

+---------------------+----------------+
|     Environment     | dpdk_unit_test |
+=====================+================+
| Debian Bullseye     | PASS           |
+---------------------+----------------+
| Debian 12           | PASS           |
+---------------------+----------------+
| CentOS Stream 10    | PASS           |
+---------------------+----------------+
| CentOS Stream 9     | PASS           |
+---------------------+----------------+
| Fedora 40           | PASS           |
+---------------------+----------------+
| Fedora 40 (Clang)   | PASS           |
+---------------------+----------------+
| Fedora 41           | PASS           |
+---------------------+----------------+
| RHEL9               | PASS           |
+---------------------+----------------+
| Fedora 41 (Clang)   | PASS           |
+---------------------+----------------+
| RHEL8               | PASS           |
+---------------------+----------------+
| Ubuntu 20.04        | PASS           |
+---------------------+----------------+
| Ubuntu 22.04        | PASS           |
+---------------------+----------------+
| Ubuntu 24.04        | PASS           |
+---------------------+----------------+
| Windows Server 2022 | PASS           |
+---------------------+----------------+


Debian Bullseye
	Kernel: Depends on container host
	Compiler: gcc (Debian 10.2.1-6) 10.2.1 20210110

Debian 12
	Kernel: Depends on container host
	Compiler: gcc (Debian 12.2.0-14) 12.2.0

CentOS Stream 10
	Kernel: Depends on container host
	Compiler: gcc 14.2.1 20241104 (Red Hat 14.2.1-6)

CentOS Stream 9
	Kernel: Depends on container host
	Compiler: gcc 11.5.0 20240719 (Red Hat 11.5.0-2)

Fedora 40
	Kernel: Depends on container host
	Compiler: gcc 14.2.1 20240912 (Red Hat 14.2.1-3)

Fedora 40 (Clang)
	Kernel: Depends on container host
	Compiler: clang 18.1.8 (Fedora 18.1.8-1.fc40)

Fedora 41
	Kernel: Depends on container host
	Compiler: gcc 14.2.1 20240912 (Red Hat 14.2.1-3)

RHEL9
	Kernel: Depends on container host
	Compiler: gcc 11.5.0 20240719 (Red Hat 11.5.0-2)

Fedora 41 (Clang)
	Kernel: Depends on container host
	Compiler: clang 19.1.5 (Fedora 19.1.5-1.fc41)

RHEL8
	Kernel: Depends on container host
	Compiler: gcc 8.5.0 20210514 (Red Hat 8.5.0-22)

Ubuntu 20.04
	Kernel: Depends on container host
	Compiler: gcc (Ubuntu 9.4.0-1ubuntu1~20.04.2) 9.4.0

Ubuntu 22.04
	Kernel: Depends on container host
	Compiler: gcc (Ubuntu 11.4.0-1ubuntu1~22.04) 11.4.0

Ubuntu 24.04
	Kernel: Depends on container host
	Compiler: gcc (Ubuntu 13.3.0-6ubuntu2~24.04) 13.3.0

Windows Server 2022
	Kernel: 10.0.20348.2031
	Compiler: clang 15.0.7, gcc 14.1.0 (MinGW), and MSVC VS 19.39.33521

To view detailed results, visit:
https://lab.dpdk.org/results/dashboard/patchsets/32609/

UNH-IOL DPDK Community Lab

To manage your email subscriptions, visit: 
https://lab.dpdk.org/results/dashboard/preferences/subscriptions/

^ permalink raw reply	[flat|nested] 23+ messages in thread

* |SUCCESS| pw151613-151639 [PATCH] [v13,28/28] net/rnp: support Rx/Tx
       [not found] <1739951849-67601-29-git-send-email-caowenbo@mucse.com>
                   ` (17 preceding siblings ...)
  2025-02-19 10:32 ` dpdklab
@ 2025-02-19 10:40 ` dpdklab
  2025-02-19 10:49 ` dpdklab
                   ` (3 subsequent siblings)
  22 siblings, 0 replies; 23+ messages in thread
From: dpdklab @ 2025-02-19 10:40 UTC (permalink / raw)
  To: Test Report; +Cc: dpdk-test-reports

Test-Label: iol-compile-amd64-testing
Test-Status: SUCCESS
http://dpdk.org/patch/151639

_Testing PASS_

Submitter: Wenbo Cao <caowenbo@mucse.com>
Date: Wednesday, February 19 2025 07:57:29 
DPDK git baseline: Repo:dpdk
  Branch: master
  CommitID:968f7b6d7b6a7e60e6e551db430c4eecaccbbfd2

151613-151639 --> testing pass

Upstream job id: Generic-DPDK-Compile-Meson#362975

Test environment and result as below:

+---------------------+--------------------+-------------------+------------------+-------------------------+-------------------+----------------------+
|     Environment     | dpdk_meson_compile | dpdk_compile_spdk | dpdk_compile_ovs | dpdk_llvm_clang_compile | dpdk_msvc_compile | dpdk_mingw64_compile |
+=====================+====================+===================+==================+=========================+===================+======================+
| CentOS Stream 10    | PASS               | SKIPPED           | SKIPPED          | SKIPPED                 | SKIPPED           | SKIPPED              |
+---------------------+--------------------+-------------------+------------------+-------------------------+-------------------+----------------------+
| Debian Bullseye     | PASS               | PASS              | SKIPPED          | SKIPPED                 | SKIPPED           | SKIPPED              |
+---------------------+--------------------+-------------------+------------------+-------------------------+-------------------+----------------------+
| Debian 12           | PASS               | PASS              | SKIPPED          | SKIPPED                 | SKIPPED           | SKIPPED              |
+---------------------+--------------------+-------------------+------------------+-------------------------+-------------------+----------------------+
| openSUSE Leap 15    | PASS               | SKIPPED           | SKIPPED          | SKIPPED                 | SKIPPED           | SKIPPED              |
+---------------------+--------------------+-------------------+------------------+-------------------------+-------------------+----------------------+
| Fedora 41           | PASS               | PASS              | PASS             | SKIPPED                 | SKIPPED           | SKIPPED              |
+---------------------+--------------------+-------------------+------------------+-------------------------+-------------------+----------------------+
| Fedora 40 (Clang)   | PASS               | PASS              | SKIPPED          | SKIPPED                 | SKIPPED           | SKIPPED              |
+---------------------+--------------------+-------------------+------------------+-------------------------+-------------------+----------------------+
| Fedora 41 (Clang)   | PASS               | PASS              | PASS             | SKIPPED                 | SKIPPED           | SKIPPED              |
+---------------------+--------------------+-------------------+------------------+-------------------------+-------------------+----------------------+
| Fedora 40           | PASS               | PASS              | SKIPPED          | SKIPPED                 | SKIPPED           | SKIPPED              |
+---------------------+--------------------+-------------------+------------------+-------------------------+-------------------+----------------------+
| RHEL9               | PASS               | SKIPPED           | SKIPPED          | SKIPPED                 | SKIPPED           | SKIPPED              |
+---------------------+--------------------+-------------------+------------------+-------------------------+-------------------+----------------------+
| RHEL8               | PASS               | SKIPPED           | SKIPPED          | SKIPPED                 | SKIPPED           | SKIPPED              |
+---------------------+--------------------+-------------------+------------------+-------------------------+-------------------+----------------------+
| Ubuntu 20.04        | PASS               | SKIPPED           | SKIPPED          | SKIPPED                 | SKIPPED           | SKIPPED              |
+---------------------+--------------------+-------------------+------------------+-------------------------+-------------------+----------------------+
| Ubuntu 24.04        | PASS               | PASS              | PASS             | SKIPPED                 | SKIPPED           | SKIPPED              |
+---------------------+--------------------+-------------------+------------------+-------------------------+-------------------+----------------------+
| Ubuntu 22.04        | PASS               | PASS              | SKIPPED          | SKIPPED                 | SKIPPED           | SKIPPED              |
+---------------------+--------------------+-------------------+------------------+-------------------------+-------------------+----------------------+
| Alpine              | PASS               | SKIPPED           | SKIPPED          | SKIPPED                 | SKIPPED           | SKIPPED              |
+---------------------+--------------------+-------------------+------------------+-------------------------+-------------------+----------------------+
| FreeBSD 14.2        | PASS               | SKIPPED           | SKIPPED          | SKIPPED                 | SKIPPED           | SKIPPED              |
+---------------------+--------------------+-------------------+------------------+-------------------------+-------------------+----------------------+
| FreeBSD 13.4        | PASS               | SKIPPED           | SKIPPED          | SKIPPED                 | SKIPPED           | SKIPPED              |
+---------------------+--------------------+-------------------+------------------+-------------------------+-------------------+----------------------+
| Windows Server 2022 | SKIPPED            | SKIPPED           | SKIPPED          | PASS                    | PASS              | PASS                 |
+---------------------+--------------------+-------------------+------------------+-------------------------+-------------------+----------------------+


CentOS Stream 10
	Kernel: Depends on container host
	Compiler: gcc 14.2.1 20241104 (Red Hat 14.2.1-6)

Debian Bullseye
	Kernel: Depends on container host
	Compiler: gcc (Debian 10.2.1-6) 10.2.1 20210110

Debian 12
	Kernel: Depends on container host
	Compiler: gcc (Debian 12.2.0-14) 12.2.0

openSUSE Leap 15
	Kernel: Depends on container host
	Compiler: gcc (SUSE Linux) 7.5.0

Fedora 41
	Kernel: Depends on container host
	Compiler: gcc 14.2.1 20240912 (Red Hat 14.2.1-3)

Fedora 40 (Clang)
	Kernel: Depends on container host
	Compiler: clang 18.1.8 (Fedora 18.1.8-1.fc40)

Fedora 41 (Clang)
	Kernel: Depends on container host
	Compiler: clang 19.1.5 (Fedora 19.1.5-1.fc41)

Fedora 40
	Kernel: Depends on container host
	Compiler: gcc 14.2.1 20240912 (Red Hat 14.2.1-3)

RHEL9
	Kernel: Depends on container host
	Compiler: gcc 11.5.0 20240719 (Red Hat 11.5.0-2)

RHEL8
	Kernel: Depends on container host
	Compiler: gcc 8.5.0 20210514 (Red Hat 8.5.0-22)

Ubuntu 20.04
	Kernel: Depends on container host
	Compiler: gcc (Ubuntu 9.4.0-1ubuntu1~20.04.2) 9.4.0

Ubuntu 24.04
	Kernel: Depends on container host
	Compiler: gcc (Ubuntu 13.3.0-6ubuntu2~24.04) 13.3.0

Ubuntu 22.04
	Kernel: Depends on container host
	Compiler: gcc (Ubuntu 11.4.0-1ubuntu1~22.04) 11.4.0

Alpine
	Kernel: Depends on container host
	Compiler: gcc (Alpine 14.2.0) 14.2.0

FreeBSD 14.2
	Kernel: 14.2-RELEASE
	Compiler: clang 18.1.6

FreeBSD 13.4
	Kernel: 13.4-RELEASE-p1
	Compiler: clang 18.1.6

Windows Server 2022
	Kernel: 10.0.20348.2031
	Compiler: clang 15.0.7, gcc 14.1.0 (MinGW), and MSVC VS 19.39.33521

To view detailed results, visit:
https://lab.dpdk.org/results/dashboard/patchsets/32609/

UNH-IOL DPDK Community Lab

To manage your email subscriptions, visit: 
https://lab.dpdk.org/results/dashboard/preferences/subscriptions/

^ permalink raw reply	[flat|nested] 23+ messages in thread

* |SUCCESS| pw151613-151639 [PATCH] [v13,28/28] net/rnp: support Rx/Tx
       [not found] <1739951849-67601-29-git-send-email-caowenbo@mucse.com>
                   ` (18 preceding siblings ...)
  2025-02-19 10:40 ` dpdklab
@ 2025-02-19 10:49 ` dpdklab
  2025-02-19 11:38 ` |FAILURE| " dpdklab
                   ` (2 subsequent siblings)
  22 siblings, 0 replies; 23+ messages in thread
From: dpdklab @ 2025-02-19 10:49 UTC (permalink / raw)
  To: Test Report; +Cc: dpdk-test-reports

Test-Label: iol-sample-apps-testing
Test-Status: SUCCESS
http://dpdk.org/patch/151639

_Testing PASS_

Submitter: Wenbo Cao <caowenbo@mucse.com>
Date: Wednesday, February 19 2025 07:57:29 
DPDK git baseline: Repo:dpdk
  Branch: master
  CommitID:968f7b6d7b6a7e60e6e551db430c4eecaccbbfd2

151613-151639 --> testing pass

Upstream job id: ACVP-FIPS-testing#8959

Test environment and result as below:

+--------------------+----------------------+----------------------+
|    Environment     | compressdev_zlib_pmd | dpdk_fips_validation |
+====================+======================+======================+
| Ubuntu 22.04 (ARM) | PASS                 | SKIPPED              |
+--------------------+----------------------+----------------------+
| Ubuntu 22.04       | PASS                 | SKIPPED              |
+--------------------+----------------------+----------------------+
| Ubuntu 20.04       | SKIPPED              | PASS                 |
+--------------------+----------------------+----------------------+


Ubuntu 22.04 (ARM)
	Kernel: 5.15.0-97-generic
	Compiler: gcc gcc (Ubuntu 11.4.0-1ubuntu1~22.04) 11.4.0

Ubuntu 22.04
	Kernel: 5.15.0-100-generic
	Compiler: gcc gcc (Ubuntu 11.4.0-1ubuntu1~22.04) 11.4.0

Ubuntu 20.04
	Kernel: Depends on container host
	Compiler: gcc (Ubuntu 9.4.0-1ubuntu1~20.04.2) 9.4.0

To view detailed results, visit:
https://lab.dpdk.org/results/dashboard/patchsets/32609/

UNH-IOL DPDK Community Lab

To manage your email subscriptions, visit: 
https://lab.dpdk.org/results/dashboard/preferences/subscriptions/

^ permalink raw reply	[flat|nested] 23+ messages in thread

* |FAILURE| pw151613-151639 [PATCH] [v13,28/28] net/rnp: support Rx/Tx
       [not found] <1739951849-67601-29-git-send-email-caowenbo@mucse.com>
                   ` (19 preceding siblings ...)
  2025-02-19 10:49 ` dpdklab
@ 2025-02-19 11:38 ` dpdklab
  2025-02-19 11:39 ` dpdklab
  2025-02-19 15:10 ` |SUCCESS| " dpdklab
  22 siblings, 0 replies; 23+ messages in thread
From: dpdklab @ 2025-02-19 11:38 UTC (permalink / raw)
  To: Test Report; +Cc: dpdk-test-reports, Wenbo Cao

Test-Label: iol-compile-arm64-testing
Test-Status: FAILURE
http://dpdk.org/patch/151639

_Testing issues_

Submitter: Wenbo Cao <caowenbo@mucse.com>
Date: Wednesday, February 19 2025 07:57:29 
DPDK git baseline: Repo:dpdk
  Branch: master
  CommitID:968f7b6d7b6a7e60e6e551db430c4eecaccbbfd2

151613-151639 --> testing issues

Upstream job id: Generic-DPDK-Compile-Meson#362981

Test environment and result as below:

+----------------------------------------+--------------------+
|              Environment               | dpdk_meson_compile |
+========================================+====================+
| RHEL9 (ARM)                            | PASS               |
+----------------------------------------+--------------------+
| Ubuntu 20.04 ARM GCC Cross Compile     | PASS               |
+----------------------------------------+--------------------+
| Ubuntu 20.04 ARM SVE                   | PASS               |
+----------------------------------------+--------------------+
| Debian 12 with MUSDK                   | FAIL               |
+----------------------------------------+--------------------+
| Fedora 40 (ARM Clang)                  | PASS               |
+----------------------------------------+--------------------+
| Fedora 41 (ARM Clang)                  | PASS               |
+----------------------------------------+--------------------+
| Fedora 41 (ARM)                        | PASS               |
+----------------------------------------+--------------------+
| Fedora 40 (ARM)                        | PASS               |
+----------------------------------------+--------------------+
| Ubuntu 20.04 (ARM)                     | PASS               |
+----------------------------------------+--------------------+
| Ubuntu 22.04 (ARM)                     | PASS               |
+----------------------------------------+--------------------+
| Ubuntu 24.04 (ARM)                     | PASS               |
+----------------------------------------+--------------------+
| CentOS Stream 9 (ARM)                  | PASS               |
+----------------------------------------+--------------------+
| CentOS Stream 10 (ARM)                 | PASS               |
+----------------------------------------+--------------------+
| Debian 11 (Buster) (ARM)               | PASS               |
+----------------------------------------+--------------------+
| Ubuntu 20.04 ARM Clang Cross Compile   | PASS               |
+----------------------------------------+--------------------+
| Ubuntu 20.04 aarch32 GCC Cross Compile | PASS               |
+----------------------------------------+--------------------+
| Debian 12 (arm)                        | PASS               |
+----------------------------------------+--------------------+

==== 20 line log output for Debian 12 with MUSDK (dpdk_meson_compile): ====
[888/1284] Linking static target drivers/libtmp_rte_net_r8169.a
[889/1284] Generating rte_net_r8169.pmd.c with a custom command
[890/1284] Compiling C object drivers/librte_net_r8169.a.p/meson-generated_.._rte_net_r8169.pmd.c.o
[891/1284] Linking static target drivers/librte_net_r8169.a
[892/1284] Compiling C object drivers/librte_net_r8169.so.25.1.p/meson-generated_.._rte_net_r8169.pmd.c.o
[893/1284] Linking target drivers/librte_net_r8169.so.25.1
[894/1284] Compiling C object drivers/net/rnp/base/librnp_base.a.p/rnp_mbx.c.o
[895/1284] Compiling C object drivers/net/rnp/base/librnp_base.a.p/rnp_fw_cmd.c.o
[896/1284] Compiling C object drivers/net/rnp/base/librnp_base.a.p/rnp_mbx_fw.c.o
FAILED: drivers/net/rnp/base/librnp_base.a.p/rnp_mbx_fw.c.o
ccache aarch64-linux-gnu-gcc -Idrivers/net/rnp/base/librnp_base.a.p -Idrivers/net/rnp/base -I../drivers/net/rnp/base -I. -I.. -Iconfig -I../config -Ilib/eal/include -I../lib/eal/include -Ilib/eal/linux/include -I../lib/eal/linux/include -Ilib/eal/arm/include -I../lib/eal/arm/include -I../kernel/linux -Ilib/eal/common -I../lib/eal/common -Ilib/eal -I../lib/eal -Ilib/kvargs -I../lib/kvargs -Ilib/log -I../lib/log -Ilib/metrics -I../lib/metrics -Ilib/telemetry -I../lib/telemetry -Ilib/net -I../lib/net -Ilib/mbuf -I../lib/mbuf -Ilib/mempool -I../lib/mempool -Ilib/ring -I../lib/ring -Ilib/ethdev -I../lib/ethdev -Ilib/meter -I../lib/meter -fdiagnostics-color=always -pipe -D_FILE_OFFSET_BITS=64 -Wall -Winvalid-pch -Wextra -Werror -std=c11 -O3 -include rte_config.h -Wvla -Wcast-qual -Wdeprecated -Wformat -Wformat-nonliteral -Wformat-security -Wmissing-declarations -Wmissing-prototypes -Wnested-externs -Wold-style-definition -Wpointer-arith -Wsign-compare -Wstrict-prototypes -Wundef -Wwrite-st
 rings -Wno-packed-not-aligned -Wno-missing-field-initializers -D_GNU_SOURCE -fPIC -mcpu=cortex-a72 -DALLOW_EXPERIMENTAL_API -DALLOW_INTERNAL_API -Wno-format-truncation -Wno-address-of-packed-member -DRTE_LIBRTE_IXGBE_BYPASS -Wno-unused-value -Wno-unused-but-set-variable -Wno-unused-parameter -MD -MQ drivers/net/rnp/base/librnp_base.a.p/rnp_mbx_fw.c.o -MF drivers/net/rnp/base/librnp_base.a.p/rnp_mbx_fw.c.o.d -o drivers/net/rnp/base/librnp_base.a.p/rnp_mbx_fw.c.o -c ../drivers/net/rnp/base/rnp_mbx_fw.c
../drivers/net/rnp/base/rnp_mbx_fw.c: In function 'rnp_mbx_fw_get_capability':
../drivers/net/rnp/base/rnp_mbx_fw.c:257:65: error: 'ability' may be used uninitialized [-Werror=maybe-uninitialized]
257 |                         hw->phy_port_ids[idx] = ability.port_ids[idx];
|                                                 ~~~~~~~~~~~~~~~~^~~~~
../drivers/net/rnp/base/rnp_mbx_fw.c:235:38: note: 'ability' declared here
235 |         struct rnp_phy_abilities_rep ability;
|                                      ^~~~~~~
cc1: all warnings being treated as errors
ninja: build stopped: subcommand failed.
==== End log output ====

RHEL9 (ARM)
	Kernel: Depends on container host
	Compiler: gcc 11.5.0 20240719 (Red Hat 11.5.0-2)

Ubuntu 20.04 ARM GCC Cross Compile
	Kernel: Depends on container host
	Compiler: aarch64-linux-gnu-gcc (Ubuntu 9.4.0-1ubuntu1~20.04.2) 9.4.0

Ubuntu 20.04 ARM SVE
	Kernel: Depends on container host
	Compiler: gcc (Ubuntu 10.5.0-1ubuntu1~20.04) 10.5.0

Debian 12 with MUSDK
	Kernel: Depends on container host
	Compiler: gcc (Debian 12.2.0-14) 12.2.0

Fedora 40 (ARM Clang)
	Kernel: Depends on container host
	Compiler: clang 18.1.8 (Fedora 18.1.8-1.fc40)

Fedora 41 (ARM Clang)
	Kernel: Depends on container host
	Compiler: clang 19.1.5 (Fedora 19.1.5-1.fc41)

Fedora 41 (ARM)
	Kernel: Depends on container host
	Compiler: gcc 14.2.1 20240912 (Red Hat 14.2.1-3)

Fedora 40 (ARM)
	Kernel: Depends on container host
	Compiler: gcc 14.2.1 20240912 (Red Hat 14.2.1-3)

Ubuntu 20.04 (ARM)
	Kernel: Depends on container host
	Compiler: gcc (Ubuntu 9.4.0-1ubuntu1~20.04.2) 9.4.0

Ubuntu 22.04 (ARM)
	Kernel: Depends on container host
	Compiler: gcc (Ubuntu 11.4.0-1ubuntu1~22.04) 11.4.0

Ubuntu 24.04 (ARM)
	Kernel: Depends on container host
	Compiler: gcc (Ubuntu 13.3.0-6ubuntu2~24.04) 13.3.0

CentOS Stream 9 (ARM)
	Kernel: Depends on container host
	Compiler: gcc 11.5.0 20240719 (Red Hat 11.5.0-2)

CentOS Stream 10 (ARM)
	Kernel: Depends on container host
	Compiler: gcc 14.2.1 20241104 (Red Hat 14.2.1-6)

Debian 11 (Buster) (ARM)
	Kernel: Depends on container host
	Compiler: gcc (Debian 10.2.1-6) 10.2.1 20210110

Ubuntu 20.04 ARM Clang Cross Compile
	Kernel: Depends on container host
	Compiler: clang 10.0.0-4ubuntu1

Ubuntu 20.04 aarch32 GCC Cross Compile
	Kernel: Depends on container host
	Compiler: gcc 9.4.0

Debian 12 (arm)
	Kernel: Depends on container host
	Compiler: gcc (Debian 12.2.0-14) 12.2.0

To view detailed results, visit:
https://lab.dpdk.org/results/dashboard/patchsets/32609/

UNH-IOL DPDK Community Lab

To manage your email subscriptions, visit: 
https://lab.dpdk.org/results/dashboard/preferences/subscriptions/

^ permalink raw reply	[flat|nested] 23+ messages in thread

* |FAILURE| pw151613-151639 [PATCH] [v13,28/28] net/rnp: support Rx/Tx
       [not found] <1739951849-67601-29-git-send-email-caowenbo@mucse.com>
                   ` (20 preceding siblings ...)
  2025-02-19 11:38 ` |FAILURE| " dpdklab
@ 2025-02-19 11:39 ` dpdklab
  2025-02-19 15:10 ` |SUCCESS| " dpdklab
  22 siblings, 0 replies; 23+ messages in thread
From: dpdklab @ 2025-02-19 11:39 UTC (permalink / raw)
  To: Test Report; +Cc: dpdk-test-reports, Wenbo Cao

Test-Label: iol-compile-arm64-testing
Test-Status: FAILURE
http://dpdk.org/patch/151639

_Testing issues_

Submitter: Wenbo Cao <caowenbo@mucse.com>
Date: Wednesday, February 19 2025 07:57:29 
DPDK git baseline: Repo:dpdk
  Branch: master
  CommitID:968f7b6d7b6a7e60e6e551db430c4eecaccbbfd2

151613-151639 --> testing issues

Upstream job id: Generic-DPDK-Compile-Meson#362983

Test environment and result as below:

+----------------------------------------+--------------------+
|              Environment               | dpdk_meson_compile |
+========================================+====================+
| RHEL9 (ARM)                            | PASS               |
+----------------------------------------+--------------------+
| Ubuntu 20.04 ARM GCC Cross Compile     | PASS               |
+----------------------------------------+--------------------+
| Ubuntu 20.04 ARM SVE                   | PASS               |
+----------------------------------------+--------------------+
| Debian 12 with MUSDK                   | FAIL               |
+----------------------------------------+--------------------+
| Fedora 40 (ARM Clang)                  | PASS               |
+----------------------------------------+--------------------+
| Fedora 41 (ARM Clang)                  | PASS               |
+----------------------------------------+--------------------+
| Fedora 41 (ARM)                        | PASS               |
+----------------------------------------+--------------------+
| Fedora 40 (ARM)                        | PASS               |
+----------------------------------------+--------------------+
| Ubuntu 20.04 (ARM)                     | PASS               |
+----------------------------------------+--------------------+
| Ubuntu 22.04 (ARM)                     | PASS               |
+----------------------------------------+--------------------+
| Ubuntu 24.04 (ARM)                     | PASS               |
+----------------------------------------+--------------------+
| CentOS Stream 9 (ARM)                  | PASS               |
+----------------------------------------+--------------------+
| CentOS Stream 10 (ARM)                 | PASS               |
+----------------------------------------+--------------------+
| Debian 11 (Buster) (ARM)               | PASS               |
+----------------------------------------+--------------------+
| Ubuntu 20.04 ARM Clang Cross Compile   | PASS               |
+----------------------------------------+--------------------+
| Ubuntu 20.04 aarch32 GCC Cross Compile | PASS               |
+----------------------------------------+--------------------+
| Debian 12 (arm)                        | PASS               |
+----------------------------------------+--------------------+

==== 20 line log output for Debian 12 with MUSDK (dpdk_meson_compile): ====
[888/1284] Linking static target drivers/libtmp_rte_net_r8169.a
[889/1284] Generating rte_net_r8169.pmd.c with a custom command
[890/1284] Compiling C object drivers/librte_net_r8169.a.p/meson-generated_.._rte_net_r8169.pmd.c.o
[891/1284] Linking static target drivers/librte_net_r8169.a
[892/1284] Compiling C object drivers/librte_net_r8169.so.25.1.p/meson-generated_.._rte_net_r8169.pmd.c.o
[893/1284] Linking target drivers/librte_net_r8169.so.25.1
[894/1284] Compiling C object drivers/net/rnp/base/librnp_base.a.p/rnp_mbx.c.o
[895/1284] Compiling C object drivers/net/rnp/base/librnp_base.a.p/rnp_fw_cmd.c.o
[896/1284] Compiling C object drivers/net/rnp/base/librnp_base.a.p/rnp_mbx_fw.c.o
FAILED: drivers/net/rnp/base/librnp_base.a.p/rnp_mbx_fw.c.o
ccache aarch64-linux-gnu-gcc -Idrivers/net/rnp/base/librnp_base.a.p -Idrivers/net/rnp/base -I../drivers/net/rnp/base -I. -I.. -Iconfig -I../config -Ilib/eal/include -I../lib/eal/include -Ilib/eal/linux/include -I../lib/eal/linux/include -Ilib/eal/arm/include -I../lib/eal/arm/include -I../kernel/linux -Ilib/eal/common -I../lib/eal/common -Ilib/eal -I../lib/eal -Ilib/kvargs -I../lib/kvargs -Ilib/log -I../lib/log -Ilib/metrics -I../lib/metrics -Ilib/telemetry -I../lib/telemetry -Ilib/net -I../lib/net -Ilib/mbuf -I../lib/mbuf -Ilib/mempool -I../lib/mempool -Ilib/ring -I../lib/ring -Ilib/ethdev -I../lib/ethdev -Ilib/meter -I../lib/meter -fdiagnostics-color=always -pipe -D_FILE_OFFSET_BITS=64 -Wall -Winvalid-pch -Wextra -Werror -std=c11 -O3 -include rte_config.h -Wvla -Wcast-qual -Wdeprecated -Wformat -Wformat-nonliteral -Wformat-security -Wmissing-declarations -Wmissing-prototypes -Wnested-externs -Wold-style-definition -Wpointer-arith -Wsign-compare -Wstrict-prototypes -Wundef -Wwrite-st
 rings -Wno-packed-not-aligned -Wno-missing-field-initializers -D_GNU_SOURCE -fPIC -mcpu=cortex-a72 -DALLOW_EXPERIMENTAL_API -DALLOW_INTERNAL_API -Wno-format-truncation -Wno-address-of-packed-member -DRTE_LIBRTE_IXGBE_BYPASS -Wno-unused-value -Wno-unused-but-set-variable -Wno-unused-parameter -MD -MQ drivers/net/rnp/base/librnp_base.a.p/rnp_mbx_fw.c.o -MF drivers/net/rnp/base/librnp_base.a.p/rnp_mbx_fw.c.o.d -o drivers/net/rnp/base/librnp_base.a.p/rnp_mbx_fw.c.o -c ../drivers/net/rnp/base/rnp_mbx_fw.c
../drivers/net/rnp/base/rnp_mbx_fw.c: In function 'rnp_mbx_fw_get_capability':
../drivers/net/rnp/base/rnp_mbx_fw.c:257:65: error: 'ability' may be used uninitialized [-Werror=maybe-uninitialized]
257 |                         hw->phy_port_ids[idx] = ability.port_ids[idx];
|                                                 ~~~~~~~~~~~~~~~~^~~~~
../drivers/net/rnp/base/rnp_mbx_fw.c:235:38: note: 'ability' declared here
235 |         struct rnp_phy_abilities_rep ability;
|                                      ^~~~~~~
cc1: all warnings being treated as errors
ninja: build stopped: subcommand failed.
==== End log output ====

RHEL9 (ARM)
	Kernel: Depends on container host
	Compiler: gcc 11.5.0 20240719 (Red Hat 11.5.0-2)

Ubuntu 20.04 ARM GCC Cross Compile
	Kernel: Depends on container host
	Compiler: aarch64-linux-gnu-gcc (Ubuntu 9.4.0-1ubuntu1~20.04.2) 9.4.0

Ubuntu 20.04 ARM SVE
	Kernel: Depends on container host
	Compiler: gcc (Ubuntu 10.5.0-1ubuntu1~20.04) 10.5.0

Debian 12 with MUSDK
	Kernel: Depends on container host
	Compiler: gcc (Debian 12.2.0-14) 12.2.0

Fedora 40 (ARM Clang)
	Kernel: Depends on container host
	Compiler: clang 18.1.8 (Fedora 18.1.8-1.fc40)

Fedora 41 (ARM Clang)
	Kernel: Depends on container host
	Compiler: clang 19.1.5 (Fedora 19.1.5-1.fc41)

Fedora 41 (ARM)
	Kernel: Depends on container host
	Compiler: gcc 14.2.1 20240912 (Red Hat 14.2.1-3)

Fedora 40 (ARM)
	Kernel: Depends on container host
	Compiler: gcc 14.2.1 20240912 (Red Hat 14.2.1-3)

Ubuntu 20.04 (ARM)
	Kernel: Depends on container host
	Compiler: gcc (Ubuntu 9.4.0-1ubuntu1~20.04.2) 9.4.0

Ubuntu 22.04 (ARM)
	Kernel: Depends on container host
	Compiler: gcc (Ubuntu 11.4.0-1ubuntu1~22.04) 11.4.0

Ubuntu 24.04 (ARM)
	Kernel: Depends on container host
	Compiler: gcc (Ubuntu 13.3.0-6ubuntu2~24.04) 13.3.0

CentOS Stream 9 (ARM)
	Kernel: Depends on container host
	Compiler: gcc 11.5.0 20240719 (Red Hat 11.5.0-2)

CentOS Stream 10 (ARM)
	Kernel: Depends on container host
	Compiler: gcc 14.2.1 20241104 (Red Hat 14.2.1-6)

Debian 11 (Buster) (ARM)
	Kernel: Depends on container host
	Compiler: gcc (Debian 10.2.1-6) 10.2.1 20210110

Ubuntu 20.04 ARM Clang Cross Compile
	Kernel: Depends on container host
	Compiler: clang 10.0.0-4ubuntu1

Ubuntu 20.04 aarch32 GCC Cross Compile
	Kernel: Depends on container host
	Compiler: gcc 9.4.0

Debian 12 (arm)
	Kernel: Depends on container host
	Compiler: gcc (Debian 12.2.0-14) 12.2.0

To view detailed results, visit:
https://lab.dpdk.org/results/dashboard/patchsets/32609/

UNH-IOL DPDK Community Lab

To manage your email subscriptions, visit: 
https://lab.dpdk.org/results/dashboard/preferences/subscriptions/

^ permalink raw reply	[flat|nested] 23+ messages in thread

* |SUCCESS| pw151613-151639 [PATCH] [v13,28/28] net/rnp: support Rx/Tx
       [not found] <1739951849-67601-29-git-send-email-caowenbo@mucse.com>
                   ` (21 preceding siblings ...)
  2025-02-19 11:39 ` dpdklab
@ 2025-02-19 15:10 ` dpdklab
  22 siblings, 0 replies; 23+ messages in thread
From: dpdklab @ 2025-02-19 15:10 UTC (permalink / raw)
  To: Test Report; +Cc: dpdk-test-reports

Test-Label: iol-intel-Performance
Test-Status: SUCCESS
http://dpdk.org/patch/151639

_Performance Testing PASS_

Submitter: Wenbo Cao <caowenbo@mucse.com>
Date: Wednesday, February 19 2025 07:57:29 
DPDK git baseline: Repo:dpdk
  Branch: master
  CommitID:968f7b6d7b6a7e60e6e551db430c4eecaccbbfd2

151613-151639 --> performance testing pass

Upstream job id: Template-DTS-Pipeline#213260

Test environment and result as below:

Ubuntu 20.04
Kernel: 5.4.0-122-generic
Compiler: gcc 9.4.0
NIC: Intel Corporation Ethernet Converged Network Adapter XL710-QDA2 40000 Mbps
Fail/Total: 0/4

Detail performance results: 
+----------+-------------+---------+------------+------------------------------+
| num_cpus | num_threads | txd/rxd | frame_size |  throughput difference from  |
|          |             |         |            |           expected           |
+==========+=============+=========+============+==============================+
| 1        | 2           | 512     | 64         | -0.1%                        |
+----------+-------------+---------+------------+------------------------------+
| 1        | 2           | 2048    | 64         | 0.5%                         |
+----------+-------------+---------+------------+------------------------------+
| 1        | 1           | 512     | 64         | -0.2%                        |
+----------+-------------+---------+------------+------------------------------+
| 1        | 1           | 2048    | 64         | 5.3%                         |
+----------+-------------+---------+------------+------------------------------+

Ubuntu 22.04
Kernel: 5.15.0-131-generic
Compiler: gcc (Ubuntu 11.4.0-1ubuntu1~22.04) 11.4.0
NIC: Intel Corporation Ethernet Converged Network Adapter 82599ES 10000 Mbps
Fail/Total: 0/6

Detail performance results: 
+----------+-------------+---------+------------+------------------------------+
| num_cpus | num_threads | txd/rxd | frame_size |  throughput difference from  |
|          |             |         |            |           expected           |
+==========+=============+=========+============+==============================+
| 1        | 2           | 128     | 64         | -1.4%                        |
+----------+-------------+---------+------------+------------------------------+
| 1        | 2           | 512     | 64         | -0.1%                        |
+----------+-------------+---------+------------+------------------------------+
| 1        | 2           | 2048    | 64         | 0.2%                         |
+----------+-------------+---------+------------+------------------------------+
| 1        | 1           | 128     | 64         | -0.5%                        |
+----------+-------------+---------+------------+------------------------------+
| 1        | 1           | 512     | 64         | -0.6%                        |
+----------+-------------+---------+------------+------------------------------+
| 1        | 1           | 2048    | 64         | 0.2%                         |
+----------+-------------+---------+------------+------------------------------+

To view detailed results, visit:
https://lab.dpdk.org/results/dashboard/patchsets/32609/

UNH-IOL DPDK Community Lab

To manage your email subscriptions, visit: 
https://lab.dpdk.org/results/dashboard/preferences/subscriptions/

^ permalink raw reply	[flat|nested] 23+ messages in thread

end of thread, other threads:[~2025-02-19 15:10 UTC | newest]

Thread overview: 23+ messages (download: mbox.gz / follow: Atom feed)
-- links below jump to the message on this page --
     [not found] <1739951849-67601-29-git-send-email-caowenbo@mucse.com>
2025-02-19  7:28 ` |SUCCESS| pw151613-151639 [PATCH v13 28/28] net/rnp: support Rx/Tx burst mode info qemudev
2025-02-19  7:32 ` qemudev
2025-02-19  8:05 ` |SUCCESS| pw151639 " checkpatch
2025-02-19  9:04 ` 0-day Robot
2025-02-19  9:09 ` |SUCCESS| pw151613-151639 [PATCH] [v13,28/28] net/rnp: support Rx/Tx dpdklab
2025-02-19  9:13 ` dpdklab
2025-02-19  9:15 ` dpdklab
2025-02-19  9:37 ` |PENDING| " dpdklab
2025-02-19  9:39 ` dpdklab
2025-02-19  9:45 ` dpdklab
2025-02-19  9:49 ` |SUCCESS| " dpdklab
2025-02-19 10:12 ` dpdklab
2025-02-19 10:13 ` |PENDING| " dpdklab
2025-02-19 10:17 ` |FAILURE| " dpdklab
2025-02-19 10:23 ` dpdklab
2025-02-19 10:29 ` |SUCCESS| " dpdklab
2025-02-19 10:32 ` dpdklab
2025-02-19 10:32 ` dpdklab
2025-02-19 10:40 ` dpdklab
2025-02-19 10:49 ` dpdklab
2025-02-19 11:38 ` |FAILURE| " dpdklab
2025-02-19 11:39 ` dpdklab
2025-02-19 15:10 ` |SUCCESS| " dpdklab

This is a public inbox, see mirroring instructions
for how to clone and mirror all data and code used for this inbox;
as well as URLs for NNTP newsgroup(s).