automatic DPDK test reports
 help / color / mirror / Atom feed
* |SUCCESS| pw151607-151611 [PATCH v2 5/5] mbuf: enable to be compiled with MSVC
       [not found] <1739929198-28432-6-git-send-email-andremue@linux.microsoft.com>
@ 2025-02-19  1:07 ` qemudev
  2025-02-19  1:11 ` qemudev
                   ` (12 subsequent siblings)
  13 siblings, 0 replies; 14+ messages in thread
From: qemudev @ 2025-02-19  1:07 UTC (permalink / raw)
  To: test-report

Test-Label: loongarch-compilation
Test-Status: SUCCESS
http://dpdk.org/patch/151611

_Compilation OK_

Submitter: Andre Muezerie <andremue@linux.microsoft.com>
Date: Tue, 18 Feb 2025 17:39:54 -0800
DPDK git baseline: Repo:dpdk
  Branch: main
  CommitID: e5176f23ae8b31437c3e5eb875c81f95bf3a9942

151607-151611 --> meson & ninja build successfully

Test environment and result as below:

+---------------------+----------------+
|     Environment     | compilation    |
+---------------------+----------------+
| Loongnix-Server 8.3 | PASS           |
+---------------------+----------------+

Loongnix-Server 8.3
    Kernel: 4.19.190+
    Compiler: gcc 8.3


^ permalink raw reply	[flat|nested] 14+ messages in thread

* |SUCCESS| pw151607-151611 [PATCH v2 5/5] mbuf: enable to be compiled with MSVC
       [not found] <1739929198-28432-6-git-send-email-andremue@linux.microsoft.com>
  2025-02-19  1:07 ` |SUCCESS| pw151607-151611 [PATCH v2 5/5] mbuf: enable to be compiled with MSVC qemudev
@ 2025-02-19  1:11 ` qemudev
  2025-02-19  1:41 ` |SUCCESS| pw151611 " checkpatch
                   ` (11 subsequent siblings)
  13 siblings, 0 replies; 14+ messages in thread
From: qemudev @ 2025-02-19  1:11 UTC (permalink / raw)
  To: test-report

Test-Label: loongarch-unit-testing
Test-Status: SUCCESS
http://dpdk.org/patch/151611

_Unit Testing PASS_

Submitter: Andre Muezerie <andremue@linux.microsoft.com>
Date: Tue, 18 Feb 2025 17:39:54 -0800
DPDK git baseline: Repo:dpdk
  Branch: main
  CommitID: e5176f23ae8b31437c3e5eb875c81f95bf3a9942

151607-151611 --> testing pass

Test environment and result as below:

+---------------------+----------------+
|     Environment     | dpdk_unit_test |
+---------------------+----------------+
| Loongnix-Server 8.3 | PASS           |
+---------------------+----------------+

Loongnix-Server 8.3
    Kernel: 4.19.190+
    Compiler: gcc 8.3


Test result details:
  1/119 DPDK:fast-tests / acl_autotest                            OK              3.45s
  2/119 DPDK:fast-tests / alarm_autotest                          OK              1.53s
  3/119 DPDK:fast-tests / argparse_autotest                       OK              0.50s
  4/119 DPDK:fast-tests / atomic_autotest                         OK              6.91s
  5/119 DPDK:fast-tests / bitcount_autotest                       OK              0.20s
  6/119 DPDK:fast-tests / bitmap_autotest                         OK              0.19s
  7/119 DPDK:fast-tests / bitops_autotest                         OK              1.69s
  8/119 DPDK:fast-tests / bitratestats_autotest                   OK              0.19s
  9/119 DPDK:fast-tests / bitset_autotest                         OK              2.92s
 10/119 DPDK:fast-tests / bpf_autotest                            OK              0.20s
 11/119 DPDK:fast-tests / bpf_convert_autotest                    OK              0.20s
 12/119 DPDK:fast-tests / byteorder_autotest                      OK              0.19s
 13/119 DPDK:fast-tests / cfgfile_autotest                        OK              0.19s
 14/119 DPDK:fast-tests / cksum_autotest                          OK              0.19s
 15/119 DPDK:fast-tests / cmdline_autotest                        OK              0.19s
 16/119 DPDK:fast-tests / common_autotest                         OK              1.07s
 17/119 DPDK:fast-tests / compressdev_autotest                    SKIP            0.06s   exit status 77
 18/119 DPDK:fast-tests / cpuflags_autotest                       OK              0.19s
 19/119 DPDK:fast-tests / crc_autotest                            OK              0.19s
 20/119 DPDK:fast-tests / user_delay_us                           OK              0.19s
 21/119 DPDK:fast-tests / debug_autotest                          OK             21.12s
 22/119 DPDK:fast-tests / devargs_autotest                        OK              0.20s
 23/119 DPDK:fast-tests / dispatcher_autotest                     OK              2.48s
 24/119 DPDK:fast-tests / distributor_autotest                    OK              1.20s
 25/119 DPDK:fast-tests / eal_flags_c_opt_autotest                OK              0.82s
 26/119 DPDK:fast-tests / eal_flags_main_opt_autotest             OK              0.22s
 27/119 DPDK:fast-tests / eal_flags_n_opt_autotest                OK              0.20s
 28/119 DPDK:fast-tests / eal_flags_hpet_autotest                 OK              0.13s
 29/119 DPDK:fast-tests / eal_flags_no_huge_autotest              OK              0.22s
 30/119 DPDK:fast-tests / eal_flags_a_opt_autotest                OK              0.30s
 31/119 DPDK:fast-tests / eal_flags_b_opt_autotest                OK              0.25s
 32/119 DPDK:fast-tests / eal_flags_vdev_opt_autotest             OK              0.20s
 33/119 DPDK:fast-tests / eal_flags_r_opt_autotest                OK              0.19s
 34/119 DPDK:fast-tests / eal_flags_mem_autotest                  OK              0.60s
 35/119 DPDK:fast-tests / eal_flags_file_prefix_autotest          OK             22.24s
 36/119 DPDK:fast-tests / eal_flags_misc_autotest                 OK              1.07s
 37/119 DPDK:fast-tests / eal_fs_autotest                         OK              0.20s
 38/119 DPDK:fast-tests / errno_autotest                          OK              0.19s
 39/119 DPDK:fast-tests / ethdev_link_status                      OK              0.19s
 40/119 DPDK:fast-tests / event_eth_tx_adapter_autotest           OK              1.68s
 41/119 DPDK:fast-tests / event_ring_autotest                     OK              0.21s
 42/119 DPDK:fast-tests / eventdev_common_autotest                OK              0.20s
 43/119 DPDK:fast-tests / eventdev_selftest_sw                    OK              6.99s
 44/119 DPDK:fast-tests / fbarray_autotest                        OK              0.21s
 45/119 DPDK:fast-tests / fib_autotest                            OK              1.12s
 46/119 DPDK:fast-tests / fib6_autotest                           OK              0.88s
 47/119 DPDK:fast-tests / func_reentrancy_autotest                OK              2.27s
 48/119 DPDK:fast-tests / graph_autotest                          OK              0.21s
 49/119 DPDK:fast-tests / node_list_dump                          OK              0.19s
 50/119 DPDK:fast-tests / hash_autotest                           OK              0.83s
 51/119 DPDK:fast-tests / hash_readwrite_func_autotest            OK              6.38s
 52/119 DPDK:fast-tests / interrupt_autotest                      OK              1.41s
 53/119 DPDK:fast-tests / ipfrag_autotest                         OK              0.07s
 54/119 DPDK:fast-tests / ipsec_autotest                          SKIP            0.21s   exit status 77
 55/119 DPDK:fast-tests / kvargs_autotest                         OK              0.20s
 56/119 DPDK:fast-tests / latencystats_autotest                   OK              0.21s
 57/119 DPDK:fast-tests / lcore_var_autotest                      OK              0.35s
 58/119 DPDK:fast-tests / lcores_autotest                         OK              5.01s
 59/119 DPDK:fast-tests / logs_autotest                           OK              0.20s
 60/119 DPDK:fast-tests / lpm_autotest                            OK              2.27s
 61/119 DPDK:fast-tests / lpm6_autotest                           OK              5.33s
 62/119 DPDK:fast-tests / malloc_autotest                         OK             61.10s
 63/119 DPDK:fast-tests / mbuf_autotest                           OK              4.56s
 64/119 DPDK:fast-tests / mcslock_autotest                        OK              2.56s
 65/119 DPDK:fast-tests / member_autotest                         OK              1.42s
 66/119 DPDK:fast-tests / memcpy_autotest                         OK              6.82s
 67/119 DPDK:fast-tests / memory_autotest                         OK              0.08s
 68/119 DPDK:fast-tests / mempool_autotest                        OK              0.43s
 69/119 DPDK:fast-tests / memzone_autotest                        OK              0.14s
 70/119 DPDK:fast-tests / meter_autotest                          OK              0.20s
 71/119 DPDK:fast-tests / metrics_autotest                        OK              0.19s
 72/119 DPDK:fast-tests / multiprocess_autotest                   OK              0.18s
 73/119 DPDK:fast-tests / net_ether_autotest                      OK              0.86s
 74/119 DPDK:fast-tests / net_ipv6_autotest                       OK              0.19s
 75/119 DPDK:fast-tests / pcapng_autotest                         OK              6.94s
 76/119 DPDK:fast-tests / pdcp_autotest                           SKIP            0.06s   exit status 77
 77/119 DPDK:fast-tests / pdump_autotest                          OK              0.32s
 78/119 DPDK:fast-tests / per_lcore_autotest                      OK              0.29s
 79/119 DPDK:fast-tests / pflock_autotest                         OK              1.00s
 80/119 DPDK:fast-tests / pie_autotest                            OK              0.20s
 81/119 DPDK:fast-tests / ring_pmd_autotest                       OK              0.20s
 82/119 DPDK:fast-tests / power_autotest                          OK              0.19s
 83/119 DPDK:fast-tests / power_cpufreq_autotest                  SKIP            0.06s   exit status 77
 84/119 DPDK:fast-tests / power_intel_uncore_autotest             SKIP            0.20s   exit status 77
 85/119 DPDK:fast-tests / power_kvm_vm_autotest                   SKIP            0.06s   exit status 77
 86/119 DPDK:fast-tests / prefetch_autotest                       OK              0.20s
 87/119 DPDK:fast-tests / ptr_compress_autotest                   OK              0.19s
 88/119 DPDK:fast-tests / rawdev_autotest                         OK              0.19s
 89/119 DPDK:fast-tests / rcu_qsbr_autotest                       OK              0.72s
 90/119 DPDK:fast-tests / reorder_autotest                        OK              0.25s
 91/119 DPDK:fast-tests / rib_autotest                            OK              8.84s
 92/119 DPDK:fast-tests / rib6_autotest                           OK              8.83s
 93/119 DPDK:fast-tests / ring_autotest                           OK              0.23s
 94/119 DPDK:fast-tests / rwlock_test1_autotest                   OK              0.94s
 95/119 DPDK:fast-tests / rwlock_rda_autotest                     OK              5.20s
 96/119 DPDK:fast-tests / rwlock_rds_wrm_autotest                 OK              5.20s
 97/119 DPDK:fast-tests / rwlock_rde_wro_autotest                 OK              5.20s
 98/119 DPDK:fast-tests / sched_autotest                          OK              0.45s
 99/119 DPDK:fast-tests / security_autotest                       OK              0.06s
100/119 DPDK:fast-tests / seqlock_autotest                        OK              2.20s
101/119 DPDK:fast-tests / service_autotest                        OK              2.90s
102/119 DPDK:fast-tests / soring_autotest                         OK              0.20s
103/119 DPDK:fast-tests / spinlock_autotest                       OK              0.27s
104/119 DPDK:fast-tests / stack_autotest                          OK              0.85s
105/119 DPDK:fast-tests / stack_lf_autotest                       SKIP            0.06s   exit status 77
106/119 DPDK:fast-tests / string_autotest                         OK              0.20s
107/119 DPDK:fast-tests / table_autotest                          OK              7.28s
108/119 DPDK:fast-tests / tailq_autotest                          OK              0.19s
109/119 DPDK:fast-tests / telemetry_data_autotest                 OK              0.20s
110/119 DPDK:fast-tests / telemetry_json_autotest                 OK              0.19s
111/119 DPDK:fast-tests / thash_autotest                          OK              0.21s
112/119 DPDK:fast-tests / threads_autotest                        OK              0.37s
113/119 DPDK:fast-tests / ticketlock_autotest                     OK              0.35s
114/119 DPDK:fast-tests / timer_autotest                          OK              3.86s
115/119 DPDK:fast-tests / trace_autotest                          OK              0.34s
116/119 DPDK:fast-tests / trace_autotest_with_traces              OK              0.20s
117/119 DPDK:fast-tests / vdev_autotest                           OK              0.19s
118/119 DPDK:fast-tests / version_autotest                        OK              0.19s
119/119 DPDK:fast-tests / telemetry_all                           OK              1.21s


Ok:                 112
Expected Fail:      0
Fail:               0
Unexpected Pass:    0
Skipped:            7
Timeout:            0


^ permalink raw reply	[flat|nested] 14+ messages in thread

* |SUCCESS| pw151611 [PATCH v2 5/5] mbuf: enable to be compiled with MSVC
       [not found] <1739929198-28432-6-git-send-email-andremue@linux.microsoft.com>
  2025-02-19  1:07 ` |SUCCESS| pw151607-151611 [PATCH v2 5/5] mbuf: enable to be compiled with MSVC qemudev
  2025-02-19  1:11 ` qemudev
@ 2025-02-19  1:41 ` checkpatch
  2025-02-19  2:16 ` |SUCCESS| pw151607-151611 [PATCH] [v2,5/5] mbuf: enable to be compil dpdklab
                   ` (10 subsequent siblings)
  13 siblings, 0 replies; 14+ messages in thread
From: checkpatch @ 2025-02-19  1:41 UTC (permalink / raw)
  To: test-report

Test-Label: checkpatch
Test-Status: SUCCESS
http://dpdk.org/patch/151611

_coding style OK_



^ permalink raw reply	[flat|nested] 14+ messages in thread

* |SUCCESS| pw151607-151611 [PATCH] [v2,5/5] mbuf: enable to be compil
       [not found] <1739929198-28432-6-git-send-email-andremue@linux.microsoft.com>
                   ` (2 preceding siblings ...)
  2025-02-19  1:41 ` |SUCCESS| pw151611 " checkpatch
@ 2025-02-19  2:16 ` dpdklab
  2025-02-19  2:27 ` dpdklab
                   ` (9 subsequent siblings)
  13 siblings, 0 replies; 14+ messages in thread
From: dpdklab @ 2025-02-19  2:16 UTC (permalink / raw)
  To: Test Report; +Cc: dpdk-test-reports

Test-Label: iol-sample-apps-testing
Test-Status: SUCCESS
http://dpdk.org/patch/151611

_Testing PASS_

Submitter: Andre Muezerie <andremue@linux.microsoft.com>
Date: Wednesday, February 19 2025 01:39:58 
DPDK git baseline: Repo:dpdk
  Branch: master
  CommitID:e5176f23ae8b31437c3e5eb875c81f95bf3a9942

151607-151611 --> testing pass

Upstream job id: Template-DTS-Pipeline#213205

Test environment and result as below:

+--------------------+----------------------+
|    Environment     | compressdev_zlib_pmd |
+====================+======================+
| Ubuntu 22.04 (ARM) | PASS                 |
+--------------------+----------------------+


Ubuntu 22.04 (ARM)
	Kernel: 5.15.0-97-generic
	Compiler: gcc gcc (Ubuntu 11.4.0-1ubuntu1~22.04) 11.4.0

To view detailed results, visit:
https://lab.dpdk.org/results/dashboard/patchsets/32608/

UNH-IOL DPDK Community Lab

To manage your email subscriptions, visit: 
https://lab.dpdk.org/results/dashboard/preferences/subscriptions/

^ permalink raw reply	[flat|nested] 14+ messages in thread

* |SUCCESS| pw151607-151611 [PATCH] [v2,5/5] mbuf: enable to be compil
       [not found] <1739929198-28432-6-git-send-email-andremue@linux.microsoft.com>
                   ` (3 preceding siblings ...)
  2025-02-19  2:16 ` |SUCCESS| pw151607-151611 [PATCH] [v2,5/5] mbuf: enable to be compil dpdklab
@ 2025-02-19  2:27 ` dpdklab
  2025-02-19  2:43 ` |FAILURE| pw151611 [PATCH v2 5/5] mbuf: enable to be compiled with MSVC 0-day Robot
                   ` (8 subsequent siblings)
  13 siblings, 0 replies; 14+ messages in thread
From: dpdklab @ 2025-02-19  2:27 UTC (permalink / raw)
  To: Ali Alnubani, Test Report; +Cc: dpdk-test-reports

Test-Label: iol-mellanox-Performance
Test-Status: SUCCESS
http://dpdk.org/patch/151611

_Performance Testing PASS_

Submitter: Andre Muezerie <andremue@linux.microsoft.com>
Date: Wednesday, February 19 2025 01:39:58 
DPDK git baseline: Repo:dpdk
  Branch: master
  CommitID:e5176f23ae8b31437c3e5eb875c81f95bf3a9942

151607-151611 --> performance testing pass

Upstream job id: Template-DTS-Pipeline#213194

Test environment and result as below:

Ubuntu 24.04
Kernel: 6.8.0-45-generic
Compiler: gcc 13.2.0
NIC: NVIDIA Mellanox ConnectX-7 100000 Mbps
Fail/Total: 0/6

Detail performance results: 
+------------+---------+----------+-------------+------------------------------+
| frame_size | txd/rxd | num_cpus | num_threads |  throughput difference from  |
|            |         |          |             |           expected           |
+============+=========+==========+=============+==============================+
| 64         | 1024    | 1        | 1           | -0.6%                        |
+------------+---------+----------+-------------+------------------------------+
| 128        | 1024    | 1        | 1           | -0.1%                        |
+------------+---------+----------+-------------+------------------------------+
| 256        | 1024    | 1        | 1           | 0.7%                         |
+------------+---------+----------+-------------+------------------------------+
| 512        | 1024    | 1        | 1           | 0.1%                         |
+------------+---------+----------+-------------+------------------------------+
| 1024       | 1024    | 1        | 1           | 0.0%                         |
+------------+---------+----------+-------------+------------------------------+
| 1518       | 1024    | 1        | 1           | -0.0%                        |
+------------+---------+----------+-------------+------------------------------+

Ubuntu 24.04
Kernel: 6.8.0-45-generic
Compiler: gcc 13.2.0
NIC: Mellanox ConnectX-6 Lx 25000 Mbps
Fail/Total: 0/6

Detail performance results: 
+------------+---------+----------+-------------+------------------------------+
| frame_size | txd/rxd | num_cpus | num_threads |  throughput difference from  |
|            |         |          |             |           expected           |
+============+=========+==========+=============+==============================+
| 64         | 1024    | 1        | 1           | -0.0%                        |
+------------+---------+----------+-------------+------------------------------+
| 128        | 1024    | 1        | 1           | 0.0%                         |
+------------+---------+----------+-------------+------------------------------+
| 256        | 1024    | 1        | 1           | 0.1%                         |
+------------+---------+----------+-------------+------------------------------+
| 512        | 1024    | 1        | 1           | -0.0%                        |
+------------+---------+----------+-------------+------------------------------+
| 1024       | 1024    | 1        | 1           | -0.0%                        |
+------------+---------+----------+-------------+------------------------------+
| 1518       | 1024    | 1        | 1           | 0.0%                         |
+------------+---------+----------+-------------+------------------------------+

To view detailed results, visit:
https://lab.dpdk.org/results/dashboard/patchsets/32608/

UNH-IOL DPDK Community Lab

To manage your email subscriptions, visit: 
https://lab.dpdk.org/results/dashboard/preferences/subscriptions/

^ permalink raw reply	[flat|nested] 14+ messages in thread

* |FAILURE| pw151611 [PATCH v2 5/5] mbuf: enable to be compiled with MSVC
       [not found] <1739929198-28432-6-git-send-email-andremue@linux.microsoft.com>
                   ` (4 preceding siblings ...)
  2025-02-19  2:27 ` dpdklab
@ 2025-02-19  2:43 ` 0-day Robot
  2025-02-19  2:45 ` |SUCCESS| pw151607-151611 [PATCH] [v2,5/5] mbuf: enable to be compil dpdklab
                   ` (7 subsequent siblings)
  13 siblings, 0 replies; 14+ messages in thread
From: 0-day Robot @ 2025-02-19  2:43 UTC (permalink / raw)
  To: test-report; +Cc: andremue, robot

From: robot@bytheb.org

Test-Label: github-robot: build
Test-Status: FAILURE
http://patchwork.dpdk.org/patch/151611/

_github build: failed_
Build URL: https://github.com/ovsrobot/dpdk/actions/runs/13403919518
Build Logs:
-----------------------Summary of failed steps-----------------------
"Check patches" failed at step Check patches
----------------------End summary of failed steps--------------------

-------------------------------BEGIN LOGS----------------------------
####################################################################################
#### [Begin job log] "Check patches" at step Check patches
####################################################################################
  REF_GIT_REPO: https://dpdk.org/git/dpdk
  REF_GIT_TAG: v24.11
##[endgroup]
+ git remote add upstream https://dpdk.org/git/dpdk
+ git fetch upstream main
From https://dpdk.org/git/dpdk
 * branch                  main       -> FETCH_HEAD
 * [new branch]            main       -> upstream/main
+ failed=
+ devtools/check-doc-vs-code.sh upstream/main
+ devtools/check-meson.py
+ devtools/check-symbol-maps.sh
Found only in symbol map file:
	lib/net/version_ms_linker.map: rte_net_crc_calc=rte_net_crc_calc_v26
	lib/net/version_ms_linker.map: rte_net_crc_set_alg=rte_net_crc_set_alg_v26
	lib/net/version_ms_linker.map: rte_net_crc_calc=rte_net_crc_calc_v26
	lib/net/version_ms_linker.map: rte_net_crc_set_alg=rte_net_crc_set_alg_v26
Found badly formatted maps:
	rte_net_crc_calc=rte_net_crc_calc_v26;
	rte_net_crc_set_alg=rte_net_crc_set_alg_v26;
	rte_net_crc_calc=rte_net_crc_calc_v26;
	rte_net_crc_set_alg=rte_net_crc_set_alg_v26;
+ failed=true
+ '[' -z true ']'
##[error]Process completed with exit code 1.
####################################################################################
#### [End job log] "Check patches" at step Check patches
####################################################################################
--------------------------------END LOGS-----------------------------

^ permalink raw reply	[flat|nested] 14+ messages in thread

* |SUCCESS| pw151607-151611 [PATCH] [v2,5/5] mbuf: enable to be compil
       [not found] <1739929198-28432-6-git-send-email-andremue@linux.microsoft.com>
                   ` (5 preceding siblings ...)
  2025-02-19  2:43 ` |FAILURE| pw151611 [PATCH v2 5/5] mbuf: enable to be compiled with MSVC 0-day Robot
@ 2025-02-19  2:45 ` dpdklab
  2025-02-19  2:48 ` dpdklab
                   ` (6 subsequent siblings)
  13 siblings, 0 replies; 14+ messages in thread
From: dpdklab @ 2025-02-19  2:45 UTC (permalink / raw)
  To: Test Report; +Cc: dpdk-test-reports

Test-Label: iol-unit-arm64-testing
Test-Status: SUCCESS
http://dpdk.org/patch/151611

_Testing PASS_

Submitter: Andre Muezerie <andremue@linux.microsoft.com>
Date: Wednesday, February 19 2025 01:39:58 
DPDK git baseline: Repo:dpdk
  Branch: master
  CommitID:e5176f23ae8b31437c3e5eb875c81f95bf3a9942

151607-151611 --> testing pass

Upstream job id: Generic-Unit-Test-DPDK#316050

Test environment and result as below:

+-----------------------------+----------------+---------------------------+--------------+------------------------------+
|         Environment         | dpdk_unit_test | cryptodev_sw_zuc_autotest | lpm_autotest | cryptodev_sw_snow3g_autotest |
+=============================+================+===========================+==============+==============================+
| 32-bit Ubuntu 22.04.4 (ARM) | PASS           | SKIPPED                   | SKIPPED      | SKIPPED                      |
+-----------------------------+----------------+---------------------------+--------------+------------------------------+
| Debian 12 (arm)             | PASS           | PASS                      | SKIPPED      | PASS                         |
+-----------------------------+----------------+---------------------------+--------------+------------------------------+
| Fedora 40 (ARM)             | PASS           | SKIPPED                   | SKIPPED      | SKIPPED                      |
+-----------------------------+----------------+---------------------------+--------------+------------------------------+
| Debian 11 (Buster) (ARM)    | PASS           | SKIPPED                   | SKIPPED      | SKIPPED                      |
+-----------------------------+----------------+---------------------------+--------------+------------------------------+
| CentOS Stream 9 (ARM)       | PASS           | SKIPPED                   | SKIPPED      | SKIPPED                      |
+-----------------------------+----------------+---------------------------+--------------+------------------------------+
| Fedora 41 (ARM Clang)       | PASS           | SKIPPED                   | SKIPPED      | SKIPPED                      |
+-----------------------------+----------------+---------------------------+--------------+------------------------------+
| Fedora 41 (ARM)             | PASS           | SKIPPED                   | SKIPPED      | SKIPPED                      |
+-----------------------------+----------------+---------------------------+--------------+------------------------------+
| Ubuntu 20.04 (ARM)          | PASS           | SKIPPED                   | SKIPPED      | SKIPPED                      |
+-----------------------------+----------------+---------------------------+--------------+------------------------------+
| CentOS Stream 10 (ARM)      | PASS           | SKIPPED                   | SKIPPED      | SKIPPED                      |
+-----------------------------+----------------+---------------------------+--------------+------------------------------+
| Fedora 40 (ARM Clang)       | PASS           | SKIPPED                   | SKIPPED      | SKIPPED                      |
+-----------------------------+----------------+---------------------------+--------------+------------------------------+
| RHEL9 (ARM)                 | PASS           | SKIPPED                   | SKIPPED      | SKIPPED                      |
+-----------------------------+----------------+---------------------------+--------------+------------------------------+
| Ubuntu 22.04 (ARM)          | PASS           | SKIPPED                   | SKIPPED      | SKIPPED                      |
+-----------------------------+----------------+---------------------------+--------------+------------------------------+
| Ubuntu 24.04 (ARM)          | PASS           | SKIPPED                   | SKIPPED      | SKIPPED                      |
+-----------------------------+----------------+---------------------------+--------------+------------------------------+
| Ubuntu 20.04 ARM SVE        | SKIPPED        | SKIPPED                   | PASS         | SKIPPED                      |
+-----------------------------+----------------+---------------------------+--------------+------------------------------+


32-bit Ubuntu 22.04.4 (ARM)
	Kernel: 5.15.83+ aarch64
	Compiler: gcc (Ubuntu 11.4.0-1ubuntu1~22.04) 11.4.0

Debian 12 (arm)
	Kernel: Depends on container host
	Compiler: gcc (Debian 12.2.0-14) 12.2.0

Fedora 40 (ARM)
	Kernel: Depends on container host
	Compiler: gcc 14.2.1 20240912 (Red Hat 14.2.1-3)

Debian 11 (Buster) (ARM)
	Kernel: Depends on container host
	Compiler: gcc (Debian 10.2.1-6) 10.2.1 20210110

CentOS Stream 9 (ARM)
	Kernel: Depends on container host
	Compiler: gcc 11.5.0 20240719 (Red Hat 11.5.0-2)

Fedora 41 (ARM Clang)
	Kernel: Depends on container host
	Compiler: clang 19.1.5 (Fedora 19.1.5-1.fc41)

Fedora 41 (ARM)
	Kernel: Depends on container host
	Compiler: gcc 14.2.1 20240912 (Red Hat 14.2.1-3)

Ubuntu 20.04 (ARM)
	Kernel: Depends on container host
	Compiler: gcc (Ubuntu 9.4.0-1ubuntu1~20.04.2) 9.4.0

CentOS Stream 10 (ARM)
	Kernel: Depends on container host
	Compiler: gcc 14.2.1 20241104 (Red Hat 14.2.1-6)

Fedora 40 (ARM Clang)
	Kernel: Depends on container host
	Compiler: clang 18.1.8 (Fedora 18.1.8-1.fc40)

RHEL9 (ARM)
	Kernel: Depends on container host
	Compiler: gcc 11.5.0 20240719 (Red Hat 11.5.0-2)

Ubuntu 22.04 (ARM)
	Kernel: Depends on container host
	Compiler: gcc (Ubuntu 11.4.0-1ubuntu1~22.04) 11.4.0

Ubuntu 24.04 (ARM)
	Kernel: Depends on container host
	Compiler: gcc (Ubuntu 13.3.0-6ubuntu2~24.04) 13.3.0

Ubuntu 20.04 ARM SVE
	Kernel: Depends on container host
	Compiler: gcc (Ubuntu 10.5.0-1ubuntu1~20.04) 10.5.0

To view detailed results, visit:
https://lab.dpdk.org/results/dashboard/patchsets/32608/

UNH-IOL DPDK Community Lab

To manage your email subscriptions, visit: 
https://lab.dpdk.org/results/dashboard/preferences/subscriptions/

^ permalink raw reply	[flat|nested] 14+ messages in thread

* |SUCCESS| pw151607-151611 [PATCH] [v2,5/5] mbuf: enable to be compil
       [not found] <1739929198-28432-6-git-send-email-andremue@linux.microsoft.com>
                   ` (6 preceding siblings ...)
  2025-02-19  2:45 ` |SUCCESS| pw151607-151611 [PATCH] [v2,5/5] mbuf: enable to be compil dpdklab
@ 2025-02-19  2:48 ` dpdklab
  2025-02-19  2:52 ` dpdklab
                   ` (5 subsequent siblings)
  13 siblings, 0 replies; 14+ messages in thread
From: dpdklab @ 2025-02-19  2:48 UTC (permalink / raw)
  To: Test Report; +Cc: dpdk-test-reports

Test-Label: iol-unit-amd64-testing
Test-Status: SUCCESS
http://dpdk.org/patch/151611

_Testing PASS_

Submitter: Andre Muezerie <andremue@linux.microsoft.com>
Date: Wednesday, February 19 2025 01:39:58 
DPDK git baseline: Repo:dpdk
  Branch: master
  CommitID:e5176f23ae8b31437c3e5eb875c81f95bf3a9942

151607-151611 --> testing pass

Upstream job id: Generic-Unit-Test-DPDK#316045

Test environment and result as below:

+---------------------+----------------+
|     Environment     | dpdk_unit_test |
+=====================+================+
| Debian Bullseye     | PASS           |
+---------------------+----------------+
| CentOS Stream 9     | PASS           |
+---------------------+----------------+
| Debian 12           | PASS           |
+---------------------+----------------+
| CentOS Stream 10    | PASS           |
+---------------------+----------------+
| Ubuntu 24.04        | PASS           |
+---------------------+----------------+
| RHEL9               | PASS           |
+---------------------+----------------+
| RHEL8               | PASS           |
+---------------------+----------------+
| Fedora 41 (Clang)   | PASS           |
+---------------------+----------------+
| Fedora 41           | PASS           |
+---------------------+----------------+
| Ubuntu 22.04        | PASS           |
+---------------------+----------------+
| Fedora 40 (Clang)   | PASS           |
+---------------------+----------------+
| Fedora 40           | PASS           |
+---------------------+----------------+
| Ubuntu 20.04        | PASS           |
+---------------------+----------------+
| Windows Server 2022 | PASS           |
+---------------------+----------------+


Debian Bullseye
	Kernel: Depends on container host
	Compiler: gcc (Debian 10.2.1-6) 10.2.1 20210110

CentOS Stream 9
	Kernel: Depends on container host
	Compiler: gcc 11.5.0 20240719 (Red Hat 11.5.0-2)

Debian 12
	Kernel: Depends on container host
	Compiler: gcc (Debian 12.2.0-14) 12.2.0

CentOS Stream 10
	Kernel: Depends on container host
	Compiler: gcc 14.2.1 20241104 (Red Hat 14.2.1-6)

Ubuntu 24.04
	Kernel: Depends on container host
	Compiler: gcc (Ubuntu 13.3.0-6ubuntu2~24.04) 13.3.0

RHEL9
	Kernel: Depends on container host
	Compiler: gcc 11.5.0 20240719 (Red Hat 11.5.0-2)

RHEL8
	Kernel: Depends on container host
	Compiler: gcc 8.5.0 20210514 (Red Hat 8.5.0-22)

Fedora 41 (Clang)
	Kernel: Depends on container host
	Compiler: clang 19.1.5 (Fedora 19.1.5-1.fc41)

Fedora 41
	Kernel: Depends on container host
	Compiler: gcc 14.2.1 20240912 (Red Hat 14.2.1-3)

Ubuntu 22.04
	Kernel: Depends on container host
	Compiler: gcc (Ubuntu 11.4.0-1ubuntu1~22.04) 11.4.0

Fedora 40 (Clang)
	Kernel: Depends on container host
	Compiler: clang 18.1.8 (Fedora 18.1.8-1.fc40)

Fedora 40
	Kernel: Depends on container host
	Compiler: gcc 14.2.1 20240912 (Red Hat 14.2.1-3)

Ubuntu 20.04
	Kernel: Depends on container host
	Compiler: gcc (Ubuntu 9.4.0-1ubuntu1~20.04.2) 9.4.0

Windows Server 2022
	Kernel: 10.0.20348.2031
	Compiler: clang 15.0.7, gcc 14.1.0 (MinGW), and MSVC VS 19.39.33521

To view detailed results, visit:
https://lab.dpdk.org/results/dashboard/patchsets/32608/

UNH-IOL DPDK Community Lab

To manage your email subscriptions, visit: 
https://lab.dpdk.org/results/dashboard/preferences/subscriptions/

^ permalink raw reply	[flat|nested] 14+ messages in thread

* |SUCCESS| pw151607-151611 [PATCH] [v2,5/5] mbuf: enable to be compil
       [not found] <1739929198-28432-6-git-send-email-andremue@linux.microsoft.com>
                   ` (7 preceding siblings ...)
  2025-02-19  2:48 ` dpdklab
@ 2025-02-19  2:52 ` dpdklab
  2025-02-19  2:55 ` dpdklab
                   ` (4 subsequent siblings)
  13 siblings, 0 replies; 14+ messages in thread
From: dpdklab @ 2025-02-19  2:52 UTC (permalink / raw)
  To: Test Report; +Cc: dpdk-test-reports

Test-Label: iol-sample-apps-testing
Test-Status: SUCCESS
http://dpdk.org/patch/151611

_Testing PASS_

Submitter: Andre Muezerie <andremue@linux.microsoft.com>
Date: Wednesday, February 19 2025 01:39:58 
DPDK git baseline: Repo:dpdk
  Branch: master
  CommitID:e5176f23ae8b31437c3e5eb875c81f95bf3a9942

151607-151611 --> testing pass

Upstream job id: ACVP-FIPS-testing#8954

Test environment and result as below:

+--------------------+----------------------+----------------------+
|    Environment     | compressdev_zlib_pmd | dpdk_fips_validation |
+====================+======================+======================+
| Ubuntu 22.04 (ARM) | PASS                 | SKIPPED              |
+--------------------+----------------------+----------------------+
| Ubuntu 22.04       | PASS                 | SKIPPED              |
+--------------------+----------------------+----------------------+
| Ubuntu 20.04       | SKIPPED              | PASS                 |
+--------------------+----------------------+----------------------+


Ubuntu 22.04 (ARM)
	Kernel: 5.15.0-97-generic
	Compiler: gcc gcc (Ubuntu 11.4.0-1ubuntu1~22.04) 11.4.0

Ubuntu 22.04
	Kernel: 5.15.0-100-generic
	Compiler: gcc gcc (Ubuntu 11.4.0-1ubuntu1~22.04) 11.4.0

Ubuntu 20.04
	Kernel: Depends on container host
	Compiler: gcc (Ubuntu 9.4.0-1ubuntu1~20.04.2) 9.4.0

To view detailed results, visit:
https://lab.dpdk.org/results/dashboard/patchsets/32608/

UNH-IOL DPDK Community Lab

To manage your email subscriptions, visit: 
https://lab.dpdk.org/results/dashboard/preferences/subscriptions/

^ permalink raw reply	[flat|nested] 14+ messages in thread

* |SUCCESS| pw151607-151611 [PATCH] [v2,5/5] mbuf: enable to be compil
       [not found] <1739929198-28432-6-git-send-email-andremue@linux.microsoft.com>
                   ` (8 preceding siblings ...)
  2025-02-19  2:52 ` dpdklab
@ 2025-02-19  2:55 ` dpdklab
  2025-02-19  3:22 ` dpdklab
                   ` (3 subsequent siblings)
  13 siblings, 0 replies; 14+ messages in thread
From: dpdklab @ 2025-02-19  2:55 UTC (permalink / raw)
  To: Test Report; +Cc: dpdk-test-reports

Test-Label: iol-broadcom-Performance
Test-Status: SUCCESS
http://dpdk.org/patch/151611

_Performance Testing PASS_

Submitter: Andre Muezerie <andremue@linux.microsoft.com>
Date: Wednesday, February 19 2025 01:39:58 
DPDK git baseline: Repo:dpdk
  Branch: master
  CommitID:e5176f23ae8b31437c3e5eb875c81f95bf3a9942

151607-151611 --> performance testing pass

Upstream job id: Template-DTS-Pipeline#213198

Test environment and result as below:

Ubuntu 22.04
Kernel: 5.15.0-100-generic
Compiler: gcc (Ubuntu 11.4.0-1ubuntu1~22.04) 11.4.0
NIC: Broadcom Inc. and subsidiaries BCM57414 NetXtreme-E 10Gb/25Gb RDMA Ethernet Controller 16d7 25 Mbps
Fail/Total: 0/3

Detail performance results: 
+------------+---------+----------+-------------+------------------------------+
| frame_size | txd/rxd | num_cpus | num_threads |  throughput difference from  |
|            |         |          |             |           expected           |
+============+=========+==========+=============+==============================+
| 64         | 128     | 1        | 1           | -0.1%                        |
+------------+---------+----------+-------------+------------------------------+
| 64         | 512     | 1        | 1           | -0.8%                        |
+------------+---------+----------+-------------+------------------------------+
| 64         | 2048    | 1        | 1           | 1.7%                         |
+------------+---------+----------+-------------+------------------------------+

Ubuntu 22.04 ARM
Kernel: 5.15.83+
Compiler: gcc 11.4.0
NIC: Arm Broadcom Inc. brcm_57414 25000 Mbps
Fail/Total: 0/2

Detail performance results: 
+------------+---------+----------+-------------+------------------------------+
| frame_size | txd/rxd | num_cpus | num_threads |  throughput difference from  |
|            |         |          |             |           expected           |
+============+=========+==========+=============+==============================+
| 64         | 512     | 1        | 1           | 0.2%                         |
+------------+---------+----------+-------------+------------------------------+
| 64         | 2048    | 1        | 1           | -0.0%                        |
+------------+---------+----------+-------------+------------------------------+

To view detailed results, visit:
https://lab.dpdk.org/results/dashboard/patchsets/32608/

UNH-IOL DPDK Community Lab

To manage your email subscriptions, visit: 
https://lab.dpdk.org/results/dashboard/preferences/subscriptions/

^ permalink raw reply	[flat|nested] 14+ messages in thread

* |SUCCESS| pw151607-151611 [PATCH] [v2,5/5] mbuf: enable to be compil
       [not found] <1739929198-28432-6-git-send-email-andremue@linux.microsoft.com>
                   ` (9 preceding siblings ...)
  2025-02-19  2:55 ` dpdklab
@ 2025-02-19  3:22 ` dpdklab
  2025-02-19  3:39 ` dpdklab
                   ` (2 subsequent siblings)
  13 siblings, 0 replies; 14+ messages in thread
From: dpdklab @ 2025-02-19  3:22 UTC (permalink / raw)
  To: Test Report; +Cc: dpdk-test-reports

Test-Label: iol-abi-testing
Test-Status: SUCCESS
http://dpdk.org/patch/151611

_Testing PASS_

Submitter: Andre Muezerie <andremue@linux.microsoft.com>
Date: Wednesday, February 19 2025 01:39:58 
DPDK git baseline: Repo:dpdk
  Branch: master
  CommitID:e5176f23ae8b31437c3e5eb875c81f95bf3a9942

151607-151611 --> testing pass

Upstream job id: Generic-DPDK-Compile-ABI#116659

Test environment and result as below:

+-------------------+----------+
|    Environment    | abi_test |
+===================+==========+
| CentOS Stream 9   | PASS     |
+-------------------+----------+
| Debian 12         | PASS     |
+-------------------+----------+
| Debian Bullseye   | PASS     |
+-------------------+----------+
| CentOS Stream 10  | PASS     |
+-------------------+----------+
| Fedora 41 (Clang) | PASS     |
+-------------------+----------+
| Fedora 40 (Clang) | PASS     |
+-------------------+----------+
| Fedora 40         | PASS     |
+-------------------+----------+
| openSUSE Leap 15  | PASS     |
+-------------------+----------+
| Fedora 41         | PASS     |
+-------------------+----------+
| RHEL9             | PASS     |
+-------------------+----------+
| Ubuntu 22.04      | PASS     |
+-------------------+----------+
| RHEL8             | PASS     |
+-------------------+----------+
| Ubuntu 24.04      | PASS     |
+-------------------+----------+


CentOS Stream 9
	Kernel: Depends on container host
	Compiler: gcc 11.5.0 20240719 (Red Hat 11.5.0-2)

Debian 12
	Kernel: Depends on container host
	Compiler: gcc (Debian 12.2.0-14) 12.2.0

Debian Bullseye
	Kernel: Depends on container host
	Compiler: gcc (Debian 10.2.1-6) 10.2.1 20210110

CentOS Stream 10
	Kernel: Depends on container host
	Compiler: gcc 14.2.1 20241104 (Red Hat 14.2.1-6)

Fedora 41 (Clang)
	Kernel: Depends on container host
	Compiler: clang 19.1.5 (Fedora 19.1.5-1.fc41)

Fedora 40 (Clang)
	Kernel: Depends on container host
	Compiler: clang 18.1.8 (Fedora 18.1.8-1.fc40)

Fedora 40
	Kernel: Depends on container host
	Compiler: gcc 14.2.1 20240912 (Red Hat 14.2.1-3)

openSUSE Leap 15
	Kernel: Depends on container host
	Compiler: gcc (SUSE Linux) 7.5.0

Fedora 41
	Kernel: Depends on container host
	Compiler: gcc 14.2.1 20240912 (Red Hat 14.2.1-3)

RHEL9
	Kernel: Depends on container host
	Compiler: gcc 11.5.0 20240719 (Red Hat 11.5.0-2)

Ubuntu 22.04
	Kernel: Depends on container host
	Compiler: gcc (Ubuntu 11.4.0-1ubuntu1~22.04) 11.4.0

RHEL8
	Kernel: Depends on container host
	Compiler: gcc 8.5.0 20210514 (Red Hat 8.5.0-22)

Ubuntu 24.04
	Kernel: Depends on container host
	Compiler: gcc (Ubuntu 13.3.0-6ubuntu2~24.04) 13.3.0

To view detailed results, visit:
https://lab.dpdk.org/results/dashboard/patchsets/32608/

UNH-IOL DPDK Community Lab

To manage your email subscriptions, visit: 
https://lab.dpdk.org/results/dashboard/preferences/subscriptions/

^ permalink raw reply	[flat|nested] 14+ messages in thread

* |SUCCESS| pw151607-151611 [PATCH] [v2,5/5] mbuf: enable to be compil
       [not found] <1739929198-28432-6-git-send-email-andremue@linux.microsoft.com>
                   ` (10 preceding siblings ...)
  2025-02-19  3:22 ` dpdklab
@ 2025-02-19  3:39 ` dpdklab
  2025-02-19  3:46 ` dpdklab
  2025-02-19 12:53 ` dpdklab
  13 siblings, 0 replies; 14+ messages in thread
From: dpdklab @ 2025-02-19  3:39 UTC (permalink / raw)
  To: Test Report; +Cc: dpdk-test-reports

Test-Label: iol-compile-amd64-testing
Test-Status: SUCCESS
http://dpdk.org/patch/151611

_Testing PASS_

Submitter: Andre Muezerie <andremue@linux.microsoft.com>
Date: Wednesday, February 19 2025 01:39:58 
DPDK git baseline: Repo:dpdk
  Branch: master
  CommitID:e5176f23ae8b31437c3e5eb875c81f95bf3a9942

151607-151611 --> testing pass

Upstream job id: Generic-DPDK-Compile-Meson#362832

Test environment and result as below:

+---------------------+--------------------+-------------------+------------------+-------------------+-------------------------+----------------------+
|     Environment     | dpdk_meson_compile | dpdk_compile_spdk | dpdk_compile_ovs | dpdk_msvc_compile | dpdk_llvm_clang_compile | dpdk_mingw64_compile |
+=====================+====================+===================+==================+===================+=========================+======================+
| CentOS Stream 9     | PASS               | PASS              | SKIPPED          | SKIPPED           | SKIPPED                 | SKIPPED              |
+---------------------+--------------------+-------------------+------------------+-------------------+-------------------------+----------------------+
| CentOS Stream 10    | PASS               | SKIPPED           | SKIPPED          | SKIPPED           | SKIPPED                 | SKIPPED              |
+---------------------+--------------------+-------------------+------------------+-------------------+-------------------------+----------------------+
| Debian Bullseye     | PASS               | PASS              | SKIPPED          | SKIPPED           | SKIPPED                 | SKIPPED              |
+---------------------+--------------------+-------------------+------------------+-------------------+-------------------------+----------------------+
| Debian 12           | PASS               | PASS              | SKIPPED          | SKIPPED           | SKIPPED                 | SKIPPED              |
+---------------------+--------------------+-------------------+------------------+-------------------+-------------------------+----------------------+
| Fedora 40 (Clang)   | PASS               | PASS              | SKIPPED          | SKIPPED           | SKIPPED                 | SKIPPED              |
+---------------------+--------------------+-------------------+------------------+-------------------+-------------------------+----------------------+
| Fedora 41           | PASS               | PASS              | PASS             | SKIPPED           | SKIPPED                 | SKIPPED              |
+---------------------+--------------------+-------------------+------------------+-------------------+-------------------------+----------------------+
| Ubuntu 22.04        | PASS               | PASS              | SKIPPED          | SKIPPED           | SKIPPED                 | SKIPPED              |
+---------------------+--------------------+-------------------+------------------+-------------------+-------------------------+----------------------+
| Fedora 40           | PASS               | PASS              | SKIPPED          | SKIPPED           | SKIPPED                 | SKIPPED              |
+---------------------+--------------------+-------------------+------------------+-------------------+-------------------------+----------------------+
| Fedora 41 (Clang)   | PASS               | PASS              | PASS             | SKIPPED           | SKIPPED                 | SKIPPED              |
+---------------------+--------------------+-------------------+------------------+-------------------+-------------------------+----------------------+
| RHEL9               | PASS               | SKIPPED           | SKIPPED          | SKIPPED           | SKIPPED                 | SKIPPED              |
+---------------------+--------------------+-------------------+------------------+-------------------+-------------------------+----------------------+
| Ubuntu 20.04        | PASS               | SKIPPED           | SKIPPED          | SKIPPED           | SKIPPED                 | SKIPPED              |
+---------------------+--------------------+-------------------+------------------+-------------------+-------------------------+----------------------+
| openSUSE Leap 15    | PASS               | SKIPPED           | SKIPPED          | SKIPPED           | SKIPPED                 | SKIPPED              |
+---------------------+--------------------+-------------------+------------------+-------------------+-------------------------+----------------------+
| Ubuntu 24.04        | PASS               | PASS              | PASS             | SKIPPED           | SKIPPED                 | SKIPPED              |
+---------------------+--------------------+-------------------+------------------+-------------------+-------------------------+----------------------+
| FreeBSD 13.4        | PASS               | SKIPPED           | SKIPPED          | SKIPPED           | SKIPPED                 | SKIPPED              |
+---------------------+--------------------+-------------------+------------------+-------------------+-------------------------+----------------------+
| Alpine              | PASS               | SKIPPED           | SKIPPED          | SKIPPED           | SKIPPED                 | SKIPPED              |
+---------------------+--------------------+-------------------+------------------+-------------------+-------------------------+----------------------+
| FreeBSD 14.2        | PASS               | SKIPPED           | SKIPPED          | SKIPPED           | SKIPPED                 | SKIPPED              |
+---------------------+--------------------+-------------------+------------------+-------------------+-------------------------+----------------------+
| Windows Server 2022 | SKIPPED            | SKIPPED           | SKIPPED          | PASS              | PASS                    | PASS                 |
+---------------------+--------------------+-------------------+------------------+-------------------+-------------------------+----------------------+


CentOS Stream 9
	Kernel: Depends on container host
	Compiler: gcc 11.5.0 20240719 (Red Hat 11.5.0-2)

CentOS Stream 10
	Kernel: Depends on container host
	Compiler: gcc 14.2.1 20241104 (Red Hat 14.2.1-6)

Debian Bullseye
	Kernel: Depends on container host
	Compiler: gcc (Debian 10.2.1-6) 10.2.1 20210110

Debian 12
	Kernel: Depends on container host
	Compiler: gcc (Debian 12.2.0-14) 12.2.0

Fedora 40 (Clang)
	Kernel: Depends on container host
	Compiler: clang 18.1.8 (Fedora 18.1.8-1.fc40)

Fedora 41
	Kernel: Depends on container host
	Compiler: gcc 14.2.1 20240912 (Red Hat 14.2.1-3)

Ubuntu 22.04
	Kernel: Depends on container host
	Compiler: gcc (Ubuntu 11.4.0-1ubuntu1~22.04) 11.4.0

Fedora 40
	Kernel: Depends on container host
	Compiler: gcc 14.2.1 20240912 (Red Hat 14.2.1-3)

Fedora 41 (Clang)
	Kernel: Depends on container host
	Compiler: clang 19.1.5 (Fedora 19.1.5-1.fc41)

RHEL9
	Kernel: Depends on container host
	Compiler: gcc 11.5.0 20240719 (Red Hat 11.5.0-2)

Ubuntu 20.04
	Kernel: Depends on container host
	Compiler: gcc (Ubuntu 9.4.0-1ubuntu1~20.04.2) 9.4.0

openSUSE Leap 15
	Kernel: Depends on container host
	Compiler: gcc (SUSE Linux) 7.5.0

Ubuntu 24.04
	Kernel: Depends on container host
	Compiler: gcc (Ubuntu 13.3.0-6ubuntu2~24.04) 13.3.0

FreeBSD 13.4
	Kernel: 13.4-RELEASE-p1
	Compiler: clang 18.1.6

Alpine
	Kernel: Depends on container host
	Compiler: gcc (Alpine 14.2.0) 14.2.0

FreeBSD 14.2
	Kernel: 14.2-RELEASE
	Compiler: clang 18.1.6

Windows Server 2022
	Kernel: 10.0.20348.2031
	Compiler: clang 15.0.7, gcc 14.1.0 (MinGW), and MSVC VS 19.39.33521

To view detailed results, visit:
https://lab.dpdk.org/results/dashboard/patchsets/32608/

UNH-IOL DPDK Community Lab

To manage your email subscriptions, visit: 
https://lab.dpdk.org/results/dashboard/preferences/subscriptions/

^ permalink raw reply	[flat|nested] 14+ messages in thread

* |SUCCESS| pw151607-151611 [PATCH] [v2,5/5] mbuf: enable to be compil
       [not found] <1739929198-28432-6-git-send-email-andremue@linux.microsoft.com>
                   ` (11 preceding siblings ...)
  2025-02-19  3:39 ` dpdklab
@ 2025-02-19  3:46 ` dpdklab
  2025-02-19 12:53 ` dpdklab
  13 siblings, 0 replies; 14+ messages in thread
From: dpdklab @ 2025-02-19  3:46 UTC (permalink / raw)
  To: Test Report; +Cc: dpdk-test-reports

Test-Label: iol-compile-arm64-testing
Test-Status: SUCCESS
http://dpdk.org/patch/151611

_Testing PASS_

Submitter: Andre Muezerie <andremue@linux.microsoft.com>
Date: Wednesday, February 19 2025 01:39:58 
DPDK git baseline: Repo:dpdk
  Branch: master
  CommitID:e5176f23ae8b31437c3e5eb875c81f95bf3a9942

151607-151611 --> testing pass

Upstream job id: Generic-DPDK-Compile-Meson#362815

Test environment and result as below:

+----------------------------------------+--------------------+
|              Environment               | dpdk_meson_compile |
+========================================+====================+
| RHEL9 (ARM)                            | PASS               |
+----------------------------------------+--------------------+
| Ubuntu 20.04 ARM GCC Cross Compile     | PASS               |
+----------------------------------------+--------------------+
| Ubuntu 20.04 ARM SVE                   | PASS               |
+----------------------------------------+--------------------+
| Fedora 40 (ARM)                        | PASS               |
+----------------------------------------+--------------------+
| Debian 12 with MUSDK                   | PASS               |
+----------------------------------------+--------------------+
| Fedora 41 (ARM Clang)                  | PASS               |
+----------------------------------------+--------------------+
| Fedora 40 (ARM Clang)                  | PASS               |
+----------------------------------------+--------------------+
| Ubuntu 20.04 (ARM)                     | PASS               |
+----------------------------------------+--------------------+
| Fedora 41 (ARM)                        | PASS               |
+----------------------------------------+--------------------+
| CentOS Stream 9 (ARM)                  | PASS               |
+----------------------------------------+--------------------+
| Ubuntu 24.04 (ARM)                     | PASS               |
+----------------------------------------+--------------------+
| Ubuntu 22.04 (ARM)                     | PASS               |
+----------------------------------------+--------------------+
| Debian 12 (arm)                        | PASS               |
+----------------------------------------+--------------------+
| Debian 11 (Buster) (ARM)               | PASS               |
+----------------------------------------+--------------------+
| Ubuntu 20.04 aarch32 GCC Cross Compile | PASS               |
+----------------------------------------+--------------------+
| Ubuntu 20.04 ARM Clang Cross Compile   | PASS               |
+----------------------------------------+--------------------+
| CentOS Stream 10 (ARM)                 | PASS               |
+----------------------------------------+--------------------+


RHEL9 (ARM)
	Kernel: Depends on container host
	Compiler: gcc 11.5.0 20240719 (Red Hat 11.5.0-2)

Ubuntu 20.04 ARM GCC Cross Compile
	Kernel: Depends on container host
	Compiler: aarch64-linux-gnu-gcc (Ubuntu 9.4.0-1ubuntu1~20.04.2) 9.4.0

Ubuntu 20.04 ARM SVE
	Kernel: Depends on container host
	Compiler: gcc (Ubuntu 10.5.0-1ubuntu1~20.04) 10.5.0

Fedora 40 (ARM)
	Kernel: Depends on container host
	Compiler: gcc 14.2.1 20240912 (Red Hat 14.2.1-3)

Debian 12 with MUSDK
	Kernel: Depends on container host
	Compiler: gcc (Debian 12.2.0-14) 12.2.0

Fedora 41 (ARM Clang)
	Kernel: Depends on container host
	Compiler: clang 19.1.5 (Fedora 19.1.5-1.fc41)

Fedora 40 (ARM Clang)
	Kernel: Depends on container host
	Compiler: clang 18.1.8 (Fedora 18.1.8-1.fc40)

Ubuntu 20.04 (ARM)
	Kernel: Depends on container host
	Compiler: gcc (Ubuntu 9.4.0-1ubuntu1~20.04.2) 9.4.0

Fedora 41 (ARM)
	Kernel: Depends on container host
	Compiler: gcc 14.2.1 20240912 (Red Hat 14.2.1-3)

CentOS Stream 9 (ARM)
	Kernel: Depends on container host
	Compiler: gcc 11.5.0 20240719 (Red Hat 11.5.0-2)

Ubuntu 24.04 (ARM)
	Kernel: Depends on container host
	Compiler: gcc (Ubuntu 13.3.0-6ubuntu2~24.04) 13.3.0

Ubuntu 22.04 (ARM)
	Kernel: Depends on container host
	Compiler: gcc (Ubuntu 11.4.0-1ubuntu1~22.04) 11.4.0

Debian 12 (arm)
	Kernel: Depends on container host
	Compiler: gcc (Debian 12.2.0-14) 12.2.0

Debian 11 (Buster) (ARM)
	Kernel: Depends on container host
	Compiler: gcc (Debian 10.2.1-6) 10.2.1 20210110

Ubuntu 20.04 aarch32 GCC Cross Compile
	Kernel: Depends on container host
	Compiler: gcc 9.4.0

Ubuntu 20.04 ARM Clang Cross Compile
	Kernel: Depends on container host
	Compiler: clang 10.0.0-4ubuntu1

CentOS Stream 10 (ARM)
	Kernel: Depends on container host
	Compiler: gcc 14.2.1 20241104 (Red Hat 14.2.1-6)

To view detailed results, visit:
https://lab.dpdk.org/results/dashboard/patchsets/32608/

UNH-IOL DPDK Community Lab

To manage your email subscriptions, visit: 
https://lab.dpdk.org/results/dashboard/preferences/subscriptions/

^ permalink raw reply	[flat|nested] 14+ messages in thread

* |SUCCESS| pw151607-151611 [PATCH] [v2,5/5] mbuf: enable to be compil
       [not found] <1739929198-28432-6-git-send-email-andremue@linux.microsoft.com>
                   ` (12 preceding siblings ...)
  2025-02-19  3:46 ` dpdklab
@ 2025-02-19 12:53 ` dpdklab
  13 siblings, 0 replies; 14+ messages in thread
From: dpdklab @ 2025-02-19 12:53 UTC (permalink / raw)
  To: Test Report; +Cc: dpdk-test-reports

Test-Label: iol-intel-Performance
Test-Status: SUCCESS
http://dpdk.org/patch/151611

_Performance Testing PASS_

Submitter: Andre Muezerie <andremue@linux.microsoft.com>
Date: Wednesday, February 19 2025 01:39:58 
DPDK git baseline: Repo:dpdk
  Branch: master
  CommitID:e5176f23ae8b31437c3e5eb875c81f95bf3a9942

151607-151611 --> performance testing pass

Upstream job id: Template-DTS-Pipeline#213195

Test environment and result as below:

Ubuntu 20.04
Kernel: 5.4.0-122-generic
Compiler: gcc 9.4.0
NIC: Intel Corporation Ethernet Converged Network Adapter XL710-QDA2 40000 Mbps
Fail/Total: 0/4

Detail performance results: 
+----------+-------------+---------+------------+------------------------------+
| num_cpus | num_threads | txd/rxd | frame_size |  throughput difference from  |
|          |             |         |            |           expected           |
+==========+=============+=========+============+==============================+
| 1        | 2           | 512     | 64         | -1.4%                        |
+----------+-------------+---------+------------+------------------------------+
| 1        | 2           | 2048    | 64         | -0.1%                        |
+----------+-------------+---------+------------+------------------------------+
| 1        | 1           | 512     | 64         | -1.1%                        |
+----------+-------------+---------+------------+------------------------------+
| 1        | 1           | 2048    | 64         | 1.8%                         |
+----------+-------------+---------+------------+------------------------------+

Ubuntu 22.04
Kernel: 5.15.0-131-generic
Compiler: gcc (Ubuntu 11.4.0-1ubuntu1~22.04) 11.4.0
NIC: Intel Corporation Ethernet Converged Network Adapter 82599ES 10000 Mbps
Fail/Total: 0/6

Detail performance results: 
+----------+-------------+---------+------------+------------------------------+
| num_cpus | num_threads | txd/rxd | frame_size |  throughput difference from  |
|          |             |         |            |           expected           |
+==========+=============+=========+============+==============================+
| 1        | 2           | 128     | 64         | 0.2%                         |
+----------+-------------+---------+------------+------------------------------+
| 1        | 2           | 512     | 64         | -0.1%                        |
+----------+-------------+---------+------------+------------------------------+
| 1        | 2           | 2048    | 64         | 0.2%                         |
+----------+-------------+---------+------------+------------------------------+
| 1        | 1           | 128     | 64         | -0.2%                        |
+----------+-------------+---------+------------+------------------------------+
| 1        | 1           | 512     | 64         | 0.3%                         |
+----------+-------------+---------+------------+------------------------------+
| 1        | 1           | 2048    | 64         | 0.2%                         |
+----------+-------------+---------+------------+------------------------------+

To view detailed results, visit:
https://lab.dpdk.org/results/dashboard/patchsets/32608/

UNH-IOL DPDK Community Lab

To manage your email subscriptions, visit: 
https://lab.dpdk.org/results/dashboard/preferences/subscriptions/

^ permalink raw reply	[flat|nested] 14+ messages in thread

end of thread, other threads:[~2025-02-19 12:53 UTC | newest]

Thread overview: 14+ messages (download: mbox.gz / follow: Atom feed)
-- links below jump to the message on this page --
     [not found] <1739929198-28432-6-git-send-email-andremue@linux.microsoft.com>
2025-02-19  1:07 ` |SUCCESS| pw151607-151611 [PATCH v2 5/5] mbuf: enable to be compiled with MSVC qemudev
2025-02-19  1:11 ` qemudev
2025-02-19  1:41 ` |SUCCESS| pw151611 " checkpatch
2025-02-19  2:16 ` |SUCCESS| pw151607-151611 [PATCH] [v2,5/5] mbuf: enable to be compil dpdklab
2025-02-19  2:27 ` dpdklab
2025-02-19  2:43 ` |FAILURE| pw151611 [PATCH v2 5/5] mbuf: enable to be compiled with MSVC 0-day Robot
2025-02-19  2:45 ` |SUCCESS| pw151607-151611 [PATCH] [v2,5/5] mbuf: enable to be compil dpdklab
2025-02-19  2:48 ` dpdklab
2025-02-19  2:52 ` dpdklab
2025-02-19  2:55 ` dpdklab
2025-02-19  3:22 ` dpdklab
2025-02-19  3:39 ` dpdklab
2025-02-19  3:46 ` dpdklab
2025-02-19 12:53 ` dpdklab

This is a public inbox, see mirroring instructions
for how to clone and mirror all data and code used for this inbox;
as well as URLs for NNTP newsgroup(s).