* |SUCCESS| pw151732-151734 [PATCH v4 10/10] app: enable app directory to be compiled with MSVC
[not found] <1740087064-18680-11-git-send-email-andremue@linux.microsoft.com>
@ 2025-02-20 21:04 ` qemudev
2025-02-20 21:08 ` qemudev
` (20 subsequent siblings)
21 siblings, 0 replies; 22+ messages in thread
From: qemudev @ 2025-02-20 21:04 UTC (permalink / raw)
To: test-report
Test-Label: loongarch-compilation
Test-Status: SUCCESS
http://dpdk.org/patch/151734
_Compilation OK_
Submitter: Andre Muezerie <andremue@linux.microsoft.com>
Date: Thu, 20 Feb 2025 13:30:55 -0800
DPDK git baseline: Repo:dpdk
Branch: main
CommitID: fab31a03ba98e7457284df95dd9eef2223a4ccaa
151732-151734 --> meson & ninja build successfully
Test environment and result as below:
+---------------------+----------------+
| Environment | compilation |
+---------------------+----------------+
| Loongnix-Server 8.3 | PASS |
+---------------------+----------------+
Loongnix-Server 8.3
Kernel: 4.19.190+
Compiler: gcc 8.3
^ permalink raw reply [flat|nested] 22+ messages in thread
* |SUCCESS| pw151732-151734 [PATCH v4 10/10] app: enable app directory to be compiled with MSVC
[not found] <1740087064-18680-11-git-send-email-andremue@linux.microsoft.com>
2025-02-20 21:04 ` |SUCCESS| pw151732-151734 [PATCH v4 10/10] app: enable app directory to be compiled with MSVC qemudev
@ 2025-02-20 21:08 ` qemudev
2025-02-20 21:32 ` |SUCCESS| pw151734 " checkpatch
` (19 subsequent siblings)
21 siblings, 0 replies; 22+ messages in thread
From: qemudev @ 2025-02-20 21:08 UTC (permalink / raw)
To: test-report
Test-Label: loongarch-unit-testing
Test-Status: SUCCESS
http://dpdk.org/patch/151734
_Unit Testing PASS_
Submitter: Andre Muezerie <andremue@linux.microsoft.com>
Date: Thu, 20 Feb 2025 13:30:55 -0800
DPDK git baseline: Repo:dpdk
Branch: main
CommitID: fab31a03ba98e7457284df95dd9eef2223a4ccaa
151732-151734 --> testing pass
Test environment and result as below:
+---------------------+----------------+
| Environment | dpdk_unit_test |
+---------------------+----------------+
| Loongnix-Server 8.3 | PASS |
+---------------------+----------------+
Loongnix-Server 8.3
Kernel: 4.19.190+
Compiler: gcc 8.3
Test result details:
1/119 DPDK:fast-tests / acl_autotest OK 3.34s
2/119 DPDK:fast-tests / alarm_autotest OK 1.53s
3/119 DPDK:fast-tests / argparse_autotest OK 0.52s
4/119 DPDK:fast-tests / atomic_autotest OK 7.27s
5/119 DPDK:fast-tests / bitcount_autotest OK 0.43s
6/119 DPDK:fast-tests / bitmap_autotest OK 0.43s
7/119 DPDK:fast-tests / bitops_autotest OK 1.94s
8/119 DPDK:fast-tests / bitratestats_autotest OK 0.43s
9/119 DPDK:fast-tests / bitset_autotest OK 3.15s
10/119 DPDK:fast-tests / bpf_autotest OK 0.43s
11/119 DPDK:fast-tests / bpf_convert_autotest OK 0.44s
12/119 DPDK:fast-tests / byteorder_autotest OK 0.43s
13/119 DPDK:fast-tests / cfgfile_autotest OK 0.43s
14/119 DPDK:fast-tests / cksum_autotest OK 0.43s
15/119 DPDK:fast-tests / cmdline_autotest OK 0.43s
16/119 DPDK:fast-tests / common_autotest OK 1.32s
17/119 DPDK:fast-tests / compressdev_autotest SKIP 0.07s exit status 77
18/119 DPDK:fast-tests / cpuflags_autotest OK 0.43s
19/119 DPDK:fast-tests / crc_autotest OK 0.43s
20/119 DPDK:fast-tests / user_delay_us OK 0.43s
21/119 DPDK:fast-tests / debug_autotest OK 24.33s
22/119 DPDK:fast-tests / devargs_autotest OK 0.43s
23/119 DPDK:fast-tests / dispatcher_autotest OK 2.52s
24/119 DPDK:fast-tests / distributor_autotest OK 1.20s
25/119 DPDK:fast-tests / eal_flags_c_opt_autotest OK 0.80s
26/119 DPDK:fast-tests / eal_flags_main_opt_autotest OK 0.22s
27/119 DPDK:fast-tests / eal_flags_n_opt_autotest OK 0.20s
28/119 DPDK:fast-tests / eal_flags_hpet_autotest OK 0.13s
29/119 DPDK:fast-tests / eal_flags_no_huge_autotest OK 0.22s
30/119 DPDK:fast-tests / eal_flags_a_opt_autotest OK 0.30s
31/119 DPDK:fast-tests / eal_flags_b_opt_autotest OK 0.25s
32/119 DPDK:fast-tests / eal_flags_vdev_opt_autotest OK 0.20s
33/119 DPDK:fast-tests / eal_flags_r_opt_autotest OK 0.19s
34/119 DPDK:fast-tests / eal_flags_mem_autotest OK 0.60s
35/119 DPDK:fast-tests / eal_flags_file_prefix_autotest OK 22.26s
36/119 DPDK:fast-tests / eal_flags_misc_autotest OK 1.07s
37/119 DPDK:fast-tests / eal_fs_autotest OK 0.43s
38/119 DPDK:fast-tests / errno_autotest OK 0.43s
39/119 DPDK:fast-tests / ethdev_link_status OK 0.43s
40/119 DPDK:fast-tests / event_eth_tx_adapter_autotest OK 1.69s
41/119 DPDK:fast-tests / event_ring_autotest OK 0.43s
42/119 DPDK:fast-tests / eventdev_common_autotest OK 0.43s
43/119 DPDK:fast-tests / eventdev_selftest_sw OK 7.31s
44/119 DPDK:fast-tests / fbarray_autotest OK 0.49s
45/119 DPDK:fast-tests / fib_autotest OK 1.34s
46/119 DPDK:fast-tests / fib6_autotest OK 1.12s
47/119 DPDK:fast-tests / func_reentrancy_autotest OK 2.20s
48/119 DPDK:fast-tests / graph_autotest OK 0.43s
49/119 DPDK:fast-tests / node_list_dump OK 0.43s
50/119 DPDK:fast-tests / hash_autotest OK 1.05s
51/119 DPDK:fast-tests / hash_readwrite_func_autotest OK 6.38s
52/119 DPDK:fast-tests / interrupt_autotest OK 1.62s
53/119 DPDK:fast-tests / ipfrag_autotest OK 0.08s
54/119 DPDK:fast-tests / ipsec_autotest SKIP 0.62s exit status 77
55/119 DPDK:fast-tests / kvargs_autotest OK 0.44s
56/119 DPDK:fast-tests / latencystats_autotest OK 0.54s
57/119 DPDK:fast-tests / lcore_var_autotest OK 0.58s
58/119 DPDK:fast-tests / lcores_autotest OK 5.33s
59/119 DPDK:fast-tests / logs_autotest OK 0.43s
60/119 DPDK:fast-tests / lpm_autotest OK 2.60s
61/119 DPDK:fast-tests / lpm6_autotest OK 5.60s
62/119 DPDK:fast-tests / malloc_autotest OK 63.07s
63/119 DPDK:fast-tests / mbuf_autotest OK 5.17s
64/119 DPDK:fast-tests / mcslock_autotest OK 2.80s
65/119 DPDK:fast-tests / member_autotest OK 1.62s
66/119 DPDK:fast-tests / memcpy_autotest OK 7.27s
67/119 DPDK:fast-tests / memory_autotest OK 0.09s
68/119 DPDK:fast-tests / mempool_autotest OK 0.43s
69/119 DPDK:fast-tests / memzone_autotest OK 0.14s
70/119 DPDK:fast-tests / meter_autotest OK 0.43s
71/119 DPDK:fast-tests / metrics_autotest OK 0.43s
72/119 DPDK:fast-tests / multiprocess_autotest OK 0.19s
73/119 DPDK:fast-tests / net_ether_autotest OK 1.17s
74/119 DPDK:fast-tests / net_ipv6_autotest OK 0.52s
75/119 DPDK:fast-tests / pcapng_autotest OK 6.20s
76/119 DPDK:fast-tests / pdcp_autotest SKIP 0.07s exit status 77
77/119 DPDK:fast-tests / pdump_autotest OK 0.53s
78/119 DPDK:fast-tests / per_lcore_autotest OK 0.53s
79/119 DPDK:fast-tests / pflock_autotest OK 1.24s
80/119 DPDK:fast-tests / pie_autotest OK 0.53s
81/119 DPDK:fast-tests / ring_pmd_autotest OK 0.43s
82/119 DPDK:fast-tests / power_autotest OK 0.43s
83/119 DPDK:fast-tests / power_cpufreq_autotest SKIP 0.07s exit status 77
84/119 DPDK:fast-tests / power_intel_uncore_autotest SKIP 0.40s exit status 77
85/119 DPDK:fast-tests / power_kvm_vm_autotest SKIP 0.06s exit status 77
86/119 DPDK:fast-tests / prefetch_autotest OK 0.40s
87/119 DPDK:fast-tests / ptr_compress_autotest OK 0.49s
88/119 DPDK:fast-tests / rawdev_autotest OK 0.41s
89/119 DPDK:fast-tests / rcu_qsbr_autotest OK 1.01s
90/119 DPDK:fast-tests / reorder_autotest OK 0.48s
91/119 DPDK:fast-tests / rib_autotest OK 9.16s
92/119 DPDK:fast-tests / rib6_autotest OK 9.09s
93/119 DPDK:fast-tests / ring_autotest OK 0.47s
94/119 DPDK:fast-tests / rwlock_test1_autotest OK 1.24s
95/119 DPDK:fast-tests / rwlock_rda_autotest OK 5.43s
96/119 DPDK:fast-tests / rwlock_rds_wrm_autotest OK 5.48s
97/119 DPDK:fast-tests / rwlock_rde_wro_autotest OK 5.49s
98/119 DPDK:fast-tests / sched_autotest OK 0.50s
99/119 DPDK:fast-tests / security_autotest OK 0.07s
100/119 DPDK:fast-tests / seqlock_autotest OK 2.42s
101/119 DPDK:fast-tests / service_autotest OK 3.13s
102/119 DPDK:fast-tests / soring_autotest OK 0.54s
103/119 DPDK:fast-tests / spinlock_autotest OK 0.51s
104/119 DPDK:fast-tests / stack_autotest OK 0.87s
105/119 DPDK:fast-tests / stack_lf_autotest SKIP 0.06s exit status 77
106/119 DPDK:fast-tests / string_autotest OK 0.31s
107/119 DPDK:fast-tests / table_autotest OK 7.84s
108/119 DPDK:fast-tests / tailq_autotest OK 0.41s
109/119 DPDK:fast-tests / telemetry_data_autotest OK 0.42s
110/119 DPDK:fast-tests / telemetry_json_autotest OK 0.41s
111/119 DPDK:fast-tests / thash_autotest OK 0.57s
112/119 DPDK:fast-tests / threads_autotest OK 0.60s
113/119 DPDK:fast-tests / ticketlock_autotest OK 0.71s
114/119 DPDK:fast-tests / timer_autotest OK 3.93s
115/119 DPDK:fast-tests / trace_autotest OK 0.52s
116/119 DPDK:fast-tests / trace_autotest_with_traces OK 0.43s
117/119 DPDK:fast-tests / vdev_autotest OK 0.43s
118/119 DPDK:fast-tests / version_autotest OK 0.43s
119/119 DPDK:fast-tests / telemetry_all OK 1.28s
Ok: 112
Expected Fail: 0
Fail: 0
Unexpected Pass: 0
Skipped: 7
Timeout: 0
^ permalink raw reply [flat|nested] 22+ messages in thread
* |SUCCESS| pw151734 [PATCH v4 10/10] app: enable app directory to be compiled with MSVC
[not found] <1740087064-18680-11-git-send-email-andremue@linux.microsoft.com>
2025-02-20 21:04 ` |SUCCESS| pw151732-151734 [PATCH v4 10/10] app: enable app directory to be compiled with MSVC qemudev
2025-02-20 21:08 ` qemudev
@ 2025-02-20 21:32 ` checkpatch
2025-02-20 22:44 ` |FAILURE| " 0-day Robot
` (18 subsequent siblings)
21 siblings, 0 replies; 22+ messages in thread
From: checkpatch @ 2025-02-20 21:32 UTC (permalink / raw)
To: test-report
Test-Label: checkpatch
Test-Status: SUCCESS
http://dpdk.org/patch/151734
_coding style OK_
^ permalink raw reply [flat|nested] 22+ messages in thread
* |FAILURE| pw151734 [PATCH v4 10/10] app: enable app directory to be compiled with MSVC
[not found] <1740087064-18680-11-git-send-email-andremue@linux.microsoft.com>
` (2 preceding siblings ...)
2025-02-20 21:32 ` |SUCCESS| pw151734 " checkpatch
@ 2025-02-20 22:44 ` 0-day Robot
2025-02-21 1:25 ` |SUCCESS| pw151732-151734 [PATCH] [v4,10/10] app: enable app directo dpdklab
` (17 subsequent siblings)
21 siblings, 0 replies; 22+ messages in thread
From: 0-day Robot @ 2025-02-20 22:44 UTC (permalink / raw)
To: test-report; +Cc: andremue, robot
From: robot@bytheb.org
Test-Label: github-robot: build
Test-Status: FAILURE
http://patchwork.dpdk.org/patch/151734/
_github build: failed_
Build URL: https://github.com/ovsrobot/dpdk/actions/runs/13445284382
Build Logs:
-----------------------Summary of failed steps-----------------------
"ubuntu-22.04-clang-asan+doc+tests" failed at step Build and test
----------------------End summary of failed steps--------------------
-------------------------------BEGIN LOGS----------------------------
####################################################################################
#### [Begin job log] "ubuntu-22.04-clang-asan+doc+tests" at step Build and test
####################################################################################
96/104 DPDK:fast-tests / thash_autotest OK 0.36s
97/104 DPDK:fast-tests / threads_autotest OK 0.48s
98/104 DPDK:fast-tests / ticketlock_autotest OK 0.39s
99/104 DPDK:fast-tests / timer_autotest OK 2.87s
100/104 DPDK:fast-tests / trace_autotest OK 0.36s
101/104 DPDK:fast-tests / trace_autotest_with_traces OK 0.36s
102/104 DPDK:fast-tests / vdev_autotest OK 0.35s
103/104 DPDK:fast-tests / version_autotest OK 0.35s
104/104 DPDK:fast-tests / telemetry_all OK 1.11s
Ok: 97
Expected Fail: 0
Fail: 1
Unexpected Pass: 0
Skipped: 6
Timeout: 0
Full log written to /home/runner/work/dpdk/dpdk/build/meson-logs/testlog.txt
+ failed=true
+ catch_coredump
+ ls /tmp/dpdk-core.*.*
+ return 0
+ [ true != true ]
##[error]Process completed with exit code 1.
####################################################################################
#### [End job log] "ubuntu-22.04-clang-asan+doc+tests" at step Build and test
####################################################################################
--------------------------------END LOGS-----------------------------
^ permalink raw reply [flat|nested] 22+ messages in thread
* |SUCCESS| pw151732-151734 [PATCH] [v4,10/10] app: enable app directo
[not found] <1740087064-18680-11-git-send-email-andremue@linux.microsoft.com>
` (3 preceding siblings ...)
2025-02-20 22:44 ` |FAILURE| " 0-day Robot
@ 2025-02-21 1:25 ` dpdklab
2025-02-21 1:27 ` dpdklab
` (16 subsequent siblings)
21 siblings, 0 replies; 22+ messages in thread
From: dpdklab @ 2025-02-21 1:25 UTC (permalink / raw)
To: Test Report; +Cc: dpdk-test-reports
Test-Label: iol-intel-Performance
Test-Status: SUCCESS
http://dpdk.org/patch/151734
_Performance Testing PASS_
Submitter: Andre Muezerie <andremue@linux.microsoft.com>
Date: Thursday, February 20 2025 21:31:04
DPDK git baseline: Repo:dpdk
Branch: master
CommitID:fab31a03ba98e7457284df95dd9eef2223a4ccaa
151732-151734 --> performance testing pass
Upstream job id: Template-DTS-Pipeline#213560
Test environment and result as below:
Ubuntu 20.04
Kernel: 5.4.0-122-generic
Compiler: gcc 9.4.0
NIC: Intel Corporation Ethernet Converged Network Adapter XL710-QDA2 40000 Mbps
Fail/Total: 0/4
Detail performance results:
+----------+-------------+---------+------------+------------------------------+
| num_cpus | num_threads | txd/rxd | frame_size | throughput difference from |
| | | | | expected |
+==========+=============+=========+============+==============================+
| 1 | 2 | 512 | 64 | -0.1% |
+----------+-------------+---------+------------+------------------------------+
| 1 | 2 | 2048 | 64 | -0.1% |
+----------+-------------+---------+------------+------------------------------+
| 1 | 1 | 512 | 64 | -0.0% |
+----------+-------------+---------+------------+------------------------------+
| 1 | 1 | 2048 | 64 | -3.0% |
+----------+-------------+---------+------------+------------------------------+
Ubuntu 22.04
Kernel: 5.15.0-131-generic
Compiler: gcc (Ubuntu 11.4.0-1ubuntu1~22.04) 11.4.0
NIC: Intel Corporation Ethernet Converged Network Adapter 82599ES 10000 Mbps
Fail/Total: 0/6
Detail performance results:
+----------+-------------+---------+------------+------------------------------+
| num_cpus | num_threads | txd/rxd | frame_size | throughput difference from |
| | | | | expected |
+==========+=============+=========+============+==============================+
| 1 | 2 | 128 | 64 | 1.2% |
+----------+-------------+---------+------------+------------------------------+
| 1 | 2 | 512 | 64 | 0.1% |
+----------+-------------+---------+------------+------------------------------+
| 1 | 2 | 2048 | 64 | 0.2% |
+----------+-------------+---------+------------+------------------------------+
| 1 | 1 | 128 | 64 | -0.2% |
+----------+-------------+---------+------------+------------------------------+
| 1 | 1 | 512 | 64 | 0.2% |
+----------+-------------+---------+------------+------------------------------+
| 1 | 1 | 2048 | 64 | -0.9% |
+----------+-------------+---------+------------+------------------------------+
To view detailed results, visit:
https://lab.dpdk.org/results/dashboard/patchsets/32629/
UNH-IOL DPDK Community Lab
To manage your email subscriptions, visit:
https://lab.dpdk.org/results/dashboard/preferences/subscriptions/
^ permalink raw reply [flat|nested] 22+ messages in thread
* |SUCCESS| pw151732-151734 [PATCH] [v4,10/10] app: enable app directo
[not found] <1740087064-18680-11-git-send-email-andremue@linux.microsoft.com>
` (4 preceding siblings ...)
2025-02-21 1:25 ` |SUCCESS| pw151732-151734 [PATCH] [v4,10/10] app: enable app directo dpdklab
@ 2025-02-21 1:27 ` dpdklab
2025-02-21 1:45 ` dpdklab
` (15 subsequent siblings)
21 siblings, 0 replies; 22+ messages in thread
From: dpdklab @ 2025-02-21 1:27 UTC (permalink / raw)
To: Ali Alnubani, Test Report; +Cc: dpdk-test-reports
Test-Label: iol-mellanox-Performance
Test-Status: SUCCESS
http://dpdk.org/patch/151734
_Performance Testing PASS_
Submitter: Andre Muezerie <andremue@linux.microsoft.com>
Date: Thursday, February 20 2025 21:31:04
DPDK git baseline: Repo:dpdk
Branch: master
CommitID:fab31a03ba98e7457284df95dd9eef2223a4ccaa
151732-151734 --> performance testing pass
Upstream job id: Template-DTS-Pipeline#213558
Test environment and result as below:
Ubuntu 24.04
Kernel: 6.8.0-45-generic
Compiler: gcc 13.2.0
NIC: NVIDIA Mellanox ConnectX-7 100000 Mbps
Fail/Total: 0/6
Detail performance results:
+------------+---------+----------+-------------+------------------------------+
| frame_size | txd/rxd | num_cpus | num_threads | throughput difference from |
| | | | | expected |
+============+=========+==========+=============+==============================+
| 64 | 1024 | 1 | 1 | 0.5% |
+------------+---------+----------+-------------+------------------------------+
| 128 | 1024 | 1 | 1 | -0.1% |
+------------+---------+----------+-------------+------------------------------+
| 256 | 1024 | 1 | 1 | -1.0% |
+------------+---------+----------+-------------+------------------------------+
| 512 | 1024 | 1 | 1 | 0.2% |
+------------+---------+----------+-------------+------------------------------+
| 1024 | 1024 | 1 | 1 | -0.1% |
+------------+---------+----------+-------------+------------------------------+
| 1518 | 1024 | 1 | 1 | 0.1% |
+------------+---------+----------+-------------+------------------------------+
Ubuntu 24.04
Kernel: 6.8.0-45-generic
Compiler: gcc 13.2.0
NIC: Mellanox ConnectX-6 Lx 25000 Mbps
Fail/Total: 0/6
Detail performance results:
+------------+---------+----------+-------------+------------------------------+
| frame_size | txd/rxd | num_cpus | num_threads | throughput difference from |
| | | | | expected |
+============+=========+==========+=============+==============================+
| 64 | 1024 | 1 | 1 | -0.1% |
+------------+---------+----------+-------------+------------------------------+
| 128 | 1024 | 1 | 1 | -0.0% |
+------------+---------+----------+-------------+------------------------------+
| 256 | 1024 | 1 | 1 | -0.0% |
+------------+---------+----------+-------------+------------------------------+
| 512 | 1024 | 1 | 1 | -0.0% |
+------------+---------+----------+-------------+------------------------------+
| 1024 | 1024 | 1 | 1 | -0.0% |
+------------+---------+----------+-------------+------------------------------+
| 1518 | 1024 | 1 | 1 | 0.1% |
+------------+---------+----------+-------------+------------------------------+
To view detailed results, visit:
https://lab.dpdk.org/results/dashboard/patchsets/32629/
UNH-IOL DPDK Community Lab
To manage your email subscriptions, visit:
https://lab.dpdk.org/results/dashboard/preferences/subscriptions/
^ permalink raw reply [flat|nested] 22+ messages in thread
* |SUCCESS| pw151732-151734 [PATCH] [v4,10/10] app: enable app directo
[not found] <1740087064-18680-11-git-send-email-andremue@linux.microsoft.com>
` (5 preceding siblings ...)
2025-02-21 1:27 ` dpdklab
@ 2025-02-21 1:45 ` dpdklab
2025-02-21 1:53 ` dpdklab
` (14 subsequent siblings)
21 siblings, 0 replies; 22+ messages in thread
From: dpdklab @ 2025-02-21 1:45 UTC (permalink / raw)
To: Test Report; +Cc: dpdk-test-reports
Test-Label: iol-sample-apps-testing
Test-Status: SUCCESS
http://dpdk.org/patch/151734
_Testing PASS_
Submitter: Andre Muezerie <andremue@linux.microsoft.com>
Date: Thursday, February 20 2025 21:31:04
DPDK git baseline: Repo:dpdk
Branch: master
CommitID:fab31a03ba98e7457284df95dd9eef2223a4ccaa
151732-151734 --> testing pass
Upstream job id: Template-DTS-Pipeline#213569
Test environment and result as below:
+--------------------+----------------------+
| Environment | compressdev_zlib_pmd |
+====================+======================+
| Ubuntu 22.04 (ARM) | PASS |
+--------------------+----------------------+
Ubuntu 22.04 (ARM)
Kernel: 5.15.0-97-generic
Compiler: gcc gcc (Ubuntu 11.4.0-1ubuntu1~22.04) 11.4.0
To view detailed results, visit:
https://lab.dpdk.org/results/dashboard/patchsets/32629/
UNH-IOL DPDK Community Lab
To manage your email subscriptions, visit:
https://lab.dpdk.org/results/dashboard/preferences/subscriptions/
^ permalink raw reply [flat|nested] 22+ messages in thread
* |SUCCESS| pw151732-151734 [PATCH] [v4,10/10] app: enable app directo
[not found] <1740087064-18680-11-git-send-email-andremue@linux.microsoft.com>
` (6 preceding siblings ...)
2025-02-21 1:45 ` dpdklab
@ 2025-02-21 1:53 ` dpdklab
2025-02-21 2:04 ` |PENDING| " dpdklab
` (13 subsequent siblings)
21 siblings, 0 replies; 22+ messages in thread
From: dpdklab @ 2025-02-21 1:53 UTC (permalink / raw)
To: Test Report; +Cc: dpdk-test-reports
Test-Label: iol-broadcom-Performance
Test-Status: SUCCESS
http://dpdk.org/patch/151734
_Performance Testing PASS_
Submitter: Andre Muezerie <andremue@linux.microsoft.com>
Date: Thursday, February 20 2025 21:31:04
DPDK git baseline: Repo:dpdk
Branch: master
CommitID:fab31a03ba98e7457284df95dd9eef2223a4ccaa
151732-151734 --> performance testing pass
Upstream job id: Template-DTS-Pipeline#213561
Test environment and result as below:
Ubuntu 22.04
Kernel: 5.15.0-100-generic
Compiler: gcc (Ubuntu 11.4.0-1ubuntu1~22.04) 11.4.0
NIC: Broadcom Inc. and subsidiaries BCM57414 NetXtreme-E 10Gb/25Gb RDMA Ethernet Controller 16d7 25 Mbps
Fail/Total: 0/3
Detail performance results:
+------------+---------+----------+-------------+------------------------------+
| frame_size | txd/rxd | num_cpus | num_threads | throughput difference from |
| | | | | expected |
+============+=========+==========+=============+==============================+
| 64 | 128 | 1 | 1 | 1.5% |
+------------+---------+----------+-------------+------------------------------+
| 64 | 512 | 1 | 1 | -1.3% |
+------------+---------+----------+-------------+------------------------------+
| 64 | 2048 | 1 | 1 | -0.2% |
+------------+---------+----------+-------------+------------------------------+
Ubuntu 22.04 ARM
Kernel: 5.15.83+
Compiler: gcc 11.4.0
NIC: Arm Broadcom Inc. brcm_57414 25000 Mbps
Fail/Total: 0/2
Detail performance results:
+------------+---------+----------+-------------+------------------------------+
| frame_size | txd/rxd | num_cpus | num_threads | throughput difference from |
| | | | | expected |
+============+=========+==========+=============+==============================+
| 64 | 512 | 1 | 1 | -0.0% |
+------------+---------+----------+-------------+------------------------------+
| 64 | 2048 | 1 | 1 | -0.0% |
+------------+---------+----------+-------------+------------------------------+
To view detailed results, visit:
https://lab.dpdk.org/results/dashboard/patchsets/32629/
UNH-IOL DPDK Community Lab
To manage your email subscriptions, visit:
https://lab.dpdk.org/results/dashboard/preferences/subscriptions/
^ permalink raw reply [flat|nested] 22+ messages in thread
* |PENDING| pw151732-151734 [PATCH] [v4,10/10] app: enable app directo
[not found] <1740087064-18680-11-git-send-email-andremue@linux.microsoft.com>
` (7 preceding siblings ...)
2025-02-21 1:53 ` dpdklab
@ 2025-02-21 2:04 ` dpdklab
2025-02-21 2:28 ` |SUCCESS| " dpdklab
` (12 subsequent siblings)
21 siblings, 0 replies; 22+ messages in thread
From: dpdklab @ 2025-02-21 2:04 UTC (permalink / raw)
To: Test Report; +Cc: dpdk-test-reports
Test-Label: iol-abi-testing
Test-Status: PENDING
http://dpdk.org/patch/151734
_Testing pending_
Submitter: Andre Muezerie <andremue@linux.microsoft.com>
Date: Thursday, February 20 2025 21:31:04
DPDK git baseline: Repo:dpdk
Branch: master
CommitID:fab31a03ba98e7457284df95dd9eef2223a4ccaa
151732-151734 --> testing pending
Upstream job id: Generic-DPDK-Compile-ABI#117004
Test environment and result as below:
+-------------------+----------+
| Environment | abi_test |
+===================+==========+
| CentOS Stream 10 | PEND |
+-------------------+----------+
| Debian Bullseye | PASS |
+-------------------+----------+
| Debian 12 | PEND |
+-------------------+----------+
| Fedora 40 (Clang) | PEND |
+-------------------+----------+
| Fedora 40 | PEND |
+-------------------+----------+
| Fedora 41 | PEND |
+-------------------+----------+
| openSUSE Leap 15 | PEND |
+-------------------+----------+
| Fedora 41 (Clang) | PEND |
+-------------------+----------+
| RHEL8 | PEND |
+-------------------+----------+
| Ubuntu 22.04 | PEND |
+-------------------+----------+
| RHEL9 | PEND |
+-------------------+----------+
| Ubuntu 24.04 | PEND |
+-------------------+----------+
| CentOS Stream 9 | PEND |
+-------------------+----------+
CentOS Stream 10
Kernel: Depends on container host
Compiler: gcc 14.2.1 20241104 (Red Hat 14.2.1-6)
Debian Bullseye
Kernel: Depends on container host
Compiler: gcc (Debian 10.2.1-6) 10.2.1 20210110
Debian 12
Kernel: Depends on container host
Compiler: gcc (Debian 12.2.0-14) 12.2.0
Fedora 40 (Clang)
Kernel: Depends on container host
Compiler: clang 18.1.8 (Fedora 18.1.8-1.fc40)
Fedora 40
Kernel: Depends on container host
Compiler: gcc 14.2.1 20240912 (Red Hat 14.2.1-3)
Fedora 41
Kernel: Depends on container host
Compiler: gcc 14.2.1 20240912 (Red Hat 14.2.1-3)
openSUSE Leap 15
Kernel: Depends on container host
Compiler: gcc (SUSE Linux) 7.5.0
Fedora 41 (Clang)
Kernel: Depends on container host
Compiler: clang 19.1.5 (Fedora 19.1.5-1.fc41)
RHEL8
Kernel: Depends on container host
Compiler: gcc 8.5.0 20210514 (Red Hat 8.5.0-22)
Ubuntu 22.04
Kernel: Depends on container host
Compiler: gcc (Ubuntu 11.4.0-1ubuntu1~22.04) 11.4.0
RHEL9
Kernel: Depends on container host
Compiler: gcc 11.5.0 20240719 (Red Hat 11.5.0-2)
Ubuntu 24.04
Kernel: Depends on container host
Compiler: gcc (Ubuntu 13.3.0-6ubuntu2~24.04) 13.3.0
CentOS Stream 9
Kernel: Depends on container host
Compiler: gcc 11.5.0 20240719 (Red Hat 11.5.0-2)
To view detailed results, visit:
https://lab.dpdk.org/results/dashboard/patchsets/32629/
UNH-IOL DPDK Community Lab
To manage your email subscriptions, visit:
https://lab.dpdk.org/results/dashboard/preferences/subscriptions/
^ permalink raw reply [flat|nested] 22+ messages in thread
* |SUCCESS| pw151732-151734 [PATCH] [v4,10/10] app: enable app directo
[not found] <1740087064-18680-11-git-send-email-andremue@linux.microsoft.com>
` (8 preceding siblings ...)
2025-02-21 2:04 ` |PENDING| " dpdklab
@ 2025-02-21 2:28 ` dpdklab
2025-02-21 2:38 ` |PENDING| " dpdklab
` (11 subsequent siblings)
21 siblings, 0 replies; 22+ messages in thread
From: dpdklab @ 2025-02-21 2:28 UTC (permalink / raw)
To: Test Report; +Cc: dpdk-test-reports
Test-Label: iol-sample-apps-testing
Test-Status: SUCCESS
http://dpdk.org/patch/151734
_Testing PASS_
Submitter: Andre Muezerie <andremue@linux.microsoft.com>
Date: Thursday, February 20 2025 21:31:04
DPDK git baseline: Repo:dpdk
Branch: master
CommitID:fab31a03ba98e7457284df95dd9eef2223a4ccaa
151732-151734 --> testing pass
Upstream job id: Template-DTS-Pipeline#213567
Test environment and result as below:
+--------------------+----------------------+
| Environment | compressdev_zlib_pmd |
+====================+======================+
| Ubuntu 22.04 (ARM) | PASS |
+--------------------+----------------------+
| Ubuntu 22.04 | PASS |
+--------------------+----------------------+
Ubuntu 22.04 (ARM)
Kernel: 5.15.0-97-generic
Compiler: gcc gcc (Ubuntu 11.4.0-1ubuntu1~22.04) 11.4.0
Ubuntu 22.04
Kernel: 5.15.0-100-generic
Compiler: gcc gcc (Ubuntu 11.4.0-1ubuntu1~22.04) 11.4.0
To view detailed results, visit:
https://lab.dpdk.org/results/dashboard/patchsets/32629/
UNH-IOL DPDK Community Lab
To manage your email subscriptions, visit:
https://lab.dpdk.org/results/dashboard/preferences/subscriptions/
^ permalink raw reply [flat|nested] 22+ messages in thread
* |PENDING| pw151732-151734 [PATCH] [v4,10/10] app: enable app directo
[not found] <1740087064-18680-11-git-send-email-andremue@linux.microsoft.com>
` (9 preceding siblings ...)
2025-02-21 2:28 ` |SUCCESS| " dpdklab
@ 2025-02-21 2:38 ` dpdklab
2025-02-21 2:53 ` dpdklab
` (10 subsequent siblings)
21 siblings, 0 replies; 22+ messages in thread
From: dpdklab @ 2025-02-21 2:38 UTC (permalink / raw)
To: Test Report; +Cc: dpdk-test-reports
Test-Label: iol-unit-amd64-testing
Test-Status: PENDING
http://dpdk.org/patch/151734
_Testing pending_
Submitter: Andre Muezerie <andremue@linux.microsoft.com>
Date: Thursday, February 20 2025 21:31:04
DPDK git baseline: Repo:dpdk
Branch: master
CommitID:fab31a03ba98e7457284df95dd9eef2223a4ccaa
151732-151734 --> testing pending
Upstream job id: Generic-Unit-Test-DPDK#316834
Test environment and result as below:
+-------------------+----------------+
| Environment | dpdk_unit_test |
+===================+================+
| CentOS Stream 9 | PEND |
+-------------------+----------------+
| Debian Bullseye | PASS |
+-------------------+----------------+
| CentOS Stream 10 | PEND |
+-------------------+----------------+
| Fedora 40 | PEND |
+-------------------+----------------+
| Debian 12 | PEND |
+-------------------+----------------+
| Fedora 40 (Clang) | PEND |
+-------------------+----------------+
| Fedora 41 (Clang) | PEND |
+-------------------+----------------+
| Fedora 41 | PEND |
+-------------------+----------------+
| Ubuntu 20.04 | PEND |
+-------------------+----------------+
| RHEL8 | PEND |
+-------------------+----------------+
| RHEL9 | PEND |
+-------------------+----------------+
| Ubuntu 22.04 | PEND |
+-------------------+----------------+
| Ubuntu 24.04 | PEND |
+-------------------+----------------+
CentOS Stream 9
Kernel: Depends on container host
Compiler: gcc 11.5.0 20240719 (Red Hat 11.5.0-2)
Debian Bullseye
Kernel: Depends on container host
Compiler: gcc (Debian 10.2.1-6) 10.2.1 20210110
CentOS Stream 10
Kernel: Depends on container host
Compiler: gcc 14.2.1 20241104 (Red Hat 14.2.1-6)
Fedora 40
Kernel: Depends on container host
Compiler: gcc 14.2.1 20240912 (Red Hat 14.2.1-3)
Debian 12
Kernel: Depends on container host
Compiler: gcc (Debian 12.2.0-14) 12.2.0
Fedora 40 (Clang)
Kernel: Depends on container host
Compiler: clang 18.1.8 (Fedora 18.1.8-1.fc40)
Fedora 41 (Clang)
Kernel: Depends on container host
Compiler: clang 19.1.5 (Fedora 19.1.5-1.fc41)
Fedora 41
Kernel: Depends on container host
Compiler: gcc 14.2.1 20240912 (Red Hat 14.2.1-3)
Ubuntu 20.04
Kernel: Depends on container host
Compiler: gcc (Ubuntu 9.4.0-1ubuntu1~20.04.2) 9.4.0
RHEL8
Kernel: Depends on container host
Compiler: gcc 8.5.0 20210514 (Red Hat 8.5.0-22)
RHEL9
Kernel: Depends on container host
Compiler: gcc 11.5.0 20240719 (Red Hat 11.5.0-2)
Ubuntu 22.04
Kernel: Depends on container host
Compiler: gcc (Ubuntu 11.4.0-1ubuntu1~22.04) 11.4.0
Ubuntu 24.04
Kernel: Depends on container host
Compiler: gcc (Ubuntu 13.3.0-6ubuntu2~24.04) 13.3.0
To view detailed results, visit:
https://lab.dpdk.org/results/dashboard/patchsets/32629/
UNH-IOL DPDK Community Lab
To manage your email subscriptions, visit:
https://lab.dpdk.org/results/dashboard/preferences/subscriptions/
^ permalink raw reply [flat|nested] 22+ messages in thread
* |PENDING| pw151732-151734 [PATCH] [v4,10/10] app: enable app directo
[not found] <1740087064-18680-11-git-send-email-andremue@linux.microsoft.com>
` (10 preceding siblings ...)
2025-02-21 2:38 ` |PENDING| " dpdklab
@ 2025-02-21 2:53 ` dpdklab
2025-02-21 2:56 ` dpdklab
` (9 subsequent siblings)
21 siblings, 0 replies; 22+ messages in thread
From: dpdklab @ 2025-02-21 2:53 UTC (permalink / raw)
To: Test Report; +Cc: dpdk-test-reports
Test-Label: iol-unit-arm64-testing
Test-Status: PENDING
http://dpdk.org/patch/151734
_Testing pending_
Submitter: Andre Muezerie <andremue@linux.microsoft.com>
Date: Thursday, February 20 2025 21:31:04
DPDK git baseline: Repo:dpdk
Branch: master
CommitID:fab31a03ba98e7457284df95dd9eef2223a4ccaa
151732-151734 --> testing pending
Upstream job id: Generic-Unit-Test-DPDK#316835
Test environment and result as below:
+--------------------------+----------------+
| Environment | dpdk_unit_test |
+==========================+================+
| Debian 11 (Buster) (ARM) | PASS |
+--------------------------+----------------+
| CentOS Stream 9 (ARM) | PEND |
+--------------------------+----------------+
| CentOS Stream 10 (ARM) | PEND |
+--------------------------+----------------+
| Fedora 40 (ARM) | PEND |
+--------------------------+----------------+
| Fedora 40 (ARM Clang) | PEND |
+--------------------------+----------------+
| Fedora 41 (ARM) | PEND |
+--------------------------+----------------+
| Debian 12 (arm) | PEND |
+--------------------------+----------------+
| RHEL9 (ARM) | PEND |
+--------------------------+----------------+
| Ubuntu 22.04 (ARM) | PEND |
+--------------------------+----------------+
| Fedora 41 (ARM Clang) | PEND |
+--------------------------+----------------+
| Ubuntu 20.04 (ARM) | PEND |
+--------------------------+----------------+
| Ubuntu 24.04 (ARM) | PEND |
+--------------------------+----------------+
Debian 11 (Buster) (ARM)
Kernel: Depends on container host
Compiler: gcc (Debian 10.2.1-6) 10.2.1 20210110
CentOS Stream 9 (ARM)
Kernel: Depends on container host
Compiler: gcc 11.5.0 20240719 (Red Hat 11.5.0-2)
CentOS Stream 10 (ARM)
Kernel: Depends on container host
Compiler: gcc 14.2.1 20241104 (Red Hat 14.2.1-6)
Fedora 40 (ARM)
Kernel: Depends on container host
Compiler: gcc 14.2.1 20240912 (Red Hat 14.2.1-3)
Fedora 40 (ARM Clang)
Kernel: Depends on container host
Compiler: clang 18.1.8 (Fedora 18.1.8-1.fc40)
Fedora 41 (ARM)
Kernel: Depends on container host
Compiler: gcc 14.2.1 20240912 (Red Hat 14.2.1-3)
Debian 12 (arm)
Kernel: Depends on container host
Compiler: gcc (Debian 12.2.0-14) 12.2.0
RHEL9 (ARM)
Kernel: Depends on container host
Compiler: gcc 11.5.0 20240719 (Red Hat 11.5.0-2)
Ubuntu 22.04 (ARM)
Kernel: Depends on container host
Compiler: gcc (Ubuntu 11.4.0-1ubuntu1~22.04) 11.4.0
Fedora 41 (ARM Clang)
Kernel: Depends on container host
Compiler: clang 19.1.5 (Fedora 19.1.5-1.fc41)
Ubuntu 20.04 (ARM)
Kernel: Depends on container host
Compiler: gcc (Ubuntu 9.4.0-1ubuntu1~20.04.2) 9.4.0
Ubuntu 24.04 (ARM)
Kernel: Depends on container host
Compiler: gcc (Ubuntu 13.3.0-6ubuntu2~24.04) 13.3.0
To view detailed results, visit:
https://lab.dpdk.org/results/dashboard/patchsets/32629/
UNH-IOL DPDK Community Lab
To manage your email subscriptions, visit:
https://lab.dpdk.org/results/dashboard/preferences/subscriptions/
^ permalink raw reply [flat|nested] 22+ messages in thread
* |PENDING| pw151732-151734 [PATCH] [v4,10/10] app: enable app directo
[not found] <1740087064-18680-11-git-send-email-andremue@linux.microsoft.com>
` (11 preceding siblings ...)
2025-02-21 2:53 ` dpdklab
@ 2025-02-21 2:56 ` dpdklab
2025-02-21 3:29 ` |SUCCESS| " dpdklab
` (8 subsequent siblings)
21 siblings, 0 replies; 22+ messages in thread
From: dpdklab @ 2025-02-21 2:56 UTC (permalink / raw)
To: Test Report; +Cc: dpdk-test-reports
Test-Label: iol-compile-arm64-testing
Test-Status: PENDING
http://dpdk.org/patch/151734
_Testing pending_
Submitter: Andre Muezerie <andremue@linux.microsoft.com>
Date: Thursday, February 20 2025 21:31:04
DPDK git baseline: Repo:dpdk
Branch: master
CommitID:fab31a03ba98e7457284df95dd9eef2223a4ccaa
151732-151734 --> testing pending
Upstream job id: Generic-DPDK-Compile-Meson#363724
Test environment and result as below:
+----------------------------------------+--------------------+
| Environment | dpdk_meson_compile |
+========================================+====================+
| RHEL9 (ARM) | PEND |
+----------------------------------------+--------------------+
| Ubuntu 20.04 ARM GCC Cross Compile | PEND |
+----------------------------------------+--------------------+
| Ubuntu 20.04 ARM SVE | PASS |
+----------------------------------------+--------------------+
| Debian 12 with MUSDK | PEND |
+----------------------------------------+--------------------+
| Fedora 40 (ARM) | PEND |
+----------------------------------------+--------------------+
| Fedora 41 (ARM) | PEND |
+----------------------------------------+--------------------+
| Fedora 40 (ARM Clang) | PEND |
+----------------------------------------+--------------------+
| Fedora 41 (ARM Clang) | PEND |
+----------------------------------------+--------------------+
| CentOS Stream 9 (ARM) | PEND |
+----------------------------------------+--------------------+
| Ubuntu 24.04 (ARM) | PEND |
+----------------------------------------+--------------------+
| Ubuntu 22.04 (ARM) | PEND |
+----------------------------------------+--------------------+
| Ubuntu 20.04 (ARM) | PEND |
+----------------------------------------+--------------------+
| CentOS Stream 10 (ARM) | PEND |
+----------------------------------------+--------------------+
| Debian 12 (arm) | PEND |
+----------------------------------------+--------------------+
| Ubuntu 20.04 aarch32 GCC Cross Compile | PEND |
+----------------------------------------+--------------------+
RHEL9 (ARM)
Kernel: Depends on container host
Compiler: gcc 11.5.0 20240719 (Red Hat 11.5.0-2)
Ubuntu 20.04 ARM GCC Cross Compile
Kernel: Depends on container host
Compiler: aarch64-linux-gnu-gcc (Ubuntu 9.4.0-1ubuntu1~20.04.2) 9.4.0
Ubuntu 20.04 ARM SVE
Kernel: Depends on container host
Compiler: gcc (Ubuntu 10.5.0-1ubuntu1~20.04) 10.5.0
Debian 12 with MUSDK
Kernel: Depends on container host
Compiler: gcc (Debian 12.2.0-14) 12.2.0
Fedora 40 (ARM)
Kernel: Depends on container host
Compiler: gcc 14.2.1 20240912 (Red Hat 14.2.1-3)
Fedora 41 (ARM)
Kernel: Depends on container host
Compiler: gcc 14.2.1 20240912 (Red Hat 14.2.1-3)
Fedora 40 (ARM Clang)
Kernel: Depends on container host
Compiler: clang 18.1.8 (Fedora 18.1.8-1.fc40)
Fedora 41 (ARM Clang)
Kernel: Depends on container host
Compiler: clang 19.1.5 (Fedora 19.1.5-1.fc41)
CentOS Stream 9 (ARM)
Kernel: Depends on container host
Compiler: gcc 11.5.0 20240719 (Red Hat 11.5.0-2)
Ubuntu 24.04 (ARM)
Kernel: Depends on container host
Compiler: gcc (Ubuntu 13.3.0-6ubuntu2~24.04) 13.3.0
Ubuntu 22.04 (ARM)
Kernel: Depends on container host
Compiler: gcc (Ubuntu 11.4.0-1ubuntu1~22.04) 11.4.0
Ubuntu 20.04 (ARM)
Kernel: Depends on container host
Compiler: gcc (Ubuntu 9.4.0-1ubuntu1~20.04.2) 9.4.0
CentOS Stream 10 (ARM)
Kernel: Depends on container host
Compiler: gcc 14.2.1 20241104 (Red Hat 14.2.1-6)
Debian 12 (arm)
Kernel: Depends on container host
Compiler: gcc (Debian 12.2.0-14) 12.2.0
Ubuntu 20.04 aarch32 GCC Cross Compile
Kernel: Depends on container host
Compiler: gcc 9.4.0
To view detailed results, visit:
https://lab.dpdk.org/results/dashboard/patchsets/32629/
UNH-IOL DPDK Community Lab
To manage your email subscriptions, visit:
https://lab.dpdk.org/results/dashboard/preferences/subscriptions/
^ permalink raw reply [flat|nested] 22+ messages in thread
* |SUCCESS| pw151732-151734 [PATCH] [v4,10/10] app: enable app directo
[not found] <1740087064-18680-11-git-send-email-andremue@linux.microsoft.com>
` (12 preceding siblings ...)
2025-02-21 2:56 ` dpdklab
@ 2025-02-21 3:29 ` dpdklab
2025-02-21 3:53 ` dpdklab
` (7 subsequent siblings)
21 siblings, 0 replies; 22+ messages in thread
From: dpdklab @ 2025-02-21 3:29 UTC (permalink / raw)
To: Test Report; +Cc: dpdk-test-reports
Test-Label: iol-abi-testing
Test-Status: SUCCESS
http://dpdk.org/patch/151734
_Testing PASS_
Submitter: Andre Muezerie <andremue@linux.microsoft.com>
Date: Thursday, February 20 2025 21:31:04
DPDK git baseline: Repo:dpdk
Branch: master
CommitID:fab31a03ba98e7457284df95dd9eef2223a4ccaa
151732-151734 --> testing pass
Upstream job id: Generic-DPDK-Compile-ABI#117002
Test environment and result as below:
+-------------------+----------+
| Environment | abi_test |
+===================+==========+
| CentOS Stream 10 | PASS |
+-------------------+----------+
| Debian Bullseye | PASS |
+-------------------+----------+
| Debian 12 | PASS |
+-------------------+----------+
| Fedora 40 (Clang) | PASS |
+-------------------+----------+
| Fedora 40 | PASS |
+-------------------+----------+
| Fedora 41 | PASS |
+-------------------+----------+
| openSUSE Leap 15 | PASS |
+-------------------+----------+
| Fedora 41 (Clang) | PASS |
+-------------------+----------+
| RHEL8 | PASS |
+-------------------+----------+
| Ubuntu 22.04 | PASS |
+-------------------+----------+
| RHEL9 | PASS |
+-------------------+----------+
| Ubuntu 24.04 | PASS |
+-------------------+----------+
| CentOS Stream 9 | PASS |
+-------------------+----------+
CentOS Stream 10
Kernel: Depends on container host
Compiler: gcc 14.2.1 20241104 (Red Hat 14.2.1-6)
Debian Bullseye
Kernel: Depends on container host
Compiler: gcc (Debian 10.2.1-6) 10.2.1 20210110
Debian 12
Kernel: Depends on container host
Compiler: gcc (Debian 12.2.0-14) 12.2.0
Fedora 40 (Clang)
Kernel: Depends on container host
Compiler: clang 18.1.8 (Fedora 18.1.8-1.fc40)
Fedora 40
Kernel: Depends on container host
Compiler: gcc 14.2.1 20240912 (Red Hat 14.2.1-3)
Fedora 41
Kernel: Depends on container host
Compiler: gcc 14.2.1 20240912 (Red Hat 14.2.1-3)
openSUSE Leap 15
Kernel: Depends on container host
Compiler: gcc (SUSE Linux) 7.5.0
Fedora 41 (Clang)
Kernel: Depends on container host
Compiler: clang 19.1.5 (Fedora 19.1.5-1.fc41)
RHEL8
Kernel: Depends on container host
Compiler: gcc 8.5.0 20210514 (Red Hat 8.5.0-22)
Ubuntu 22.04
Kernel: Depends on container host
Compiler: gcc (Ubuntu 11.4.0-1ubuntu1~22.04) 11.4.0
RHEL9
Kernel: Depends on container host
Compiler: gcc 11.5.0 20240719 (Red Hat 11.5.0-2)
Ubuntu 24.04
Kernel: Depends on container host
Compiler: gcc (Ubuntu 13.3.0-6ubuntu2~24.04) 13.3.0
CentOS Stream 9
Kernel: Depends on container host
Compiler: gcc 11.5.0 20240719 (Red Hat 11.5.0-2)
To view detailed results, visit:
https://lab.dpdk.org/results/dashboard/patchsets/32629/
UNH-IOL DPDK Community Lab
To manage your email subscriptions, visit:
https://lab.dpdk.org/results/dashboard/preferences/subscriptions/
^ permalink raw reply [flat|nested] 22+ messages in thread
* |SUCCESS| pw151732-151734 [PATCH] [v4,10/10] app: enable app directo
[not found] <1740087064-18680-11-git-send-email-andremue@linux.microsoft.com>
` (13 preceding siblings ...)
2025-02-21 3:29 ` |SUCCESS| " dpdklab
@ 2025-02-21 3:53 ` dpdklab
2025-02-21 4:29 ` dpdklab
` (6 subsequent siblings)
21 siblings, 0 replies; 22+ messages in thread
From: dpdklab @ 2025-02-21 3:53 UTC (permalink / raw)
To: Test Report; +Cc: dpdk-test-reports
Test-Label: iol-unit-amd64-testing
Test-Status: SUCCESS
http://dpdk.org/patch/151734
_Testing PASS_
Submitter: Andre Muezerie <andremue@linux.microsoft.com>
Date: Thursday, February 20 2025 21:31:04
DPDK git baseline: Repo:dpdk
Branch: master
CommitID:fab31a03ba98e7457284df95dd9eef2223a4ccaa
151732-151734 --> testing pass
Upstream job id: Generic-Unit-Test-DPDK#316853
Test environment and result as below:
+---------------------+----------------+
| Environment | dpdk_unit_test |
+=====================+================+
| CentOS Stream 9 | PASS |
+---------------------+----------------+
| Debian Bullseye | PASS |
+---------------------+----------------+
| CentOS Stream 10 | PASS |
+---------------------+----------------+
| Fedora 40 | PASS |
+---------------------+----------------+
| Debian 12 | PASS |
+---------------------+----------------+
| Fedora 40 (Clang) | PASS |
+---------------------+----------------+
| Fedora 41 (Clang) | PASS |
+---------------------+----------------+
| Fedora 41 | PASS |
+---------------------+----------------+
| Ubuntu 20.04 | PASS |
+---------------------+----------------+
| RHEL8 | PASS |
+---------------------+----------------+
| RHEL9 | PASS |
+---------------------+----------------+
| Ubuntu 22.04 | PASS |
+---------------------+----------------+
| Ubuntu 24.04 | PASS |
+---------------------+----------------+
| Windows Server 2022 | PASS |
+---------------------+----------------+
CentOS Stream 9
Kernel: Depends on container host
Compiler: gcc 11.5.0 20240719 (Red Hat 11.5.0-2)
Debian Bullseye
Kernel: Depends on container host
Compiler: gcc (Debian 10.2.1-6) 10.2.1 20210110
CentOS Stream 10
Kernel: Depends on container host
Compiler: gcc 14.2.1 20241104 (Red Hat 14.2.1-6)
Fedora 40
Kernel: Depends on container host
Compiler: gcc 14.2.1 20240912 (Red Hat 14.2.1-3)
Debian 12
Kernel: Depends on container host
Compiler: gcc (Debian 12.2.0-14) 12.2.0
Fedora 40 (Clang)
Kernel: Depends on container host
Compiler: clang 18.1.8 (Fedora 18.1.8-1.fc40)
Fedora 41 (Clang)
Kernel: Depends on container host
Compiler: clang 19.1.5 (Fedora 19.1.5-1.fc41)
Fedora 41
Kernel: Depends on container host
Compiler: gcc 14.2.1 20240912 (Red Hat 14.2.1-3)
Ubuntu 20.04
Kernel: Depends on container host
Compiler: gcc (Ubuntu 9.4.0-1ubuntu1~20.04.2) 9.4.0
RHEL8
Kernel: Depends on container host
Compiler: gcc 8.5.0 20210514 (Red Hat 8.5.0-22)
RHEL9
Kernel: Depends on container host
Compiler: gcc 11.5.0 20240719 (Red Hat 11.5.0-2)
Ubuntu 22.04
Kernel: Depends on container host
Compiler: gcc (Ubuntu 11.4.0-1ubuntu1~22.04) 11.4.0
Ubuntu 24.04
Kernel: Depends on container host
Compiler: gcc (Ubuntu 13.3.0-6ubuntu2~24.04) 13.3.0
Windows Server 2022
Kernel: 10.0.20348.2031
Compiler: clang 15.0.7, gcc 14.1.0 (MinGW), and MSVC VS 19.39.33521
To view detailed results, visit:
https://lab.dpdk.org/results/dashboard/patchsets/32629/
UNH-IOL DPDK Community Lab
To manage your email subscriptions, visit:
https://lab.dpdk.org/results/dashboard/preferences/subscriptions/
^ permalink raw reply [flat|nested] 22+ messages in thread
* |SUCCESS| pw151732-151734 [PATCH] [v4,10/10] app: enable app directo
[not found] <1740087064-18680-11-git-send-email-andremue@linux.microsoft.com>
` (14 preceding siblings ...)
2025-02-21 3:53 ` dpdklab
@ 2025-02-21 4:29 ` dpdklab
2025-02-21 4:40 ` dpdklab
` (5 subsequent siblings)
21 siblings, 0 replies; 22+ messages in thread
From: dpdklab @ 2025-02-21 4:29 UTC (permalink / raw)
To: Test Report; +Cc: dpdk-test-reports
Test-Label: iol-unit-arm64-testing
Test-Status: SUCCESS
http://dpdk.org/patch/151734
_Testing PASS_
Submitter: Andre Muezerie <andremue@linux.microsoft.com>
Date: Thursday, February 20 2025 21:31:04
DPDK git baseline: Repo:dpdk
Branch: master
CommitID:fab31a03ba98e7457284df95dd9eef2223a4ccaa
151732-151734 --> testing pass
Upstream job id: Generic-Unit-Test-DPDK#316854
Test environment and result as below:
+--------------------------+----------------+
| Environment | dpdk_unit_test |
+==========================+================+
| Debian 11 (Buster) (ARM) | PASS |
+--------------------------+----------------+
| CentOS Stream 9 (ARM) | PASS |
+--------------------------+----------------+
| CentOS Stream 10 (ARM) | PASS |
+--------------------------+----------------+
| Fedora 40 (ARM) | PASS |
+--------------------------+----------------+
| Fedora 40 (ARM Clang) | PASS |
+--------------------------+----------------+
| Fedora 41 (ARM) | PASS |
+--------------------------+----------------+
| Debian 12 (arm) | PASS |
+--------------------------+----------------+
| RHEL9 (ARM) | PASS |
+--------------------------+----------------+
| Ubuntu 22.04 (ARM) | PASS |
+--------------------------+----------------+
| Fedora 41 (ARM Clang) | PASS |
+--------------------------+----------------+
| Ubuntu 20.04 (ARM) | PASS |
+--------------------------+----------------+
| Ubuntu 24.04 (ARM) | PASS |
+--------------------------+----------------+
Debian 11 (Buster) (ARM)
Kernel: Depends on container host
Compiler: gcc (Debian 10.2.1-6) 10.2.1 20210110
CentOS Stream 9 (ARM)
Kernel: Depends on container host
Compiler: gcc 11.5.0 20240719 (Red Hat 11.5.0-2)
CentOS Stream 10 (ARM)
Kernel: Depends on container host
Compiler: gcc 14.2.1 20241104 (Red Hat 14.2.1-6)
Fedora 40 (ARM)
Kernel: Depends on container host
Compiler: gcc 14.2.1 20240912 (Red Hat 14.2.1-3)
Fedora 40 (ARM Clang)
Kernel: Depends on container host
Compiler: clang 18.1.8 (Fedora 18.1.8-1.fc40)
Fedora 41 (ARM)
Kernel: Depends on container host
Compiler: gcc 14.2.1 20240912 (Red Hat 14.2.1-3)
Debian 12 (arm)
Kernel: Depends on container host
Compiler: gcc (Debian 12.2.0-14) 12.2.0
RHEL9 (ARM)
Kernel: Depends on container host
Compiler: gcc 11.5.0 20240719 (Red Hat 11.5.0-2)
Ubuntu 22.04 (ARM)
Kernel: Depends on container host
Compiler: gcc (Ubuntu 11.4.0-1ubuntu1~22.04) 11.4.0
Fedora 41 (ARM Clang)
Kernel: Depends on container host
Compiler: clang 19.1.5 (Fedora 19.1.5-1.fc41)
Ubuntu 20.04 (ARM)
Kernel: Depends on container host
Compiler: gcc (Ubuntu 9.4.0-1ubuntu1~20.04.2) 9.4.0
Ubuntu 24.04 (ARM)
Kernel: Depends on container host
Compiler: gcc (Ubuntu 13.3.0-6ubuntu2~24.04) 13.3.0
To view detailed results, visit:
https://lab.dpdk.org/results/dashboard/patchsets/32629/
UNH-IOL DPDK Community Lab
To manage your email subscriptions, visit:
https://lab.dpdk.org/results/dashboard/preferences/subscriptions/
^ permalink raw reply [flat|nested] 22+ messages in thread
* |SUCCESS| pw151732-151734 [PATCH] [v4,10/10] app: enable app directo
[not found] <1740087064-18680-11-git-send-email-andremue@linux.microsoft.com>
` (15 preceding siblings ...)
2025-02-21 4:29 ` dpdklab
@ 2025-02-21 4:40 ` dpdklab
2025-02-21 5:19 ` dpdklab
` (4 subsequent siblings)
21 siblings, 0 replies; 22+ messages in thread
From: dpdklab @ 2025-02-21 4:40 UTC (permalink / raw)
To: Test Report; +Cc: dpdk-test-reports
Test-Label: iol-compile-amd64-testing
Test-Status: SUCCESS
http://dpdk.org/patch/151734
_Testing PASS_
Submitter: Andre Muezerie <andremue@linux.microsoft.com>
Date: Thursday, February 20 2025 21:31:04
DPDK git baseline: Repo:dpdk
Branch: master
CommitID:fab31a03ba98e7457284df95dd9eef2223a4ccaa
151732-151734 --> testing pass
Upstream job id: Generic-DPDK-Compile-Meson#363720
Test environment and result as below:
+-------------------+--------------------+-------------------+------------------+
| Environment | dpdk_meson_compile | dpdk_compile_spdk | dpdk_compile_ovs |
+===================+====================+===================+==================+
| CentOS Stream 9 | PASS | PASS | SKIPPED |
+-------------------+--------------------+-------------------+------------------+
| CentOS Stream 10 | PASS | SKIPPED | SKIPPED |
+-------------------+--------------------+-------------------+------------------+
| Debian Bullseye | PASS | PASS | SKIPPED |
+-------------------+--------------------+-------------------+------------------+
| Fedora 40 (Clang) | PASS | PASS | SKIPPED |
+-------------------+--------------------+-------------------+------------------+
| Fedora 41 (Clang) | PASS | PASS | PASS |
+-------------------+--------------------+-------------------+------------------+
| Fedora 40 | PASS | PASS | SKIPPED |
+-------------------+--------------------+-------------------+------------------+
| Debian 12 | PASS | PASS | SKIPPED |
+-------------------+--------------------+-------------------+------------------+
| Fedora 41 | PASS | PASS | PASS |
+-------------------+--------------------+-------------------+------------------+
| Ubuntu 22.04 | PASS | PASS | SKIPPED |
+-------------------+--------------------+-------------------+------------------+
| openSUSE Leap 15 | PASS | SKIPPED | SKIPPED |
+-------------------+--------------------+-------------------+------------------+
| RHEL8 | PASS | SKIPPED | SKIPPED |
+-------------------+--------------------+-------------------+------------------+
| Ubuntu 20.04 | PASS | SKIPPED | SKIPPED |
+-------------------+--------------------+-------------------+------------------+
| Ubuntu 24.04 | PASS | PASS | PASS |
+-------------------+--------------------+-------------------+------------------+
| Alpine | PASS | SKIPPED | SKIPPED |
+-------------------+--------------------+-------------------+------------------+
| FreeBSD 13.4 | PASS | SKIPPED | SKIPPED |
+-------------------+--------------------+-------------------+------------------+
| FreeBSD 14.2 | PASS | SKIPPED | SKIPPED |
+-------------------+--------------------+-------------------+------------------+
| RHEL9 | PASS | SKIPPED | SKIPPED |
+-------------------+--------------------+-------------------+------------------+
CentOS Stream 9
Kernel: Depends on container host
Compiler: gcc 11.5.0 20240719 (Red Hat 11.5.0-2)
CentOS Stream 10
Kernel: Depends on container host
Compiler: gcc 14.2.1 20241104 (Red Hat 14.2.1-6)
Debian Bullseye
Kernel: Depends on container host
Compiler: gcc (Debian 10.2.1-6) 10.2.1 20210110
Fedora 40 (Clang)
Kernel: Depends on container host
Compiler: clang 18.1.8 (Fedora 18.1.8-1.fc40)
Fedora 41 (Clang)
Kernel: Depends on container host
Compiler: clang 19.1.5 (Fedora 19.1.5-1.fc41)
Fedora 40
Kernel: Depends on container host
Compiler: gcc 14.2.1 20240912 (Red Hat 14.2.1-3)
Debian 12
Kernel: Depends on container host
Compiler: gcc (Debian 12.2.0-14) 12.2.0
Fedora 41
Kernel: Depends on container host
Compiler: gcc 14.2.1 20240912 (Red Hat 14.2.1-3)
Ubuntu 22.04
Kernel: Depends on container host
Compiler: gcc (Ubuntu 11.4.0-1ubuntu1~22.04) 11.4.0
openSUSE Leap 15
Kernel: Depends on container host
Compiler: gcc (SUSE Linux) 7.5.0
RHEL8
Kernel: Depends on container host
Compiler: gcc 8.5.0 20210514 (Red Hat 8.5.0-22)
Ubuntu 20.04
Kernel: Depends on container host
Compiler: gcc (Ubuntu 9.4.0-1ubuntu1~20.04.2) 9.4.0
Ubuntu 24.04
Kernel: Depends on container host
Compiler: gcc (Ubuntu 13.3.0-6ubuntu2~24.04) 13.3.0
Alpine
Kernel: Depends on container host
Compiler: gcc (Alpine 14.2.0) 14.2.0
FreeBSD 13.4
Kernel: 13.4-RELEASE-p1
Compiler: clang 18.1.6
FreeBSD 14.2
Kernel: 14.2-RELEASE
Compiler: clang 18.1.6
RHEL9
Kernel: Depends on container host
Compiler: gcc 11.5.0 20240719 (Red Hat 11.5.0-2)
To view detailed results, visit:
https://lab.dpdk.org/results/dashboard/patchsets/32629/
UNH-IOL DPDK Community Lab
To manage your email subscriptions, visit:
https://lab.dpdk.org/results/dashboard/preferences/subscriptions/
^ permalink raw reply [flat|nested] 22+ messages in thread
* |SUCCESS| pw151732-151734 [PATCH] [v4,10/10] app: enable app directo
[not found] <1740087064-18680-11-git-send-email-andremue@linux.microsoft.com>
` (16 preceding siblings ...)
2025-02-21 4:40 ` dpdklab
@ 2025-02-21 5:19 ` dpdklab
2025-02-21 6:11 ` dpdklab
` (3 subsequent siblings)
21 siblings, 0 replies; 22+ messages in thread
From: dpdklab @ 2025-02-21 5:19 UTC (permalink / raw)
To: Test Report; +Cc: dpdk-test-reports
Test-Label: iol-compile-amd64-testing
Test-Status: SUCCESS
http://dpdk.org/patch/151734
_Testing PASS_
Submitter: Andre Muezerie <andremue@linux.microsoft.com>
Date: Thursday, February 20 2025 21:31:04
DPDK git baseline: Repo:dpdk
Branch: master
CommitID:fab31a03ba98e7457284df95dd9eef2223a4ccaa
151732-151734 --> testing pass
Upstream job id: Windows-Compile-DPDK-VS#4994
Test environment and result as below:
+---------------------+--------------------+-------------------+------------------+-------------------+
| Environment | dpdk_meson_compile | dpdk_compile_spdk | dpdk_compile_ovs | dpdk_msvc_compile |
+=====================+====================+===================+==================+===================+
| CentOS Stream 9 | PASS | PASS | SKIPPED | SKIPPED |
+---------------------+--------------------+-------------------+------------------+-------------------+
| CentOS Stream 10 | PASS | SKIPPED | SKIPPED | SKIPPED |
+---------------------+--------------------+-------------------+------------------+-------------------+
| Debian Bullseye | PASS | PASS | SKIPPED | SKIPPED |
+---------------------+--------------------+-------------------+------------------+-------------------+
| Fedora 40 (Clang) | PASS | PASS | SKIPPED | SKIPPED |
+---------------------+--------------------+-------------------+------------------+-------------------+
| Fedora 41 (Clang) | PASS | PASS | PASS | SKIPPED |
+---------------------+--------------------+-------------------+------------------+-------------------+
| Fedora 40 | PASS | PASS | SKIPPED | SKIPPED |
+---------------------+--------------------+-------------------+------------------+-------------------+
| Debian 12 | PASS | PASS | SKIPPED | SKIPPED |
+---------------------+--------------------+-------------------+------------------+-------------------+
| Fedora 41 | PASS | PASS | PASS | SKIPPED |
+---------------------+--------------------+-------------------+------------------+-------------------+
| Ubuntu 22.04 | PASS | PASS | SKIPPED | SKIPPED |
+---------------------+--------------------+-------------------+------------------+-------------------+
| openSUSE Leap 15 | PASS | SKIPPED | SKIPPED | SKIPPED |
+---------------------+--------------------+-------------------+------------------+-------------------+
| RHEL8 | PASS | SKIPPED | SKIPPED | SKIPPED |
+---------------------+--------------------+-------------------+------------------+-------------------+
| Ubuntu 20.04 | PASS | SKIPPED | SKIPPED | SKIPPED |
+---------------------+--------------------+-------------------+------------------+-------------------+
| Ubuntu 24.04 | PASS | PASS | PASS | SKIPPED |
+---------------------+--------------------+-------------------+------------------+-------------------+
| Alpine | PASS | SKIPPED | SKIPPED | SKIPPED |
+---------------------+--------------------+-------------------+------------------+-------------------+
| FreeBSD 13.4 | PASS | SKIPPED | SKIPPED | SKIPPED |
+---------------------+--------------------+-------------------+------------------+-------------------+
| FreeBSD 14.2 | PASS | SKIPPED | SKIPPED | SKIPPED |
+---------------------+--------------------+-------------------+------------------+-------------------+
| RHEL9 | PASS | SKIPPED | SKIPPED | SKIPPED |
+---------------------+--------------------+-------------------+------------------+-------------------+
| Windows Server 2022 | SKIPPED | SKIPPED | SKIPPED | PASS |
+---------------------+--------------------+-------------------+------------------+-------------------+
CentOS Stream 9
Kernel: Depends on container host
Compiler: gcc 11.5.0 20240719 (Red Hat 11.5.0-2)
CentOS Stream 10
Kernel: Depends on container host
Compiler: gcc 14.2.1 20241104 (Red Hat 14.2.1-6)
Debian Bullseye
Kernel: Depends on container host
Compiler: gcc (Debian 10.2.1-6) 10.2.1 20210110
Fedora 40 (Clang)
Kernel: Depends on container host
Compiler: clang 18.1.8 (Fedora 18.1.8-1.fc40)
Fedora 41 (Clang)
Kernel: Depends on container host
Compiler: clang 19.1.5 (Fedora 19.1.5-1.fc41)
Fedora 40
Kernel: Depends on container host
Compiler: gcc 14.2.1 20240912 (Red Hat 14.2.1-3)
Debian 12
Kernel: Depends on container host
Compiler: gcc (Debian 12.2.0-14) 12.2.0
Fedora 41
Kernel: Depends on container host
Compiler: gcc 14.2.1 20240912 (Red Hat 14.2.1-3)
Ubuntu 22.04
Kernel: Depends on container host
Compiler: gcc (Ubuntu 11.4.0-1ubuntu1~22.04) 11.4.0
openSUSE Leap 15
Kernel: Depends on container host
Compiler: gcc (SUSE Linux) 7.5.0
RHEL8
Kernel: Depends on container host
Compiler: gcc 8.5.0 20210514 (Red Hat 8.5.0-22)
Ubuntu 20.04
Kernel: Depends on container host
Compiler: gcc (Ubuntu 9.4.0-1ubuntu1~20.04.2) 9.4.0
Ubuntu 24.04
Kernel: Depends on container host
Compiler: gcc (Ubuntu 13.3.0-6ubuntu2~24.04) 13.3.0
Alpine
Kernel: Depends on container host
Compiler: gcc (Alpine 14.2.0) 14.2.0
FreeBSD 13.4
Kernel: 13.4-RELEASE-p1
Compiler: clang 18.1.6
FreeBSD 14.2
Kernel: 14.2-RELEASE
Compiler: clang 18.1.6
RHEL9
Kernel: Depends on container host
Compiler: gcc 11.5.0 20240719 (Red Hat 11.5.0-2)
Windows Server 2022
Kernel: 10.0.20348.2031
Compiler: clang 15.0.7, gcc 14.1.0 (MinGW), and MSVC VS 19.39.33521
To view detailed results, visit:
https://lab.dpdk.org/results/dashboard/patchsets/32629/
UNH-IOL DPDK Community Lab
To manage your email subscriptions, visit:
https://lab.dpdk.org/results/dashboard/preferences/subscriptions/
^ permalink raw reply [flat|nested] 22+ messages in thread
* |SUCCESS| pw151732-151734 [PATCH] [v4,10/10] app: enable app directo
[not found] <1740087064-18680-11-git-send-email-andremue@linux.microsoft.com>
` (17 preceding siblings ...)
2025-02-21 5:19 ` dpdklab
@ 2025-02-21 6:11 ` dpdklab
2025-02-21 16:18 ` dpdklab
` (2 subsequent siblings)
21 siblings, 0 replies; 22+ messages in thread
From: dpdklab @ 2025-02-21 6:11 UTC (permalink / raw)
To: Test Report; +Cc: dpdk-test-reports
Test-Label: iol-compile-arm64-testing
Test-Status: SUCCESS
http://dpdk.org/patch/151734
_Testing PASS_
Submitter: Andre Muezerie <andremue@linux.microsoft.com>
Date: Thursday, February 20 2025 21:31:04
DPDK git baseline: Repo:dpdk
Branch: master
CommitID:fab31a03ba98e7457284df95dd9eef2223a4ccaa
151732-151734 --> testing pass
Upstream job id: Generic-DPDK-Compile-Meson#363735
Test environment and result as below:
+----------------------------------------+--------------------+
| Environment | dpdk_meson_compile |
+========================================+====================+
| RHEL9 (ARM) | PASS |
+----------------------------------------+--------------------+
| Ubuntu 20.04 ARM GCC Cross Compile | PASS |
+----------------------------------------+--------------------+
| Ubuntu 20.04 ARM SVE | PASS |
+----------------------------------------+--------------------+
| Debian 12 with MUSDK | PASS |
+----------------------------------------+--------------------+
| Fedora 40 (ARM) | PASS |
+----------------------------------------+--------------------+
| Fedora 41 (ARM) | PASS |
+----------------------------------------+--------------------+
| Fedora 40 (ARM Clang) | PASS |
+----------------------------------------+--------------------+
| Fedora 41 (ARM Clang) | PASS |
+----------------------------------------+--------------------+
| CentOS Stream 9 (ARM) | PASS |
+----------------------------------------+--------------------+
| Ubuntu 24.04 (ARM) | PASS |
+----------------------------------------+--------------------+
| Ubuntu 22.04 (ARM) | PASS |
+----------------------------------------+--------------------+
| Ubuntu 20.04 (ARM) | PASS |
+----------------------------------------+--------------------+
| CentOS Stream 10 (ARM) | PASS |
+----------------------------------------+--------------------+
| Debian 12 (arm) | PASS |
+----------------------------------------+--------------------+
| Ubuntu 20.04 aarch32 GCC Cross Compile | PASS |
+----------------------------------------+--------------------+
| Ubuntu 20.04 ARM Clang Cross Compile | PASS |
+----------------------------------------+--------------------+
| Debian 11 (Buster) (ARM) | PASS |
+----------------------------------------+--------------------+
RHEL9 (ARM)
Kernel: Depends on container host
Compiler: gcc 11.5.0 20240719 (Red Hat 11.5.0-2)
Ubuntu 20.04 ARM GCC Cross Compile
Kernel: Depends on container host
Compiler: aarch64-linux-gnu-gcc (Ubuntu 9.4.0-1ubuntu1~20.04.2) 9.4.0
Ubuntu 20.04 ARM SVE
Kernel: Depends on container host
Compiler: gcc (Ubuntu 10.5.0-1ubuntu1~20.04) 10.5.0
Debian 12 with MUSDK
Kernel: Depends on container host
Compiler: gcc (Debian 12.2.0-14) 12.2.0
Fedora 40 (ARM)
Kernel: Depends on container host
Compiler: gcc 14.2.1 20240912 (Red Hat 14.2.1-3)
Fedora 41 (ARM)
Kernel: Depends on container host
Compiler: gcc 14.2.1 20240912 (Red Hat 14.2.1-3)
Fedora 40 (ARM Clang)
Kernel: Depends on container host
Compiler: clang 18.1.8 (Fedora 18.1.8-1.fc40)
Fedora 41 (ARM Clang)
Kernel: Depends on container host
Compiler: clang 19.1.5 (Fedora 19.1.5-1.fc41)
CentOS Stream 9 (ARM)
Kernel: Depends on container host
Compiler: gcc 11.5.0 20240719 (Red Hat 11.5.0-2)
Ubuntu 24.04 (ARM)
Kernel: Depends on container host
Compiler: gcc (Ubuntu 13.3.0-6ubuntu2~24.04) 13.3.0
Ubuntu 22.04 (ARM)
Kernel: Depends on container host
Compiler: gcc (Ubuntu 11.4.0-1ubuntu1~22.04) 11.4.0
Ubuntu 20.04 (ARM)
Kernel: Depends on container host
Compiler: gcc (Ubuntu 9.4.0-1ubuntu1~20.04.2) 9.4.0
CentOS Stream 10 (ARM)
Kernel: Depends on container host
Compiler: gcc 14.2.1 20241104 (Red Hat 14.2.1-6)
Debian 12 (arm)
Kernel: Depends on container host
Compiler: gcc (Debian 12.2.0-14) 12.2.0
Ubuntu 20.04 aarch32 GCC Cross Compile
Kernel: Depends on container host
Compiler: gcc 9.4.0
Ubuntu 20.04 ARM Clang Cross Compile
Kernel: Depends on container host
Compiler: clang 10.0.0-4ubuntu1
Debian 11 (Buster) (ARM)
Kernel: Depends on container host
Compiler: gcc (Debian 10.2.1-6) 10.2.1 20210110
To view detailed results, visit:
https://lab.dpdk.org/results/dashboard/patchsets/32629/
UNH-IOL DPDK Community Lab
To manage your email subscriptions, visit:
https://lab.dpdk.org/results/dashboard/preferences/subscriptions/
^ permalink raw reply [flat|nested] 22+ messages in thread
* |SUCCESS| pw151732-151734 [PATCH] [v4,10/10] app: enable app directo
[not found] <1740087064-18680-11-git-send-email-andremue@linux.microsoft.com>
` (18 preceding siblings ...)
2025-02-21 6:11 ` dpdklab
@ 2025-02-21 16:18 ` dpdklab
2025-02-21 20:34 ` dpdklab
2025-02-21 21:05 ` dpdklab
21 siblings, 0 replies; 22+ messages in thread
From: dpdklab @ 2025-02-21 16:18 UTC (permalink / raw)
To: Test Report; +Cc: dpdk-test-reports
Test-Label: iol-sample-apps-testing
Test-Status: SUCCESS
http://dpdk.org/patch/151734
_Testing PASS_
Submitter: Andre Muezerie <andremue@linux.microsoft.com>
Date: Thursday, February 20 2025 21:31:04
DPDK git baseline: Repo:dpdk
Branch: master
CommitID:fab31a03ba98e7457284df95dd9eef2223a4ccaa
151732-151734 --> testing pass
Upstream job id: ACVP-FIPS-testing#8984
Test environment and result as below:
+--------------------+----------------------+----------------------+
| Environment | compressdev_zlib_pmd | dpdk_fips_validation |
+====================+======================+======================+
| Ubuntu 22.04 (ARM) | PASS | SKIPPED |
+--------------------+----------------------+----------------------+
| Ubuntu 22.04 | PASS | SKIPPED |
+--------------------+----------------------+----------------------+
| Ubuntu 20.04 | SKIPPED | PASS |
+--------------------+----------------------+----------------------+
Ubuntu 22.04 (ARM)
Kernel: 5.15.0-97-generic
Compiler: gcc gcc (Ubuntu 11.4.0-1ubuntu1~22.04) 11.4.0
Ubuntu 22.04
Kernel: 5.15.0-100-generic
Compiler: gcc gcc (Ubuntu 11.4.0-1ubuntu1~22.04) 11.4.0
Ubuntu 20.04
Kernel: Depends on container host
Compiler: gcc (Ubuntu 9.4.0-1ubuntu1~20.04.2) 9.4.0
To view detailed results, visit:
https://lab.dpdk.org/results/dashboard/patchsets/32629/
UNH-IOL DPDK Community Lab
To manage your email subscriptions, visit:
https://lab.dpdk.org/results/dashboard/preferences/subscriptions/
^ permalink raw reply [flat|nested] 22+ messages in thread
* |SUCCESS| pw151732-151734 [PATCH] [v4,10/10] app: enable app directo
[not found] <1740087064-18680-11-git-send-email-andremue@linux.microsoft.com>
` (19 preceding siblings ...)
2025-02-21 16:18 ` dpdklab
@ 2025-02-21 20:34 ` dpdklab
2025-02-21 21:05 ` dpdklab
21 siblings, 0 replies; 22+ messages in thread
From: dpdklab @ 2025-02-21 20:34 UTC (permalink / raw)
To: Test Report; +Cc: dpdk-test-reports
Test-Label: iol-compile-amd64-testing
Test-Status: SUCCESS
http://dpdk.org/patch/151734
_Testing PASS_
Submitter: Andre Muezerie <andremue@linux.microsoft.com>
Date: Thursday, February 20 2025 21:31:04
DPDK git baseline: Repo:dpdk
Branch: master
CommitID:fab31a03ba98e7457284df95dd9eef2223a4ccaa
151732-151734 --> testing pass
Upstream job id: Windows-Compile-DPDK-Native#26819
Test environment and result as below:
+---------------------+--------------------+-------------------+------------------+-------------------+-------------------------+
| Environment | dpdk_meson_compile | dpdk_compile_spdk | dpdk_compile_ovs | dpdk_msvc_compile | dpdk_llvm_clang_compile |
+=====================+====================+===================+==================+===================+=========================+
| CentOS Stream 9 | PASS | PASS | SKIPPED | SKIPPED | SKIPPED |
+---------------------+--------------------+-------------------+------------------+-------------------+-------------------------+
| CentOS Stream 10 | PASS | SKIPPED | SKIPPED | SKIPPED | SKIPPED |
+---------------------+--------------------+-------------------+------------------+-------------------+-------------------------+
| Debian Bullseye | PASS | PASS | SKIPPED | SKIPPED | SKIPPED |
+---------------------+--------------------+-------------------+------------------+-------------------+-------------------------+
| Fedora 40 (Clang) | PASS | PASS | SKIPPED | SKIPPED | SKIPPED |
+---------------------+--------------------+-------------------+------------------+-------------------+-------------------------+
| Fedora 41 (Clang) | PASS | PASS | PASS | SKIPPED | SKIPPED |
+---------------------+--------------------+-------------------+------------------+-------------------+-------------------------+
| Fedora 40 | PASS | PASS | SKIPPED | SKIPPED | SKIPPED |
+---------------------+--------------------+-------------------+------------------+-------------------+-------------------------+
| Debian 12 | PASS | PASS | SKIPPED | SKIPPED | SKIPPED |
+---------------------+--------------------+-------------------+------------------+-------------------+-------------------------+
| Fedora 41 | PASS | PASS | PASS | SKIPPED | SKIPPED |
+---------------------+--------------------+-------------------+------------------+-------------------+-------------------------+
| Ubuntu 22.04 | PASS | PASS | SKIPPED | SKIPPED | SKIPPED |
+---------------------+--------------------+-------------------+------------------+-------------------+-------------------------+
| openSUSE Leap 15 | PASS | SKIPPED | SKIPPED | SKIPPED | SKIPPED |
+---------------------+--------------------+-------------------+------------------+-------------------+-------------------------+
| RHEL8 | PASS | SKIPPED | SKIPPED | SKIPPED | SKIPPED |
+---------------------+--------------------+-------------------+------------------+-------------------+-------------------------+
| Ubuntu 20.04 | PASS | SKIPPED | SKIPPED | SKIPPED | SKIPPED |
+---------------------+--------------------+-------------------+------------------+-------------------+-------------------------+
| Ubuntu 24.04 | PASS | PASS | PASS | SKIPPED | SKIPPED |
+---------------------+--------------------+-------------------+------------------+-------------------+-------------------------+
| Alpine | PASS | SKIPPED | SKIPPED | SKIPPED | SKIPPED |
+---------------------+--------------------+-------------------+------------------+-------------------+-------------------------+
| FreeBSD 13.4 | PASS | SKIPPED | SKIPPED | SKIPPED | SKIPPED |
+---------------------+--------------------+-------------------+------------------+-------------------+-------------------------+
| FreeBSD 14.2 | PASS | SKIPPED | SKIPPED | SKIPPED | SKIPPED |
+---------------------+--------------------+-------------------+------------------+-------------------+-------------------------+
| RHEL9 | PASS | SKIPPED | SKIPPED | SKIPPED | SKIPPED |
+---------------------+--------------------+-------------------+------------------+-------------------+-------------------------+
| Windows Server 2022 | SKIPPED | SKIPPED | SKIPPED | PASS | PASS |
+---------------------+--------------------+-------------------+------------------+-------------------+-------------------------+
CentOS Stream 9
Kernel: Depends on container host
Compiler: gcc 11.5.0 20240719 (Red Hat 11.5.0-2)
CentOS Stream 10
Kernel: Depends on container host
Compiler: gcc 14.2.1 20241104 (Red Hat 14.2.1-6)
Debian Bullseye
Kernel: Depends on container host
Compiler: gcc (Debian 10.2.1-6) 10.2.1 20210110
Fedora 40 (Clang)
Kernel: Depends on container host
Compiler: clang 18.1.8 (Fedora 18.1.8-1.fc40)
Fedora 41 (Clang)
Kernel: Depends on container host
Compiler: clang 19.1.5 (Fedora 19.1.5-1.fc41)
Fedora 40
Kernel: Depends on container host
Compiler: gcc 14.2.1 20240912 (Red Hat 14.2.1-3)
Debian 12
Kernel: Depends on container host
Compiler: gcc (Debian 12.2.0-14) 12.2.0
Fedora 41
Kernel: Depends on container host
Compiler: gcc 14.2.1 20240912 (Red Hat 14.2.1-3)
Ubuntu 22.04
Kernel: Depends on container host
Compiler: gcc (Ubuntu 11.4.0-1ubuntu1~22.04) 11.4.0
openSUSE Leap 15
Kernel: Depends on container host
Compiler: gcc (SUSE Linux) 7.5.0
RHEL8
Kernel: Depends on container host
Compiler: gcc 8.5.0 20210514 (Red Hat 8.5.0-22)
Ubuntu 20.04
Kernel: Depends on container host
Compiler: gcc (Ubuntu 9.4.0-1ubuntu1~20.04.2) 9.4.0
Ubuntu 24.04
Kernel: Depends on container host
Compiler: gcc (Ubuntu 13.3.0-6ubuntu2~24.04) 13.3.0
Alpine
Kernel: Depends on container host
Compiler: gcc (Alpine 14.2.0) 14.2.0
FreeBSD 13.4
Kernel: 13.4-RELEASE-p1
Compiler: clang 18.1.6
FreeBSD 14.2
Kernel: 14.2-RELEASE
Compiler: clang 18.1.6
RHEL9
Kernel: Depends on container host
Compiler: gcc 11.5.0 20240719 (Red Hat 11.5.0-2)
Windows Server 2022
Kernel: 10.0.20348.2031
Compiler: clang 15.0.7, gcc 14.1.0 (MinGW), and MSVC VS 19.39.33521
To view detailed results, visit:
https://lab.dpdk.org/results/dashboard/patchsets/32629/
UNH-IOL DPDK Community Lab
To manage your email subscriptions, visit:
https://lab.dpdk.org/results/dashboard/preferences/subscriptions/
^ permalink raw reply [flat|nested] 22+ messages in thread
* |SUCCESS| pw151732-151734 [PATCH] [v4,10/10] app: enable app directo
[not found] <1740087064-18680-11-git-send-email-andremue@linux.microsoft.com>
` (20 preceding siblings ...)
2025-02-21 20:34 ` dpdklab
@ 2025-02-21 21:05 ` dpdklab
21 siblings, 0 replies; 22+ messages in thread
From: dpdklab @ 2025-02-21 21:05 UTC (permalink / raw)
To: Test Report; +Cc: dpdk-test-reports
Test-Label: iol-compile-amd64-testing
Test-Status: SUCCESS
http://dpdk.org/patch/151734
_Testing PASS_
Submitter: Andre Muezerie <andremue@linux.microsoft.com>
Date: Thursday, February 20 2025 21:31:04
DPDK git baseline: Repo:dpdk
Branch: master
CommitID:fab31a03ba98e7457284df95dd9eef2223a4ccaa
151732-151734 --> testing pass
Upstream job id: Windows-Compile-DPDK-Native#26820
Test environment and result as below:
+---------------------+--------------------+-------------------+------------------+-------------------+-------------------------+----------------------+
| Environment | dpdk_meson_compile | dpdk_compile_spdk | dpdk_compile_ovs | dpdk_msvc_compile | dpdk_llvm_clang_compile | dpdk_mingw64_compile |
+=====================+====================+===================+==================+===================+=========================+======================+
| CentOS Stream 9 | PASS | PASS | SKIPPED | SKIPPED | SKIPPED | SKIPPED |
+---------------------+--------------------+-------------------+------------------+-------------------+-------------------------+----------------------+
| CentOS Stream 10 | PASS | SKIPPED | SKIPPED | SKIPPED | SKIPPED | SKIPPED |
+---------------------+--------------------+-------------------+------------------+-------------------+-------------------------+----------------------+
| Debian Bullseye | PASS | PASS | SKIPPED | SKIPPED | SKIPPED | SKIPPED |
+---------------------+--------------------+-------------------+------------------+-------------------+-------------------------+----------------------+
| Fedora 40 (Clang) | PASS | PASS | SKIPPED | SKIPPED | SKIPPED | SKIPPED |
+---------------------+--------------------+-------------------+------------------+-------------------+-------------------------+----------------------+
| Fedora 41 (Clang) | PASS | PASS | PASS | SKIPPED | SKIPPED | SKIPPED |
+---------------------+--------------------+-------------------+------------------+-------------------+-------------------------+----------------------+
| Fedora 40 | PASS | PASS | SKIPPED | SKIPPED | SKIPPED | SKIPPED |
+---------------------+--------------------+-------------------+------------------+-------------------+-------------------------+----------------------+
| Debian 12 | PASS | PASS | SKIPPED | SKIPPED | SKIPPED | SKIPPED |
+---------------------+--------------------+-------------------+------------------+-------------------+-------------------------+----------------------+
| Fedora 41 | PASS | PASS | PASS | SKIPPED | SKIPPED | SKIPPED |
+---------------------+--------------------+-------------------+------------------+-------------------+-------------------------+----------------------+
| Ubuntu 22.04 | PASS | PASS | SKIPPED | SKIPPED | SKIPPED | SKIPPED |
+---------------------+--------------------+-------------------+------------------+-------------------+-------------------------+----------------------+
| openSUSE Leap 15 | PASS | SKIPPED | SKIPPED | SKIPPED | SKIPPED | SKIPPED |
+---------------------+--------------------+-------------------+------------------+-------------------+-------------------------+----------------------+
| RHEL8 | PASS | SKIPPED | SKIPPED | SKIPPED | SKIPPED | SKIPPED |
+---------------------+--------------------+-------------------+------------------+-------------------+-------------------------+----------------------+
| Ubuntu 20.04 | PASS | SKIPPED | SKIPPED | SKIPPED | SKIPPED | SKIPPED |
+---------------------+--------------------+-------------------+------------------+-------------------+-------------------------+----------------------+
| Ubuntu 24.04 | PASS | PASS | PASS | SKIPPED | SKIPPED | SKIPPED |
+---------------------+--------------------+-------------------+------------------+-------------------+-------------------------+----------------------+
| Alpine | PASS | SKIPPED | SKIPPED | SKIPPED | SKIPPED | SKIPPED |
+---------------------+--------------------+-------------------+------------------+-------------------+-------------------------+----------------------+
| FreeBSD 13.4 | PASS | SKIPPED | SKIPPED | SKIPPED | SKIPPED | SKIPPED |
+---------------------+--------------------+-------------------+------------------+-------------------+-------------------------+----------------------+
| FreeBSD 14.2 | PASS | SKIPPED | SKIPPED | SKIPPED | SKIPPED | SKIPPED |
+---------------------+--------------------+-------------------+------------------+-------------------+-------------------------+----------------------+
| RHEL9 | PASS | SKIPPED | SKIPPED | SKIPPED | SKIPPED | SKIPPED |
+---------------------+--------------------+-------------------+------------------+-------------------+-------------------------+----------------------+
| Windows Server 2022 | SKIPPED | SKIPPED | SKIPPED | PASS | PASS | PASS |
+---------------------+--------------------+-------------------+------------------+-------------------+-------------------------+----------------------+
CentOS Stream 9
Kernel: Depends on container host
Compiler: gcc 11.5.0 20240719 (Red Hat 11.5.0-2)
CentOS Stream 10
Kernel: Depends on container host
Compiler: gcc 14.2.1 20241104 (Red Hat 14.2.1-6)
Debian Bullseye
Kernel: Depends on container host
Compiler: gcc (Debian 10.2.1-6) 10.2.1 20210110
Fedora 40 (Clang)
Kernel: Depends on container host
Compiler: clang 18.1.8 (Fedora 18.1.8-1.fc40)
Fedora 41 (Clang)
Kernel: Depends on container host
Compiler: clang 19.1.5 (Fedora 19.1.5-1.fc41)
Fedora 40
Kernel: Depends on container host
Compiler: gcc 14.2.1 20240912 (Red Hat 14.2.1-3)
Debian 12
Kernel: Depends on container host
Compiler: gcc (Debian 12.2.0-14) 12.2.0
Fedora 41
Kernel: Depends on container host
Compiler: gcc 14.2.1 20240912 (Red Hat 14.2.1-3)
Ubuntu 22.04
Kernel: Depends on container host
Compiler: gcc (Ubuntu 11.4.0-1ubuntu1~22.04) 11.4.0
openSUSE Leap 15
Kernel: Depends on container host
Compiler: gcc (SUSE Linux) 7.5.0
RHEL8
Kernel: Depends on container host
Compiler: gcc 8.5.0 20210514 (Red Hat 8.5.0-22)
Ubuntu 20.04
Kernel: Depends on container host
Compiler: gcc (Ubuntu 9.4.0-1ubuntu1~20.04.2) 9.4.0
Ubuntu 24.04
Kernel: Depends on container host
Compiler: gcc (Ubuntu 13.3.0-6ubuntu2~24.04) 13.3.0
Alpine
Kernel: Depends on container host
Compiler: gcc (Alpine 14.2.0) 14.2.0
FreeBSD 13.4
Kernel: 13.4-RELEASE-p1
Compiler: clang 18.1.6
FreeBSD 14.2
Kernel: 14.2-RELEASE
Compiler: clang 18.1.6
RHEL9
Kernel: Depends on container host
Compiler: gcc 11.5.0 20240719 (Red Hat 11.5.0-2)
Windows Server 2022
Kernel: 10.0.20348.2031
Compiler: clang 15.0.7, gcc 14.1.0 (MinGW), and MSVC VS 19.39.33521
To view detailed results, visit:
https://lab.dpdk.org/results/dashboard/patchsets/32629/
UNH-IOL DPDK Community Lab
To manage your email subscriptions, visit:
https://lab.dpdk.org/results/dashboard/preferences/subscriptions/
^ permalink raw reply [flat|nested] 22+ messages in thread
end of thread, other threads:[~2025-02-21 21:05 UTC | newest]
Thread overview: 22+ messages (download: mbox.gz / follow: Atom feed)
-- links below jump to the message on this page --
[not found] <1740087064-18680-11-git-send-email-andremue@linux.microsoft.com>
2025-02-20 21:04 ` |SUCCESS| pw151732-151734 [PATCH v4 10/10] app: enable app directory to be compiled with MSVC qemudev
2025-02-20 21:08 ` qemudev
2025-02-20 21:32 ` |SUCCESS| pw151734 " checkpatch
2025-02-20 22:44 ` |FAILURE| " 0-day Robot
2025-02-21 1:25 ` |SUCCESS| pw151732-151734 [PATCH] [v4,10/10] app: enable app directo dpdklab
2025-02-21 1:27 ` dpdklab
2025-02-21 1:45 ` dpdklab
2025-02-21 1:53 ` dpdklab
2025-02-21 2:04 ` |PENDING| " dpdklab
2025-02-21 2:28 ` |SUCCESS| " dpdklab
2025-02-21 2:38 ` |PENDING| " dpdklab
2025-02-21 2:53 ` dpdklab
2025-02-21 2:56 ` dpdklab
2025-02-21 3:29 ` |SUCCESS| " dpdklab
2025-02-21 3:53 ` dpdklab
2025-02-21 4:29 ` dpdklab
2025-02-21 4:40 ` dpdklab
2025-02-21 5:19 ` dpdklab
2025-02-21 6:11 ` dpdklab
2025-02-21 16:18 ` dpdklab
2025-02-21 20:34 ` dpdklab
2025-02-21 21:05 ` dpdklab
This is a public inbox, see mirroring instructions
for how to clone and mirror all data and code used for this inbox;
as well as URLs for NNTP newsgroup(s).