From mboxrd@z Thu Jan 1 00:00:00 1970 Return-Path: Received: from mails.dpdk.org (mails.dpdk.org [217.70.189.124]) by inbox.dpdk.org (Postfix) with ESMTP id 7D9694627C for ; Fri, 21 Feb 2025 22:09:07 +0100 (CET) Received: from mails.dpdk.org (localhost [127.0.0.1]) by mails.dpdk.org (Postfix) with ESMTP id 2C9A4410E8; Fri, 21 Feb 2025 22:09:07 +0100 (CET) Received: from mail-il1-f226.google.com (mail-il1-f226.google.com [209.85.166.226]) by mails.dpdk.org (Postfix) with ESMTP id 95DA2410E6 for ; Fri, 21 Feb 2025 22:09:01 +0100 (CET) Received: by mail-il1-f226.google.com with SMTP id e9e14a558f8ab-3d28792a49dso17187085ab.3 for ; Fri, 21 Feb 2025 13:09:01 -0800 (PST) DKIM-Signature: v=1; a=rsa-sha256; c=relaxed/relaxed; d=iol.unh.edu; s=unh-iol; t=1740172141; x=1740776941; darn=dpdk.org; h=references:in-reply-to:cc:to:from:subject:message-id:date:from:to :cc:subject:date:message-id:reply-to; bh=y0qwz8RgaHTco5rmWY04CvvqDUs7r1A9HxI/9V/TAB8=; b=hPPECVlRAYJ3FXHIIghJNWKGEK/NYDkngeDeT0OW/ZZuZaDKsUDmMOWNTba5T5l+QA UYS8Di71rpbnbvMgtUz/rIHilz9TeyX6VkIcaDrf/aHc775L1x1Se1sDciU/GMI7U1Ip Zz/bAfYbqccpJ9LxinYWikPTdylGBRaXHMVWo= X-Google-DKIM-Signature: v=1; a=rsa-sha256; c=relaxed/relaxed; d=1e100.net; s=20230601; t=1740172141; x=1740776941; h=references:in-reply-to:cc:to:from:subject:message-id:date :x-gm-message-state:from:to:cc:subject:date:message-id:reply-to; bh=y0qwz8RgaHTco5rmWY04CvvqDUs7r1A9HxI/9V/TAB8=; b=Bw4Ztb+EDAdgg6fDyU+pChLrbcwi9u1OntNMoa2LhG25KvYdhe5ti6I7fe/+qXKH4S iBhyg4VK+UDt4qu64E/vDfQu642e5CFUp9ZW+Iafiumku0Fy5jVkdJRWK8ycfK67+Ecv 9LqpUX8BXR/d/n5q/gSNFC6Vk5l+s70x1Xzvu/xyMqzJJOb6oHICpx/JzXakbrVy7QjP bZE3Bds1NmZsEx6MV7FihThPs60kdA0U0SadSRSEjwKCzmwaz0sY7ln8oUuNU6rRoGja sryOQ+XdpQmeIOLtSCPNNeh4jbKqYG2VbZxhV2LDo6o/HyrsNgxON3EPjcq4hFzuHeU6 wzXw== X-Gm-Message-State: AOJu0YxdqP3g6fp9RF4gSumdcT/Y2g0kOSO4t9X6LGJFJjUjJ2rZe/gL zfe+fKYd/NY8tXh9Q0Mj4f3BAr/bHFxB/txBsq0dGGQbOoQilXlu7wMB1/AeW74NIhhtLm+SCCC osoiz7NH8jpoNsgqRoofPzlB8zn+vwEEGcSYcgsCE7yRqm8c+rSPYZxA1 X-Gm-Gg: ASbGncv7qYmuTsBwSq4LmlJiiV8fyEnpY0yedgF7LGT4kWZ/j+B5GhTkNmN72jOBIJa PXT7vvLRsS1+I+y2H/Xam39YjWocGRZf3/RnCX/2/uNo5rbB2fegV88RNTpjxMaLPRnbJRrNKmK IwJuTYmu9dEllfNsnkebhFzlBG3dl8BuVWXZVwsGtq8igNQ4AizEuCerSvEwHLlkYft1+3bjkQj p6oGtfJ3aP8V3sVfYGI9019xoLYX/kNztqWvLOZsg0kTrV0nIZmUrQFYAtjbrtha39TnvcoKKlD kqr/JD04vO3anUVXD6WBTwpEh1S4AjZLHQoBOfC4L5aIjvhKzQNh X-Google-Smtp-Source: AGHT+IECj8UNLBz0uzdfAflCTPnbvcq6v38Su2c9+lGE8sxyeW6cY9I5VT1JrZFe/i9k6waSGcqstT1g8n2D X-Received: by 2002:a05:6e02:156b:b0:3d1:9429:e5bf with SMTP id e9e14a558f8ab-3d2cb543dc6mr46620175ab.19.1740172140849; Fri, 21 Feb 2025 13:09:00 -0800 (PST) Received: from postal.iol.unh.edu (postal.iol.unh.edu. [2606:4100:3880:1234::84]) by smtp-relay.gmail.com with ESMTPS id e9e14a558f8ab-3d290aaab45sm7702325ab.44.2025.02.21.13.08.59 (version=TLS1_2 cipher=ECDHE-ECDSA-AES128-GCM-SHA256 bits=128/128); Fri, 21 Feb 2025 13:09:00 -0800 (PST) X-Relaying-Domain: iol.unh.edu Date: Fri, 21 Feb 2025 13:09:00 -0800 (PST) Message-ID: <67b8eb6c.050a0220.1a47e7.5428SMTPIN_ADDED_MISSING@mx.google.com> Received: from [172.17.0.4] (unknown [172.18.0.217]) by postal.iol.unh.edu (Postfix) with ESMTP id AFEB46052471; Fri, 21 Feb 2025 16:08:58 -0500 (EST) Subject: |FAILURE| pw151799 [PATCH] test/crypto: add negative test for RSA ve From: dpdklab@iol.unh.edu To: Test Report Cc: dpdk-test-reports@iol.unh.edu, Gowrishankar Muthukrishnan In-Reply-To: <20250221170908.1613-1-gmuthukrishn@marvell.com> References: <20250221170908.1613-1-gmuthukrishn@marvell.com> Content-Type: text/plain X-BeenThere: test-report@dpdk.org X-Mailman-Version: 2.1.29 Precedence: list List-Id: automatic DPDK test reports List-Unsubscribe: , List-Archive: List-Post: List-Help: List-Subscribe: , Errors-To: test-report-bounces@dpdk.org Test-Label: iol-unit-amd64-testing Test-Status: FAILURE http://dpdk.org/patch/151799 _Testing issues_ Submitter: Gowrishankar Muthukrishnan Date: Friday, February 21 2025 17:09:05 DPDK git baseline: Repo:dpdk Branch: master CommitID:fab31a03ba98e7457284df95dd9eef2223a4ccaa 151799 --> testing issues Upstream job id: Generic-Unit-Test-DPDK#317319 Test environment and result as below: +-------------------+----------------+ | Environment | dpdk_unit_test | +===================+================+ | CentOS Stream 10 | FAIL | +-------------------+----------------+ | CentOS Stream 9 | FAIL | +-------------------+----------------+ | Debian Bullseye | PEND | +-------------------+----------------+ | Debian 12 | PEND | +-------------------+----------------+ | Fedora 41 | PEND | +-------------------+----------------+ | Fedora 41 (Clang) | PEND | +-------------------+----------------+ | Fedora 40 (Clang) | PEND | +-------------------+----------------+ | RHEL8 | PASS | +-------------------+----------------+ | Fedora 40 | PEND | +-------------------+----------------+ | RHEL9 | PEND | +-------------------+----------------+ | Ubuntu 20.04 | PEND | +-------------------+----------------+ | Ubuntu 22.04 | PEND | +-------------------+----------------+ | Ubuntu 24.04 | PEND | +-------------------+----------------+ ==== Unit test summary for CentOS Stream 9 (dpdk_unit_test): ==== ninja: Entering directory `/home-local/jenkins-local/jenkins-agent/workspace/Generic-Unit-Test-DPDK/dpdk/build' ninja: no work to do. 1/119 DPDK:fast-tests / acl_autotest OK 3.27s 2/119 DPDK:fast-tests / alarm_autotest OK 1.31s 3/119 DPDK:fast-tests / argparse_autotest OK 0.22s 4/119 DPDK:fast-tests / atomic_autotest OK 0.64s 5/119 DPDK:fast-tests / bitcount_autotest OK 0.27s 6/119 DPDK:fast-tests / bitmap_autotest OK 0.26s 7/119 DPDK:fast-tests / bitops_autotest OK 2.20s 8/119 DPDK:fast-tests / bitratestats_autotest OK 0.19s 9/119 DPDK:fast-tests / bitset_autotest OK 2.05s 10/119 DPDK:fast-tests / bpf_autotest OK 0.21s 11/119 DPDK:fast-tests / bpf_convert_autotest OK 0.23s 12/119 DPDK:fast-tests / byteorder_autotest OK 0.18s 13/119 DPDK:fast-tests / cfgfile_autotest OK 0.23s 14/119 DPDK:fast-tests / cksum_autotest OK 0.30s 15/119 DPDK:fast-tests / cmdline_autotest OK 0.32s 16/119 DPDK:fast-tests / common_autotest OK 0.56s 17/119 DPDK:fast-tests / compressdev_autotest SKIP 0.31s exit status 77 18/119 DPDK:fast-tests / cpuflags_autotest OK 0.34s 19/119 DPDK:fast-tests / crc_autotest OK 0.28s 20/119 DPDK:fast-tests / user_delay_us OK 0.18s 21/119 DPDK:fast-tests / debug_autotest OK 16.75s 22/119 DPDK:fast-tests / devargs_autotest OK 0.23s 23/119 DPDK:fast-tests / dispatcher_autotest SKIP 0.15s exit status 77 24/119 DPDK:fast-tests / distributor_autotest OK 1.39s 25/119 DPDK:fast-tests / eal_flags_c_opt_autotest OK 1.52s 26/119 DPDK:fast-tests / eal_flags_main_opt_autotest OK 0.56s 27/119 DPDK:fast-tests / eal_flags_n_opt_autotest OK 0.69s 28/119 DPDK:fast-tests / eal_flags_hpet_autotest OK 0.23s 29/119 DPDK:fast-tests / eal_flags_no_huge_autotest OK 0.67s 30/119 DPDK:fast-tests / eal_flags_a_opt_autotest OK 0.73s 31/119 DPDK:fast-tests / eal_flags_b_opt_autotest OK 0.48s 32/119 DPDK:fast-tests / eal_flags_vdev_opt_autotest OK 0.80s 33/119 DPDK:fast-tests / eal_flags_r_opt_autotest OK 0.37s 34/119 DPDK:fast-tests / eal_flags_mem_autotest OK 1.13s 35/119 DPDK:fast-tests / eal_flags_file_prefix_autotest OK 3.21s 36/119 DPDK:fast-tests / eal_flags_misc_autotest OK 3.43s 37/119 DPDK:fast-tests / eal_fs_autotest OK 0.33s 38/119 DPDK:fast-tests / errno_autotest OK 0.28s 39/119 DPDK:fast-tests / ethdev_link_status OK 0.20s 40/119 DPDK:fast-tests / event_eth_tx_adapter_autotest OK 0.57s 41/119 DPDK:fast-tests / event_ring_autotest OK 0.27s 42/119 DPDK:fast-tests / eventdev_common_autotest OK 0.18s 43/119 DPDK:fast-tests / eventdev_selftest_sw OK 0.46s 44/119 DPDK:fast-tests / fbarray_autotest OK 0.18s 45/119 DPDK:fast-tests / fib_autotest OK 1.33s 46/119 DPDK:fast-tests / fib6_autotest OK 1.02s 47/119 DPDK:fast-tests / func_reentrancy_autotest OK 0.88s 48/119 DPDK:fast-tests / graph_autotest OK 0.25s 49/119 DPDK:fast-tests / node_list_dump OK 0.33s 50/119 DPDK:fast-tests / hash_autotest OK 0.35s 51/119 DPDK:fast-tests / hash_readwrite_func_autotest SKIP 0.22s exit status 77 52/119 DPDK:fast-tests / interrupt_autotest OK 1.84s 53/119 DPDK:fast-tests / ipfrag_autotest OK 0.15s 54/119 DPDK:fast-tests / ipsec_autotest SKIP 0.35s exit status 77 55/119 DPDK:fast-tests / kvargs_autotest OK 0.25s 56/119 DPDK:fast-tests / latencystats_autotest OK 0.19s 57/119 DPDK:fast-tests / lcore_var_autotest OK 0.33s 58/119 DPDK:fast-tests / lcores_autotest OK 1.35s 59/119 DPDK:fast-tests / logs_autotest OK 0.18s 60/119 DPDK:fast-tests / lpm_autotest OK 1.82s 61/119 DPDK:fast-tests / lpm6_autotest OK 3.42s 62/119 DPDK:fast-tests / malloc_autotest OK 0.59s 63/119 DPDK:fast-tests / mbuf_autotest OK 0.20s 64/119 DPDK:fast-tests / mcslock_autotest OK 0.42s 65/119 DPDK:fast-tests / member_autotest OK 0.98s 66/119 DPDK:fast-tests / memcpy_autotest OK 2.33s 67/119 DPDK:fast-tests / memory_autotest OK 0.20s 68/119 DPDK:fast-tests / mempool_autotest OK 0.47s 69/119 DPDK:fast-tests / memzone_autotest OK 0.16s 70/119 DPDK:fast-tests / meter_autotest OK 0.19s 71/119 DPDK:fast-tests / metrics_autotest OK 0.18s 72/119 DPDK:fast-tests / multiprocess_autotest OK 0.35s 73/119 DPDK:fast-tests / net_ether_autotest OK 0.61s 74/119 DPDK:fast-tests / net_ipv6_autotest OK 0.18s 75/119 DPDK:fast-tests / pcapng_autotest OK 6.94s 76/119 DPDK:fast-tests / pdcp_autotest SKIP 0.15s exit status 77 77/119 DPDK:fast-tests / pdump_autotest OK 0.34s 78/119 DPDK:fast-tests / per_lcore_autotest OK 0.28s 79/119 DPDK:fast-tests / pflock_autotest OK 0.37s 80/119 DPDK:fast-tests / pie_autotest OK 0.26s 81/119 DPDK:fast-tests / ring_pmd_autotest OK 0.19s 82/119 DPDK:fast-tests / power_autotest OK 0.18s 83/119 DPDK:fast-tests / power_cpufreq_autotest SKIP 0.15s exit status 77 84/119 DPDK:fast-tests / power_intel_uncore_autotest SKIP 0.19s exit status 77 85/119 DPDK:fast-tests / power_kvm_vm_autotest SKIP 0.15s exit status 77 86/119 DPDK:fast-tests / prefetch_autotest OK 0.19s 87/119 DPDK:fast-tests / ptr_compress_autotest OK 0.18s 88/119 DPDK:fast-tests / rawdev_autotest OK 0.18s 89/119 DPDK:fast-tests / rcu_qsbr_autotest OK 0.33s 90/119 DPDK:fast-tests / reorder_autotest OK 0.40s 91/119 DPDK:fast-tests / rib_autotest OK 5.21s 92/119 DPDK:fast-tests / rib6_autotest OK 4.49s 93/119 DPDK:fast-tests / ring_autotest OK 0.32s 94/119 DPDK:fast-tests / rwlock_test1_autotest OK 0.33s 95/119 DPDK:fast-tests / rwlock_rda_autotest OK 5.28s 96/119 DPDK:fast-tests / rwlock_rds_wrm_autotest OK 5.30s 97/119 DPDK:fast-tests / rwlock_rde_wro_autotest OK 5.19s 98/119 DPDK:fast-tests / sched_autotest OK 0.24s 99/119 DPDK:fast-tests / security_autotest OK 0.15s 100/119 DPDK:fast-tests / seqlock_autotest SKIP 0.24s exit status 77 101/119 DPDK:fast-tests / service_autotest OK 0.43s 102/119 DPDK:fast-tests / soring_autotest OK 0.19s 103/119 DPDK:fast-tests / spinlock_autotest OK 0.25s 104/119 DPDK:fast-tests / stack_autotest OK 0.19s 105/119 DPDK:fast-tests / stack_lf_autotest OK 0.35s 106/119 DPDK:fast-tests / string_autotest OK 0.29s 107/119 DPDK:fast-tests / table_autotest OK 7.55s 108/119 DPDK:fast-tests / tailq_autotest OK 0.18s 109/119 DPDK:fast-tests / telemetry_data_autotest OK 0.18s 110/119 DPDK:fast-tests / telemetry_json_autotest OK 0.18s 111/119 DPDK:fast-tests / thash_autotest OK 0.19s 112/119 DPDK:fast-tests / threads_autotest OK 0.41s 113/119 DPDK:fast-tests / ticketlock_autotest OK 0.20s 114/119 DPDK:fast-tests / timer_autotest OK 2.59s 115/119 DPDK:fast-tests / trace_autotest OK 0.31s 116/119 DPDK:fast-tests / trace_autotest_with_traces OK 0.19s 117/119 DPDK:fast-tests / vdev_autotest OK 0.26s 118/119 DPDK:fast-tests / version_autotest OK 0.20s 119/119 DPDK:fast-tests / telemetry_all SKIP 0.02s exit status 77 Ok: 109 Expected Fail: 0 Fail: 0 Unexpected Pass: 0 Skipped: 10 Timeout: 0 Full log written to /home-local/jenkins-local/jenkins-agent/workspace/Generic-Unit-Test-DPDK/dpdk/build/meson-logs/testlog.txt ninja: Entering directory `/home-local/jenkins-local/jenkins-agent/workspace/Generic-Unit-Test-DPDK/dpdk/build' ninja: no work to do. 1/2 DPDK:driver-tests / cryptodev_openssl_autotest OK 0.72s 2/2 DPDK:driver-tests / cryptodev_openssl_asym_autotest FAIL 0.17s (exit status 255 or signal 127 SIGinvalid) >>> DPDK_TEST=cryptodev_openssl_asym_autotest MALLOC_PERTURB_=175 /home-local/jenkins-local/jenkins-agent/workspace/Generic-Unit-Test-DPDK/dpdk/build/app/dpdk-test --vdev crypto_openssl Ok: 1 Expected Fail: 0 Fail: 1 Unexpected Pass: 0 Skipped: 0 Timeout: 0 Full log written to /home-local/jenkins-local/jenkins-agent/workspace/Generic-Unit-Test-DPDK/dpdk/build/meson-logs/testlog.txt Test log output from the failed test cryptodev_openssl_asym_autotest: Sorry, we were not able to find the logs for this test. Download the log output from the CI site for this test run. ==== End log output ==== CentOS Stream 10 Kernel: Depends on container host Compiler: gcc 14.2.1 20241104 (Red Hat 14.2.1-6) CentOS Stream 9 Kernel: Depends on container host Compiler: gcc 11.5.0 20240719 (Red Hat 11.5.0-2) Debian Bullseye Kernel: Depends on container host Compiler: gcc (Debian 10.2.1-6) 10.2.1 20210110 Debian 12 Kernel: Depends on container host Compiler: gcc (Debian 12.2.0-14) 12.2.0 Fedora 41 Kernel: Depends on container host Compiler: gcc 14.2.1 20240912 (Red Hat 14.2.1-3) Fedora 41 (Clang) Kernel: Depends on container host Compiler: clang 19.1.5 (Fedora 19.1.5-1.fc41) Fedora 40 (Clang) Kernel: Depends on container host Compiler: clang 18.1.8 (Fedora 18.1.8-1.fc40) RHEL8 Kernel: Depends on container host Compiler: gcc 8.5.0 20210514 (Red Hat 8.5.0-22) Fedora 40 Kernel: Depends on container host Compiler: gcc 14.2.1 20240912 (Red Hat 14.2.1-3) RHEL9 Kernel: Depends on container host Compiler: gcc 11.5.0 20240719 (Red Hat 11.5.0-2) Ubuntu 20.04 Kernel: Depends on container host Compiler: gcc (Ubuntu 9.4.0-1ubuntu1~20.04.2) 9.4.0 Ubuntu 22.04 Kernel: Depends on container host Compiler: gcc (Ubuntu 11.4.0-1ubuntu1~22.04) 11.4.0 Ubuntu 24.04 Kernel: Depends on container host Compiler: gcc (Ubuntu 13.3.0-6ubuntu2~24.04) 13.3.0 To view detailed results, visit: https://lab.dpdk.org/results/dashboard/patchsets/32642/ UNH-IOL DPDK Community Lab To manage your email subscriptions, visit: https://lab.dpdk.org/results/dashboard/preferences/subscriptions/