From mboxrd@z Thu Jan 1 00:00:00 1970 Return-Path: Received: from mails.dpdk.org (mails.dpdk.org [217.70.189.124]) by inbox.dpdk.org (Postfix) with ESMTP id 2539E4627C for ; Fri, 21 Feb 2025 22:09:02 +0100 (CET) Received: from mails.dpdk.org (localhost [127.0.0.1]) by mails.dpdk.org (Postfix) with ESMTP id 208F8410E8; Fri, 21 Feb 2025 22:09:02 +0100 (CET) Received: from mail-pl1-f227.google.com (mail-pl1-f227.google.com [209.85.214.227]) by mails.dpdk.org (Postfix) with ESMTP id E4418410E6 for ; Fri, 21 Feb 2025 22:09:00 +0100 (CET) Received: by mail-pl1-f227.google.com with SMTP id d9443c01a7336-220e989edb6so72107435ad.1 for ; Fri, 21 Feb 2025 13:09:00 -0800 (PST) DKIM-Signature: v=1; a=rsa-sha256; c=relaxed/relaxed; d=iol.unh.edu; s=unh-iol; t=1740172140; x=1740776940; darn=dpdk.org; h=references:in-reply-to:cc:to:from:subject:message-id:date:from:to :cc:subject:date:message-id:reply-to; bh=ng3EgHy4956WfXHlvg0S+KeuuOa04JO1mmGwbGLDbWk=; b=MAmLwGpUrN5gXFfsvTS2gBdbilSJo3fPtJExaKitw6MsUNVuWsLhKB1MVdDn7yjh1/ MlBicgvKGF4sjlo5zxBrDfGSsLW/6LDXGAUnBmuJm5y4DnvjdOVFGmRus2VTXVvtTO5l 20z+Yct954RMWCbUhSrp/ade7+YiwW6zbuQd8= X-Google-DKIM-Signature: v=1; a=rsa-sha256; c=relaxed/relaxed; d=1e100.net; s=20230601; t=1740172140; x=1740776940; h=references:in-reply-to:cc:to:from:subject:message-id:date :x-gm-message-state:from:to:cc:subject:date:message-id:reply-to; bh=ng3EgHy4956WfXHlvg0S+KeuuOa04JO1mmGwbGLDbWk=; b=Qu2TmcP0lfOBinS8edqZG3hoO+ZwvNNGCjzB9+mI2pqJQ9Djx/hd2BhA7XlV36bbuZ D2PR0sHN1EvjZxFks8I+dpFPgNuDCx3lZHuuk/twbx0AQ/StId3Vog9s8eRsxXjsl19p irtwqiBlTLQBIS0+6qu1ldI+N2iNlUplUyPPUh6rRDK+90q4/CgCr6E04Qc+GF4OKN4t 4cDvxnXPmRbh6J4PVuILWXCZxakSyu1Oc/Uc4WxDhGFfAolZERNuINC6NfZd0JSsLTpd chTorIlK6YOv8jJJ0yGh+2gARlJW7BJ7nfiCSkvPiiK9lFolLo+S+mH9b7YrwKwDnKdU cTVw== X-Gm-Message-State: AOJu0Yy3zf/ii+SsnBZbWnzSjzDuU7A0NHPLuSVZu76TtJPkUYA47w02 Xb6DUhGb8l+TxmecugQ4dSluFd6D/edqpXag8INkaQ9sUN5jHjVuJlIJ8v7zrS9qXBkI06KyA4x zLeijmqawSgmURPEPPLK5OfYYeLiwjZ0rf32Ksp4Thoe6vWpoGIIBvNhX X-Gm-Gg: ASbGnctF2TvGB0+uUjwbaH7tdS/JwovmJ6BprDHiG+SBQ0Y1orbn+w7jTDgmekjBbfy uhI9VcRkJFQh+jVEEyQr3Rn/UN4X6oRPNgptjc4MK4DVCJ7aLgwkVR82WfjQSLGyWurdbBzOaD4 zYBGR1be65ToLm/n0ah5wfzlFGBfvdxohFXIuf3luiciZfhXQid0nKs23euUCKQ/1YGhihx6S2F EDkpLlq6M+bXhHZ4/bdnq7j3yx1fMBlc7MBiBUEl/eH7nFoJaA3Mt2gJi952R8LX/mtZkTW6WIn vQtSZgzOhLcs7haDPWPw+02QZq1aBcSqP8qy5oR17x90W+Kn2+/B X-Google-Smtp-Source: AGHT+IHQpS87/Nd7JhldAoi0XpegK+EXSRgutXvBjAbAsPwzgiuxb5bs29oxN4vzqoHtBYqypcvfskWDnJsx X-Received: by 2002:a17:902:d2c7:b0:21d:3bee:990c with SMTP id d9443c01a7336-2219ffb5fa6mr72659345ad.42.1740172140093; Fri, 21 Feb 2025 13:09:00 -0800 (PST) Received: from postal.iol.unh.edu (postal.iol.unh.edu. [2606:4100:3880:1234::84]) by smtp-relay.gmail.com with ESMTPS id d9443c01a7336-220d5201dffsm8185535ad.12.2025.02.21.13.08.59 (version=TLS1_2 cipher=ECDHE-ECDSA-AES128-GCM-SHA256 bits=128/128); Fri, 21 Feb 2025 13:09:00 -0800 (PST) X-Relaying-Domain: iol.unh.edu Date: Fri, 21 Feb 2025 13:09:00 -0800 (PST) Message-ID: <67b8eb6c.170a0220.2bf0ae.7cc0SMTPIN_ADDED_MISSING@mx.google.com> Received: from [172.17.0.5] (unknown [172.18.0.217]) by postal.iol.unh.edu (Postfix) with ESMTP id 696626052472; Fri, 21 Feb 2025 16:08:59 -0500 (EST) Subject: |FAILURE| pw151799 [PATCH] test/crypto: add negative test for RSA ve From: dpdklab@iol.unh.edu To: Test Report Cc: dpdk-test-reports@iol.unh.edu, Gowrishankar Muthukrishnan In-Reply-To: <20250221170908.1613-1-gmuthukrishn@marvell.com> References: <20250221170908.1613-1-gmuthukrishn@marvell.com> Content-Type: text/plain X-BeenThere: test-report@dpdk.org X-Mailman-Version: 2.1.29 Precedence: list List-Id: automatic DPDK test reports List-Unsubscribe: , List-Archive: List-Post: List-Help: List-Subscribe: , Errors-To: test-report-bounces@dpdk.org Test-Label: iol-unit-arm64-testing Test-Status: FAILURE http://dpdk.org/patch/151799 _Testing issues_ Submitter: Gowrishankar Muthukrishnan Date: Friday, February 21 2025 17:09:05 DPDK git baseline: Repo:dpdk Branch: master CommitID:fab31a03ba98e7457284df95dd9eef2223a4ccaa 151799 --> testing issues Upstream job id: Generic-Unit-Test-DPDK#317310 Test environment and result as below: +-----------------------------+----------------+------------------------------+--------------+---------------------------+ | Environment | dpdk_unit_test | cryptodev_sw_snow3g_autotest | lpm_autotest | cryptodev_sw_zuc_autotest | +=============================+================+==============================+==============+===========================+ | CentOS Stream 9 (ARM) | FAIL | SKIPPED | SKIPPED | SKIPPED | +-----------------------------+----------------+------------------------------+--------------+---------------------------+ | Debian 11 (Buster) (ARM) | PASS | SKIPPED | SKIPPED | SKIPPED | +-----------------------------+----------------+------------------------------+--------------+---------------------------+ | Fedora 40 (ARM) | FAIL | SKIPPED | SKIPPED | SKIPPED | +-----------------------------+----------------+------------------------------+--------------+---------------------------+ | Debian 12 (arm) | FAIL | PEND | SKIPPED | PEND | +-----------------------------+----------------+------------------------------+--------------+---------------------------+ | Fedora 40 (ARM Clang) | PEND | SKIPPED | SKIPPED | SKIPPED | +-----------------------------+----------------+------------------------------+--------------+---------------------------+ | Ubuntu 20.04 (ARM) | PEND | SKIPPED | SKIPPED | SKIPPED | +-----------------------------+----------------+------------------------------+--------------+---------------------------+ | Fedora 41 (ARM) | PEND | SKIPPED | SKIPPED | SKIPPED | +-----------------------------+----------------+------------------------------+--------------+---------------------------+ | RHEL9 (ARM) | PEND | SKIPPED | SKIPPED | SKIPPED | +-----------------------------+----------------+------------------------------+--------------+---------------------------+ | Fedora 41 (ARM Clang) | PEND | SKIPPED | SKIPPED | SKIPPED | +-----------------------------+----------------+------------------------------+--------------+---------------------------+ | Ubuntu 24.04 (ARM) | PEND | SKIPPED | SKIPPED | SKIPPED | +-----------------------------+----------------+------------------------------+--------------+---------------------------+ | Ubuntu 22.04 (ARM) | PEND | SKIPPED | SKIPPED | SKIPPED | +-----------------------------+----------------+------------------------------+--------------+---------------------------+ | 32-bit Ubuntu 22.04.4 (ARM) | PEND | SKIPPED | SKIPPED | SKIPPED | +-----------------------------+----------------+------------------------------+--------------+---------------------------+ | CentOS Stream 10 (ARM) | PEND | SKIPPED | SKIPPED | SKIPPED | +-----------------------------+----------------+------------------------------+--------------+---------------------------+ | Ubuntu 20.04 ARM SVE | SKIPPED | SKIPPED | PEND | SKIPPED | +-----------------------------+----------------+------------------------------+--------------+---------------------------+ ==== Unit test summary for Debian 12 (arm) (dpdk_unit_test): ==== ninja: Entering directory `/home-local/jenkins-local/jenkins-agent/workspace/Generic-Unit-Test-DPDK/dpdk/build' ninja: no work to do. 1/119 DPDK:fast-tests / acl_autotest OK 5.97s 2/119 DPDK:fast-tests / alarm_autotest OK 1.16s 3/119 DPDK:fast-tests / argparse_autotest OK 0.16s 4/119 DPDK:fast-tests / atomic_autotest OK 5.15s 5/119 DPDK:fast-tests / bitcount_autotest OK 0.18s 6/119 DPDK:fast-tests / bitmap_autotest OK 0.16s 7/119 DPDK:fast-tests / bitops_autotest OK 1.66s 8/119 DPDK:fast-tests / bitratestats_autotest OK 0.17s 9/119 DPDK:fast-tests / bitset_autotest OK 2.66s 10/119 DPDK:fast-tests / bpf_autotest OK 0.16s 11/119 DPDK:fast-tests / bpf_convert_autotest OK 0.17s 12/119 DPDK:fast-tests / byteorder_autotest OK 0.16s 13/119 DPDK:fast-tests / cfgfile_autotest OK 0.17s 14/119 DPDK:fast-tests / cksum_autotest OK 0.16s 15/119 DPDK:fast-tests / cmdline_autotest OK 0.16s 16/119 DPDK:fast-tests / common_autotest OK 1.06s 17/119 DPDK:fast-tests / compressdev_autotest SKIP 0.09s exit status 77 18/119 DPDK:fast-tests / cpuflags_autotest OK 0.18s 19/119 DPDK:fast-tests / crc_autotest OK 0.16s 20/119 DPDK:fast-tests / user_delay_us OK 0.16s 21/119 DPDK:fast-tests / debug_autotest OK 0.89s 22/119 DPDK:fast-tests / devargs_autotest OK 0.16s 23/119 DPDK:fast-tests / dispatcher_autotest OK 2.46s 24/119 DPDK:fast-tests / distributor_autotest OK 0.81s 25/119 DPDK:fast-tests / eal_flags_c_opt_autotest OK 1.75s 26/119 DPDK:fast-tests / eal_flags_main_opt_autotest OK 0.46s 27/119 DPDK:fast-tests / eal_flags_n_opt_autotest OK 0.41s 28/119 DPDK:fast-tests / eal_flags_hpet_autotest OK 0.23s 29/119 DPDK:fast-tests / eal_flags_no_huge_autotest OK 0.82s 30/119 DPDK:fast-tests / eal_flags_a_opt_autotest OK 0.67s 31/119 DPDK:fast-tests / eal_flags_b_opt_autotest OK 0.52s 32/119 DPDK:fast-tests / eal_flags_vdev_opt_autotest OK 0.39s 33/119 DPDK:fast-tests / eal_flags_r_opt_autotest OK 0.38s 34/119 DPDK:fast-tests / eal_flags_mem_autotest OK 0.59s 35/119 DPDK:fast-tests / eal_flags_file_prefix_autotest OK 1.61s 36/119 DPDK:fast-tests / eal_flags_misc_autotest OK 2.17s 37/119 DPDK:fast-tests / eal_fs_autotest OK 0.18s 38/119 DPDK:fast-tests / errno_autotest OK 0.16s 39/119 DPDK:fast-tests / ethdev_link_status OK 0.16s 40/119 DPDK:fast-tests / event_eth_tx_adapter_autotest OK 1.07s 41/119 DPDK:fast-tests / event_ring_autotest OK 0.18s 42/119 DPDK:fast-tests / eventdev_common_autotest OK 0.17s 43/119 DPDK:fast-tests / eventdev_selftest_sw OK 9.94s 44/119 DPDK:fast-tests / fbarray_autotest OK 0.16s 45/119 DPDK:fast-tests / fib_autotest OK 0.88s 46/119 DPDK:fast-tests / fib6_autotest OK 0.81s 47/119 DPDK:fast-tests / func_reentrancy_autotest OK 0.79s 48/119 DPDK:fast-tests / graph_autotest OK 0.18s 49/119 DPDK:fast-tests / node_list_dump OK 0.16s 50/119 DPDK:fast-tests / hash_autotest OK 0.51s 51/119 DPDK:fast-tests / hash_readwrite_func_autotest OK 7.30s 52/119 DPDK:fast-tests / interrupt_autotest OK 1.19s 53/119 DPDK:fast-tests / ipfrag_autotest OK 0.10s 54/119 DPDK:fast-tests / ipsec_autotest SKIP 0.18s exit status 77 55/119 DPDK:fast-tests / kvargs_autotest OK 0.16s 56/119 DPDK:fast-tests / latencystats_autotest OK 0.17s 57/119 DPDK:fast-tests / lcore_var_autotest OK 0.74s 58/119 DPDK:fast-tests / lcores_autotest OK 3.47s 59/119 DPDK:fast-tests / logs_autotest OK 0.16s 60/119 DPDK:fast-tests / lpm_autotest OK 1.63s 61/119 DPDK:fast-tests / lpm6_autotest OK 4.98s 62/119 DPDK:fast-tests / malloc_autotest OK 0.44s 63/119 DPDK:fast-tests / mbuf_autotest OK 4.52s 64/119 DPDK:fast-tests / mcslock_autotest OK 0.78s 65/119 DPDK:fast-tests / member_autotest OK 1.33s 66/119 DPDK:fast-tests / memcpy_autotest OK 6.27s 67/119 DPDK:fast-tests / memory_autotest OK 0.09s 68/119 DPDK:fast-tests / mempool_autotest OK 0.44s 69/119 DPDK:fast-tests / memzone_autotest OK 0.11s 70/119 DPDK:fast-tests / meter_autotest OK 0.18s 71/119 DPDK:fast-tests / metrics_autotest OK 0.16s 72/119 DPDK:fast-tests / multiprocess_autotest OK 0.36s 73/119 DPDK:fast-tests / net_ether_autotest OK 0.95s 74/119 DPDK:fast-tests / net_ipv6_autotest OK 0.16s 75/119 DPDK:fast-tests / pcapng_autotest OK 6.47s 76/119 DPDK:fast-tests / pdcp_autotest SKIP 0.09s exit status 77 77/119 DPDK:fast-tests / pdump_autotest OK 0.44s 78/119 DPDK:fast-tests / per_lcore_autotest OK 0.26s 79/119 DPDK:fast-tests / pflock_autotest OK 0.49s 80/119 DPDK:fast-tests / pie_autotest OK 0.16s 81/119 DPDK:fast-tests / ring_pmd_autotest OK 0.17s 82/119 DPDK:fast-tests / power_autotest OK 0.16s 83/119 DPDK:fast-tests / power_cpufreq_autotest SKIP 0.09s exit status 77 84/119 DPDK:fast-tests / power_intel_uncore_autotest SKIP 0.18s exit status 77 85/119 DPDK:fast-tests / power_kvm_vm_autotest SKIP 0.09s exit status 77 86/119 DPDK:fast-tests / prefetch_autotest OK 0.18s 87/119 DPDK:fast-tests / ptr_compress_autotest OK 0.16s 88/119 DPDK:fast-tests / rawdev_autotest OK 0.16s 89/119 DPDK:fast-tests / rcu_qsbr_autotest OK 0.63s 90/119 DPDK:fast-tests / reorder_autotest OK 0.41s 91/119 DPDK:fast-tests / rib_autotest OK 3.88s 92/119 DPDK:fast-tests / rib6_autotest OK 3.88s 93/119 DPDK:fast-tests / ring_autotest OK 0.19s 94/119 DPDK:fast-tests / rwlock_test1_autotest OK 0.49s 95/119 DPDK:fast-tests / rwlock_rda_autotest OK 5.16s 96/119 DPDK:fast-tests / rwlock_rds_wrm_autotest OK 5.16s 97/119 DPDK:fast-tests / rwlock_rde_wro_autotest OK 5.16s 98/119 DPDK:fast-tests / sched_autotest OK 0.17s 99/119 DPDK:fast-tests / security_autotest OK 0.09s 100/119 DPDK:fast-tests / seqlock_autotest OK 2.18s 101/119 DPDK:fast-tests / service_autotest OK 2.86s 102/119 DPDK:fast-tests / soring_autotest OK 0.17s 103/119 DPDK:fast-tests / spinlock_autotest OK 0.20s 104/119 DPDK:fast-tests / stack_autotest OK 0.36s 105/119 DPDK:fast-tests / stack_lf_autotest OK 0.33s 106/119 DPDK:fast-tests / string_autotest OK 0.18s 107/119 DPDK:fast-tests / table_autotest OK 6.88s 108/119 DPDK:fast-tests / tailq_autotest OK 0.16s 109/119 DPDK:fast-tests / telemetry_data_autotest OK 0.16s 110/119 DPDK:fast-tests / telemetry_json_autotest OK 0.16s 111/119 DPDK:fast-tests / thash_autotest OK 0.18s 112/119 DPDK:fast-tests / threads_autotest OK 0.34s 113/119 DPDK:fast-tests / ticketlock_autotest OK 0.20s 114/119 DPDK:fast-tests / timer_autotest OK 2.83s 115/119 DPDK:fast-tests / trace_autotest OK 0.21s 116/119 DPDK:fast-tests / trace_autotest_with_traces OK 0.17s 117/119 DPDK:fast-tests / vdev_autotest OK 0.16s 118/119 DPDK:fast-tests / version_autotest OK 0.16s 119/119 DPDK:fast-tests / telemetry_all SKIP 0.09s exit status 77 Ok: 112 Expected Fail: 0 Fail: 0 Unexpected Pass: 0 Skipped: 7 Timeout: 0 Full log written to /home-local/jenkins-local/jenkins-agent/workspace/Generic-Unit-Test-DPDK/dpdk/build/meson-logs/testlog.txt ninja: Entering directory `/home-local/jenkins-local/jenkins-agent/workspace/Generic-Unit-Test-DPDK/dpdk/build' ninja: no work to do. 1/2 DPDK:driver-tests / cryptodev_openssl_autotest OK 0.92s 2/2 DPDK:driver-tests / cryptodev_openssl_asym_autotest FAIL 0.16s (exit status 255 or signal 127 SIGinvalid) >>> DPDK_TEST=cryptodev_openssl_asym_autotest MALLOC_PERTURB_=116 /home-local/jenkins-local/jenkins-agent/workspace/Generic-Unit-Test-DPDK/dpdk/build/app/dpdk-test --vdev crypto_openssl Ok: 1 Expected Fail: 0 Fail: 1 Unexpected Pass: 0 Skipped: 0 Timeout: 0 Full log written to /home-local/jenkins-local/jenkins-agent/workspace/Generic-Unit-Test-DPDK/dpdk/build/meson-logs/testlog.txt Test log output from the failed test cryptodev_openssl_asym_autotest: Sorry, we were not able to find the logs for this test. Download the log output from the CI site for this test run. ==== End log output ==== CentOS Stream 9 (ARM) Kernel: Depends on container host Compiler: gcc 11.5.0 20240719 (Red Hat 11.5.0-2) Debian 11 (Buster) (ARM) Kernel: Depends on container host Compiler: gcc (Debian 10.2.1-6) 10.2.1 20210110 Fedora 40 (ARM) Kernel: Depends on container host Compiler: gcc 14.2.1 20240912 (Red Hat 14.2.1-3) Debian 12 (arm) Kernel: Depends on container host Compiler: gcc (Debian 12.2.0-14) 12.2.0 Fedora 40 (ARM Clang) Kernel: Depends on container host Compiler: clang 18.1.8 (Fedora 18.1.8-1.fc40) Ubuntu 20.04 (ARM) Kernel: Depends on container host Compiler: gcc (Ubuntu 9.4.0-1ubuntu1~20.04.2) 9.4.0 Fedora 41 (ARM) Kernel: Depends on container host Compiler: gcc 14.2.1 20240912 (Red Hat 14.2.1-3) RHEL9 (ARM) Kernel: Depends on container host Compiler: gcc 11.5.0 20240719 (Red Hat 11.5.0-2) Fedora 41 (ARM Clang) Kernel: Depends on container host Compiler: clang 19.1.5 (Fedora 19.1.5-1.fc41) Ubuntu 24.04 (ARM) Kernel: Depends on container host Compiler: gcc (Ubuntu 13.3.0-6ubuntu2~24.04) 13.3.0 Ubuntu 22.04 (ARM) Kernel: Depends on container host Compiler: gcc (Ubuntu 11.4.0-1ubuntu1~22.04) 11.4.0 32-bit Ubuntu 22.04.4 (ARM) Kernel: 5.15.83+ aarch64 Compiler: gcc (Ubuntu 11.4.0-1ubuntu1~22.04) 11.4.0 CentOS Stream 10 (ARM) Kernel: Depends on container host Compiler: gcc 14.2.1 20241104 (Red Hat 14.2.1-6) Ubuntu 20.04 ARM SVE Kernel: Depends on container host Compiler: gcc (Ubuntu 10.5.0-1ubuntu1~20.04) 10.5.0 To view detailed results, visit: https://lab.dpdk.org/results/dashboard/patchsets/32642/ UNH-IOL DPDK Community Lab To manage your email subscriptions, visit: https://lab.dpdk.org/results/dashboard/preferences/subscriptions/