From mboxrd@z Thu Jan 1 00:00:00 1970 Return-Path: Received: from mails.dpdk.org (mails.dpdk.org [217.70.189.124]) by inbox.dpdk.org (Postfix) with ESMTP id AF5324627C for ; Fri, 21 Feb 2025 22:10:44 +0100 (CET) Received: from mails.dpdk.org (localhost [127.0.0.1]) by mails.dpdk.org (Postfix) with ESMTP id A7BD1410E8; Fri, 21 Feb 2025 22:10:44 +0100 (CET) Received: from mail-pj1-f97.google.com (mail-pj1-f97.google.com [209.85.216.97]) by mails.dpdk.org (Postfix) with ESMTP id C1FE9410E6 for ; Fri, 21 Feb 2025 22:10:43 +0100 (CET) Received: by mail-pj1-f97.google.com with SMTP id 98e67ed59e1d1-2f441791e40so4133055a91.3 for ; Fri, 21 Feb 2025 13:10:43 -0800 (PST) DKIM-Signature: v=1; a=rsa-sha256; c=relaxed/relaxed; d=iol.unh.edu; s=unh-iol; t=1740172243; x=1740777043; darn=dpdk.org; h=references:in-reply-to:cc:to:from:subject:message-id:date:from:to :cc:subject:date:message-id:reply-to; bh=qe7JhOOil1hM8EfLaeTN0D0zwkpSg8fSO5HFKBYVW0c=; b=HCu+p5lmFV/cVAJBkzBuAw/U4j8Eci3k/vSdRjfMcWokUiv0hTCcG1RxHPHO7gWnnw WboOkeFlKCzE72XAxtNbAC5qNBO67L2ZVL6PrMJu6DEDD8epmWl4leTvuqsBkTqv872e oAoH5bPyRyNMsYyO6dHu+SGbOL+paosr5X650= X-Google-DKIM-Signature: v=1; a=rsa-sha256; c=relaxed/relaxed; d=1e100.net; s=20230601; t=1740172243; x=1740777043; h=references:in-reply-to:cc:to:from:subject:message-id:date :x-gm-message-state:from:to:cc:subject:date:message-id:reply-to; bh=qe7JhOOil1hM8EfLaeTN0D0zwkpSg8fSO5HFKBYVW0c=; b=EAY09l14QlTUjSQL+BFXTaTs+qCIHeFjh8Podt+PjSL42dvSoN5k9LFsgf8BP2ZSnv XwTFXgV7ctlCPusRWRZ1lMEgT3DbPkYgVB0H4mhOGlwiSkMGQj7oMcoKxaAJrEBr8X0P unav1xS4CsZ0unFXWMXi6MPD5qPOli93PyJAN4avDHsmcfO5MU14xDs+GLsnnTuUY7Mv AOmltp6ZtatNt9rZsfWMlFkPZcT36juPnKQk3HGlt7ZDgac04bZ2fkXZLSWwqinp3a8V h04g9abHXKBFyyHKT/iVuQoqU4O4UJr+PMC25NEItTE2dYQeIZxMRDJviPIxAzF4uewF GViA== X-Gm-Message-State: AOJu0YwI4hgt4I1iYL9a84q47Jw9f5Nquzf/MuR+LuVNs2XX9ezZaY1C ozZbiPbGVz9hsZ7NuEWZj7VFEQRFmU9LtrxBv3FKdhnXYHPX1E47E7NHKa6Csd1nKVIBolBDZzC PxEncJ4dnvOcl8nKWHWZ2HuW8owIIarX6QKuLEmos X-Gm-Gg: ASbGncugTFAf4trJxUqsBHIUKVNTq+9DS8+gS4C8I7LyxzHfhTXw74EYZAFjUfAeafq gpa/iWIsX/xacKaDct9u6DfpzFs1W5nmwzthjpSNAiAoZf2vVmas424z7+se7eLx0ae/9ccJ54I 6BH5CfAl2Q/NQSeul5jiUWSZp3lTjCQdflbXI7By4bl4Zum/1b6dWj/vXSju3mDFJJJLKato6Yn Oj8/2nniSBEr+GZbT+uhPyUTrpOLD0cOQ6yl4IfnpNZel6iTDM7WHXGRMwfXgapbIrJwWKkYtc4 5glqc5ukww2A2EVneF1+dQ8NCY3BuRNgXWJtTUOH X-Google-Smtp-Source: AGHT+IFwVsfWcNJGUt53jVLgvwWY+mGAmZDVexQ0IB7BVGqY+U2OHFBjYXML8D0rueCHFQoz/Fqk3o1aoBkl X-Received: by 2002:a17:90b:2588:b0:2fa:20f4:d277 with SMTP id 98e67ed59e1d1-2fce873af65mr7539627a91.24.1740172243038; Fri, 21 Feb 2025 13:10:43 -0800 (PST) Received: from postal.iol.unh.edu (postal.iol.unh.edu. [132.177.123.84]) by smtp-relay.gmail.com with ESMTPS id 98e67ed59e1d1-2fceb11a9b2sm163081a91.14.2025.02.21.13.10.42 (version=TLS1_2 cipher=ECDHE-ECDSA-AES128-GCM-SHA256 bits=128/128); Fri, 21 Feb 2025 13:10:43 -0800 (PST) X-Relaying-Domain: iol.unh.edu Date: Fri, 21 Feb 2025 13:10:43 -0800 (PST) Message-ID: <67b8ebd3.170a0220.1b9319.8800SMTPIN_ADDED_MISSING@mx.google.com> Received: from [172.17.0.5] (unknown [172.18.0.217]) by postal.iol.unh.edu (Postfix) with ESMTP id 1DA4F6052471; Fri, 21 Feb 2025 16:10:42 -0500 (EST) Subject: |FAILURE| pw151799 [PATCH] test/crypto: add negative test for RSA ve From: dpdklab@iol.unh.edu To: Test Report Cc: dpdk-test-reports@iol.unh.edu, Gowrishankar Muthukrishnan In-Reply-To: <20250221170908.1613-1-gmuthukrishn@marvell.com> References: <20250221170908.1613-1-gmuthukrishn@marvell.com> Content-Type: text/plain X-BeenThere: test-report@dpdk.org X-Mailman-Version: 2.1.29 Precedence: list List-Id: automatic DPDK test reports List-Unsubscribe: , List-Archive: List-Post: List-Help: List-Subscribe: , Errors-To: test-report-bounces@dpdk.org Test-Label: iol-unit-amd64-testing Test-Status: FAILURE http://dpdk.org/patch/151799 _Testing issues_ Submitter: Gowrishankar Muthukrishnan Date: Friday, February 21 2025 17:09:05 DPDK git baseline: Repo:dpdk Branch: master CommitID:fab31a03ba98e7457284df95dd9eef2223a4ccaa 151799 --> testing issues Upstream job id: Generic-Unit-Test-DPDK#317315 Test environment and result as below: +-------------------+----------------+ | Environment | dpdk_unit_test | +===================+================+ | CentOS Stream 10 | FAIL | +-------------------+----------------+ | CentOS Stream 9 | FAIL | +-------------------+----------------+ | Debian Bullseye | PEND | +-------------------+----------------+ | Debian 12 | PEND | +-------------------+----------------+ | Fedora 41 | FAIL | +-------------------+----------------+ | Fedora 41 (Clang) | PEND | +-------------------+----------------+ | Fedora 40 (Clang) | PEND | +-------------------+----------------+ | RHEL8 | PASS | +-------------------+----------------+ | Fedora 40 | PEND | +-------------------+----------------+ | RHEL9 | PEND | +-------------------+----------------+ | Ubuntu 20.04 | PEND | +-------------------+----------------+ | Ubuntu 22.04 | PEND | +-------------------+----------------+ | Ubuntu 24.04 | PEND | +-------------------+----------------+ ==== Unit test summary for Fedora 41 (dpdk_unit_test): ==== ninja: Entering directory `/root/workspace/Generic-Unit-Test-DPDK/dpdk/build' ninja: no work to do. 1/119 DPDK:fast-tests / acl_autotest OK 2.64s 2/119 DPDK:fast-tests / alarm_autotest OK 1.17s 3/119 DPDK:fast-tests / argparse_autotest OK 0.17s 4/119 DPDK:fast-tests / atomic_autotest OK 0.34s 5/119 DPDK:fast-tests / bitcount_autotest OK 0.17s 6/119 DPDK:fast-tests / bitmap_autotest OK 0.16s 7/119 DPDK:fast-tests / bitops_autotest OK 1.67s 8/119 DPDK:fast-tests / bitratestats_autotest OK 0.17s 9/119 DPDK:fast-tests / bitset_autotest OK 1.34s 10/119 DPDK:fast-tests / bpf_autotest OK 0.17s 11/119 DPDK:fast-tests / bpf_convert_autotest OK 0.19s 12/119 DPDK:fast-tests / byteorder_autotest OK 0.17s 13/119 DPDK:fast-tests / cfgfile_autotest OK 0.17s 14/119 DPDK:fast-tests / cksum_autotest OK 0.16s 15/119 DPDK:fast-tests / cmdline_autotest OK 0.16s 16/119 DPDK:fast-tests / common_autotest OK 0.46s 17/119 DPDK:fast-tests / compressdev_autotest SKIP 0.14s exit status 77 18/119 DPDK:fast-tests / cpuflags_autotest OK 0.17s 19/119 DPDK:fast-tests / crc_autotest OK 0.18s 20/119 DPDK:fast-tests / user_delay_us OK 0.18s 21/119 DPDK:fast-tests / debug_autotest OK 0.42s 22/119 DPDK:fast-tests / devargs_autotest OK 0.16s 23/119 DPDK:fast-tests / dispatcher_autotest SKIP 0.14s exit status 77 24/119 DPDK:fast-tests / distributor_autotest OK 0.86s 25/119 DPDK:fast-tests / eal_flags_c_opt_autotest OK 0.77s 26/119 DPDK:fast-tests / eal_flags_main_opt_autotest OK 0.28s 27/119 DPDK:fast-tests / eal_flags_n_opt_autotest OK 0.46s 28/119 DPDK:fast-tests / eal_flags_hpet_autotest OK 0.20s 29/119 DPDK:fast-tests / eal_flags_no_huge_autotest OK 0.48s 30/119 DPDK:fast-tests / eal_flags_a_opt_autotest OK 0.35s 31/119 DPDK:fast-tests / eal_flags_b_opt_autotest OK 0.30s 32/119 DPDK:fast-tests / eal_flags_vdev_opt_autotest OK 0.55s 33/119 DPDK:fast-tests / eal_flags_r_opt_autotest OK 0.26s 34/119 DPDK:fast-tests / eal_flags_mem_autotest OK 0.71s 35/119 DPDK:fast-tests / eal_flags_file_prefix_autotest OK 2.93s 36/119 DPDK:fast-tests / eal_flags_misc_autotest OK 1.95s 37/119 DPDK:fast-tests / eal_fs_autotest OK 0.17s 38/119 DPDK:fast-tests / errno_autotest OK 0.17s 39/119 DPDK:fast-tests / ethdev_link_status OK 0.16s 40/119 DPDK:fast-tests / event_eth_tx_adapter_autotest OK 0.45s 41/119 DPDK:fast-tests / event_ring_autotest OK 0.17s 42/119 DPDK:fast-tests / eventdev_common_autotest OK 0.17s 43/119 DPDK:fast-tests / eventdev_selftest_sw OK 0.21s 44/119 DPDK:fast-tests / fbarray_autotest OK 0.17s 45/119 DPDK:fast-tests / fib_autotest OK 0.77s 46/119 DPDK:fast-tests / fib6_autotest OK 0.61s 47/119 DPDK:fast-tests / func_reentrancy_autotest OK 0.53s 48/119 DPDK:fast-tests / graph_autotest OK 0.17s 49/119 DPDK:fast-tests / node_list_dump OK 0.17s 50/119 DPDK:fast-tests / hash_autotest OK 0.28s 51/119 DPDK:fast-tests / hash_readwrite_func_autotest SKIP 0.14s exit status 77 52/119 DPDK:fast-tests / interrupt_autotest OK 1.29s 53/119 DPDK:fast-tests / ipfrag_autotest OK 0.14s 54/119 DPDK:fast-tests / ipsec_autotest SKIP 0.17s exit status 77 55/119 DPDK:fast-tests / kvargs_autotest OK 0.17s 56/119 DPDK:fast-tests / latencystats_autotest OK 0.17s 57/119 DPDK:fast-tests / lcore_var_autotest OK 0.30s 58/119 DPDK:fast-tests / lcores_autotest OK 0.72s 59/119 DPDK:fast-tests / logs_autotest OK 0.17s 60/119 DPDK:fast-tests / lpm_autotest OK 1.51s 61/119 DPDK:fast-tests / lpm6_autotest OK 3.22s 62/119 DPDK:fast-tests / malloc_autotest OK 0.35s 63/119 DPDK:fast-tests / mbuf_autotest OK 0.17s 64/119 DPDK:fast-tests / mcslock_autotest OK 0.50s 65/119 DPDK:fast-tests / member_autotest OK 0.89s 66/119 DPDK:fast-tests / memcpy_autotest OK 2.13s 67/119 DPDK:fast-tests / memory_autotest OK 0.20s 68/119 DPDK:fast-tests / mempool_autotest OK 0.42s 69/119 DPDK:fast-tests / memzone_autotest OK 0.14s 70/119 DPDK:fast-tests / meter_autotest OK 0.17s 71/119 DPDK:fast-tests / metrics_autotest OK 0.17s 72/119 DPDK:fast-tests / multiprocess_autotest OK 0.24s 73/119 DPDK:fast-tests / net_ether_autotest OK 0.44s 74/119 DPDK:fast-tests / net_ipv6_autotest OK 0.17s 75/119 DPDK:fast-tests / pcapng_autotest OK 6.68s 76/119 DPDK:fast-tests / pdcp_autotest SKIP 0.14s exit status 77 77/119 DPDK:fast-tests / pdump_autotest OK 0.32s 78/119 DPDK:fast-tests / per_lcore_autotest OK 0.27s 79/119 DPDK:fast-tests / pflock_autotest OK 0.27s 80/119 DPDK:fast-tests / pie_autotest OK 0.17s 81/119 DPDK:fast-tests / ring_pmd_autotest OK 0.17s 82/119 DPDK:fast-tests / power_autotest OK 0.16s 83/119 DPDK:fast-tests / power_cpufreq_autotest SKIP 0.14s exit status 77 84/119 DPDK:fast-tests / power_intel_uncore_autotest SKIP 0.17s exit status 77 85/119 DPDK:fast-tests / power_kvm_vm_autotest SKIP 0.14s exit status 77 86/119 DPDK:fast-tests / prefetch_autotest OK 0.17s 87/119 DPDK:fast-tests / ptr_compress_autotest OK 0.17s 88/119 DPDK:fast-tests / rawdev_autotest OK 0.17s 89/119 DPDK:fast-tests / rcu_qsbr_autotest OK 0.26s 90/119 DPDK:fast-tests / reorder_autotest OK 0.28s 91/119 DPDK:fast-tests / rib_autotest OK 4.44s 92/119 DPDK:fast-tests / rib6_autotest OK 4.23s 93/119 DPDK:fast-tests / ring_autotest OK 0.17s 94/119 DPDK:fast-tests / rwlock_test1_autotest OK 0.27s 95/119 DPDK:fast-tests / rwlock_rda_autotest OK 5.16s 96/119 DPDK:fast-tests / rwlock_rds_wrm_autotest OK 5.17s 97/119 DPDK:fast-tests / rwlock_rde_wro_autotest OK 5.17s 98/119 DPDK:fast-tests / sched_autotest OK 0.20s 99/119 DPDK:fast-tests / security_autotest OK 0.14s 100/119 DPDK:fast-tests / seqlock_autotest SKIP 0.24s exit status 77 101/119 DPDK:fast-tests / service_autotest OK 0.34s 102/119 DPDK:fast-tests / soring_autotest OK 0.18s 103/119 DPDK:fast-tests / spinlock_autotest OK 0.18s 104/119 DPDK:fast-tests / stack_autotest OK 0.18s 105/119 DPDK:fast-tests / stack_lf_autotest OK 0.21s 106/119 DPDK:fast-tests / string_autotest OK 0.20s 107/119 DPDK:fast-tests / table_autotest OK 4.98s 108/119 DPDK:fast-tests / tailq_autotest OK 0.18s 109/119 DPDK:fast-tests / telemetry_data_autotest OK 0.17s 110/119 DPDK:fast-tests / telemetry_json_autotest OK 0.16s 111/119 DPDK:fast-tests / thash_autotest OK 0.17s 112/119 DPDK:fast-tests / threads_autotest OK 0.34s 113/119 DPDK:fast-tests / ticketlock_autotest OK 0.18s 114/119 DPDK:fast-tests / timer_autotest OK 2.49s 115/119 DPDK:fast-tests / trace_autotest OK 0.18s 116/119 DPDK:fast-tests / trace_autotest_with_traces OK 0.18s 117/119 DPDK:fast-tests / vdev_autotest OK 0.17s 118/119 DPDK:fast-tests / version_autotest OK 0.17s 119/119 DPDK:fast-tests / telemetry_all SKIP 0.01s exit status 77 Ok: 109 Expected Fail: 0 Fail: 0 Unexpected Pass: 0 Skipped: 10 Timeout: 0 Full log written to /root/workspace/Generic-Unit-Test-DPDK/dpdk/build/meson-logs/testlog.txt ninja: Entering directory `/root/workspace/Generic-Unit-Test-DPDK/dpdk/build' ninja: no work to do. 1/2 DPDK:driver-tests / cryptodev_openssl_autotest OK 0.39s 2/2 DPDK:driver-tests / cryptodev_openssl_asym_autotest FAIL 0.15s (exit status 255 or signal 127 SIGinvalid) >>> MALLOC_PERTURB_=85 DPDK_TEST=cryptodev_openssl_asym_autotest /root/workspace/Generic-Unit-Test-DPDK/dpdk/build/app/dpdk-test --vdev crypto_openssl Ok: 1 Expected Fail: 0 Fail: 1 Unexpected Pass: 0 Skipped: 0 Timeout: 0 Full log written to /root/workspace/Generic-Unit-Test-DPDK/dpdk/build/meson-logs/testlog.txt Test log output from the failed test cryptodev_openssl_asym_autotest: Sorry, we were not able to find the logs for this test. Download the log output from the CI site for this test run. ==== End log output ==== CentOS Stream 10 Kernel: Depends on container host Compiler: gcc 14.2.1 20241104 (Red Hat 14.2.1-6) CentOS Stream 9 Kernel: Depends on container host Compiler: gcc 11.5.0 20240719 (Red Hat 11.5.0-2) Debian Bullseye Kernel: Depends on container host Compiler: gcc (Debian 10.2.1-6) 10.2.1 20210110 Debian 12 Kernel: Depends on container host Compiler: gcc (Debian 12.2.0-14) 12.2.0 Fedora 41 Kernel: Depends on container host Compiler: gcc 14.2.1 20240912 (Red Hat 14.2.1-3) Fedora 41 (Clang) Kernel: Depends on container host Compiler: clang 19.1.5 (Fedora 19.1.5-1.fc41) Fedora 40 (Clang) Kernel: Depends on container host Compiler: clang 18.1.8 (Fedora 18.1.8-1.fc40) RHEL8 Kernel: Depends on container host Compiler: gcc 8.5.0 20210514 (Red Hat 8.5.0-22) Fedora 40 Kernel: Depends on container host Compiler: gcc 14.2.1 20240912 (Red Hat 14.2.1-3) RHEL9 Kernel: Depends on container host Compiler: gcc 11.5.0 20240719 (Red Hat 11.5.0-2) Ubuntu 20.04 Kernel: Depends on container host Compiler: gcc (Ubuntu 9.4.0-1ubuntu1~20.04.2) 9.4.0 Ubuntu 22.04 Kernel: Depends on container host Compiler: gcc (Ubuntu 11.4.0-1ubuntu1~22.04) 11.4.0 Ubuntu 24.04 Kernel: Depends on container host Compiler: gcc (Ubuntu 13.3.0-6ubuntu2~24.04) 13.3.0 To view detailed results, visit: https://lab.dpdk.org/results/dashboard/patchsets/32642/ UNH-IOL DPDK Community Lab To manage your email subscriptions, visit: https://lab.dpdk.org/results/dashboard/preferences/subscriptions/