* |SUCCESS| pw151799 [PATCH] test/crypto: add negative test for RSA verify op
[not found] <20250221170908.1613-1-gmuthukrishn@marvell.com>
@ 2025-02-21 16:35 ` qemudev
2025-02-21 16:39 ` qemudev
` (14 subsequent siblings)
15 siblings, 0 replies; 16+ messages in thread
From: qemudev @ 2025-02-21 16:35 UTC (permalink / raw)
To: test-report
Test-Label: loongarch-compilation
Test-Status: SUCCESS
http://dpdk.org/patch/151799
_Compilation OK_
Submitter: Gowrishankar Muthukrishnan <gmuthukrishn@marvell.com>
Date: Fri, 21 Feb 2025 22:39:05 +0530
DPDK git baseline: Repo:dpdk-next-crypto
Branch: for-main
CommitID: 95ff85f8acb0c7c912fd29b01428377fcbf1112a
151799 --> meson & ninja build successfully
Test environment and result as below:
+---------------------+----------------+
| Environment | compilation |
+---------------------+----------------+
| Loongnix-Server 8.3 | PASS |
+---------------------+----------------+
Loongnix-Server 8.3
Kernel: 4.19.190+
Compiler: gcc 8.3
^ permalink raw reply [flat|nested] 16+ messages in thread
* |SUCCESS| pw151799 [PATCH] test/crypto: add negative test for RSA verify op
[not found] <20250221170908.1613-1-gmuthukrishn@marvell.com>
2025-02-21 16:35 ` |SUCCESS| pw151799 [PATCH] test/crypto: add negative test for RSA verify op qemudev
@ 2025-02-21 16:39 ` qemudev
2025-02-21 17:10 ` checkpatch
` (13 subsequent siblings)
15 siblings, 0 replies; 16+ messages in thread
From: qemudev @ 2025-02-21 16:39 UTC (permalink / raw)
To: test-report
Test-Label: loongarch-unit-testing
Test-Status: SUCCESS
http://dpdk.org/patch/151799
_Unit Testing PASS_
Submitter: Gowrishankar Muthukrishnan <gmuthukrishn@marvell.com>
Date: Fri, 21 Feb 2025 22:39:05 +0530
DPDK git baseline: Repo:dpdk-next-crypto
Branch: for-main
CommitID: 95ff85f8acb0c7c912fd29b01428377fcbf1112a
151799 --> testing pass
Test environment and result as below:
+---------------------+----------------+
| Environment | dpdk_unit_test |
+---------------------+----------------+
| Loongnix-Server 8.3 | PASS |
+---------------------+----------------+
Loongnix-Server 8.3
Kernel: 4.19.190+
Compiler: gcc 8.3
Test result details:
1/119 DPDK:fast-tests / acl_autotest OK 3.33s
2/119 DPDK:fast-tests / alarm_autotest OK 1.53s
3/119 DPDK:fast-tests / argparse_autotest OK 0.52s
4/119 DPDK:fast-tests / atomic_autotest OK 7.25s
5/119 DPDK:fast-tests / bitcount_autotest OK 0.43s
6/119 DPDK:fast-tests / bitmap_autotest OK 0.43s
7/119 DPDK:fast-tests / bitops_autotest OK 2.03s
8/119 DPDK:fast-tests / bitratestats_autotest OK 0.53s
9/119 DPDK:fast-tests / bitset_autotest OK 3.18s
10/119 DPDK:fast-tests / bpf_autotest OK 0.53s
11/119 DPDK:fast-tests / bpf_convert_autotest OK 0.53s
12/119 DPDK:fast-tests / byteorder_autotest OK 0.53s
13/119 DPDK:fast-tests / cfgfile_autotest OK 0.53s
14/119 DPDK:fast-tests / cksum_autotest OK 0.53s
15/119 DPDK:fast-tests / cmdline_autotest OK 0.54s
16/119 DPDK:fast-tests / common_autotest OK 1.41s
17/119 DPDK:fast-tests / compressdev_autotest SKIP 0.06s exit status 77
18/119 DPDK:fast-tests / cpuflags_autotest OK 0.43s
19/119 DPDK:fast-tests / crc_autotest OK 0.43s
20/119 DPDK:fast-tests / user_delay_us OK 0.43s
21/119 DPDK:fast-tests / debug_autotest OK 20.00s
22/119 DPDK:fast-tests / devargs_autotest OK 0.43s
23/119 DPDK:fast-tests / dispatcher_autotest OK 2.49s
24/119 DPDK:fast-tests / distributor_autotest OK 1.20s
25/119 DPDK:fast-tests / eal_flags_c_opt_autotest OK 0.79s
26/119 DPDK:fast-tests / eal_flags_main_opt_autotest OK 0.22s
27/119 DPDK:fast-tests / eal_flags_n_opt_autotest OK 0.20s
28/119 DPDK:fast-tests / eal_flags_hpet_autotest OK 0.13s
29/119 DPDK:fast-tests / eal_flags_no_huge_autotest OK 0.22s
30/119 DPDK:fast-tests / eal_flags_a_opt_autotest OK 0.30s
31/119 DPDK:fast-tests / eal_flags_b_opt_autotest OK 0.24s
32/119 DPDK:fast-tests / eal_flags_vdev_opt_autotest OK 0.19s
33/119 DPDK:fast-tests / eal_flags_r_opt_autotest OK 0.18s
34/119 DPDK:fast-tests / eal_flags_mem_autotest OK 0.59s
35/119 DPDK:fast-tests / eal_flags_file_prefix_autotest OK 22.23s
36/119 DPDK:fast-tests / eal_flags_misc_autotest OK 1.03s
37/119 DPDK:fast-tests / eal_fs_autotest OK 0.43s
38/119 DPDK:fast-tests / errno_autotest OK 0.43s
39/119 DPDK:fast-tests / ethdev_link_status OK 0.43s
40/119 DPDK:fast-tests / event_eth_tx_adapter_autotest OK 1.69s
41/119 DPDK:fast-tests / event_ring_autotest OK 0.43s
42/119 DPDK:fast-tests / eventdev_common_autotest OK 0.43s
43/119 DPDK:fast-tests / eventdev_selftest_sw OK 7.25s
44/119 DPDK:fast-tests / fbarray_autotest OK 0.43s
45/119 DPDK:fast-tests / fib_autotest OK 1.30s
46/119 DPDK:fast-tests / fib6_autotest OK 1.09s
47/119 DPDK:fast-tests / func_reentrancy_autotest OK 2.21s
48/119 DPDK:fast-tests / graph_autotest OK 0.43s
49/119 DPDK:fast-tests / node_list_dump OK 0.43s
50/119 DPDK:fast-tests / hash_autotest OK 1.05s
51/119 DPDK:fast-tests / hash_readwrite_func_autotest OK 6.38s
52/119 DPDK:fast-tests / interrupt_autotest OK 1.63s
53/119 DPDK:fast-tests / ipfrag_autotest OK 0.07s
54/119 DPDK:fast-tests / ipsec_autotest SKIP 0.43s exit status 77
55/119 DPDK:fast-tests / kvargs_autotest OK 0.43s
56/119 DPDK:fast-tests / latencystats_autotest OK 0.43s
57/119 DPDK:fast-tests / lcore_var_autotest OK 0.57s
58/119 DPDK:fast-tests / lcores_autotest OK 5.23s
59/119 DPDK:fast-tests / logs_autotest OK 0.42s
60/119 DPDK:fast-tests / lpm_autotest OK 2.45s
61/119 DPDK:fast-tests / lpm6_autotest OK 5.60s
62/119 DPDK:fast-tests / malloc_autotest OK 58.00s
63/119 DPDK:fast-tests / mbuf_autotest OK 4.56s
64/119 DPDK:fast-tests / mcslock_autotest OK 2.94s
65/119 DPDK:fast-tests / member_autotest OK 1.61s
66/119 DPDK:fast-tests / memcpy_autotest OK 7.29s
67/119 DPDK:fast-tests / memory_autotest OK 0.09s
68/119 DPDK:fast-tests / mempool_autotest OK 0.44s
69/119 DPDK:fast-tests / memzone_autotest OK 0.14s
70/119 DPDK:fast-tests / meter_autotest OK 0.42s
71/119 DPDK:fast-tests / metrics_autotest OK 0.43s
72/119 DPDK:fast-tests / multiprocess_autotest OK 0.18s
73/119 DPDK:fast-tests / net_ether_autotest OK 1.09s
74/119 DPDK:fast-tests / net_ipv6_autotest OK 0.43s
75/119 DPDK:fast-tests / pcapng_autotest OK 7.35s
76/119 DPDK:fast-tests / pdcp_autotest SKIP 0.06s exit status 77
77/119 DPDK:fast-tests / pdump_autotest OK 0.53s
78/119 DPDK:fast-tests / per_lcore_autotest OK 0.53s
79/119 DPDK:fast-tests / pflock_autotest OK 1.23s
80/119 DPDK:fast-tests / pie_autotest OK 0.43s
81/119 DPDK:fast-tests / ring_pmd_autotest OK 0.43s
82/119 DPDK:fast-tests / power_autotest OK 0.43s
83/119 DPDK:fast-tests / power_cpufreq_autotest SKIP 0.07s exit status 77
84/119 DPDK:fast-tests / power_intel_uncore_autotest SKIP 0.42s exit status 77
85/119 DPDK:fast-tests / power_kvm_vm_autotest SKIP 0.07s exit status 77
86/119 DPDK:fast-tests / prefetch_autotest OK 0.42s
87/119 DPDK:fast-tests / ptr_compress_autotest OK 0.42s
88/119 DPDK:fast-tests / rawdev_autotest OK 0.43s
89/119 DPDK:fast-tests / rcu_qsbr_autotest OK 0.95s
90/119 DPDK:fast-tests / reorder_autotest OK 0.48s
91/119 DPDK:fast-tests / rib_autotest OK 9.07s
92/119 DPDK:fast-tests / rib6_autotest OK 9.07s
93/119 DPDK:fast-tests / ring_autotest OK 0.46s
94/119 DPDK:fast-tests / rwlock_test1_autotest OK 1.17s
95/119 DPDK:fast-tests / rwlock_rda_autotest OK 5.43s
96/119 DPDK:fast-tests / rwlock_rds_wrm_autotest OK 5.43s
97/119 DPDK:fast-tests / rwlock_rde_wro_autotest OK 5.43s
98/119 DPDK:fast-tests / sched_autotest OK 0.43s
99/119 DPDK:fast-tests / security_autotest OK 0.07s
100/119 DPDK:fast-tests / seqlock_autotest OK 2.42s
101/119 DPDK:fast-tests / service_autotest OK 3.13s
102/119 DPDK:fast-tests / soring_autotest OK 0.43s
103/119 DPDK:fast-tests / spinlock_autotest OK 0.51s
104/119 DPDK:fast-tests / stack_autotest OK 0.86s
105/119 DPDK:fast-tests / stack_lf_autotest SKIP 0.06s exit status 77
106/119 DPDK:fast-tests / string_autotest OK 0.42s
107/119 DPDK:fast-tests / table_autotest OK 7.71s
108/119 DPDK:fast-tests / tailq_autotest OK 0.42s
109/119 DPDK:fast-tests / telemetry_data_autotest OK 0.43s
110/119 DPDK:fast-tests / telemetry_json_autotest OK 0.43s
111/119 DPDK:fast-tests / thash_autotest OK 0.44s
112/119 DPDK:fast-tests / threads_autotest OK 0.60s
113/119 DPDK:fast-tests / ticketlock_autotest OK 0.58s
114/119 DPDK:fast-tests / timer_autotest OK 3.96s
115/119 DPDK:fast-tests / trace_autotest OK 0.43s
116/119 DPDK:fast-tests / trace_autotest_with_traces OK 0.43s
117/119 DPDK:fast-tests / vdev_autotest OK 0.43s
118/119 DPDK:fast-tests / version_autotest OK 0.43s
119/119 DPDK:fast-tests / telemetry_all OK 1.35s
Ok: 112
Expected Fail: 0
Fail: 0
Unexpected Pass: 0
Skipped: 7
Timeout: 0
^ permalink raw reply [flat|nested] 16+ messages in thread
* |SUCCESS| pw151799 [PATCH] test/crypto: add negative test for RSA verify op
[not found] <20250221170908.1613-1-gmuthukrishn@marvell.com>
2025-02-21 16:35 ` |SUCCESS| pw151799 [PATCH] test/crypto: add negative test for RSA verify op qemudev
2025-02-21 16:39 ` qemudev
@ 2025-02-21 17:10 ` checkpatch
2025-02-21 18:24 ` 0-day Robot
` (12 subsequent siblings)
15 siblings, 0 replies; 16+ messages in thread
From: checkpatch @ 2025-02-21 17:10 UTC (permalink / raw)
To: test-report
Test-Label: checkpatch
Test-Status: SUCCESS
http://dpdk.org/patch/151799
_coding style OK_
^ permalink raw reply [flat|nested] 16+ messages in thread
* |SUCCESS| pw151799 [PATCH] test/crypto: add negative test for RSA verify op
[not found] <20250221170908.1613-1-gmuthukrishn@marvell.com>
` (2 preceding siblings ...)
2025-02-21 17:10 ` checkpatch
@ 2025-02-21 18:24 ` 0-day Robot
2025-02-21 20:57 ` |SUCCESS| pw151799 [PATCH] test/crypto: add negative test for RSA ve dpdklab
` (11 subsequent siblings)
15 siblings, 0 replies; 16+ messages in thread
From: 0-day Robot @ 2025-02-21 18:24 UTC (permalink / raw)
To: test-report; +Cc: robot
From: robot@bytheb.org
Test-Label: github-robot: build
Test-Status: SUCCESS
http://patchwork.dpdk.org/patch/151799/
_github build: passed_
Build URL: https://github.com/ovsrobot/dpdk/actions/runs/13462000571
^ permalink raw reply [flat|nested] 16+ messages in thread
* |SUCCESS| pw151799 [PATCH] test/crypto: add negative test for RSA ve
[not found] <20250221170908.1613-1-gmuthukrishn@marvell.com>
` (3 preceding siblings ...)
2025-02-21 18:24 ` 0-day Robot
@ 2025-02-21 20:57 ` dpdklab
2025-02-21 20:58 ` |PENDING| " dpdklab
` (10 subsequent siblings)
15 siblings, 0 replies; 16+ messages in thread
From: dpdklab @ 2025-02-21 20:57 UTC (permalink / raw)
To: Test Report; +Cc: dpdk-test-reports
Test-Label: iol-broadcom-Performance
Test-Status: SUCCESS
http://dpdk.org/patch/151799
_Performance Testing PASS_
Submitter: Gowrishankar Muthukrishnan <gmuthukrishn@marvell.com>
Date: Friday, February 21 2025 17:09:05
DPDK git baseline: Repo:dpdk
Branch: master
CommitID:fab31a03ba98e7457284df95dd9eef2223a4ccaa
151799 --> performance testing pass
Upstream job id: Template-DTS-Pipeline#213808
Test environment and result as below:
Ubuntu 22.04
Kernel: 5.15.0-100-generic
Compiler: gcc (Ubuntu 11.4.0-1ubuntu1~22.04) 11.4.0
NIC: Broadcom Inc. and subsidiaries BCM57414 NetXtreme-E 10Gb/25Gb RDMA Ethernet Controller 16d7 25 Mbps
Fail/Total: 0/3
Detail performance results:
+------------+---------+----------+-------------+------------------------------+
| frame_size | txd/rxd | num_cpus | num_threads | throughput difference from |
| | | | | expected |
+============+=========+==========+=============+==============================+
| 64 | 128 | 1 | 1 | 1.2% |
+------------+---------+----------+-------------+------------------------------+
| 64 | 512 | 1 | 1 | -0.8% |
+------------+---------+----------+-------------+------------------------------+
| 64 | 2048 | 1 | 1 | 0.6% |
+------------+---------+----------+-------------+------------------------------+
Ubuntu 22.04 ARM
Kernel: 5.15.83+
Compiler: gcc 11.4.0
NIC: Arm Broadcom Inc. brcm_57414 25000 Mbps
Fail/Total: 0/2
Detail performance results:
+------------+---------+----------+-------------+------------------------------+
| frame_size | txd/rxd | num_cpus | num_threads | throughput difference from |
| | | | | expected |
+============+=========+==========+=============+==============================+
| 64 | 512 | 1 | 1 | -0.2% |
+------------+---------+----------+-------------+------------------------------+
| 64 | 2048 | 1 | 1 | -0.3% |
+------------+---------+----------+-------------+------------------------------+
To view detailed results, visit:
https://lab.dpdk.org/results/dashboard/patchsets/32642/
UNH-IOL DPDK Community Lab
To manage your email subscriptions, visit:
https://lab.dpdk.org/results/dashboard/preferences/subscriptions/
^ permalink raw reply [flat|nested] 16+ messages in thread
* |PENDING| pw151799 [PATCH] test/crypto: add negative test for RSA ve
[not found] <20250221170908.1613-1-gmuthukrishn@marvell.com>
` (4 preceding siblings ...)
2025-02-21 20:57 ` |SUCCESS| pw151799 [PATCH] test/crypto: add negative test for RSA ve dpdklab
@ 2025-02-21 20:58 ` dpdklab
2025-02-21 21:01 ` |SUCCESS| " dpdklab
` (9 subsequent siblings)
15 siblings, 0 replies; 16+ messages in thread
From: dpdklab @ 2025-02-21 20:58 UTC (permalink / raw)
To: Test Report; +Cc: dpdk-test-reports
Test-Label: iol-abi-testing
Test-Status: PENDING
http://dpdk.org/patch/151799
_Testing pending_
Submitter: Gowrishankar Muthukrishnan <gmuthukrishn@marvell.com>
Date: Friday, February 21 2025 17:09:05
DPDK git baseline: Repo:dpdk
Branch: master
CommitID:fab31a03ba98e7457284df95dd9eef2223a4ccaa
151799 --> testing pending
Upstream job id: Generic-DPDK-Compile-ABI#117210
Test environment and result as below:
+-------------------+----------+
| Environment | abi_test |
+===================+==========+
| CentOS Stream 9 | PASS |
+-------------------+----------+
| Debian Bullseye | PEND |
+-------------------+----------+
| CentOS Stream 10 | PEND |
+-------------------+----------+
| Fedora 41 (Clang) | PEND |
+-------------------+----------+
| Debian 12 | PEND |
+-------------------+----------+
| Fedora 40 (Clang) | PEND |
+-------------------+----------+
| Fedora 40 | PEND |
+-------------------+----------+
| openSUSE Leap 15 | PEND |
+-------------------+----------+
| RHEL9 | PEND |
+-------------------+----------+
| RHEL8 | PEND |
+-------------------+----------+
| Fedora 41 | PEND |
+-------------------+----------+
| Ubuntu 22.04 | PEND |
+-------------------+----------+
| Ubuntu 24.04 | PEND |
+-------------------+----------+
CentOS Stream 9
Kernel: Depends on container host
Compiler: gcc 11.5.0 20240719 (Red Hat 11.5.0-2)
Debian Bullseye
Kernel: Depends on container host
Compiler: gcc (Debian 10.2.1-6) 10.2.1 20210110
CentOS Stream 10
Kernel: Depends on container host
Compiler: gcc 14.2.1 20241104 (Red Hat 14.2.1-6)
Fedora 41 (Clang)
Kernel: Depends on container host
Compiler: clang 19.1.5 (Fedora 19.1.5-1.fc41)
Debian 12
Kernel: Depends on container host
Compiler: gcc (Debian 12.2.0-14) 12.2.0
Fedora 40 (Clang)
Kernel: Depends on container host
Compiler: clang 18.1.8 (Fedora 18.1.8-1.fc40)
Fedora 40
Kernel: Depends on container host
Compiler: gcc 14.2.1 20240912 (Red Hat 14.2.1-3)
openSUSE Leap 15
Kernel: Depends on container host
Compiler: gcc (SUSE Linux) 7.5.0
RHEL9
Kernel: Depends on container host
Compiler: gcc 11.5.0 20240719 (Red Hat 11.5.0-2)
RHEL8
Kernel: Depends on container host
Compiler: gcc 8.5.0 20210514 (Red Hat 8.5.0-22)
Fedora 41
Kernel: Depends on container host
Compiler: gcc 14.2.1 20240912 (Red Hat 14.2.1-3)
Ubuntu 22.04
Kernel: Depends on container host
Compiler: gcc (Ubuntu 11.4.0-1ubuntu1~22.04) 11.4.0
Ubuntu 24.04
Kernel: Depends on container host
Compiler: gcc (Ubuntu 13.3.0-6ubuntu2~24.04) 13.3.0
To view detailed results, visit:
https://lab.dpdk.org/results/dashboard/patchsets/32642/
UNH-IOL DPDK Community Lab
To manage your email subscriptions, visit:
https://lab.dpdk.org/results/dashboard/preferences/subscriptions/
^ permalink raw reply [flat|nested] 16+ messages in thread
* |SUCCESS| pw151799 [PATCH] test/crypto: add negative test for RSA ve
[not found] <20250221170908.1613-1-gmuthukrishn@marvell.com>
` (5 preceding siblings ...)
2025-02-21 20:58 ` |PENDING| " dpdklab
@ 2025-02-21 21:01 ` dpdklab
2025-02-21 21:02 ` |FAILURE| " dpdklab
` (8 subsequent siblings)
15 siblings, 0 replies; 16+ messages in thread
From: dpdklab @ 2025-02-21 21:01 UTC (permalink / raw)
To: Test Report; +Cc: dpdk-test-reports
Test-Label: iol-sample-apps-testing
Test-Status: SUCCESS
http://dpdk.org/patch/151799
_Testing PASS_
Submitter: Gowrishankar Muthukrishnan <gmuthukrishn@marvell.com>
Date: Friday, February 21 2025 17:09:05
DPDK git baseline: Repo:dpdk
Branch: master
CommitID:fab31a03ba98e7457284df95dd9eef2223a4ccaa
151799 --> testing pass
Upstream job id: Template-DTS-Pipeline#213816
Test environment and result as below:
+--------------------+----------------------+
| Environment | compressdev_zlib_pmd |
+====================+======================+
| Ubuntu 22.04 (ARM) | PASS |
+--------------------+----------------------+
Ubuntu 22.04 (ARM)
Kernel: 5.15.0-97-generic
Compiler: gcc gcc (Ubuntu 11.4.0-1ubuntu1~22.04) 11.4.0
To view detailed results, visit:
https://lab.dpdk.org/results/dashboard/patchsets/32642/
UNH-IOL DPDK Community Lab
To manage your email subscriptions, visit:
https://lab.dpdk.org/results/dashboard/preferences/subscriptions/
^ permalink raw reply [flat|nested] 16+ messages in thread
* |FAILURE| pw151799 [PATCH] test/crypto: add negative test for RSA ve
[not found] <20250221170908.1613-1-gmuthukrishn@marvell.com>
` (6 preceding siblings ...)
2025-02-21 21:01 ` |SUCCESS| " dpdklab
@ 2025-02-21 21:02 ` dpdklab
2025-02-21 21:03 ` dpdklab
` (7 subsequent siblings)
15 siblings, 0 replies; 16+ messages in thread
From: dpdklab @ 2025-02-21 21:02 UTC (permalink / raw)
To: Test Report; +Cc: dpdk-test-reports, Gowrishankar Muthukrishnan
Test-Label: iol-unit-amd64-testing
Test-Status: FAILURE
http://dpdk.org/patch/151799
_Testing issues_
Submitter: Gowrishankar Muthukrishnan <gmuthukrishn@marvell.com>
Date: Friday, February 21 2025 17:09:05
DPDK git baseline: Repo:dpdk
Branch: master
CommitID:fab31a03ba98e7457284df95dd9eef2223a4ccaa
151799 --> testing issues
Upstream job id: Generic-Unit-Test-DPDK#317303
Test environment and result as below:
+-------------------+----------------+
| Environment | dpdk_unit_test |
+===================+================+
| CentOS Stream 10 | PEND |
+-------------------+----------------+
| CentOS Stream 9 | FAIL |
+-------------------+----------------+
| Debian Bullseye | PEND |
+-------------------+----------------+
| Debian 12 | PEND |
+-------------------+----------------+
| Fedora 41 | PEND |
+-------------------+----------------+
| Fedora 41 (Clang) | PEND |
+-------------------+----------------+
| Fedora 40 (Clang) | PEND |
+-------------------+----------------+
| RHEL8 | PEND |
+-------------------+----------------+
| Fedora 40 | PEND |
+-------------------+----------------+
| RHEL9 | PEND |
+-------------------+----------------+
| Ubuntu 20.04 | PEND |
+-------------------+----------------+
| Ubuntu 22.04 | PEND |
+-------------------+----------------+
| Ubuntu 24.04 | PEND |
+-------------------+----------------+
==== Unit test summary for CentOS Stream 9 (dpdk_unit_test): ====
ninja: Entering directory `/home-local/jenkins-local/jenkins-agent/workspace/Generic-Unit-Test-DPDK/dpdk/build'
ninja: no work to do.
1/119 DPDK:fast-tests / acl_autotest OK 3.27s
2/119 DPDK:fast-tests / alarm_autotest OK 1.31s
3/119 DPDK:fast-tests / argparse_autotest OK 0.22s
4/119 DPDK:fast-tests / atomic_autotest OK 0.64s
5/119 DPDK:fast-tests / bitcount_autotest OK 0.27s
6/119 DPDK:fast-tests / bitmap_autotest OK 0.26s
7/119 DPDK:fast-tests / bitops_autotest OK 2.20s
8/119 DPDK:fast-tests / bitratestats_autotest OK 0.19s
9/119 DPDK:fast-tests / bitset_autotest OK 2.05s
10/119 DPDK:fast-tests / bpf_autotest OK 0.21s
11/119 DPDK:fast-tests / bpf_convert_autotest OK 0.23s
12/119 DPDK:fast-tests / byteorder_autotest OK 0.18s
13/119 DPDK:fast-tests / cfgfile_autotest OK 0.23s
14/119 DPDK:fast-tests / cksum_autotest OK 0.30s
15/119 DPDK:fast-tests / cmdline_autotest OK 0.32s
16/119 DPDK:fast-tests / common_autotest OK 0.56s
17/119 DPDK:fast-tests / compressdev_autotest SKIP 0.31s exit status 77
18/119 DPDK:fast-tests / cpuflags_autotest OK 0.34s
19/119 DPDK:fast-tests / crc_autotest OK 0.28s
20/119 DPDK:fast-tests / user_delay_us OK 0.18s
21/119 DPDK:fast-tests / debug_autotest OK 16.75s
22/119 DPDK:fast-tests / devargs_autotest OK 0.23s
23/119 DPDK:fast-tests / dispatcher_autotest SKIP 0.15s exit status 77
24/119 DPDK:fast-tests / distributor_autotest OK 1.39s
25/119 DPDK:fast-tests / eal_flags_c_opt_autotest OK 1.52s
26/119 DPDK:fast-tests / eal_flags_main_opt_autotest OK 0.56s
27/119 DPDK:fast-tests / eal_flags_n_opt_autotest OK 0.69s
28/119 DPDK:fast-tests / eal_flags_hpet_autotest OK 0.23s
29/119 DPDK:fast-tests / eal_flags_no_huge_autotest OK 0.67s
30/119 DPDK:fast-tests / eal_flags_a_opt_autotest OK 0.73s
31/119 DPDK:fast-tests / eal_flags_b_opt_autotest OK 0.48s
32/119 DPDK:fast-tests / eal_flags_vdev_opt_autotest OK 0.80s
33/119 DPDK:fast-tests / eal_flags_r_opt_autotest OK 0.37s
34/119 DPDK:fast-tests / eal_flags_mem_autotest OK 1.13s
35/119 DPDK:fast-tests / eal_flags_file_prefix_autotest OK 3.21s
36/119 DPDK:fast-tests / eal_flags_misc_autotest OK 3.43s
37/119 DPDK:fast-tests / eal_fs_autotest OK 0.33s
38/119 DPDK:fast-tests / errno_autotest OK 0.28s
39/119 DPDK:fast-tests / ethdev_link_status OK 0.20s
40/119 DPDK:fast-tests / event_eth_tx_adapter_autotest OK 0.57s
41/119 DPDK:fast-tests / event_ring_autotest OK 0.27s
42/119 DPDK:fast-tests / eventdev_common_autotest OK 0.18s
43/119 DPDK:fast-tests / eventdev_selftest_sw OK 0.46s
44/119 DPDK:fast-tests / fbarray_autotest OK 0.18s
45/119 DPDK:fast-tests / fib_autotest OK 1.33s
46/119 DPDK:fast-tests / fib6_autotest OK 1.02s
47/119 DPDK:fast-tests / func_reentrancy_autotest OK 0.88s
48/119 DPDK:fast-tests / graph_autotest OK 0.25s
49/119 DPDK:fast-tests / node_list_dump OK 0.33s
50/119 DPDK:fast-tests / hash_autotest OK 0.35s
51/119 DPDK:fast-tests / hash_readwrite_func_autotest SKIP 0.22s exit status 77
52/119 DPDK:fast-tests / interrupt_autotest OK 1.84s
53/119 DPDK:fast-tests / ipfrag_autotest OK 0.15s
54/119 DPDK:fast-tests / ipsec_autotest SKIP 0.35s exit status 77
55/119 DPDK:fast-tests / kvargs_autotest OK 0.25s
56/119 DPDK:fast-tests / latencystats_autotest OK 0.19s
57/119 DPDK:fast-tests / lcore_var_autotest OK 0.33s
58/119 DPDK:fast-tests / lcores_autotest OK 1.35s
59/119 DPDK:fast-tests / logs_autotest OK 0.18s
60/119 DPDK:fast-tests / lpm_autotest OK 1.82s
61/119 DPDK:fast-tests / lpm6_autotest OK 3.42s
62/119 DPDK:fast-tests / malloc_autotest OK 0.59s
63/119 DPDK:fast-tests / mbuf_autotest OK 0.20s
64/119 DPDK:fast-tests / mcslock_autotest OK 0.42s
65/119 DPDK:fast-tests / member_autotest OK 0.98s
66/119 DPDK:fast-tests / memcpy_autotest OK 2.33s
67/119 DPDK:fast-tests / memory_autotest OK 0.20s
68/119 DPDK:fast-tests / mempool_autotest OK 0.47s
69/119 DPDK:fast-tests / memzone_autotest OK 0.16s
70/119 DPDK:fast-tests / meter_autotest OK 0.19s
71/119 DPDK:fast-tests / metrics_autotest OK 0.18s
72/119 DPDK:fast-tests / multiprocess_autotest OK 0.35s
73/119 DPDK:fast-tests / net_ether_autotest OK 0.61s
74/119 DPDK:fast-tests / net_ipv6_autotest OK 0.18s
75/119 DPDK:fast-tests / pcapng_autotest OK 6.94s
76/119 DPDK:fast-tests / pdcp_autotest SKIP 0.15s exit status 77
77/119 DPDK:fast-tests / pdump_autotest OK 0.34s
78/119 DPDK:fast-tests / per_lcore_autotest OK 0.28s
79/119 DPDK:fast-tests / pflock_autotest OK 0.37s
80/119 DPDK:fast-tests / pie_autotest OK 0.26s
81/119 DPDK:fast-tests / ring_pmd_autotest OK 0.19s
82/119 DPDK:fast-tests / power_autotest OK 0.18s
83/119 DPDK:fast-tests / power_cpufreq_autotest SKIP 0.15s exit status 77
84/119 DPDK:fast-tests / power_intel_uncore_autotest SKIP 0.19s exit status 77
85/119 DPDK:fast-tests / power_kvm_vm_autotest SKIP 0.15s exit status 77
86/119 DPDK:fast-tests / prefetch_autotest OK 0.19s
87/119 DPDK:fast-tests / ptr_compress_autotest OK 0.18s
88/119 DPDK:fast-tests / rawdev_autotest OK 0.18s
89/119 DPDK:fast-tests / rcu_qsbr_autotest OK 0.33s
90/119 DPDK:fast-tests / reorder_autotest OK 0.40s
91/119 DPDK:fast-tests / rib_autotest OK 5.21s
92/119 DPDK:fast-tests / rib6_autotest OK 4.49s
93/119 DPDK:fast-tests / ring_autotest OK 0.32s
94/119 DPDK:fast-tests / rwlock_test1_autotest OK 0.33s
95/119 DPDK:fast-tests / rwlock_rda_autotest OK 5.28s
96/119 DPDK:fast-tests / rwlock_rds_wrm_autotest OK 5.30s
97/119 DPDK:fast-tests / rwlock_rde_wro_autotest OK 5.19s
98/119 DPDK:fast-tests / sched_autotest OK 0.24s
99/119 DPDK:fast-tests / security_autotest OK 0.15s
100/119 DPDK:fast-tests / seqlock_autotest SKIP 0.24s exit status 77
101/119 DPDK:fast-tests / service_autotest OK 0.43s
102/119 DPDK:fast-tests / soring_autotest OK 0.19s
103/119 DPDK:fast-tests / spinlock_autotest OK 0.25s
104/119 DPDK:fast-tests / stack_autotest OK 0.19s
105/119 DPDK:fast-tests / stack_lf_autotest OK 0.35s
106/119 DPDK:fast-tests / string_autotest OK 0.29s
107/119 DPDK:fast-tests / table_autotest OK 7.55s
108/119 DPDK:fast-tests / tailq_autotest OK 0.18s
109/119 DPDK:fast-tests / telemetry_data_autotest OK 0.18s
110/119 DPDK:fast-tests / telemetry_json_autotest OK 0.18s
111/119 DPDK:fast-tests / thash_autotest OK 0.19s
112/119 DPDK:fast-tests / threads_autotest OK 0.41s
113/119 DPDK:fast-tests / ticketlock_autotest OK 0.20s
114/119 DPDK:fast-tests / timer_autotest OK 2.59s
115/119 DPDK:fast-tests / trace_autotest OK 0.31s
116/119 DPDK:fast-tests / trace_autotest_with_traces OK 0.19s
117/119 DPDK:fast-tests / vdev_autotest OK 0.26s
118/119 DPDK:fast-tests / version_autotest OK 0.20s
119/119 DPDK:fast-tests / telemetry_all SKIP 0.02s exit status 77
Ok: 109
Expected Fail: 0
Fail: 0
Unexpected Pass: 0
Skipped: 10
Timeout: 0
Full log written to /home-local/jenkins-local/jenkins-agent/workspace/Generic-Unit-Test-DPDK/dpdk/build/meson-logs/testlog.txt
ninja: Entering directory `/home-local/jenkins-local/jenkins-agent/workspace/Generic-Unit-Test-DPDK/dpdk/build'
ninja: no work to do.
1/2 DPDK:driver-tests / cryptodev_openssl_autotest OK 0.72s
2/2 DPDK:driver-tests / cryptodev_openssl_asym_autotest FAIL 0.17s (exit status 255 or signal 127 SIGinvalid)
>>> DPDK_TEST=cryptodev_openssl_asym_autotest MALLOC_PERTURB_=175 /home-local/jenkins-local/jenkins-agent/workspace/Generic-Unit-Test-DPDK/dpdk/build/app/dpdk-test --vdev crypto_openssl
Ok: 1
Expected Fail: 0
Fail: 1
Unexpected Pass: 0
Skipped: 0
Timeout: 0
Full log written to /home-local/jenkins-local/jenkins-agent/workspace/Generic-Unit-Test-DPDK/dpdk/build/meson-logs/testlog.txt
Test log output from the failed test cryptodev_openssl_asym_autotest:
Sorry, we were not able to find the logs for this test.
Download the log output from the CI site for this test run.
==== End log output ====
CentOS Stream 10
Kernel: Depends on container host
Compiler: gcc 14.2.1 20241104 (Red Hat 14.2.1-6)
CentOS Stream 9
Kernel: Depends on container host
Compiler: gcc 11.5.0 20240719 (Red Hat 11.5.0-2)
Debian Bullseye
Kernel: Depends on container host
Compiler: gcc (Debian 10.2.1-6) 10.2.1 20210110
Debian 12
Kernel: Depends on container host
Compiler: gcc (Debian 12.2.0-14) 12.2.0
Fedora 41
Kernel: Depends on container host
Compiler: gcc 14.2.1 20240912 (Red Hat 14.2.1-3)
Fedora 41 (Clang)
Kernel: Depends on container host
Compiler: clang 19.1.5 (Fedora 19.1.5-1.fc41)
Fedora 40 (Clang)
Kernel: Depends on container host
Compiler: clang 18.1.8 (Fedora 18.1.8-1.fc40)
RHEL8
Kernel: Depends on container host
Compiler: gcc 8.5.0 20210514 (Red Hat 8.5.0-22)
Fedora 40
Kernel: Depends on container host
Compiler: gcc 14.2.1 20240912 (Red Hat 14.2.1-3)
RHEL9
Kernel: Depends on container host
Compiler: gcc 11.5.0 20240719 (Red Hat 11.5.0-2)
Ubuntu 20.04
Kernel: Depends on container host
Compiler: gcc (Ubuntu 9.4.0-1ubuntu1~20.04.2) 9.4.0
Ubuntu 22.04
Kernel: Depends on container host
Compiler: gcc (Ubuntu 11.4.0-1ubuntu1~22.04) 11.4.0
Ubuntu 24.04
Kernel: Depends on container host
Compiler: gcc (Ubuntu 13.3.0-6ubuntu2~24.04) 13.3.0
To view detailed results, visit:
https://lab.dpdk.org/results/dashboard/patchsets/32642/
UNH-IOL DPDK Community Lab
To manage your email subscriptions, visit:
https://lab.dpdk.org/results/dashboard/preferences/subscriptions/
^ permalink raw reply [flat|nested] 16+ messages in thread
* |FAILURE| pw151799 [PATCH] test/crypto: add negative test for RSA ve
[not found] <20250221170908.1613-1-gmuthukrishn@marvell.com>
` (7 preceding siblings ...)
2025-02-21 21:02 ` |FAILURE| " dpdklab
@ 2025-02-21 21:03 ` dpdklab
2025-02-21 21:05 ` dpdklab
` (6 subsequent siblings)
15 siblings, 0 replies; 16+ messages in thread
From: dpdklab @ 2025-02-21 21:03 UTC (permalink / raw)
To: Test Report; +Cc: dpdk-test-reports, Gowrishankar Muthukrishnan
Test-Label: iol-unit-arm64-testing
Test-Status: FAILURE
http://dpdk.org/patch/151799
_Testing issues_
Submitter: Gowrishankar Muthukrishnan <gmuthukrishn@marvell.com>
Date: Friday, February 21 2025 17:09:05
DPDK git baseline: Repo:dpdk
Branch: master
CommitID:fab31a03ba98e7457284df95dd9eef2223a4ccaa
151799 --> testing issues
Upstream job id: Generic-Unit-Test-DPDK#317312
Test environment and result as below:
+-----------------------------+----------------+------------------------------+--------------+---------------------------+
| Environment | dpdk_unit_test | cryptodev_sw_snow3g_autotest | lpm_autotest | cryptodev_sw_zuc_autotest |
+=============================+================+==============================+==============+===========================+
| CentOS Stream 9 (ARM) | PEND | SKIPPED | SKIPPED | SKIPPED |
+-----------------------------+----------------+------------------------------+--------------+---------------------------+
| Debian 11 (Buster) (ARM) | PEND | SKIPPED | SKIPPED | SKIPPED |
+-----------------------------+----------------+------------------------------+--------------+---------------------------+
| Fedora 40 (ARM) | FAIL | SKIPPED | SKIPPED | SKIPPED |
+-----------------------------+----------------+------------------------------+--------------+---------------------------+
| Debian 12 (arm) | PEND | PEND | SKIPPED | PEND |
+-----------------------------+----------------+------------------------------+--------------+---------------------------+
| Fedora 40 (ARM Clang) | PEND | SKIPPED | SKIPPED | SKIPPED |
+-----------------------------+----------------+------------------------------+--------------+---------------------------+
| Ubuntu 20.04 (ARM) | PEND | SKIPPED | SKIPPED | SKIPPED |
+-----------------------------+----------------+------------------------------+--------------+---------------------------+
| Fedora 41 (ARM) | PEND | SKIPPED | SKIPPED | SKIPPED |
+-----------------------------+----------------+------------------------------+--------------+---------------------------+
| RHEL9 (ARM) | PEND | SKIPPED | SKIPPED | SKIPPED |
+-----------------------------+----------------+------------------------------+--------------+---------------------------+
| Fedora 41 (ARM Clang) | PEND | SKIPPED | SKIPPED | SKIPPED |
+-----------------------------+----------------+------------------------------+--------------+---------------------------+
| Ubuntu 24.04 (ARM) | PEND | SKIPPED | SKIPPED | SKIPPED |
+-----------------------------+----------------+------------------------------+--------------+---------------------------+
| Ubuntu 22.04 (ARM) | PEND | SKIPPED | SKIPPED | SKIPPED |
+-----------------------------+----------------+------------------------------+--------------+---------------------------+
| 32-bit Ubuntu 22.04.4 (ARM) | PEND | SKIPPED | SKIPPED | SKIPPED |
+-----------------------------+----------------+------------------------------+--------------+---------------------------+
| CentOS Stream 10 (ARM) | PEND | SKIPPED | SKIPPED | SKIPPED |
+-----------------------------+----------------+------------------------------+--------------+---------------------------+
| Ubuntu 20.04 ARM SVE | SKIPPED | SKIPPED | PEND | SKIPPED |
+-----------------------------+----------------+------------------------------+--------------+---------------------------+
==== Unit test summary for Fedora 40 (ARM) (dpdk_unit_test): ====
ninja: Entering directory `/home-local/jenkins-local/jenkins-agent/workspace/Generic-Unit-Test-DPDK/dpdk/build'
ninja: no work to do.
1/119 DPDK:fast-tests / acl_autotest OK 4.64s
2/119 DPDK:fast-tests / alarm_autotest OK 1.15s
3/119 DPDK:fast-tests / argparse_autotest OK 0.15s
4/119 DPDK:fast-tests / atomic_autotest OK 4.45s
5/119 DPDK:fast-tests / bitcount_autotest OK 0.17s
6/119 DPDK:fast-tests / bitmap_autotest OK 0.16s
7/119 DPDK:fast-tests / bitops_autotest OK 1.65s
8/119 DPDK:fast-tests / bitratestats_autotest OK 0.16s
9/119 DPDK:fast-tests / bitset_autotest OK 2.46s
10/119 DPDK:fast-tests / bpf_autotest OK 0.15s
11/119 DPDK:fast-tests / bpf_convert_autotest OK 0.16s
12/119 DPDK:fast-tests / byteorder_autotest OK 0.16s
13/119 DPDK:fast-tests / cfgfile_autotest OK 0.15s
14/119 DPDK:fast-tests / cksum_autotest OK 0.16s
15/119 DPDK:fast-tests / cmdline_autotest OK 0.15s
16/119 DPDK:fast-tests / common_autotest OK 1.04s
17/119 DPDK:fast-tests / compressdev_autotest SKIP 0.09s exit status 77
18/119 DPDK:fast-tests / cpuflags_autotest OK 0.17s
19/119 DPDK:fast-tests / crc_autotest OK 0.16s
20/119 DPDK:fast-tests / user_delay_us OK 0.15s
21/119 DPDK:fast-tests / debug_autotest OK 1.27s
22/119 DPDK:fast-tests / devargs_autotest OK 0.17s
23/119 DPDK:fast-tests / dispatcher_autotest OK 2.43s
24/119 DPDK:fast-tests / distributor_autotest OK 0.81s
25/119 DPDK:fast-tests / eal_flags_c_opt_autotest OK 1.64s
26/119 DPDK:fast-tests / eal_flags_main_opt_autotest OK 0.43s
27/119 DPDK:fast-tests / eal_flags_n_opt_autotest OK 0.40s
28/119 DPDK:fast-tests / eal_flags_hpet_autotest OK 0.30s
29/119 DPDK:fast-tests / eal_flags_no_huge_autotest OK 0.43s
30/119 DPDK:fast-tests / eal_flags_a_opt_autotest OK 0.60s
31/119 DPDK:fast-tests / eal_flags_b_opt_autotest OK 0.49s
32/119 DPDK:fast-tests / eal_flags_vdev_opt_autotest OK 0.36s
33/119 DPDK:fast-tests / eal_flags_r_opt_autotest OK 0.36s
34/119 DPDK:fast-tests / eal_flags_mem_autotest OK 0.54s
35/119 DPDK:fast-tests / eal_flags_file_prefix_autotest OK 1.52s
36/119 DPDK:fast-tests / eal_flags_misc_autotest OK 2.01s
37/119 DPDK:fast-tests / eal_fs_autotest OK 0.17s
38/119 DPDK:fast-tests / errno_autotest OK 0.15s
39/119 DPDK:fast-tests / ethdev_link_status OK 0.16s
40/119 DPDK:fast-tests / event_eth_tx_adapter_autotest OK 1.05s
41/119 DPDK:fast-tests / event_ring_autotest OK 0.17s
42/119 DPDK:fast-tests / eventdev_common_autotest OK 0.16s
43/119 DPDK:fast-tests / eventdev_selftest_sw OK 6.58s
44/119 DPDK:fast-tests / fbarray_autotest OK 0.15s
45/119 DPDK:fast-tests / fib_autotest OK 0.87s
46/119 DPDK:fast-tests / fib6_autotest OK 0.80s
47/119 DPDK:fast-tests / func_reentrancy_autotest OK 0.77s
48/119 DPDK:fast-tests / graph_autotest OK 0.17s
49/119 DPDK:fast-tests / node_list_dump OK 0.15s
50/119 DPDK:fast-tests / hash_autotest OK 0.47s
51/119 DPDK:fast-tests / hash_readwrite_func_autotest OK 7.40s
52/119 DPDK:fast-tests / interrupt_autotest OK 1.19s
53/119 DPDK:fast-tests / ipfrag_autotest OK 0.09s
54/119 DPDK:fast-tests / ipsec_autotest SKIP 0.17s exit status 77
55/119 DPDK:fast-tests / kvargs_autotest OK 0.15s
56/119 DPDK:fast-tests / latencystats_autotest OK 0.16s
57/119 DPDK:fast-tests / lcore_var_autotest OK 0.72s
58/119 DPDK:fast-tests / lcores_autotest OK 3.19s
59/119 DPDK:fast-tests / logs_autotest OK 0.16s
60/119 DPDK:fast-tests / lpm_autotest OK 1.59s
61/119 DPDK:fast-tests / lpm6_autotest OK 4.79s
62/119 DPDK:fast-tests / malloc_autotest OK 0.44s
63/119 DPDK:fast-tests / mbuf_autotest OK 4.62s
64/119 DPDK:fast-tests / mcslock_autotest OK 0.71s
65/119 DPDK:fast-tests / member_autotest OK 1.38s
66/119 DPDK:fast-tests / memcpy_autotest OK 5.16s
67/119 DPDK:fast-tests / memory_autotest OK 0.09s
68/119 DPDK:fast-tests / mempool_autotest OK 0.43s
69/119 DPDK:fast-tests / memzone_autotest OK 0.10s
70/119 DPDK:fast-tests / meter_autotest OK 0.17s
71/119 DPDK:fast-tests / metrics_autotest OK 0.15s
72/119 DPDK:fast-tests / multiprocess_autotest OK 0.33s
73/119 DPDK:fast-tests / net_ether_autotest OK 0.88s
74/119 DPDK:fast-tests / net_ipv6_autotest OK 0.16s
75/119 DPDK:fast-tests / pcapng_autotest OK 7.04s
76/119 DPDK:fast-tests / pdcp_autotest SKIP 0.09s exit status 77
77/119 DPDK:fast-tests / pdump_autotest OK 0.44s
78/119 DPDK:fast-tests / per_lcore_autotest OK 0.25s
79/119 DPDK:fast-tests / pflock_autotest OK 0.48s
80/119 DPDK:fast-tests / pie_autotest OK 0.16s
81/119 DPDK:fast-tests / ring_pmd_autotest OK 0.16s
82/119 DPDK:fast-tests / power_autotest OK 0.15s
83/119 DPDK:fast-tests / power_cpufreq_autotest SKIP 0.09s exit status 77
84/119 DPDK:fast-tests / power_intel_uncore_autotest SKIP 0.17s exit status 77
85/119 DPDK:fast-tests / power_kvm_vm_autotest SKIP 0.09s exit status 77
86/119 DPDK:fast-tests / prefetch_autotest OK 0.17s
87/119 DPDK:fast-tests / ptr_compress_autotest OK 0.15s
88/119 DPDK:fast-tests / rawdev_autotest OK 0.16s
89/119 DPDK:fast-tests / rcu_qsbr_autotest OK 0.62s
90/119 DPDK:fast-tests / reorder_autotest OK 0.40s
91/119 DPDK:fast-tests / rib_autotest OK 3.83s
92/119 DPDK:fast-tests / rib6_autotest OK 3.83s
93/119 DPDK:fast-tests / ring_autotest OK 0.19s
94/119 DPDK:fast-tests / rwlock_test1_autotest OK 0.47s
95/119 DPDK:fast-tests / rwlock_rda_autotest OK 5.15s
96/119 DPDK:fast-tests / rwlock_rds_wrm_autotest OK 5.16s
97/119 DPDK:fast-tests / rwlock_rde_wro_autotest OK 5.16s
98/119 DPDK:fast-tests / sched_autotest OK 0.17s
99/119 DPDK:fast-tests / security_autotest OK 0.09s
100/119 DPDK:fast-tests / seqlock_autotest OK 2.17s
101/119 DPDK:fast-tests / service_autotest OK 2.86s
102/119 DPDK:fast-tests / soring_autotest OK 0.16s
103/119 DPDK:fast-tests / spinlock_autotest OK 0.19s
104/119 DPDK:fast-tests / stack_autotest OK 0.35s
105/119 DPDK:fast-tests / stack_lf_autotest OK 0.33s
106/119 DPDK:fast-tests / string_autotest OK 0.17s
107/119 DPDK:fast-tests / table_autotest OK 6.98s
108/119 DPDK:fast-tests / tailq_autotest OK 0.16s
109/119 DPDK:fast-tests / telemetry_data_autotest OK 0.16s
110/119 DPDK:fast-tests / telemetry_json_autotest OK 0.15s
111/119 DPDK:fast-tests / thash_autotest OK 0.17s
112/119 DPDK:fast-tests / threads_autotest OK 0.35s
113/119 DPDK:fast-tests / ticketlock_autotest OK 0.20s
114/119 DPDK:fast-tests / timer_autotest OK 2.80s
115/119 DPDK:fast-tests / trace_autotest OK 0.51s
116/119 DPDK:fast-tests / trace_autotest_with_traces OK 0.17s
117/119 DPDK:fast-tests / vdev_autotest OK 0.16s
118/119 DPDK:fast-tests / version_autotest OK 0.15s
119/119 DPDK:fast-tests / telemetry_all SKIP 0.08s exit status 77
Ok: 112
Expected Fail: 0
Fail: 0
Unexpected Pass: 0
Skipped: 7
Timeout: 0
Full log written to /home-local/jenkins-local/jenkins-agent/workspace/Generic-Unit-Test-DPDK/dpdk/build/meson-logs/testlog.txt
ninja: Entering directory `/home-local/jenkins-local/jenkins-agent/workspace/Generic-Unit-Test-DPDK/dpdk/build'
ninja: no work to do.
1/2 DPDK:driver-tests / cryptodev_openssl_autotest OK 0.81s
2/2 DPDK:driver-tests / cryptodev_openssl_asym_autotest FAIL 0.14s (exit status 255 or signal 127 SIGinvalid)
>>> DPDK_TEST=cryptodev_openssl_asym_autotest MALLOC_PERTURB_=150 /home-local/jenkins-local/jenkins-agent/workspace/Generic-Unit-Test-DPDK/dpdk/build/app/dpdk-test --vdev crypto_openssl
Ok: 1
Expected Fail: 0
Fail: 1
Unexpected Pass: 0
Skipped: 0
Timeout: 0
Full log written to /home-local/jenkins-local/jenkins-agent/workspace/Generic-Unit-Test-DPDK/dpdk/build/meson-logs/testlog.txt
Test log output from the failed test cryptodev_openssl_asym_autotest:
Sorry, we were not able to find the logs for this test.
Download the log output from the CI site for this test run.
==== End log output ====
CentOS Stream 9 (ARM)
Kernel: Depends on container host
Compiler: gcc 11.5.0 20240719 (Red Hat 11.5.0-2)
Debian 11 (Buster) (ARM)
Kernel: Depends on container host
Compiler: gcc (Debian 10.2.1-6) 10.2.1 20210110
Fedora 40 (ARM)
Kernel: Depends on container host
Compiler: gcc 14.2.1 20240912 (Red Hat 14.2.1-3)
Debian 12 (arm)
Kernel: Depends on container host
Compiler: gcc (Debian 12.2.0-14) 12.2.0
Fedora 40 (ARM Clang)
Kernel: Depends on container host
Compiler: clang 18.1.8 (Fedora 18.1.8-1.fc40)
Ubuntu 20.04 (ARM)
Kernel: Depends on container host
Compiler: gcc (Ubuntu 9.4.0-1ubuntu1~20.04.2) 9.4.0
Fedora 41 (ARM)
Kernel: Depends on container host
Compiler: gcc 14.2.1 20240912 (Red Hat 14.2.1-3)
RHEL9 (ARM)
Kernel: Depends on container host
Compiler: gcc 11.5.0 20240719 (Red Hat 11.5.0-2)
Fedora 41 (ARM Clang)
Kernel: Depends on container host
Compiler: clang 19.1.5 (Fedora 19.1.5-1.fc41)
Ubuntu 24.04 (ARM)
Kernel: Depends on container host
Compiler: gcc (Ubuntu 13.3.0-6ubuntu2~24.04) 13.3.0
Ubuntu 22.04 (ARM)
Kernel: Depends on container host
Compiler: gcc (Ubuntu 11.4.0-1ubuntu1~22.04) 11.4.0
32-bit Ubuntu 22.04.4 (ARM)
Kernel: 5.15.83+ aarch64
Compiler: gcc (Ubuntu 11.4.0-1ubuntu1~22.04) 11.4.0
CentOS Stream 10 (ARM)
Kernel: Depends on container host
Compiler: gcc 14.2.1 20241104 (Red Hat 14.2.1-6)
Ubuntu 20.04 ARM SVE
Kernel: Depends on container host
Compiler: gcc (Ubuntu 10.5.0-1ubuntu1~20.04) 10.5.0
To view detailed results, visit:
https://lab.dpdk.org/results/dashboard/patchsets/32642/
UNH-IOL DPDK Community Lab
To manage your email subscriptions, visit:
https://lab.dpdk.org/results/dashboard/preferences/subscriptions/
^ permalink raw reply [flat|nested] 16+ messages in thread
* |FAILURE| pw151799 [PATCH] test/crypto: add negative test for RSA ve
[not found] <20250221170908.1613-1-gmuthukrishn@marvell.com>
` (8 preceding siblings ...)
2025-02-21 21:03 ` dpdklab
@ 2025-02-21 21:05 ` dpdklab
2025-02-21 21:07 ` |SUCCESS| " dpdklab
` (5 subsequent siblings)
15 siblings, 0 replies; 16+ messages in thread
From: dpdklab @ 2025-02-21 21:05 UTC (permalink / raw)
To: Test Report; +Cc: dpdk-test-reports, Gowrishankar Muthukrishnan
Test-Label: iol-unit-arm64-testing
Test-Status: FAILURE
http://dpdk.org/patch/151799
_Testing issues_
Submitter: Gowrishankar Muthukrishnan <gmuthukrishn@marvell.com>
Date: Friday, February 21 2025 17:09:05
DPDK git baseline: Repo:dpdk
Branch: master
CommitID:fab31a03ba98e7457284df95dd9eef2223a4ccaa
151799 --> testing issues
Upstream job id: Generic-Unit-Test-DPDK#317308
Test environment and result as below:
+-----------------------------+----------------+------------------------------+--------------+---------------------------+
| Environment | dpdk_unit_test | cryptodev_sw_snow3g_autotest | lpm_autotest | cryptodev_sw_zuc_autotest |
+=============================+================+==============================+==============+===========================+
| CentOS Stream 9 (ARM) | FAIL | SKIPPED | SKIPPED | SKIPPED |
+-----------------------------+----------------+------------------------------+--------------+---------------------------+
| Debian 11 (Buster) (ARM) | PASS | SKIPPED | SKIPPED | SKIPPED |
+-----------------------------+----------------+------------------------------+--------------+---------------------------+
| Fedora 40 (ARM) | FAIL | SKIPPED | SKIPPED | SKIPPED |
+-----------------------------+----------------+------------------------------+--------------+---------------------------+
| Debian 12 (arm) | PEND | PEND | SKIPPED | PEND |
+-----------------------------+----------------+------------------------------+--------------+---------------------------+
| Fedora 40 (ARM Clang) | PEND | SKIPPED | SKIPPED | SKIPPED |
+-----------------------------+----------------+------------------------------+--------------+---------------------------+
| Ubuntu 20.04 (ARM) | PEND | SKIPPED | SKIPPED | SKIPPED |
+-----------------------------+----------------+------------------------------+--------------+---------------------------+
| Fedora 41 (ARM) | PEND | SKIPPED | SKIPPED | SKIPPED |
+-----------------------------+----------------+------------------------------+--------------+---------------------------+
| RHEL9 (ARM) | PEND | SKIPPED | SKIPPED | SKIPPED |
+-----------------------------+----------------+------------------------------+--------------+---------------------------+
| Fedora 41 (ARM Clang) | PEND | SKIPPED | SKIPPED | SKIPPED |
+-----------------------------+----------------+------------------------------+--------------+---------------------------+
| Ubuntu 24.04 (ARM) | PEND | SKIPPED | SKIPPED | SKIPPED |
+-----------------------------+----------------+------------------------------+--------------+---------------------------+
| Ubuntu 22.04 (ARM) | PEND | SKIPPED | SKIPPED | SKIPPED |
+-----------------------------+----------------+------------------------------+--------------+---------------------------+
| 32-bit Ubuntu 22.04.4 (ARM) | PEND | SKIPPED | SKIPPED | SKIPPED |
+-----------------------------+----------------+------------------------------+--------------+---------------------------+
| CentOS Stream 10 (ARM) | PEND | SKIPPED | SKIPPED | SKIPPED |
+-----------------------------+----------------+------------------------------+--------------+---------------------------+
| Ubuntu 20.04 ARM SVE | SKIPPED | SKIPPED | PEND | SKIPPED |
+-----------------------------+----------------+------------------------------+--------------+---------------------------+
==== Unit test summary for Fedora 40 (ARM) (dpdk_unit_test): ====
ninja: Entering directory `/home-local/jenkins-local/jenkins-agent/workspace/Generic-Unit-Test-DPDK/dpdk/build'
ninja: no work to do.
1/119 DPDK:fast-tests / acl_autotest OK 4.64s
2/119 DPDK:fast-tests / alarm_autotest OK 1.15s
3/119 DPDK:fast-tests / argparse_autotest OK 0.15s
4/119 DPDK:fast-tests / atomic_autotest OK 4.45s
5/119 DPDK:fast-tests / bitcount_autotest OK 0.17s
6/119 DPDK:fast-tests / bitmap_autotest OK 0.16s
7/119 DPDK:fast-tests / bitops_autotest OK 1.65s
8/119 DPDK:fast-tests / bitratestats_autotest OK 0.16s
9/119 DPDK:fast-tests / bitset_autotest OK 2.46s
10/119 DPDK:fast-tests / bpf_autotest OK 0.15s
11/119 DPDK:fast-tests / bpf_convert_autotest OK 0.16s
12/119 DPDK:fast-tests / byteorder_autotest OK 0.16s
13/119 DPDK:fast-tests / cfgfile_autotest OK 0.15s
14/119 DPDK:fast-tests / cksum_autotest OK 0.16s
15/119 DPDK:fast-tests / cmdline_autotest OK 0.15s
16/119 DPDK:fast-tests / common_autotest OK 1.04s
17/119 DPDK:fast-tests / compressdev_autotest SKIP 0.09s exit status 77
18/119 DPDK:fast-tests / cpuflags_autotest OK 0.17s
19/119 DPDK:fast-tests / crc_autotest OK 0.16s
20/119 DPDK:fast-tests / user_delay_us OK 0.15s
21/119 DPDK:fast-tests / debug_autotest OK 1.27s
22/119 DPDK:fast-tests / devargs_autotest OK 0.17s
23/119 DPDK:fast-tests / dispatcher_autotest OK 2.43s
24/119 DPDK:fast-tests / distributor_autotest OK 0.81s
25/119 DPDK:fast-tests / eal_flags_c_opt_autotest OK 1.64s
26/119 DPDK:fast-tests / eal_flags_main_opt_autotest OK 0.43s
27/119 DPDK:fast-tests / eal_flags_n_opt_autotest OK 0.40s
28/119 DPDK:fast-tests / eal_flags_hpet_autotest OK 0.30s
29/119 DPDK:fast-tests / eal_flags_no_huge_autotest OK 0.43s
30/119 DPDK:fast-tests / eal_flags_a_opt_autotest OK 0.60s
31/119 DPDK:fast-tests / eal_flags_b_opt_autotest OK 0.49s
32/119 DPDK:fast-tests / eal_flags_vdev_opt_autotest OK 0.36s
33/119 DPDK:fast-tests / eal_flags_r_opt_autotest OK 0.36s
34/119 DPDK:fast-tests / eal_flags_mem_autotest OK 0.54s
35/119 DPDK:fast-tests / eal_flags_file_prefix_autotest OK 1.52s
36/119 DPDK:fast-tests / eal_flags_misc_autotest OK 2.01s
37/119 DPDK:fast-tests / eal_fs_autotest OK 0.17s
38/119 DPDK:fast-tests / errno_autotest OK 0.15s
39/119 DPDK:fast-tests / ethdev_link_status OK 0.16s
40/119 DPDK:fast-tests / event_eth_tx_adapter_autotest OK 1.05s
41/119 DPDK:fast-tests / event_ring_autotest OK 0.17s
42/119 DPDK:fast-tests / eventdev_common_autotest OK 0.16s
43/119 DPDK:fast-tests / eventdev_selftest_sw OK 6.58s
44/119 DPDK:fast-tests / fbarray_autotest OK 0.15s
45/119 DPDK:fast-tests / fib_autotest OK 0.87s
46/119 DPDK:fast-tests / fib6_autotest OK 0.80s
47/119 DPDK:fast-tests / func_reentrancy_autotest OK 0.77s
48/119 DPDK:fast-tests / graph_autotest OK 0.17s
49/119 DPDK:fast-tests / node_list_dump OK 0.15s
50/119 DPDK:fast-tests / hash_autotest OK 0.47s
51/119 DPDK:fast-tests / hash_readwrite_func_autotest OK 7.40s
52/119 DPDK:fast-tests / interrupt_autotest OK 1.19s
53/119 DPDK:fast-tests / ipfrag_autotest OK 0.09s
54/119 DPDK:fast-tests / ipsec_autotest SKIP 0.17s exit status 77
55/119 DPDK:fast-tests / kvargs_autotest OK 0.15s
56/119 DPDK:fast-tests / latencystats_autotest OK 0.16s
57/119 DPDK:fast-tests / lcore_var_autotest OK 0.72s
58/119 DPDK:fast-tests / lcores_autotest OK 3.19s
59/119 DPDK:fast-tests / logs_autotest OK 0.16s
60/119 DPDK:fast-tests / lpm_autotest OK 1.59s
61/119 DPDK:fast-tests / lpm6_autotest OK 4.79s
62/119 DPDK:fast-tests / malloc_autotest OK 0.44s
63/119 DPDK:fast-tests / mbuf_autotest OK 4.62s
64/119 DPDK:fast-tests / mcslock_autotest OK 0.71s
65/119 DPDK:fast-tests / member_autotest OK 1.38s
66/119 DPDK:fast-tests / memcpy_autotest OK 5.16s
67/119 DPDK:fast-tests / memory_autotest OK 0.09s
68/119 DPDK:fast-tests / mempool_autotest OK 0.43s
69/119 DPDK:fast-tests / memzone_autotest OK 0.10s
70/119 DPDK:fast-tests / meter_autotest OK 0.17s
71/119 DPDK:fast-tests / metrics_autotest OK 0.15s
72/119 DPDK:fast-tests / multiprocess_autotest OK 0.33s
73/119 DPDK:fast-tests / net_ether_autotest OK 0.88s
74/119 DPDK:fast-tests / net_ipv6_autotest OK 0.16s
75/119 DPDK:fast-tests / pcapng_autotest OK 7.04s
76/119 DPDK:fast-tests / pdcp_autotest SKIP 0.09s exit status 77
77/119 DPDK:fast-tests / pdump_autotest OK 0.44s
78/119 DPDK:fast-tests / per_lcore_autotest OK 0.25s
79/119 DPDK:fast-tests / pflock_autotest OK 0.48s
80/119 DPDK:fast-tests / pie_autotest OK 0.16s
81/119 DPDK:fast-tests / ring_pmd_autotest OK 0.16s
82/119 DPDK:fast-tests / power_autotest OK 0.15s
83/119 DPDK:fast-tests / power_cpufreq_autotest SKIP 0.09s exit status 77
84/119 DPDK:fast-tests / power_intel_uncore_autotest SKIP 0.17s exit status 77
85/119 DPDK:fast-tests / power_kvm_vm_autotest SKIP 0.09s exit status 77
86/119 DPDK:fast-tests / prefetch_autotest OK 0.17s
87/119 DPDK:fast-tests / ptr_compress_autotest OK 0.15s
88/119 DPDK:fast-tests / rawdev_autotest OK 0.16s
89/119 DPDK:fast-tests / rcu_qsbr_autotest OK 0.62s
90/119 DPDK:fast-tests / reorder_autotest OK 0.40s
91/119 DPDK:fast-tests / rib_autotest OK 3.83s
92/119 DPDK:fast-tests / rib6_autotest OK 3.83s
93/119 DPDK:fast-tests / ring_autotest OK 0.19s
94/119 DPDK:fast-tests / rwlock_test1_autotest OK 0.47s
95/119 DPDK:fast-tests / rwlock_rda_autotest OK 5.15s
96/119 DPDK:fast-tests / rwlock_rds_wrm_autotest OK 5.16s
97/119 DPDK:fast-tests / rwlock_rde_wro_autotest OK 5.16s
98/119 DPDK:fast-tests / sched_autotest OK 0.17s
99/119 DPDK:fast-tests / security_autotest OK 0.09s
100/119 DPDK:fast-tests / seqlock_autotest OK 2.17s
101/119 DPDK:fast-tests / service_autotest OK 2.86s
102/119 DPDK:fast-tests / soring_autotest OK 0.16s
103/119 DPDK:fast-tests / spinlock_autotest OK 0.19s
104/119 DPDK:fast-tests / stack_autotest OK 0.35s
105/119 DPDK:fast-tests / stack_lf_autotest OK 0.33s
106/119 DPDK:fast-tests / string_autotest OK 0.17s
107/119 DPDK:fast-tests / table_autotest OK 6.98s
108/119 DPDK:fast-tests / tailq_autotest OK 0.16s
109/119 DPDK:fast-tests / telemetry_data_autotest OK 0.16s
110/119 DPDK:fast-tests / telemetry_json_autotest OK 0.15s
111/119 DPDK:fast-tests / thash_autotest OK 0.17s
112/119 DPDK:fast-tests / threads_autotest OK 0.35s
113/119 DPDK:fast-tests / ticketlock_autotest OK 0.20s
114/119 DPDK:fast-tests / timer_autotest OK 2.80s
115/119 DPDK:fast-tests / trace_autotest OK 0.51s
116/119 DPDK:fast-tests / trace_autotest_with_traces OK 0.17s
117/119 DPDK:fast-tests / vdev_autotest OK 0.16s
118/119 DPDK:fast-tests / version_autotest OK 0.15s
119/119 DPDK:fast-tests / telemetry_all SKIP 0.08s exit status 77
Ok: 112
Expected Fail: 0
Fail: 0
Unexpected Pass: 0
Skipped: 7
Timeout: 0
Full log written to /home-local/jenkins-local/jenkins-agent/workspace/Generic-Unit-Test-DPDK/dpdk/build/meson-logs/testlog.txt
ninja: Entering directory `/home-local/jenkins-local/jenkins-agent/workspace/Generic-Unit-Test-DPDK/dpdk/build'
ninja: no work to do.
1/2 DPDK:driver-tests / cryptodev_openssl_autotest OK 0.81s
2/2 DPDK:driver-tests / cryptodev_openssl_asym_autotest FAIL 0.14s (exit status 255 or signal 127 SIGinvalid)
>>> DPDK_TEST=cryptodev_openssl_asym_autotest MALLOC_PERTURB_=150 /home-local/jenkins-local/jenkins-agent/workspace/Generic-Unit-Test-DPDK/dpdk/build/app/dpdk-test --vdev crypto_openssl
Ok: 1
Expected Fail: 0
Fail: 1
Unexpected Pass: 0
Skipped: 0
Timeout: 0
Full log written to /home-local/jenkins-local/jenkins-agent/workspace/Generic-Unit-Test-DPDK/dpdk/build/meson-logs/testlog.txt
Test log output from the failed test cryptodev_openssl_asym_autotest:
Sorry, we were not able to find the logs for this test.
Download the log output from the CI site for this test run.
==== End log output ====
CentOS Stream 9 (ARM)
Kernel: Depends on container host
Compiler: gcc 11.5.0 20240719 (Red Hat 11.5.0-2)
Debian 11 (Buster) (ARM)
Kernel: Depends on container host
Compiler: gcc (Debian 10.2.1-6) 10.2.1 20210110
Fedora 40 (ARM)
Kernel: Depends on container host
Compiler: gcc 14.2.1 20240912 (Red Hat 14.2.1-3)
Debian 12 (arm)
Kernel: Depends on container host
Compiler: gcc (Debian 12.2.0-14) 12.2.0
Fedora 40 (ARM Clang)
Kernel: Depends on container host
Compiler: clang 18.1.8 (Fedora 18.1.8-1.fc40)
Ubuntu 20.04 (ARM)
Kernel: Depends on container host
Compiler: gcc (Ubuntu 9.4.0-1ubuntu1~20.04.2) 9.4.0
Fedora 41 (ARM)
Kernel: Depends on container host
Compiler: gcc 14.2.1 20240912 (Red Hat 14.2.1-3)
RHEL9 (ARM)
Kernel: Depends on container host
Compiler: gcc 11.5.0 20240719 (Red Hat 11.5.0-2)
Fedora 41 (ARM Clang)
Kernel: Depends on container host
Compiler: clang 19.1.5 (Fedora 19.1.5-1.fc41)
Ubuntu 24.04 (ARM)
Kernel: Depends on container host
Compiler: gcc (Ubuntu 13.3.0-6ubuntu2~24.04) 13.3.0
Ubuntu 22.04 (ARM)
Kernel: Depends on container host
Compiler: gcc (Ubuntu 11.4.0-1ubuntu1~22.04) 11.4.0
32-bit Ubuntu 22.04.4 (ARM)
Kernel: 5.15.83+ aarch64
Compiler: gcc (Ubuntu 11.4.0-1ubuntu1~22.04) 11.4.0
CentOS Stream 10 (ARM)
Kernel: Depends on container host
Compiler: gcc 14.2.1 20241104 (Red Hat 14.2.1-6)
Ubuntu 20.04 ARM SVE
Kernel: Depends on container host
Compiler: gcc (Ubuntu 10.5.0-1ubuntu1~20.04) 10.5.0
To view detailed results, visit:
https://lab.dpdk.org/results/dashboard/patchsets/32642/
UNH-IOL DPDK Community Lab
To manage your email subscriptions, visit:
https://lab.dpdk.org/results/dashboard/preferences/subscriptions/
^ permalink raw reply [flat|nested] 16+ messages in thread
* |SUCCESS| pw151799 [PATCH] test/crypto: add negative test for RSA ve
[not found] <20250221170908.1613-1-gmuthukrishn@marvell.com>
` (9 preceding siblings ...)
2025-02-21 21:05 ` dpdklab
@ 2025-02-21 21:07 ` dpdklab
2025-02-21 21:09 ` |FAILURE| " dpdklab
` (4 subsequent siblings)
15 siblings, 0 replies; 16+ messages in thread
From: dpdklab @ 2025-02-21 21:07 UTC (permalink / raw)
To: Test Report; +Cc: dpdk-test-reports
Test-Label: iol-intel-Performance
Test-Status: SUCCESS
http://dpdk.org/patch/151799
_Performance Testing PASS_
Submitter: Gowrishankar Muthukrishnan <gmuthukrishn@marvell.com>
Date: Friday, February 21 2025 17:09:05
DPDK git baseline: Repo:dpdk
Branch: master
CommitID:fab31a03ba98e7457284df95dd9eef2223a4ccaa
151799 --> performance testing pass
Upstream job id: Template-DTS-Pipeline#213807
Test environment and result as below:
Ubuntu 20.04
Kernel: 5.4.0-122-generic
Compiler: gcc 9.4.0
NIC: Intel Corporation Ethernet Converged Network Adapter XL710-QDA2 40000 Mbps
Fail/Total: 0/4
Detail performance results:
+----------+-------------+---------+------------+------------------------------+
| num_cpus | num_threads | txd/rxd | frame_size | throughput difference from |
| | | | | expected |
+==========+=============+=========+============+==============================+
| 1 | 2 | 512 | 64 | -0.3% |
+----------+-------------+---------+------------+------------------------------+
| 1 | 2 | 2048 | 64 | -1.3% |
+----------+-------------+---------+------------+------------------------------+
| 1 | 1 | 512 | 64 | 0.0% |
+----------+-------------+---------+------------+------------------------------+
| 1 | 1 | 2048 | 64 | 0.8% |
+----------+-------------+---------+------------+------------------------------+
Ubuntu 22.04
Kernel: 5.15.0-131-generic
Compiler: gcc (Ubuntu 11.4.0-1ubuntu1~22.04) 11.4.0
NIC: Intel Corporation Ethernet Converged Network Adapter 82599ES 10000 Mbps
Fail/Total: 0/6
Detail performance results:
+----------+-------------+---------+------------+------------------------------+
| num_cpus | num_threads | txd/rxd | frame_size | throughput difference from |
| | | | | expected |
+==========+=============+=========+============+==============================+
| 1 | 2 | 128 | 64 | -0.0% |
+----------+-------------+---------+------------+------------------------------+
| 1 | 2 | 512 | 64 | 0.0% |
+----------+-------------+---------+------------+------------------------------+
| 1 | 2 | 2048 | 64 | 0.0% |
+----------+-------------+---------+------------+------------------------------+
| 1 | 1 | 128 | 64 | 0.0% |
+----------+-------------+---------+------------+------------------------------+
| 1 | 1 | 512 | 64 | 0.4% |
+----------+-------------+---------+------------+------------------------------+
| 1 | 1 | 2048 | 64 | -0.2% |
+----------+-------------+---------+------------+------------------------------+
To view detailed results, visit:
https://lab.dpdk.org/results/dashboard/patchsets/32642/
UNH-IOL DPDK Community Lab
To manage your email subscriptions, visit:
https://lab.dpdk.org/results/dashboard/preferences/subscriptions/
^ permalink raw reply [flat|nested] 16+ messages in thread
* |FAILURE| pw151799 [PATCH] test/crypto: add negative test for RSA ve
[not found] <20250221170908.1613-1-gmuthukrishn@marvell.com>
` (11 preceding siblings ...)
2025-02-21 21:09 ` |FAILURE| " dpdklab
@ 2025-02-21 21:09 ` dpdklab
2025-02-21 21:10 ` dpdklab
` (2 subsequent siblings)
15 siblings, 0 replies; 16+ messages in thread
From: dpdklab @ 2025-02-21 21:09 UTC (permalink / raw)
To: Test Report; +Cc: dpdk-test-reports, Gowrishankar Muthukrishnan
Test-Label: iol-unit-arm64-testing
Test-Status: FAILURE
http://dpdk.org/patch/151799
_Testing issues_
Submitter: Gowrishankar Muthukrishnan <gmuthukrishn@marvell.com>
Date: Friday, February 21 2025 17:09:05
DPDK git baseline: Repo:dpdk
Branch: master
CommitID:fab31a03ba98e7457284df95dd9eef2223a4ccaa
151799 --> testing issues
Upstream job id: Generic-Unit-Test-DPDK#317310
Test environment and result as below:
+-----------------------------+----------------+------------------------------+--------------+---------------------------+
| Environment | dpdk_unit_test | cryptodev_sw_snow3g_autotest | lpm_autotest | cryptodev_sw_zuc_autotest |
+=============================+================+==============================+==============+===========================+
| CentOS Stream 9 (ARM) | FAIL | SKIPPED | SKIPPED | SKIPPED |
+-----------------------------+----------------+------------------------------+--------------+---------------------------+
| Debian 11 (Buster) (ARM) | PASS | SKIPPED | SKIPPED | SKIPPED |
+-----------------------------+----------------+------------------------------+--------------+---------------------------+
| Fedora 40 (ARM) | FAIL | SKIPPED | SKIPPED | SKIPPED |
+-----------------------------+----------------+------------------------------+--------------+---------------------------+
| Debian 12 (arm) | FAIL | PEND | SKIPPED | PEND |
+-----------------------------+----------------+------------------------------+--------------+---------------------------+
| Fedora 40 (ARM Clang) | PEND | SKIPPED | SKIPPED | SKIPPED |
+-----------------------------+----------------+------------------------------+--------------+---------------------------+
| Ubuntu 20.04 (ARM) | PEND | SKIPPED | SKIPPED | SKIPPED |
+-----------------------------+----------------+------------------------------+--------------+---------------------------+
| Fedora 41 (ARM) | PEND | SKIPPED | SKIPPED | SKIPPED |
+-----------------------------+----------------+------------------------------+--------------+---------------------------+
| RHEL9 (ARM) | PEND | SKIPPED | SKIPPED | SKIPPED |
+-----------------------------+----------------+------------------------------+--------------+---------------------------+
| Fedora 41 (ARM Clang) | PEND | SKIPPED | SKIPPED | SKIPPED |
+-----------------------------+----------------+------------------------------+--------------+---------------------------+
| Ubuntu 24.04 (ARM) | PEND | SKIPPED | SKIPPED | SKIPPED |
+-----------------------------+----------------+------------------------------+--------------+---------------------------+
| Ubuntu 22.04 (ARM) | PEND | SKIPPED | SKIPPED | SKIPPED |
+-----------------------------+----------------+------------------------------+--------------+---------------------------+
| 32-bit Ubuntu 22.04.4 (ARM) | PEND | SKIPPED | SKIPPED | SKIPPED |
+-----------------------------+----------------+------------------------------+--------------+---------------------------+
| CentOS Stream 10 (ARM) | PEND | SKIPPED | SKIPPED | SKIPPED |
+-----------------------------+----------------+------------------------------+--------------+---------------------------+
| Ubuntu 20.04 ARM SVE | SKIPPED | SKIPPED | PEND | SKIPPED |
+-----------------------------+----------------+------------------------------+--------------+---------------------------+
==== Unit test summary for Debian 12 (arm) (dpdk_unit_test): ====
ninja: Entering directory `/home-local/jenkins-local/jenkins-agent/workspace/Generic-Unit-Test-DPDK/dpdk/build'
ninja: no work to do.
1/119 DPDK:fast-tests / acl_autotest OK 5.97s
2/119 DPDK:fast-tests / alarm_autotest OK 1.16s
3/119 DPDK:fast-tests / argparse_autotest OK 0.16s
4/119 DPDK:fast-tests / atomic_autotest OK 5.15s
5/119 DPDK:fast-tests / bitcount_autotest OK 0.18s
6/119 DPDK:fast-tests / bitmap_autotest OK 0.16s
7/119 DPDK:fast-tests / bitops_autotest OK 1.66s
8/119 DPDK:fast-tests / bitratestats_autotest OK 0.17s
9/119 DPDK:fast-tests / bitset_autotest OK 2.66s
10/119 DPDK:fast-tests / bpf_autotest OK 0.16s
11/119 DPDK:fast-tests / bpf_convert_autotest OK 0.17s
12/119 DPDK:fast-tests / byteorder_autotest OK 0.16s
13/119 DPDK:fast-tests / cfgfile_autotest OK 0.17s
14/119 DPDK:fast-tests / cksum_autotest OK 0.16s
15/119 DPDK:fast-tests / cmdline_autotest OK 0.16s
16/119 DPDK:fast-tests / common_autotest OK 1.06s
17/119 DPDK:fast-tests / compressdev_autotest SKIP 0.09s exit status 77
18/119 DPDK:fast-tests / cpuflags_autotest OK 0.18s
19/119 DPDK:fast-tests / crc_autotest OK 0.16s
20/119 DPDK:fast-tests / user_delay_us OK 0.16s
21/119 DPDK:fast-tests / debug_autotest OK 0.89s
22/119 DPDK:fast-tests / devargs_autotest OK 0.16s
23/119 DPDK:fast-tests / dispatcher_autotest OK 2.46s
24/119 DPDK:fast-tests / distributor_autotest OK 0.81s
25/119 DPDK:fast-tests / eal_flags_c_opt_autotest OK 1.75s
26/119 DPDK:fast-tests / eal_flags_main_opt_autotest OK 0.46s
27/119 DPDK:fast-tests / eal_flags_n_opt_autotest OK 0.41s
28/119 DPDK:fast-tests / eal_flags_hpet_autotest OK 0.23s
29/119 DPDK:fast-tests / eal_flags_no_huge_autotest OK 0.82s
30/119 DPDK:fast-tests / eal_flags_a_opt_autotest OK 0.67s
31/119 DPDK:fast-tests / eal_flags_b_opt_autotest OK 0.52s
32/119 DPDK:fast-tests / eal_flags_vdev_opt_autotest OK 0.39s
33/119 DPDK:fast-tests / eal_flags_r_opt_autotest OK 0.38s
34/119 DPDK:fast-tests / eal_flags_mem_autotest OK 0.59s
35/119 DPDK:fast-tests / eal_flags_file_prefix_autotest OK 1.61s
36/119 DPDK:fast-tests / eal_flags_misc_autotest OK 2.17s
37/119 DPDK:fast-tests / eal_fs_autotest OK 0.18s
38/119 DPDK:fast-tests / errno_autotest OK 0.16s
39/119 DPDK:fast-tests / ethdev_link_status OK 0.16s
40/119 DPDK:fast-tests / event_eth_tx_adapter_autotest OK 1.07s
41/119 DPDK:fast-tests / event_ring_autotest OK 0.18s
42/119 DPDK:fast-tests / eventdev_common_autotest OK 0.17s
43/119 DPDK:fast-tests / eventdev_selftest_sw OK 9.94s
44/119 DPDK:fast-tests / fbarray_autotest OK 0.16s
45/119 DPDK:fast-tests / fib_autotest OK 0.88s
46/119 DPDK:fast-tests / fib6_autotest OK 0.81s
47/119 DPDK:fast-tests / func_reentrancy_autotest OK 0.79s
48/119 DPDK:fast-tests / graph_autotest OK 0.18s
49/119 DPDK:fast-tests / node_list_dump OK 0.16s
50/119 DPDK:fast-tests / hash_autotest OK 0.51s
51/119 DPDK:fast-tests / hash_readwrite_func_autotest OK 7.30s
52/119 DPDK:fast-tests / interrupt_autotest OK 1.19s
53/119 DPDK:fast-tests / ipfrag_autotest OK 0.10s
54/119 DPDK:fast-tests / ipsec_autotest SKIP 0.18s exit status 77
55/119 DPDK:fast-tests / kvargs_autotest OK 0.16s
56/119 DPDK:fast-tests / latencystats_autotest OK 0.17s
57/119 DPDK:fast-tests / lcore_var_autotest OK 0.74s
58/119 DPDK:fast-tests / lcores_autotest OK 3.47s
59/119 DPDK:fast-tests / logs_autotest OK 0.16s
60/119 DPDK:fast-tests / lpm_autotest OK 1.63s
61/119 DPDK:fast-tests / lpm6_autotest OK 4.98s
62/119 DPDK:fast-tests / malloc_autotest OK 0.44s
63/119 DPDK:fast-tests / mbuf_autotest OK 4.52s
64/119 DPDK:fast-tests / mcslock_autotest OK 0.78s
65/119 DPDK:fast-tests / member_autotest OK 1.33s
66/119 DPDK:fast-tests / memcpy_autotest OK 6.27s
67/119 DPDK:fast-tests / memory_autotest OK 0.09s
68/119 DPDK:fast-tests / mempool_autotest OK 0.44s
69/119 DPDK:fast-tests / memzone_autotest OK 0.11s
70/119 DPDK:fast-tests / meter_autotest OK 0.18s
71/119 DPDK:fast-tests / metrics_autotest OK 0.16s
72/119 DPDK:fast-tests / multiprocess_autotest OK 0.36s
73/119 DPDK:fast-tests / net_ether_autotest OK 0.95s
74/119 DPDK:fast-tests / net_ipv6_autotest OK 0.16s
75/119 DPDK:fast-tests / pcapng_autotest OK 6.47s
76/119 DPDK:fast-tests / pdcp_autotest SKIP 0.09s exit status 77
77/119 DPDK:fast-tests / pdump_autotest OK 0.44s
78/119 DPDK:fast-tests / per_lcore_autotest OK 0.26s
79/119 DPDK:fast-tests / pflock_autotest OK 0.49s
80/119 DPDK:fast-tests / pie_autotest OK 0.16s
81/119 DPDK:fast-tests / ring_pmd_autotest OK 0.17s
82/119 DPDK:fast-tests / power_autotest OK 0.16s
83/119 DPDK:fast-tests / power_cpufreq_autotest SKIP 0.09s exit status 77
84/119 DPDK:fast-tests / power_intel_uncore_autotest SKIP 0.18s exit status 77
85/119 DPDK:fast-tests / power_kvm_vm_autotest SKIP 0.09s exit status 77
86/119 DPDK:fast-tests / prefetch_autotest OK 0.18s
87/119 DPDK:fast-tests / ptr_compress_autotest OK 0.16s
88/119 DPDK:fast-tests / rawdev_autotest OK 0.16s
89/119 DPDK:fast-tests / rcu_qsbr_autotest OK 0.63s
90/119 DPDK:fast-tests / reorder_autotest OK 0.41s
91/119 DPDK:fast-tests / rib_autotest OK 3.88s
92/119 DPDK:fast-tests / rib6_autotest OK 3.88s
93/119 DPDK:fast-tests / ring_autotest OK 0.19s
94/119 DPDK:fast-tests / rwlock_test1_autotest OK 0.49s
95/119 DPDK:fast-tests / rwlock_rda_autotest OK 5.16s
96/119 DPDK:fast-tests / rwlock_rds_wrm_autotest OK 5.16s
97/119 DPDK:fast-tests / rwlock_rde_wro_autotest OK 5.16s
98/119 DPDK:fast-tests / sched_autotest OK 0.17s
99/119 DPDK:fast-tests / security_autotest OK 0.09s
100/119 DPDK:fast-tests / seqlock_autotest OK 2.18s
101/119 DPDK:fast-tests / service_autotest OK 2.86s
102/119 DPDK:fast-tests / soring_autotest OK 0.17s
103/119 DPDK:fast-tests / spinlock_autotest OK 0.20s
104/119 DPDK:fast-tests / stack_autotest OK 0.36s
105/119 DPDK:fast-tests / stack_lf_autotest OK 0.33s
106/119 DPDK:fast-tests / string_autotest OK 0.18s
107/119 DPDK:fast-tests / table_autotest OK 6.88s
108/119 DPDK:fast-tests / tailq_autotest OK 0.16s
109/119 DPDK:fast-tests / telemetry_data_autotest OK 0.16s
110/119 DPDK:fast-tests / telemetry_json_autotest OK 0.16s
111/119 DPDK:fast-tests / thash_autotest OK 0.18s
112/119 DPDK:fast-tests / threads_autotest OK 0.34s
113/119 DPDK:fast-tests / ticketlock_autotest OK 0.20s
114/119 DPDK:fast-tests / timer_autotest OK 2.83s
115/119 DPDK:fast-tests / trace_autotest OK 0.21s
116/119 DPDK:fast-tests / trace_autotest_with_traces OK 0.17s
117/119 DPDK:fast-tests / vdev_autotest OK 0.16s
118/119 DPDK:fast-tests / version_autotest OK 0.16s
119/119 DPDK:fast-tests / telemetry_all SKIP 0.09s exit status 77
Ok: 112
Expected Fail: 0
Fail: 0
Unexpected Pass: 0
Skipped: 7
Timeout: 0
Full log written to /home-local/jenkins-local/jenkins-agent/workspace/Generic-Unit-Test-DPDK/dpdk/build/meson-logs/testlog.txt
ninja: Entering directory `/home-local/jenkins-local/jenkins-agent/workspace/Generic-Unit-Test-DPDK/dpdk/build'
ninja: no work to do.
1/2 DPDK:driver-tests / cryptodev_openssl_autotest OK 0.92s
2/2 DPDK:driver-tests / cryptodev_openssl_asym_autotest FAIL 0.16s (exit status 255 or signal 127 SIGinvalid)
>>> DPDK_TEST=cryptodev_openssl_asym_autotest MALLOC_PERTURB_=116 /home-local/jenkins-local/jenkins-agent/workspace/Generic-Unit-Test-DPDK/dpdk/build/app/dpdk-test --vdev crypto_openssl
Ok: 1
Expected Fail: 0
Fail: 1
Unexpected Pass: 0
Skipped: 0
Timeout: 0
Full log written to /home-local/jenkins-local/jenkins-agent/workspace/Generic-Unit-Test-DPDK/dpdk/build/meson-logs/testlog.txt
Test log output from the failed test cryptodev_openssl_asym_autotest:
Sorry, we were not able to find the logs for this test.
Download the log output from the CI site for this test run.
==== End log output ====
CentOS Stream 9 (ARM)
Kernel: Depends on container host
Compiler: gcc 11.5.0 20240719 (Red Hat 11.5.0-2)
Debian 11 (Buster) (ARM)
Kernel: Depends on container host
Compiler: gcc (Debian 10.2.1-6) 10.2.1 20210110
Fedora 40 (ARM)
Kernel: Depends on container host
Compiler: gcc 14.2.1 20240912 (Red Hat 14.2.1-3)
Debian 12 (arm)
Kernel: Depends on container host
Compiler: gcc (Debian 12.2.0-14) 12.2.0
Fedora 40 (ARM Clang)
Kernel: Depends on container host
Compiler: clang 18.1.8 (Fedora 18.1.8-1.fc40)
Ubuntu 20.04 (ARM)
Kernel: Depends on container host
Compiler: gcc (Ubuntu 9.4.0-1ubuntu1~20.04.2) 9.4.0
Fedora 41 (ARM)
Kernel: Depends on container host
Compiler: gcc 14.2.1 20240912 (Red Hat 14.2.1-3)
RHEL9 (ARM)
Kernel: Depends on container host
Compiler: gcc 11.5.0 20240719 (Red Hat 11.5.0-2)
Fedora 41 (ARM Clang)
Kernel: Depends on container host
Compiler: clang 19.1.5 (Fedora 19.1.5-1.fc41)
Ubuntu 24.04 (ARM)
Kernel: Depends on container host
Compiler: gcc (Ubuntu 13.3.0-6ubuntu2~24.04) 13.3.0
Ubuntu 22.04 (ARM)
Kernel: Depends on container host
Compiler: gcc (Ubuntu 11.4.0-1ubuntu1~22.04) 11.4.0
32-bit Ubuntu 22.04.4 (ARM)
Kernel: 5.15.83+ aarch64
Compiler: gcc (Ubuntu 11.4.0-1ubuntu1~22.04) 11.4.0
CentOS Stream 10 (ARM)
Kernel: Depends on container host
Compiler: gcc 14.2.1 20241104 (Red Hat 14.2.1-6)
Ubuntu 20.04 ARM SVE
Kernel: Depends on container host
Compiler: gcc (Ubuntu 10.5.0-1ubuntu1~20.04) 10.5.0
To view detailed results, visit:
https://lab.dpdk.org/results/dashboard/patchsets/32642/
UNH-IOL DPDK Community Lab
To manage your email subscriptions, visit:
https://lab.dpdk.org/results/dashboard/preferences/subscriptions/
^ permalink raw reply [flat|nested] 16+ messages in thread
* |FAILURE| pw151799 [PATCH] test/crypto: add negative test for RSA ve
[not found] <20250221170908.1613-1-gmuthukrishn@marvell.com>
` (10 preceding siblings ...)
2025-02-21 21:07 ` |SUCCESS| " dpdklab
@ 2025-02-21 21:09 ` dpdklab
2025-02-21 21:09 ` dpdklab
` (3 subsequent siblings)
15 siblings, 0 replies; 16+ messages in thread
From: dpdklab @ 2025-02-21 21:09 UTC (permalink / raw)
To: Test Report; +Cc: dpdk-test-reports, Gowrishankar Muthukrishnan
Test-Label: iol-unit-amd64-testing
Test-Status: FAILURE
http://dpdk.org/patch/151799
_Testing issues_
Submitter: Gowrishankar Muthukrishnan <gmuthukrishn@marvell.com>
Date: Friday, February 21 2025 17:09:05
DPDK git baseline: Repo:dpdk
Branch: master
CommitID:fab31a03ba98e7457284df95dd9eef2223a4ccaa
151799 --> testing issues
Upstream job id: Generic-Unit-Test-DPDK#317319
Test environment and result as below:
+-------------------+----------------+
| Environment | dpdk_unit_test |
+===================+================+
| CentOS Stream 10 | FAIL |
+-------------------+----------------+
| CentOS Stream 9 | FAIL |
+-------------------+----------------+
| Debian Bullseye | PEND |
+-------------------+----------------+
| Debian 12 | PEND |
+-------------------+----------------+
| Fedora 41 | PEND |
+-------------------+----------------+
| Fedora 41 (Clang) | PEND |
+-------------------+----------------+
| Fedora 40 (Clang) | PEND |
+-------------------+----------------+
| RHEL8 | PASS |
+-------------------+----------------+
| Fedora 40 | PEND |
+-------------------+----------------+
| RHEL9 | PEND |
+-------------------+----------------+
| Ubuntu 20.04 | PEND |
+-------------------+----------------+
| Ubuntu 22.04 | PEND |
+-------------------+----------------+
| Ubuntu 24.04 | PEND |
+-------------------+----------------+
==== Unit test summary for CentOS Stream 9 (dpdk_unit_test): ====
ninja: Entering directory `/home-local/jenkins-local/jenkins-agent/workspace/Generic-Unit-Test-DPDK/dpdk/build'
ninja: no work to do.
1/119 DPDK:fast-tests / acl_autotest OK 3.27s
2/119 DPDK:fast-tests / alarm_autotest OK 1.31s
3/119 DPDK:fast-tests / argparse_autotest OK 0.22s
4/119 DPDK:fast-tests / atomic_autotest OK 0.64s
5/119 DPDK:fast-tests / bitcount_autotest OK 0.27s
6/119 DPDK:fast-tests / bitmap_autotest OK 0.26s
7/119 DPDK:fast-tests / bitops_autotest OK 2.20s
8/119 DPDK:fast-tests / bitratestats_autotest OK 0.19s
9/119 DPDK:fast-tests / bitset_autotest OK 2.05s
10/119 DPDK:fast-tests / bpf_autotest OK 0.21s
11/119 DPDK:fast-tests / bpf_convert_autotest OK 0.23s
12/119 DPDK:fast-tests / byteorder_autotest OK 0.18s
13/119 DPDK:fast-tests / cfgfile_autotest OK 0.23s
14/119 DPDK:fast-tests / cksum_autotest OK 0.30s
15/119 DPDK:fast-tests / cmdline_autotest OK 0.32s
16/119 DPDK:fast-tests / common_autotest OK 0.56s
17/119 DPDK:fast-tests / compressdev_autotest SKIP 0.31s exit status 77
18/119 DPDK:fast-tests / cpuflags_autotest OK 0.34s
19/119 DPDK:fast-tests / crc_autotest OK 0.28s
20/119 DPDK:fast-tests / user_delay_us OK 0.18s
21/119 DPDK:fast-tests / debug_autotest OK 16.75s
22/119 DPDK:fast-tests / devargs_autotest OK 0.23s
23/119 DPDK:fast-tests / dispatcher_autotest SKIP 0.15s exit status 77
24/119 DPDK:fast-tests / distributor_autotest OK 1.39s
25/119 DPDK:fast-tests / eal_flags_c_opt_autotest OK 1.52s
26/119 DPDK:fast-tests / eal_flags_main_opt_autotest OK 0.56s
27/119 DPDK:fast-tests / eal_flags_n_opt_autotest OK 0.69s
28/119 DPDK:fast-tests / eal_flags_hpet_autotest OK 0.23s
29/119 DPDK:fast-tests / eal_flags_no_huge_autotest OK 0.67s
30/119 DPDK:fast-tests / eal_flags_a_opt_autotest OK 0.73s
31/119 DPDK:fast-tests / eal_flags_b_opt_autotest OK 0.48s
32/119 DPDK:fast-tests / eal_flags_vdev_opt_autotest OK 0.80s
33/119 DPDK:fast-tests / eal_flags_r_opt_autotest OK 0.37s
34/119 DPDK:fast-tests / eal_flags_mem_autotest OK 1.13s
35/119 DPDK:fast-tests / eal_flags_file_prefix_autotest OK 3.21s
36/119 DPDK:fast-tests / eal_flags_misc_autotest OK 3.43s
37/119 DPDK:fast-tests / eal_fs_autotest OK 0.33s
38/119 DPDK:fast-tests / errno_autotest OK 0.28s
39/119 DPDK:fast-tests / ethdev_link_status OK 0.20s
40/119 DPDK:fast-tests / event_eth_tx_adapter_autotest OK 0.57s
41/119 DPDK:fast-tests / event_ring_autotest OK 0.27s
42/119 DPDK:fast-tests / eventdev_common_autotest OK 0.18s
43/119 DPDK:fast-tests / eventdev_selftest_sw OK 0.46s
44/119 DPDK:fast-tests / fbarray_autotest OK 0.18s
45/119 DPDK:fast-tests / fib_autotest OK 1.33s
46/119 DPDK:fast-tests / fib6_autotest OK 1.02s
47/119 DPDK:fast-tests / func_reentrancy_autotest OK 0.88s
48/119 DPDK:fast-tests / graph_autotest OK 0.25s
49/119 DPDK:fast-tests / node_list_dump OK 0.33s
50/119 DPDK:fast-tests / hash_autotest OK 0.35s
51/119 DPDK:fast-tests / hash_readwrite_func_autotest SKIP 0.22s exit status 77
52/119 DPDK:fast-tests / interrupt_autotest OK 1.84s
53/119 DPDK:fast-tests / ipfrag_autotest OK 0.15s
54/119 DPDK:fast-tests / ipsec_autotest SKIP 0.35s exit status 77
55/119 DPDK:fast-tests / kvargs_autotest OK 0.25s
56/119 DPDK:fast-tests / latencystats_autotest OK 0.19s
57/119 DPDK:fast-tests / lcore_var_autotest OK 0.33s
58/119 DPDK:fast-tests / lcores_autotest OK 1.35s
59/119 DPDK:fast-tests / logs_autotest OK 0.18s
60/119 DPDK:fast-tests / lpm_autotest OK 1.82s
61/119 DPDK:fast-tests / lpm6_autotest OK 3.42s
62/119 DPDK:fast-tests / malloc_autotest OK 0.59s
63/119 DPDK:fast-tests / mbuf_autotest OK 0.20s
64/119 DPDK:fast-tests / mcslock_autotest OK 0.42s
65/119 DPDK:fast-tests / member_autotest OK 0.98s
66/119 DPDK:fast-tests / memcpy_autotest OK 2.33s
67/119 DPDK:fast-tests / memory_autotest OK 0.20s
68/119 DPDK:fast-tests / mempool_autotest OK 0.47s
69/119 DPDK:fast-tests / memzone_autotest OK 0.16s
70/119 DPDK:fast-tests / meter_autotest OK 0.19s
71/119 DPDK:fast-tests / metrics_autotest OK 0.18s
72/119 DPDK:fast-tests / multiprocess_autotest OK 0.35s
73/119 DPDK:fast-tests / net_ether_autotest OK 0.61s
74/119 DPDK:fast-tests / net_ipv6_autotest OK 0.18s
75/119 DPDK:fast-tests / pcapng_autotest OK 6.94s
76/119 DPDK:fast-tests / pdcp_autotest SKIP 0.15s exit status 77
77/119 DPDK:fast-tests / pdump_autotest OK 0.34s
78/119 DPDK:fast-tests / per_lcore_autotest OK 0.28s
79/119 DPDK:fast-tests / pflock_autotest OK 0.37s
80/119 DPDK:fast-tests / pie_autotest OK 0.26s
81/119 DPDK:fast-tests / ring_pmd_autotest OK 0.19s
82/119 DPDK:fast-tests / power_autotest OK 0.18s
83/119 DPDK:fast-tests / power_cpufreq_autotest SKIP 0.15s exit status 77
84/119 DPDK:fast-tests / power_intel_uncore_autotest SKIP 0.19s exit status 77
85/119 DPDK:fast-tests / power_kvm_vm_autotest SKIP 0.15s exit status 77
86/119 DPDK:fast-tests / prefetch_autotest OK 0.19s
87/119 DPDK:fast-tests / ptr_compress_autotest OK 0.18s
88/119 DPDK:fast-tests / rawdev_autotest OK 0.18s
89/119 DPDK:fast-tests / rcu_qsbr_autotest OK 0.33s
90/119 DPDK:fast-tests / reorder_autotest OK 0.40s
91/119 DPDK:fast-tests / rib_autotest OK 5.21s
92/119 DPDK:fast-tests / rib6_autotest OK 4.49s
93/119 DPDK:fast-tests / ring_autotest OK 0.32s
94/119 DPDK:fast-tests / rwlock_test1_autotest OK 0.33s
95/119 DPDK:fast-tests / rwlock_rda_autotest OK 5.28s
96/119 DPDK:fast-tests / rwlock_rds_wrm_autotest OK 5.30s
97/119 DPDK:fast-tests / rwlock_rde_wro_autotest OK 5.19s
98/119 DPDK:fast-tests / sched_autotest OK 0.24s
99/119 DPDK:fast-tests / security_autotest OK 0.15s
100/119 DPDK:fast-tests / seqlock_autotest SKIP 0.24s exit status 77
101/119 DPDK:fast-tests / service_autotest OK 0.43s
102/119 DPDK:fast-tests / soring_autotest OK 0.19s
103/119 DPDK:fast-tests / spinlock_autotest OK 0.25s
104/119 DPDK:fast-tests / stack_autotest OK 0.19s
105/119 DPDK:fast-tests / stack_lf_autotest OK 0.35s
106/119 DPDK:fast-tests / string_autotest OK 0.29s
107/119 DPDK:fast-tests / table_autotest OK 7.55s
108/119 DPDK:fast-tests / tailq_autotest OK 0.18s
109/119 DPDK:fast-tests / telemetry_data_autotest OK 0.18s
110/119 DPDK:fast-tests / telemetry_json_autotest OK 0.18s
111/119 DPDK:fast-tests / thash_autotest OK 0.19s
112/119 DPDK:fast-tests / threads_autotest OK 0.41s
113/119 DPDK:fast-tests / ticketlock_autotest OK 0.20s
114/119 DPDK:fast-tests / timer_autotest OK 2.59s
115/119 DPDK:fast-tests / trace_autotest OK 0.31s
116/119 DPDK:fast-tests / trace_autotest_with_traces OK 0.19s
117/119 DPDK:fast-tests / vdev_autotest OK 0.26s
118/119 DPDK:fast-tests / version_autotest OK 0.20s
119/119 DPDK:fast-tests / telemetry_all SKIP 0.02s exit status 77
Ok: 109
Expected Fail: 0
Fail: 0
Unexpected Pass: 0
Skipped: 10
Timeout: 0
Full log written to /home-local/jenkins-local/jenkins-agent/workspace/Generic-Unit-Test-DPDK/dpdk/build/meson-logs/testlog.txt
ninja: Entering directory `/home-local/jenkins-local/jenkins-agent/workspace/Generic-Unit-Test-DPDK/dpdk/build'
ninja: no work to do.
1/2 DPDK:driver-tests / cryptodev_openssl_autotest OK 0.72s
2/2 DPDK:driver-tests / cryptodev_openssl_asym_autotest FAIL 0.17s (exit status 255 or signal 127 SIGinvalid)
>>> DPDK_TEST=cryptodev_openssl_asym_autotest MALLOC_PERTURB_=175 /home-local/jenkins-local/jenkins-agent/workspace/Generic-Unit-Test-DPDK/dpdk/build/app/dpdk-test --vdev crypto_openssl
Ok: 1
Expected Fail: 0
Fail: 1
Unexpected Pass: 0
Skipped: 0
Timeout: 0
Full log written to /home-local/jenkins-local/jenkins-agent/workspace/Generic-Unit-Test-DPDK/dpdk/build/meson-logs/testlog.txt
Test log output from the failed test cryptodev_openssl_asym_autotest:
Sorry, we were not able to find the logs for this test.
Download the log output from the CI site for this test run.
==== End log output ====
CentOS Stream 10
Kernel: Depends on container host
Compiler: gcc 14.2.1 20241104 (Red Hat 14.2.1-6)
CentOS Stream 9
Kernel: Depends on container host
Compiler: gcc 11.5.0 20240719 (Red Hat 11.5.0-2)
Debian Bullseye
Kernel: Depends on container host
Compiler: gcc (Debian 10.2.1-6) 10.2.1 20210110
Debian 12
Kernel: Depends on container host
Compiler: gcc (Debian 12.2.0-14) 12.2.0
Fedora 41
Kernel: Depends on container host
Compiler: gcc 14.2.1 20240912 (Red Hat 14.2.1-3)
Fedora 41 (Clang)
Kernel: Depends on container host
Compiler: clang 19.1.5 (Fedora 19.1.5-1.fc41)
Fedora 40 (Clang)
Kernel: Depends on container host
Compiler: clang 18.1.8 (Fedora 18.1.8-1.fc40)
RHEL8
Kernel: Depends on container host
Compiler: gcc 8.5.0 20210514 (Red Hat 8.5.0-22)
Fedora 40
Kernel: Depends on container host
Compiler: gcc 14.2.1 20240912 (Red Hat 14.2.1-3)
RHEL9
Kernel: Depends on container host
Compiler: gcc 11.5.0 20240719 (Red Hat 11.5.0-2)
Ubuntu 20.04
Kernel: Depends on container host
Compiler: gcc (Ubuntu 9.4.0-1ubuntu1~20.04.2) 9.4.0
Ubuntu 22.04
Kernel: Depends on container host
Compiler: gcc (Ubuntu 11.4.0-1ubuntu1~22.04) 11.4.0
Ubuntu 24.04
Kernel: Depends on container host
Compiler: gcc (Ubuntu 13.3.0-6ubuntu2~24.04) 13.3.0
To view detailed results, visit:
https://lab.dpdk.org/results/dashboard/patchsets/32642/
UNH-IOL DPDK Community Lab
To manage your email subscriptions, visit:
https://lab.dpdk.org/results/dashboard/preferences/subscriptions/
^ permalink raw reply [flat|nested] 16+ messages in thread
* |FAILURE| pw151799 [PATCH] test/crypto: add negative test for RSA ve
[not found] <20250221170908.1613-1-gmuthukrishn@marvell.com>
` (12 preceding siblings ...)
2025-02-21 21:09 ` dpdklab
@ 2025-02-21 21:10 ` dpdklab
2025-02-21 21:11 ` |SUCCESS| " dpdklab
2025-02-21 21:20 ` |PENDING| " dpdklab
15 siblings, 0 replies; 16+ messages in thread
From: dpdklab @ 2025-02-21 21:10 UTC (permalink / raw)
To: Test Report; +Cc: dpdk-test-reports, Gowrishankar Muthukrishnan
Test-Label: iol-unit-amd64-testing
Test-Status: FAILURE
http://dpdk.org/patch/151799
_Testing issues_
Submitter: Gowrishankar Muthukrishnan <gmuthukrishn@marvell.com>
Date: Friday, February 21 2025 17:09:05
DPDK git baseline: Repo:dpdk
Branch: master
CommitID:fab31a03ba98e7457284df95dd9eef2223a4ccaa
151799 --> testing issues
Upstream job id: Generic-Unit-Test-DPDK#317315
Test environment and result as below:
+-------------------+----------------+
| Environment | dpdk_unit_test |
+===================+================+
| CentOS Stream 10 | FAIL |
+-------------------+----------------+
| CentOS Stream 9 | FAIL |
+-------------------+----------------+
| Debian Bullseye | PEND |
+-------------------+----------------+
| Debian 12 | PEND |
+-------------------+----------------+
| Fedora 41 | FAIL |
+-------------------+----------------+
| Fedora 41 (Clang) | PEND |
+-------------------+----------------+
| Fedora 40 (Clang) | PEND |
+-------------------+----------------+
| RHEL8 | PASS |
+-------------------+----------------+
| Fedora 40 | PEND |
+-------------------+----------------+
| RHEL9 | PEND |
+-------------------+----------------+
| Ubuntu 20.04 | PEND |
+-------------------+----------------+
| Ubuntu 22.04 | PEND |
+-------------------+----------------+
| Ubuntu 24.04 | PEND |
+-------------------+----------------+
==== Unit test summary for Fedora 41 (dpdk_unit_test): ====
ninja: Entering directory `/root/workspace/Generic-Unit-Test-DPDK/dpdk/build'
ninja: no work to do.
1/119 DPDK:fast-tests / acl_autotest OK 2.64s
2/119 DPDK:fast-tests / alarm_autotest OK 1.17s
3/119 DPDK:fast-tests / argparse_autotest OK 0.17s
4/119 DPDK:fast-tests / atomic_autotest OK 0.34s
5/119 DPDK:fast-tests / bitcount_autotest OK 0.17s
6/119 DPDK:fast-tests / bitmap_autotest OK 0.16s
7/119 DPDK:fast-tests / bitops_autotest OK 1.67s
8/119 DPDK:fast-tests / bitratestats_autotest OK 0.17s
9/119 DPDK:fast-tests / bitset_autotest OK 1.34s
10/119 DPDK:fast-tests / bpf_autotest OK 0.17s
11/119 DPDK:fast-tests / bpf_convert_autotest OK 0.19s
12/119 DPDK:fast-tests / byteorder_autotest OK 0.17s
13/119 DPDK:fast-tests / cfgfile_autotest OK 0.17s
14/119 DPDK:fast-tests / cksum_autotest OK 0.16s
15/119 DPDK:fast-tests / cmdline_autotest OK 0.16s
16/119 DPDK:fast-tests / common_autotest OK 0.46s
17/119 DPDK:fast-tests / compressdev_autotest SKIP 0.14s exit status 77
18/119 DPDK:fast-tests / cpuflags_autotest OK 0.17s
19/119 DPDK:fast-tests / crc_autotest OK 0.18s
20/119 DPDK:fast-tests / user_delay_us OK 0.18s
21/119 DPDK:fast-tests / debug_autotest OK 0.42s
22/119 DPDK:fast-tests / devargs_autotest OK 0.16s
23/119 DPDK:fast-tests / dispatcher_autotest SKIP 0.14s exit status 77
24/119 DPDK:fast-tests / distributor_autotest OK 0.86s
25/119 DPDK:fast-tests / eal_flags_c_opt_autotest OK 0.77s
26/119 DPDK:fast-tests / eal_flags_main_opt_autotest OK 0.28s
27/119 DPDK:fast-tests / eal_flags_n_opt_autotest OK 0.46s
28/119 DPDK:fast-tests / eal_flags_hpet_autotest OK 0.20s
29/119 DPDK:fast-tests / eal_flags_no_huge_autotest OK 0.48s
30/119 DPDK:fast-tests / eal_flags_a_opt_autotest OK 0.35s
31/119 DPDK:fast-tests / eal_flags_b_opt_autotest OK 0.30s
32/119 DPDK:fast-tests / eal_flags_vdev_opt_autotest OK 0.55s
33/119 DPDK:fast-tests / eal_flags_r_opt_autotest OK 0.26s
34/119 DPDK:fast-tests / eal_flags_mem_autotest OK 0.71s
35/119 DPDK:fast-tests / eal_flags_file_prefix_autotest OK 2.93s
36/119 DPDK:fast-tests / eal_flags_misc_autotest OK 1.95s
37/119 DPDK:fast-tests / eal_fs_autotest OK 0.17s
38/119 DPDK:fast-tests / errno_autotest OK 0.17s
39/119 DPDK:fast-tests / ethdev_link_status OK 0.16s
40/119 DPDK:fast-tests / event_eth_tx_adapter_autotest OK 0.45s
41/119 DPDK:fast-tests / event_ring_autotest OK 0.17s
42/119 DPDK:fast-tests / eventdev_common_autotest OK 0.17s
43/119 DPDK:fast-tests / eventdev_selftest_sw OK 0.21s
44/119 DPDK:fast-tests / fbarray_autotest OK 0.17s
45/119 DPDK:fast-tests / fib_autotest OK 0.77s
46/119 DPDK:fast-tests / fib6_autotest OK 0.61s
47/119 DPDK:fast-tests / func_reentrancy_autotest OK 0.53s
48/119 DPDK:fast-tests / graph_autotest OK 0.17s
49/119 DPDK:fast-tests / node_list_dump OK 0.17s
50/119 DPDK:fast-tests / hash_autotest OK 0.28s
51/119 DPDK:fast-tests / hash_readwrite_func_autotest SKIP 0.14s exit status 77
52/119 DPDK:fast-tests / interrupt_autotest OK 1.29s
53/119 DPDK:fast-tests / ipfrag_autotest OK 0.14s
54/119 DPDK:fast-tests / ipsec_autotest SKIP 0.17s exit status 77
55/119 DPDK:fast-tests / kvargs_autotest OK 0.17s
56/119 DPDK:fast-tests / latencystats_autotest OK 0.17s
57/119 DPDK:fast-tests / lcore_var_autotest OK 0.30s
58/119 DPDK:fast-tests / lcores_autotest OK 0.72s
59/119 DPDK:fast-tests / logs_autotest OK 0.17s
60/119 DPDK:fast-tests / lpm_autotest OK 1.51s
61/119 DPDK:fast-tests / lpm6_autotest OK 3.22s
62/119 DPDK:fast-tests / malloc_autotest OK 0.35s
63/119 DPDK:fast-tests / mbuf_autotest OK 0.17s
64/119 DPDK:fast-tests / mcslock_autotest OK 0.50s
65/119 DPDK:fast-tests / member_autotest OK 0.89s
66/119 DPDK:fast-tests / memcpy_autotest OK 2.13s
67/119 DPDK:fast-tests / memory_autotest OK 0.20s
68/119 DPDK:fast-tests / mempool_autotest OK 0.42s
69/119 DPDK:fast-tests / memzone_autotest OK 0.14s
70/119 DPDK:fast-tests / meter_autotest OK 0.17s
71/119 DPDK:fast-tests / metrics_autotest OK 0.17s
72/119 DPDK:fast-tests / multiprocess_autotest OK 0.24s
73/119 DPDK:fast-tests / net_ether_autotest OK 0.44s
74/119 DPDK:fast-tests / net_ipv6_autotest OK 0.17s
75/119 DPDK:fast-tests / pcapng_autotest OK 6.68s
76/119 DPDK:fast-tests / pdcp_autotest SKIP 0.14s exit status 77
77/119 DPDK:fast-tests / pdump_autotest OK 0.32s
78/119 DPDK:fast-tests / per_lcore_autotest OK 0.27s
79/119 DPDK:fast-tests / pflock_autotest OK 0.27s
80/119 DPDK:fast-tests / pie_autotest OK 0.17s
81/119 DPDK:fast-tests / ring_pmd_autotest OK 0.17s
82/119 DPDK:fast-tests / power_autotest OK 0.16s
83/119 DPDK:fast-tests / power_cpufreq_autotest SKIP 0.14s exit status 77
84/119 DPDK:fast-tests / power_intel_uncore_autotest SKIP 0.17s exit status 77
85/119 DPDK:fast-tests / power_kvm_vm_autotest SKIP 0.14s exit status 77
86/119 DPDK:fast-tests / prefetch_autotest OK 0.17s
87/119 DPDK:fast-tests / ptr_compress_autotest OK 0.17s
88/119 DPDK:fast-tests / rawdev_autotest OK 0.17s
89/119 DPDK:fast-tests / rcu_qsbr_autotest OK 0.26s
90/119 DPDK:fast-tests / reorder_autotest OK 0.28s
91/119 DPDK:fast-tests / rib_autotest OK 4.44s
92/119 DPDK:fast-tests / rib6_autotest OK 4.23s
93/119 DPDK:fast-tests / ring_autotest OK 0.17s
94/119 DPDK:fast-tests / rwlock_test1_autotest OK 0.27s
95/119 DPDK:fast-tests / rwlock_rda_autotest OK 5.16s
96/119 DPDK:fast-tests / rwlock_rds_wrm_autotest OK 5.17s
97/119 DPDK:fast-tests / rwlock_rde_wro_autotest OK 5.17s
98/119 DPDK:fast-tests / sched_autotest OK 0.20s
99/119 DPDK:fast-tests / security_autotest OK 0.14s
100/119 DPDK:fast-tests / seqlock_autotest SKIP 0.24s exit status 77
101/119 DPDK:fast-tests / service_autotest OK 0.34s
102/119 DPDK:fast-tests / soring_autotest OK 0.18s
103/119 DPDK:fast-tests / spinlock_autotest OK 0.18s
104/119 DPDK:fast-tests / stack_autotest OK 0.18s
105/119 DPDK:fast-tests / stack_lf_autotest OK 0.21s
106/119 DPDK:fast-tests / string_autotest OK 0.20s
107/119 DPDK:fast-tests / table_autotest OK 4.98s
108/119 DPDK:fast-tests / tailq_autotest OK 0.18s
109/119 DPDK:fast-tests / telemetry_data_autotest OK 0.17s
110/119 DPDK:fast-tests / telemetry_json_autotest OK 0.16s
111/119 DPDK:fast-tests / thash_autotest OK 0.17s
112/119 DPDK:fast-tests / threads_autotest OK 0.34s
113/119 DPDK:fast-tests / ticketlock_autotest OK 0.18s
114/119 DPDK:fast-tests / timer_autotest OK 2.49s
115/119 DPDK:fast-tests / trace_autotest OK 0.18s
116/119 DPDK:fast-tests / trace_autotest_with_traces OK 0.18s
117/119 DPDK:fast-tests / vdev_autotest OK 0.17s
118/119 DPDK:fast-tests / version_autotest OK 0.17s
119/119 DPDK:fast-tests / telemetry_all SKIP 0.01s exit status 77
Ok: 109
Expected Fail: 0
Fail: 0
Unexpected Pass: 0
Skipped: 10
Timeout: 0
Full log written to /root/workspace/Generic-Unit-Test-DPDK/dpdk/build/meson-logs/testlog.txt
ninja: Entering directory `/root/workspace/Generic-Unit-Test-DPDK/dpdk/build'
ninja: no work to do.
1/2 DPDK:driver-tests / cryptodev_openssl_autotest OK 0.39s
2/2 DPDK:driver-tests / cryptodev_openssl_asym_autotest FAIL 0.15s (exit status 255 or signal 127 SIGinvalid)
>>> MALLOC_PERTURB_=85 DPDK_TEST=cryptodev_openssl_asym_autotest /root/workspace/Generic-Unit-Test-DPDK/dpdk/build/app/dpdk-test --vdev crypto_openssl
Ok: 1
Expected Fail: 0
Fail: 1
Unexpected Pass: 0
Skipped: 0
Timeout: 0
Full log written to /root/workspace/Generic-Unit-Test-DPDK/dpdk/build/meson-logs/testlog.txt
Test log output from the failed test cryptodev_openssl_asym_autotest:
Sorry, we were not able to find the logs for this test.
Download the log output from the CI site for this test run.
==== End log output ====
CentOS Stream 10
Kernel: Depends on container host
Compiler: gcc 14.2.1 20241104 (Red Hat 14.2.1-6)
CentOS Stream 9
Kernel: Depends on container host
Compiler: gcc 11.5.0 20240719 (Red Hat 11.5.0-2)
Debian Bullseye
Kernel: Depends on container host
Compiler: gcc (Debian 10.2.1-6) 10.2.1 20210110
Debian 12
Kernel: Depends on container host
Compiler: gcc (Debian 12.2.0-14) 12.2.0
Fedora 41
Kernel: Depends on container host
Compiler: gcc 14.2.1 20240912 (Red Hat 14.2.1-3)
Fedora 41 (Clang)
Kernel: Depends on container host
Compiler: clang 19.1.5 (Fedora 19.1.5-1.fc41)
Fedora 40 (Clang)
Kernel: Depends on container host
Compiler: clang 18.1.8 (Fedora 18.1.8-1.fc40)
RHEL8
Kernel: Depends on container host
Compiler: gcc 8.5.0 20210514 (Red Hat 8.5.0-22)
Fedora 40
Kernel: Depends on container host
Compiler: gcc 14.2.1 20240912 (Red Hat 14.2.1-3)
RHEL9
Kernel: Depends on container host
Compiler: gcc 11.5.0 20240719 (Red Hat 11.5.0-2)
Ubuntu 20.04
Kernel: Depends on container host
Compiler: gcc (Ubuntu 9.4.0-1ubuntu1~20.04.2) 9.4.0
Ubuntu 22.04
Kernel: Depends on container host
Compiler: gcc (Ubuntu 11.4.0-1ubuntu1~22.04) 11.4.0
Ubuntu 24.04
Kernel: Depends on container host
Compiler: gcc (Ubuntu 13.3.0-6ubuntu2~24.04) 13.3.0
To view detailed results, visit:
https://lab.dpdk.org/results/dashboard/patchsets/32642/
UNH-IOL DPDK Community Lab
To manage your email subscriptions, visit:
https://lab.dpdk.org/results/dashboard/preferences/subscriptions/
^ permalink raw reply [flat|nested] 16+ messages in thread
* |SUCCESS| pw151799 [PATCH] test/crypto: add negative test for RSA ve
[not found] <20250221170908.1613-1-gmuthukrishn@marvell.com>
` (13 preceding siblings ...)
2025-02-21 21:10 ` dpdklab
@ 2025-02-21 21:11 ` dpdklab
2025-02-21 21:20 ` |PENDING| " dpdklab
15 siblings, 0 replies; 16+ messages in thread
From: dpdklab @ 2025-02-21 21:11 UTC (permalink / raw)
To: Ali Alnubani, Test Report; +Cc: dpdk-test-reports
Test-Label: iol-mellanox-Performance
Test-Status: SUCCESS
http://dpdk.org/patch/151799
_Performance Testing PASS_
Submitter: Gowrishankar Muthukrishnan <gmuthukrishn@marvell.com>
Date: Friday, February 21 2025 17:09:05
DPDK git baseline: Repo:dpdk
Branch: master
CommitID:fab31a03ba98e7457284df95dd9eef2223a4ccaa
151799 --> performance testing pass
Upstream job id: Template-DTS-Pipeline#213805
Test environment and result as below:
Ubuntu 24.04
Kernel: 6.8.0-45-generic
Compiler: gcc 13.2.0
NIC: NVIDIA Mellanox ConnectX-7 100000 Mbps
Fail/Total: 0/6
Detail performance results:
+------------+---------+----------+-------------+------------------------------+
| frame_size | txd/rxd | num_cpus | num_threads | throughput difference from |
| | | | | expected |
+============+=========+==========+=============+==============================+
| 64 | 1024 | 1 | 1 | -0.2% |
+------------+---------+----------+-------------+------------------------------+
| 128 | 1024 | 1 | 1 | 0.4% |
+------------+---------+----------+-------------+------------------------------+
| 256 | 1024 | 1 | 1 | 0.3% |
+------------+---------+----------+-------------+------------------------------+
| 512 | 1024 | 1 | 1 | 0.2% |
+------------+---------+----------+-------------+------------------------------+
| 1024 | 1024 | 1 | 1 | -0.2% |
+------------+---------+----------+-------------+------------------------------+
| 1518 | 1024 | 1 | 1 | 0.1% |
+------------+---------+----------+-------------+------------------------------+
Ubuntu 24.04
Kernel: 6.8.0-45-generic
Compiler: gcc 13.2.0
NIC: Mellanox ConnectX-6 Lx 25000 Mbps
Fail/Total: 0/6
Detail performance results:
+------------+---------+----------+-------------+------------------------------+
| frame_size | txd/rxd | num_cpus | num_threads | throughput difference from |
| | | | | expected |
+============+=========+==========+=============+==============================+
| 64 | 1024 | 1 | 1 | 0.1% |
+------------+---------+----------+-------------+------------------------------+
| 128 | 1024 | 1 | 1 | -0.2% |
+------------+---------+----------+-------------+------------------------------+
| 256 | 1024 | 1 | 1 | -0.2% |
+------------+---------+----------+-------------+------------------------------+
| 512 | 1024 | 1 | 1 | -0.1% |
+------------+---------+----------+-------------+------------------------------+
| 1024 | 1024 | 1 | 1 | 0.2% |
+------------+---------+----------+-------------+------------------------------+
| 1518 | 1024 | 1 | 1 | 0.2% |
+------------+---------+----------+-------------+------------------------------+
To view detailed results, visit:
https://lab.dpdk.org/results/dashboard/patchsets/32642/
UNH-IOL DPDK Community Lab
To manage your email subscriptions, visit:
https://lab.dpdk.org/results/dashboard/preferences/subscriptions/
^ permalink raw reply [flat|nested] 16+ messages in thread
* |PENDING| pw151799 [PATCH] test/crypto: add negative test for RSA ve
[not found] <20250221170908.1613-1-gmuthukrishn@marvell.com>
` (14 preceding siblings ...)
2025-02-21 21:11 ` |SUCCESS| " dpdklab
@ 2025-02-21 21:20 ` dpdklab
15 siblings, 0 replies; 16+ messages in thread
From: dpdklab @ 2025-02-21 21:20 UTC (permalink / raw)
To: Test Report; +Cc: dpdk-test-reports
Test-Label: iol-compile-arm64-testing
Test-Status: PENDING
http://dpdk.org/patch/151799
_Testing pending_
Submitter: Gowrishankar Muthukrishnan <gmuthukrishn@marvell.com>
Date: Friday, February 21 2025 17:09:05
DPDK git baseline: Repo:dpdk
Branch: master
CommitID:fab31a03ba98e7457284df95dd9eef2223a4ccaa
151799 --> testing pending
Upstream job id: Generic-DPDK-Compile-Meson#364155
Test environment and result as below:
+------------------------------------+--------------------+
| Environment | dpdk_meson_compile |
+====================================+====================+
| RHEL9 (ARM) | PEND |
+------------------------------------+--------------------+
| Ubuntu 20.04 ARM SVE | PASS |
+------------------------------------+--------------------+
| Ubuntu 20.04 ARM GCC Cross Compile | PEND |
+------------------------------------+--------------------+
| Debian 12 with MUSDK | PEND |
+------------------------------------+--------------------+
| Fedora 40 (ARM Clang) | PEND |
+------------------------------------+--------------------+
| Fedora 41 (ARM) | PEND |
+------------------------------------+--------------------+
| Fedora 40 (ARM) | PEND |
+------------------------------------+--------------------+
| Fedora 41 (ARM Clang) | PEND |
+------------------------------------+--------------------+
| Ubuntu 20.04 (ARM) | PEND |
+------------------------------------+--------------------+
RHEL9 (ARM)
Kernel: Depends on container host
Compiler: gcc 11.5.0 20240719 (Red Hat 11.5.0-2)
Ubuntu 20.04 ARM SVE
Kernel: Depends on container host
Compiler: gcc (Ubuntu 10.5.0-1ubuntu1~20.04) 10.5.0
Ubuntu 20.04 ARM GCC Cross Compile
Kernel: Depends on container host
Compiler: aarch64-linux-gnu-gcc (Ubuntu 9.4.0-1ubuntu1~20.04.2) 9.4.0
Debian 12 with MUSDK
Kernel: Depends on container host
Compiler: gcc (Debian 12.2.0-14) 12.2.0
Fedora 40 (ARM Clang)
Kernel: Depends on container host
Compiler: clang 18.1.8 (Fedora 18.1.8-1.fc40)
Fedora 41 (ARM)
Kernel: Depends on container host
Compiler: gcc 14.2.1 20240912 (Red Hat 14.2.1-3)
Fedora 40 (ARM)
Kernel: Depends on container host
Compiler: gcc 14.2.1 20240912 (Red Hat 14.2.1-3)
Fedora 41 (ARM Clang)
Kernel: Depends on container host
Compiler: clang 19.1.5 (Fedora 19.1.5-1.fc41)
Ubuntu 20.04 (ARM)
Kernel: Depends on container host
Compiler: gcc (Ubuntu 9.4.0-1ubuntu1~20.04.2) 9.4.0
To view detailed results, visit:
https://lab.dpdk.org/results/dashboard/patchsets/32642/
UNH-IOL DPDK Community Lab
To manage your email subscriptions, visit:
https://lab.dpdk.org/results/dashboard/preferences/subscriptions/
^ permalink raw reply [flat|nested] 16+ messages in thread
end of thread, other threads:[~2025-02-21 21:20 UTC | newest]
Thread overview: 16+ messages (download: mbox.gz / follow: Atom feed)
-- links below jump to the message on this page --
[not found] <20250221170908.1613-1-gmuthukrishn@marvell.com>
2025-02-21 16:35 ` |SUCCESS| pw151799 [PATCH] test/crypto: add negative test for RSA verify op qemudev
2025-02-21 16:39 ` qemudev
2025-02-21 17:10 ` checkpatch
2025-02-21 18:24 ` 0-day Robot
2025-02-21 20:57 ` |SUCCESS| pw151799 [PATCH] test/crypto: add negative test for RSA ve dpdklab
2025-02-21 20:58 ` |PENDING| " dpdklab
2025-02-21 21:01 ` |SUCCESS| " dpdklab
2025-02-21 21:02 ` |FAILURE| " dpdklab
2025-02-21 21:03 ` dpdklab
2025-02-21 21:05 ` dpdklab
2025-02-21 21:07 ` |SUCCESS| " dpdklab
2025-02-21 21:09 ` |FAILURE| " dpdklab
2025-02-21 21:09 ` dpdklab
2025-02-21 21:10 ` dpdklab
2025-02-21 21:11 ` |SUCCESS| " dpdklab
2025-02-21 21:20 ` |PENDING| " dpdklab
This is a public inbox, see mirroring instructions
for how to clone and mirror all data and code used for this inbox;
as well as URLs for NNTP newsgroup(s).