automatic DPDK test reports
 help / color / mirror / Atom feed
From: dpdklab@iol.unh.edu
To: Test Report <test-report@dpdk.org>
Cc: dpdk-test-reports@iol.unh.edu
Subject: |PENDING| pw151799 [PATCH] test/crypto: add negative test for RSA ve
Date: Fri, 21 Feb 2025 13:20:00 -0800 (PST)	[thread overview]
Message-ID: <67b8ee00.d40a0220.25bd14.608bSMTPIN_ADDED_MISSING@mx.google.com> (raw)
In-Reply-To: <20250221170908.1613-1-gmuthukrishn@marvell.com>

Test-Label: iol-compile-arm64-testing
Test-Status: PENDING
http://dpdk.org/patch/151799

_Testing pending_

Submitter: Gowrishankar Muthukrishnan <gmuthukrishn@marvell.com>
Date: Friday, February 21 2025 17:09:05 
DPDK git baseline: Repo:dpdk
  Branch: master
  CommitID:fab31a03ba98e7457284df95dd9eef2223a4ccaa

151799 --> testing pending

Upstream job id: Generic-DPDK-Compile-Meson#364155

Test environment and result as below:

+------------------------------------+--------------------+
|            Environment             | dpdk_meson_compile |
+====================================+====================+
| RHEL9 (ARM)                        | PEND               |
+------------------------------------+--------------------+
| Ubuntu 20.04 ARM SVE               | PASS               |
+------------------------------------+--------------------+
| Ubuntu 20.04 ARM GCC Cross Compile | PEND               |
+------------------------------------+--------------------+
| Debian 12 with MUSDK               | PEND               |
+------------------------------------+--------------------+
| Fedora 40 (ARM Clang)              | PEND               |
+------------------------------------+--------------------+
| Fedora 41 (ARM)                    | PEND               |
+------------------------------------+--------------------+
| Fedora 40 (ARM)                    | PEND               |
+------------------------------------+--------------------+
| Fedora 41 (ARM Clang)              | PEND               |
+------------------------------------+--------------------+
| Ubuntu 20.04 (ARM)                 | PEND               |
+------------------------------------+--------------------+


RHEL9 (ARM)
	Kernel: Depends on container host
	Compiler: gcc 11.5.0 20240719 (Red Hat 11.5.0-2)

Ubuntu 20.04 ARM SVE
	Kernel: Depends on container host
	Compiler: gcc (Ubuntu 10.5.0-1ubuntu1~20.04) 10.5.0

Ubuntu 20.04 ARM GCC Cross Compile
	Kernel: Depends on container host
	Compiler: aarch64-linux-gnu-gcc (Ubuntu 9.4.0-1ubuntu1~20.04.2) 9.4.0

Debian 12 with MUSDK
	Kernel: Depends on container host
	Compiler: gcc (Debian 12.2.0-14) 12.2.0

Fedora 40 (ARM Clang)
	Kernel: Depends on container host
	Compiler: clang 18.1.8 (Fedora 18.1.8-1.fc40)

Fedora 41 (ARM)
	Kernel: Depends on container host
	Compiler: gcc 14.2.1 20240912 (Red Hat 14.2.1-3)

Fedora 40 (ARM)
	Kernel: Depends on container host
	Compiler: gcc 14.2.1 20240912 (Red Hat 14.2.1-3)

Fedora 41 (ARM Clang)
	Kernel: Depends on container host
	Compiler: clang 19.1.5 (Fedora 19.1.5-1.fc41)

Ubuntu 20.04 (ARM)
	Kernel: Depends on container host
	Compiler: gcc (Ubuntu 9.4.0-1ubuntu1~20.04.2) 9.4.0

To view detailed results, visit:
https://lab.dpdk.org/results/dashboard/patchsets/32642/

UNH-IOL DPDK Community Lab

To manage your email subscriptions, visit: 
https://lab.dpdk.org/results/dashboard/preferences/subscriptions/

      parent reply	other threads:[~2025-02-21 21:20 UTC|newest]

Thread overview: 16+ messages / expand[flat|nested]  mbox.gz  Atom feed  top
     [not found] <20250221170908.1613-1-gmuthukrishn@marvell.com>
2025-02-21 16:35 ` |SUCCESS| pw151799 [PATCH] test/crypto: add negative test for RSA verify op qemudev
2025-02-21 16:39 ` qemudev
2025-02-21 17:10 ` checkpatch
2025-02-21 18:24 ` 0-day Robot
2025-02-21 20:57 ` |SUCCESS| pw151799 [PATCH] test/crypto: add negative test for RSA ve dpdklab
2025-02-21 20:58 ` |PENDING| " dpdklab
2025-02-21 21:01 ` |SUCCESS| " dpdklab
2025-02-21 21:02 ` |FAILURE| " dpdklab
2025-02-21 21:03 ` dpdklab
2025-02-21 21:05 ` dpdklab
2025-02-21 21:07 ` |SUCCESS| " dpdklab
2025-02-21 21:09 ` |FAILURE| " dpdklab
2025-02-21 21:09 ` dpdklab
2025-02-21 21:10 ` dpdklab
2025-02-21 21:11 ` |SUCCESS| " dpdklab
2025-02-21 21:20 ` dpdklab [this message]

Reply instructions:

You may reply publicly to this message via plain-text email
using any one of the following methods:

* Save the following mbox file, import it into your mail client,
  and reply-to-all from there: mbox

  Avoid top-posting and favor interleaved quoting:
  https://en.wikipedia.org/wiki/Posting_style#Interleaved_style

* Reply using the --to, --cc, and --in-reply-to
  switches of git-send-email(1):

  git send-email \
    --in-reply-to=67b8ee00.d40a0220.25bd14.608bSMTPIN_ADDED_MISSING@mx.google.com \
    --to=dpdklab@iol.unh.edu \
    --cc=dpdk-test-reports@iol.unh.edu \
    --cc=test-report@dpdk.org \
    /path/to/YOUR_REPLY

  https://kernel.org/pub/software/scm/git/docs/git-send-email.html

* If your mail client supports setting the In-Reply-To header
  via mailto: links, try the mailto: link
Be sure your reply has a Subject: header at the top and a blank line before the message body.
This is a public inbox, see mirroring instructions
for how to clone and mirror all data and code used for this inbox;
as well as URLs for NNTP newsgroup(s).