* |SUCCESS| pw151873-151875 [PATCH v3 3/3] test/event: unit test to burst add Rx queues to adapter
[not found] <c4e02d3a45f8583ad4f91a5b5d98609612d34b60.1740383918.git.sthotton@marvell.com>
@ 2025-02-24 8:17 ` qemudev
2025-02-24 8:22 ` |FAILURE| " qemudev
` (6 subsequent siblings)
7 siblings, 0 replies; 8+ messages in thread
From: qemudev @ 2025-02-24 8:17 UTC (permalink / raw)
To: test-report
Test-Label: loongarch-compilation
Test-Status: SUCCESS
http://dpdk.org/patch/151875
_Compilation OK_
Submitter: Shijith Thotton <sthotton@marvell.com>
Date: Mon, 24 Feb 2025 14:12:23 +0530
DPDK git baseline: Repo:dpdk-next-eventdev
Branch: for-main
CommitID: c0ee1640d89bf118f26e844a03e3182fb0b211c4
151873-151875 --> meson & ninja build successfully
Test environment and result as below:
+---------------------+----------------+
| Environment | compilation |
+---------------------+----------------+
| Loongnix-Server 8.3 | PASS |
+---------------------+----------------+
Loongnix-Server 8.3
Kernel: 4.19.190+
Compiler: gcc 8.3
^ permalink raw reply [flat|nested] 8+ messages in thread
* |FAILURE| pw151873-151875 [PATCH v3 3/3] test/event: unit test to burst add Rx queues to adapter
[not found] <c4e02d3a45f8583ad4f91a5b5d98609612d34b60.1740383918.git.sthotton@marvell.com>
2025-02-24 8:17 ` |SUCCESS| pw151873-151875 [PATCH v3 3/3] test/event: unit test to burst add Rx queues to adapter qemudev
@ 2025-02-24 8:22 ` qemudev
2025-02-24 8:43 ` |SUCCESS| pw151875 " checkpatch
` (5 subsequent siblings)
7 siblings, 0 replies; 8+ messages in thread
From: qemudev @ 2025-02-24 8:22 UTC (permalink / raw)
To: test-report; +Cc: Shijith Thotton, zhoumin
Test-Label: loongarch-unit-testing
Test-Status: FAILURE
http://dpdk.org/patch/151875
_Unit Testing FAIL_
Submitter: Shijith Thotton <sthotton@marvell.com>
Date: Mon, 24 Feb 2025 14:12:23 +0530
DPDK git baseline: Repo:dpdk-next-eventdev
Branch: for-main
CommitID: c0ee1640d89bf118f26e844a03e3182fb0b211c4
151873-151875 --> testing fail
Test environment and result as below:
+---------------------+----------------+
| Environment | dpdk_unit_test |
+---------------------+----------------+
| Loongnix-Server 8.3 | FAIL |
+---------------------+----------------+
Loongnix-Server 8.3
Kernel: 4.19.190+
Compiler: gcc 8.3
Test result details:
1/119 DPDK:fast-tests / acl_autotest OK 3.21s
2/119 DPDK:fast-tests / alarm_autotest OK 1.41s
3/119 DPDK:fast-tests / argparse_autotest OK 0.41s
4/119 DPDK:fast-tests / atomic_autotest OK 7.27s
5/119 DPDK:fast-tests / bitcount_autotest OK 0.31s
6/119 DPDK:fast-tests / bitmap_autotest OK 0.31s
7/119 DPDK:fast-tests / bitops_autotest OK 1.81s
8/119 DPDK:fast-tests / bitratestats_autotest OK 0.31s
9/119 DPDK:fast-tests / bitset_autotest OK 3.01s
10/119 DPDK:fast-tests / bpf_autotest OK 0.31s
11/119 DPDK:fast-tests / bpf_convert_autotest OK 0.31s
12/119 DPDK:fast-tests / byteorder_autotest OK 0.31s
13/119 DPDK:fast-tests / cfgfile_autotest OK 0.31s
14/119 DPDK:fast-tests / cksum_autotest OK 0.31s
15/119 DPDK:fast-tests / cmdline_autotest OK 0.31s
16/119 DPDK:fast-tests / common_autotest OK 1.19s
17/119 DPDK:fast-tests / compressdev_autotest SKIP 0.06s exit status 77
18/119 DPDK:fast-tests / cpuflags_autotest OK 0.30s
19/119 DPDK:fast-tests / crc_autotest OK 0.31s
20/119 DPDK:fast-tests / user_delay_us OK 0.31s
21/119 DPDK:fast-tests / debug_autotest OK 17.28s
22/119 DPDK:fast-tests / devargs_autotest OK 0.30s
23/119 DPDK:fast-tests / dispatcher_autotest TIMEOUT 80.09s exit status -15
24/119 DPDK:fast-tests / distributor_autotest OK 1.20s
25/119 DPDK:fast-tests / eal_flags_c_opt_autotest OK 0.81s
26/119 DPDK:fast-tests / eal_flags_main_opt_autotest OK 0.22s
27/119 DPDK:fast-tests / eal_flags_n_opt_autotest OK 0.20s
28/119 DPDK:fast-tests / eal_flags_hpet_autotest OK 0.13s
29/119 DPDK:fast-tests / eal_flags_no_huge_autotest OK 0.22s
30/119 DPDK:fast-tests / eal_flags_a_opt_autotest OK 0.30s
31/119 DPDK:fast-tests / eal_flags_b_opt_autotest OK 0.25s
32/119 DPDK:fast-tests / eal_flags_vdev_opt_autotest OK 0.20s
33/119 DPDK:fast-tests / eal_flags_r_opt_autotest OK 0.18s
34/119 DPDK:fast-tests / eal_flags_mem_autotest OK 0.60s
35/119 DPDK:fast-tests / eal_flags_file_prefix_autotest OK 22.26s
36/119 DPDK:fast-tests / eal_flags_misc_autotest OK 1.08s
37/119 DPDK:fast-tests / eal_fs_autotest OK 0.31s
38/119 DPDK:fast-tests / errno_autotest OK 0.31s
39/119 DPDK:fast-tests / ethdev_link_status OK 0.31s
40/119 DPDK:fast-tests / event_eth_tx_adapter_autotest OK 1.68s
41/119 DPDK:fast-tests / event_ring_autotest OK 0.31s
42/119 DPDK:fast-tests / eventdev_common_autotest OK 0.31s
43/119 DPDK:fast-tests / eventdev_selftest_sw OK 7.22s
44/119 DPDK:fast-tests / fbarray_autotest OK 0.31s
45/119 DPDK:fast-tests / fib_autotest OK 1.18s
46/119 DPDK:fast-tests / fib6_autotest OK 0.96s
47/119 DPDK:fast-tests / func_reentrancy_autotest OK 2.25s
48/119 DPDK:fast-tests / graph_autotest OK 0.31s
49/119 DPDK:fast-tests / node_list_dump OK 0.31s
50/119 DPDK:fast-tests / hash_autotest OK 0.91s
51/119 DPDK:fast-tests / hash_readwrite_func_autotest OK 6.39s
52/119 DPDK:fast-tests / interrupt_autotest OK 1.61s
53/119 DPDK:fast-tests / ipfrag_autotest OK 0.07s
54/119 DPDK:fast-tests / ipsec_autotest SKIP 0.31s exit status 77
55/119 DPDK:fast-tests / kvargs_autotest OK 0.31s
56/119 DPDK:fast-tests / latencystats_autotest OK 0.31s
57/119 DPDK:fast-tests / lcore_var_autotest OK 0.45s
58/119 DPDK:fast-tests / lcores_autotest OK 5.12s
59/119 DPDK:fast-tests / logs_autotest OK 0.31s
60/119 DPDK:fast-tests / lpm_autotest OK 2.37s
61/119 DPDK:fast-tests / lpm6_autotest OK 5.45s
62/119 DPDK:fast-tests / malloc_autotest OK 60.77s
63/119 DPDK:fast-tests / mbuf_autotest OK 4.56s
64/119 DPDK:fast-tests / mcslock_autotest OK 2.97s
65/119 DPDK:fast-tests / member_autotest OK 1.50s
66/119 DPDK:fast-tests / memcpy_autotest OK 6.91s
67/119 DPDK:fast-tests / memory_autotest OK 0.08s
68/119 DPDK:fast-tests / mempool_autotest OK 0.43s
69/119 DPDK:fast-tests / memzone_autotest OK 0.14s
70/119 DPDK:fast-tests / meter_autotest OK 0.30s
71/119 DPDK:fast-tests / metrics_autotest OK 0.31s
72/119 DPDK:fast-tests / multiprocess_autotest OK 0.18s
73/119 DPDK:fast-tests / net_ether_autotest OK 0.97s
74/119 DPDK:fast-tests / net_ipv6_autotest OK 0.31s
75/119 DPDK:fast-tests / pcapng_autotest OK 7.28s
76/119 DPDK:fast-tests / pdcp_autotest SKIP 0.06s exit status 77
77/119 DPDK:fast-tests / pdump_autotest OK 0.42s
78/119 DPDK:fast-tests / per_lcore_autotest OK 0.41s
79/119 DPDK:fast-tests / pflock_autotest OK 1.12s
80/119 DPDK:fast-tests / pie_autotest OK 0.31s
81/119 DPDK:fast-tests / ring_pmd_autotest OK 0.31s
82/119 DPDK:fast-tests / power_autotest OK 0.31s
83/119 DPDK:fast-tests / power_cpufreq_autotest SKIP 0.06s exit status 77
84/119 DPDK:fast-tests / power_intel_uncore_autotest SKIP 0.30s exit status 77
85/119 DPDK:fast-tests / power_kvm_vm_autotest SKIP 0.06s exit status 77
86/119 DPDK:fast-tests / prefetch_autotest OK 0.30s
87/119 DPDK:fast-tests / ptr_compress_autotest OK 0.31s
88/119 DPDK:fast-tests / rawdev_autotest OK 0.31s
89/119 DPDK:fast-tests / rcu_qsbr_autotest OK 0.83s
90/119 DPDK:fast-tests / reorder_autotest OK 0.36s
91/119 DPDK:fast-tests / rib_autotest OK 8.96s
92/119 DPDK:fast-tests / rib6_autotest OK 8.95s
93/119 DPDK:fast-tests / ring_autotest OK 0.34s
94/119 DPDK:fast-tests / rwlock_test1_autotest OK 1.05s
95/119 DPDK:fast-tests / rwlock_rda_autotest OK 5.31s
96/119 DPDK:fast-tests / rwlock_rds_wrm_autotest OK 5.31s
97/119 DPDK:fast-tests / rwlock_rde_wro_autotest OK 5.31s
98/119 DPDK:fast-tests / sched_autotest OK 0.31s
99/119 DPDK:fast-tests / security_autotest OK 0.06s
100/119 DPDK:fast-tests / seqlock_autotest OK 2.31s
101/119 DPDK:fast-tests / service_autotest OK 3.01s
102/119 DPDK:fast-tests / soring_autotest OK 0.31s
103/119 DPDK:fast-tests / spinlock_autotest OK 0.38s
104/119 DPDK:fast-tests / stack_autotest OK 0.86s
105/119 DPDK:fast-tests / stack_lf_autotest SKIP 0.05s exit status 77
106/119 DPDK:fast-tests / string_autotest OK 0.43s
107/119 DPDK:fast-tests / table_autotest OK 7.96s
108/119 DPDK:fast-tests / tailq_autotest OK 0.63s
109/119 DPDK:fast-tests / telemetry_data_autotest OK 0.64s
110/119 DPDK:fast-tests / telemetry_json_autotest OK 0.63s
111/119 DPDK:fast-tests / thash_autotest OK 0.65s
112/119 DPDK:fast-tests / threads_autotest OK 0.82s
113/119 DPDK:fast-tests / ticketlock_autotest OK 0.79s
114/119 DPDK:fast-tests / timer_autotest OK 3.86s
115/119 DPDK:fast-tests / trace_autotest OK 0.31s
116/119 DPDK:fast-tests / trace_autotest_with_traces OK 0.31s
117/119 DPDK:fast-tests / vdev_autotest OK 0.41s
118/119 DPDK:fast-tests / version_autotest OK 0.30s
119/119 DPDK:fast-tests / telemetry_all OK 1.24s
Ok: 111
Expected Fail: 0
Fail: 0
Unexpected Pass: 0
Skipped: 7
Timeout: 1
Test logs for failed test cases:
================================================================================
DPDK:fast-tests / dispatcher_autotest: TIMEOUT
================================================================================
-------------------------------------stdout-------------------------------------
RTE>>dispatcher_autotest
-------------------------------------stderr-------------------------------------
EAL: Detected CPU lcores: 32
EAL: Detected NUMA nodes: 8
EAL: Detected static linkage of DPDK
EAL: Multi-process socket /var/run/dpdk/rte/mp_socket
EAL: Selected IOVA mode 'PA'
APP: HPET is not enabled, using TSC as default timer
^ permalink raw reply [flat|nested] 8+ messages in thread
* |SUCCESS| pw151875 [PATCH v3 3/3] test/event: unit test to burst add Rx queues to adapter
[not found] <c4e02d3a45f8583ad4f91a5b5d98609612d34b60.1740383918.git.sthotton@marvell.com>
2025-02-24 8:17 ` |SUCCESS| pw151873-151875 [PATCH v3 3/3] test/event: unit test to burst add Rx queues to adapter qemudev
2025-02-24 8:22 ` |FAILURE| " qemudev
@ 2025-02-24 8:43 ` checkpatch
2025-02-24 9:43 ` 0-day Robot
` (4 subsequent siblings)
7 siblings, 0 replies; 8+ messages in thread
From: checkpatch @ 2025-02-24 8:43 UTC (permalink / raw)
To: test-report
Test-Label: checkpatch
Test-Status: SUCCESS
http://dpdk.org/patch/151875
_coding style OK_
^ permalink raw reply [flat|nested] 8+ messages in thread
* |SUCCESS| pw151875 [PATCH v3 3/3] test/event: unit test to burst add Rx queues to adapter
[not found] <c4e02d3a45f8583ad4f91a5b5d98609612d34b60.1740383918.git.sthotton@marvell.com>
` (2 preceding siblings ...)
2025-02-24 8:43 ` |SUCCESS| pw151875 " checkpatch
@ 2025-02-24 9:43 ` 0-day Robot
2025-02-24 9:51 ` |SUCCESS| pw151873-151875 [PATCH] [v3,3/3] test/event: unit test to dpdklab
` (3 subsequent siblings)
7 siblings, 0 replies; 8+ messages in thread
From: 0-day Robot @ 2025-02-24 9:43 UTC (permalink / raw)
To: test-report; +Cc: robot
From: robot@bytheb.org
Test-Label: github-robot: build
Test-Status: SUCCESS
http://patchwork.dpdk.org/patch/151875/
_github build: passed_
Build URL: https://github.com/ovsrobot/dpdk/actions/runs/13494362896
^ permalink raw reply [flat|nested] 8+ messages in thread
* |SUCCESS| pw151873-151875 [PATCH] [v3,3/3] test/event: unit test to
[not found] <c4e02d3a45f8583ad4f91a5b5d98609612d34b60.1740383918.git.sthotton@marvell.com>
` (3 preceding siblings ...)
2025-02-24 9:43 ` 0-day Robot
@ 2025-02-24 9:51 ` dpdklab
2025-02-24 9:53 ` dpdklab
` (2 subsequent siblings)
7 siblings, 0 replies; 8+ messages in thread
From: dpdklab @ 2025-02-24 9:51 UTC (permalink / raw)
To: Test Report; +Cc: dpdk-test-reports
Test-Label: iol-sample-apps-testing
Test-Status: SUCCESS
http://dpdk.org/patch/151875
_Testing PASS_
Submitter: Shijith Thotton <sthotton@marvell.com>
Date: Monday, February 24 2025 08:42:25
DPDK git baseline: Repo:dpdk
Branch: master
CommitID:c0ee1640d89bf118f26e844a03e3182fb0b211c4
151873-151875 --> testing pass
Upstream job id: Template-DTS-Pipeline#214063
Test environment and result as below:
+--------------------+----------------------+
| Environment | compressdev_zlib_pmd |
+====================+======================+
| Ubuntu 22.04 (ARM) | PASS |
+--------------------+----------------------+
Ubuntu 22.04 (ARM)
Kernel: 5.15.0-97-generic
Compiler: gcc gcc (Ubuntu 11.4.0-1ubuntu1~22.04) 11.4.0
To view detailed results, visit:
https://lab.dpdk.org/results/dashboard/patchsets/32659/
UNH-IOL DPDK Community Lab
To manage your email subscriptions, visit:
https://lab.dpdk.org/results/dashboard/preferences/subscriptions/
^ permalink raw reply [flat|nested] 8+ messages in thread
* |SUCCESS| pw151873-151875 [PATCH] [v3,3/3] test/event: unit test to
[not found] <c4e02d3a45f8583ad4f91a5b5d98609612d34b60.1740383918.git.sthotton@marvell.com>
` (4 preceding siblings ...)
2025-02-24 9:51 ` |SUCCESS| pw151873-151875 [PATCH] [v3,3/3] test/event: unit test to dpdklab
@ 2025-02-24 9:53 ` dpdklab
2025-02-24 9:54 ` dpdklab
2025-02-24 11:34 ` dpdklab
7 siblings, 0 replies; 8+ messages in thread
From: dpdklab @ 2025-02-24 9:53 UTC (permalink / raw)
To: Test Report; +Cc: dpdk-test-reports
Test-Label: iol-unit-amd64-testing
Test-Status: SUCCESS
http://dpdk.org/patch/151875
_Testing PASS_
Submitter: Shijith Thotton <sthotton@marvell.com>
Date: Monday, February 24 2025 08:42:25
DPDK git baseline: Repo:dpdk
Branch: master
CommitID:c0ee1640d89bf118f26e844a03e3182fb0b211c4
151873-151875 --> testing pass
Upstream job id: Generic-VM-Unit-Test-DPDK#27341
Test environment and result as below:
+---------------------+----------------+
| Environment | dpdk_unit_test |
+=====================+================+
| Windows Server 2022 | PASS |
+---------------------+----------------+
Windows Server 2022
Kernel: 10.0.20348.2031
Compiler: clang 15.0.7, gcc 14.1.0 (MinGW), and MSVC VS 19.39.33521
To view detailed results, visit:
https://lab.dpdk.org/results/dashboard/patchsets/32659/
UNH-IOL DPDK Community Lab
To manage your email subscriptions, visit:
https://lab.dpdk.org/results/dashboard/preferences/subscriptions/
^ permalink raw reply [flat|nested] 8+ messages in thread
* |SUCCESS| pw151873-151875 [PATCH] [v3,3/3] test/event: unit test to
[not found] <c4e02d3a45f8583ad4f91a5b5d98609612d34b60.1740383918.git.sthotton@marvell.com>
` (5 preceding siblings ...)
2025-02-24 9:53 ` dpdklab
@ 2025-02-24 9:54 ` dpdklab
2025-02-24 11:34 ` dpdklab
7 siblings, 0 replies; 8+ messages in thread
From: dpdklab @ 2025-02-24 9:54 UTC (permalink / raw)
To: Test Report; +Cc: dpdk-test-reports
Test-Label: iol-unit-arm64-testing
Test-Status: SUCCESS
http://dpdk.org/patch/151875
_Testing PASS_
Submitter: Shijith Thotton <sthotton@marvell.com>
Date: Monday, February 24 2025 08:42:25
DPDK git baseline: Repo:dpdk
Branch: master
CommitID:c0ee1640d89bf118f26e844a03e3182fb0b211c4
151873-151875 --> testing pass
Upstream job id: Generic-Unit-Test-DPDK#317774
Test environment and result as below:
+----------------------+--------------+
| Environment | lpm_autotest |
+======================+==============+
| Ubuntu 20.04 ARM SVE | PASS |
+----------------------+--------------+
Ubuntu 20.04 ARM SVE
Kernel: Depends on container host
Compiler: gcc (Ubuntu 10.5.0-1ubuntu1~20.04) 10.5.0
To view detailed results, visit:
https://lab.dpdk.org/results/dashboard/patchsets/32659/
UNH-IOL DPDK Community Lab
To manage your email subscriptions, visit:
https://lab.dpdk.org/results/dashboard/preferences/subscriptions/
^ permalink raw reply [flat|nested] 8+ messages in thread
* |SUCCESS| pw151873-151875 [PATCH] [v3,3/3] test/event: unit test to
[not found] <c4e02d3a45f8583ad4f91a5b5d98609612d34b60.1740383918.git.sthotton@marvell.com>
` (6 preceding siblings ...)
2025-02-24 9:54 ` dpdklab
@ 2025-02-24 11:34 ` dpdklab
7 siblings, 0 replies; 8+ messages in thread
From: dpdklab @ 2025-02-24 11:34 UTC (permalink / raw)
To: Test Report; +Cc: dpdk-test-reports
Test-Label: iol-sample-apps-testing
Test-Status: SUCCESS
http://dpdk.org/patch/151875
_Testing PASS_
Submitter: Shijith Thotton <sthotton@marvell.com>
Date: Monday, February 24 2025 08:42:25
DPDK git baseline: Repo:dpdk
Branch: master
CommitID:c0ee1640d89bf118f26e844a03e3182fb0b211c4
151873-151875 --> testing pass
Upstream job id: ACVP-FIPS-testing#9023
Test environment and result as below:
+--------------------+----------------------+----------------------+
| Environment | compressdev_zlib_pmd | dpdk_fips_validation |
+====================+======================+======================+
| Ubuntu 22.04 (ARM) | PASS | SKIPPED |
+--------------------+----------------------+----------------------+
| Ubuntu 20.04 | SKIPPED | PASS |
+--------------------+----------------------+----------------------+
Ubuntu 22.04 (ARM)
Kernel: 5.15.0-97-generic
Compiler: gcc gcc (Ubuntu 11.4.0-1ubuntu1~22.04) 11.4.0
Ubuntu 20.04
Kernel: Depends on container host
Compiler: gcc (Ubuntu 9.4.0-1ubuntu1~20.04.2) 9.4.0
To view detailed results, visit:
https://lab.dpdk.org/results/dashboard/patchsets/32659/
UNH-IOL DPDK Community Lab
To manage your email subscriptions, visit:
https://lab.dpdk.org/results/dashboard/preferences/subscriptions/
^ permalink raw reply [flat|nested] 8+ messages in thread