automatic DPDK test reports
 help / color / mirror / Atom feed
From: dpdklab@iol.unh.edu
To: Test Report <test-report@dpdk.org>
Cc: dpdk-test-reports@iol.unh.edu
Subject: |PENDING| pw151941-151938 [PATCH] [v3,33/33] common/cnxk: move inter
Date: Mon, 24 Feb 2025 09:09:19 -0800 (PST)	[thread overview]
Message-ID: <67bca7bf.050a0220.261efe.a835SMTPIN_ADDED_MISSING@mx.google.com> (raw)
In-Reply-To: <20250224095241.1263700-33-ndabilpuram@marvell.com>

Test-Label: iol-unit-amd64-testing
Test-Status: PENDING
http://dpdk.org/patch/151938

_Testing pending_

Submitter: Nithin Dabilpuram <ndabilpuram@marvell.com>
Date: Monday, February 24 2025 09:52:41 
DPDK git baseline: Repo:dpdk
  Branch: master
  CommitID:fab31a03ba98e7457284df95dd9eef2223a4ccaa

151941-151938 --> testing pending

Upstream job id: Generic-Unit-Test-DPDK#317898

Test environment and result as below:

+-------------------+----------------+
|    Environment    | dpdk_unit_test |
+===================+================+
| CentOS Stream 9   | PEND           |
+-------------------+----------------+
| Debian Bullseye   | PEND           |
+-------------------+----------------+
| Debian 12         | PASS           |
+-------------------+----------------+
| CentOS Stream 10  | PEND           |
+-------------------+----------------+
| Fedora 41         | PEND           |
+-------------------+----------------+
| Fedora 40 (Clang) | PEND           |
+-------------------+----------------+
| Fedora 40         | PEND           |
+-------------------+----------------+
| RHEL9             | PEND           |
+-------------------+----------------+
| RHEL8             | PEND           |
+-------------------+----------------+
| Fedora 41 (Clang) | PEND           |
+-------------------+----------------+
| Ubuntu 20.04      | PEND           |
+-------------------+----------------+
| Ubuntu 22.04      | PEND           |
+-------------------+----------------+
| Ubuntu 24.04      | PEND           |
+-------------------+----------------+


CentOS Stream 9
	Kernel: Depends on container host
	Compiler: gcc 11.5.0 20240719 (Red Hat 11.5.0-2)

Debian Bullseye
	Kernel: Depends on container host
	Compiler: gcc (Debian 10.2.1-6) 10.2.1 20210110

Debian 12
	Kernel: Depends on container host
	Compiler: gcc (Debian 12.2.0-14) 12.2.0

CentOS Stream 10
	Kernel: Depends on container host
	Compiler: gcc 14.2.1 20241104 (Red Hat 14.2.1-6)

Fedora 41
	Kernel: Depends on container host
	Compiler: gcc 14.2.1 20240912 (Red Hat 14.2.1-3)

Fedora 40 (Clang)
	Kernel: Depends on container host
	Compiler: clang 18.1.8 (Fedora 18.1.8-1.fc40)

Fedora 40
	Kernel: Depends on container host
	Compiler: gcc 14.2.1 20240912 (Red Hat 14.2.1-3)

RHEL9
	Kernel: Depends on container host
	Compiler: gcc 11.5.0 20240719 (Red Hat 11.5.0-2)

RHEL8
	Kernel: Depends on container host
	Compiler: gcc 8.5.0 20210514 (Red Hat 8.5.0-22)

Fedora 41 (Clang)
	Kernel: Depends on container host
	Compiler: clang 19.1.5 (Fedora 19.1.5-1.fc41)

Ubuntu 20.04
	Kernel: Depends on container host
	Compiler: gcc (Ubuntu 9.4.0-1ubuntu1~20.04.2) 9.4.0

Ubuntu 22.04
	Kernel: Depends on container host
	Compiler: gcc (Ubuntu 11.4.0-1ubuntu1~22.04) 11.4.0

Ubuntu 24.04
	Kernel: Depends on container host
	Compiler: gcc (Ubuntu 13.3.0-6ubuntu2~24.04) 13.3.0

To view detailed results, visit:
https://lab.dpdk.org/results/dashboard/patchsets/32661/

UNH-IOL DPDK Community Lab

To manage your email subscriptions, visit: 
https://lab.dpdk.org/results/dashboard/preferences/subscriptions/

  parent reply	other threads:[~2025-02-24 17:09 UTC|newest]

Thread overview: 23+ messages / expand[flat|nested]  mbox.gz  Atom feed  top
     [not found] <20250224095241.1263700-33-ndabilpuram@marvell.com>
2025-02-24  9:57 ` |SUCCESS| pw151941-151938 [PATCH v3 33/33] common/cnxk: move interrupt handling to platform-specific qemudev
2025-02-24  9:58 ` |SUCCESS| pw151938 " checkpatch
2025-02-24 10:02 ` |SUCCESS| pw151941-151938 " qemudev
2025-02-24 10:44 ` |SUCCESS| pw151938 " 0-day Robot
2025-02-24 16:19 ` |SUCCESS| pw151941-151938 [PATCH] [v3,33/33] common/cnxk: move inter dpdklab
2025-02-24 16:19 ` dpdklab
2025-02-24 16:20 ` dpdklab
2025-02-24 16:34 ` dpdklab
2025-02-24 16:35 ` dpdklab
2025-02-24 16:51 ` dpdklab
2025-02-24 16:57 ` dpdklab
2025-02-24 17:06 ` |FAILURE| " dpdklab
2025-02-24 17:08 ` |SUCCESS| " dpdklab
2025-02-24 17:08 ` dpdklab
2025-02-24 17:08 ` dpdklab
2025-02-24 17:09 ` dpdklab [this message]
2025-02-24 17:44 ` |FAILURE| " dpdklab
2025-02-24 17:44 ` |SUCCESS| " dpdklab
2025-02-24 17:57 ` dpdklab
2025-02-24 18:28 ` |PENDING| " dpdklab
2025-02-24 18:38 ` dpdklab
2025-02-24 19:07 ` dpdklab
2025-02-24 19:24 ` |SUCCESS| " dpdklab

Reply instructions:

You may reply publicly to this message via plain-text email
using any one of the following methods:

* Save the following mbox file, import it into your mail client,
  and reply-to-all from there: mbox

  Avoid top-posting and favor interleaved quoting:
  https://en.wikipedia.org/wiki/Posting_style#Interleaved_style

* Reply using the --to, --cc, and --in-reply-to
  switches of git-send-email(1):

  git send-email \
    --in-reply-to=67bca7bf.050a0220.261efe.a835SMTPIN_ADDED_MISSING@mx.google.com \
    --to=dpdklab@iol.unh.edu \
    --cc=dpdk-test-reports@iol.unh.edu \
    --cc=test-report@dpdk.org \
    /path/to/YOUR_REPLY

  https://kernel.org/pub/software/scm/git/docs/git-send-email.html

* If your mail client supports setting the In-Reply-To header
  via mailto: links, try the mailto: link
Be sure your reply has a Subject: header at the top and a blank line before the message body.
This is a public inbox, see mirroring instructions
for how to clone and mirror all data and code used for this inbox;
as well as URLs for NNTP newsgroup(s).