* |SUCCESS| pw152041-152044 [PATCH V1 4/4] net/mlx5/hws: allow different types in miss validation
[not found] <20250225120213.2968616-4-ophirmu@nvidia.com>
@ 2025-02-25 11:40 ` qemudev
2025-02-25 11:45 ` qemudev
` (19 subsequent siblings)
20 siblings, 0 replies; 21+ messages in thread
From: qemudev @ 2025-02-25 11:40 UTC (permalink / raw)
To: test-report
Test-Label: loongarch-compilation
Test-Status: SUCCESS
http://dpdk.org/patch/152044
_Compilation OK_
Submitter: Ophir Munk <ophirmu@nvidia.com>
Date: Tue, 25 Feb 2025 14:02:10 +0200
DPDK git baseline: Repo:dpdk
Branch: main
CommitID: fab31a03ba98e7457284df95dd9eef2223a4ccaa
152041-152044 --> meson & ninja build successfully
Test environment and result as below:
+---------------------+----------------+
| Environment | compilation |
+---------------------+----------------+
| Loongnix-Server 8.3 | PASS |
+---------------------+----------------+
Loongnix-Server 8.3
Kernel: 4.19.190+
Compiler: gcc 8.3
^ permalink raw reply [flat|nested] 21+ messages in thread
* |SUCCESS| pw152041-152044 [PATCH V1 4/4] net/mlx5/hws: allow different types in miss validation
[not found] <20250225120213.2968616-4-ophirmu@nvidia.com>
2025-02-25 11:40 ` |SUCCESS| pw152041-152044 [PATCH V1 4/4] net/mlx5/hws: allow different types in miss validation qemudev
@ 2025-02-25 11:45 ` qemudev
2025-02-25 12:05 ` |SUCCESS| pw152044 " checkpatch
` (18 subsequent siblings)
20 siblings, 0 replies; 21+ messages in thread
From: qemudev @ 2025-02-25 11:45 UTC (permalink / raw)
To: test-report
Test-Label: loongarch-unit-testing
Test-Status: SUCCESS
http://dpdk.org/patch/152044
_Unit Testing PASS_
Submitter: Ophir Munk <ophirmu@nvidia.com>
Date: Tue, 25 Feb 2025 14:02:10 +0200
DPDK git baseline: Repo:dpdk
Branch: main
CommitID: fab31a03ba98e7457284df95dd9eef2223a4ccaa
152041-152044 --> testing pass
Test environment and result as below:
+---------------------+----------------+
| Environment | dpdk_unit_test |
+---------------------+----------------+
| Loongnix-Server 8.3 | PASS |
+---------------------+----------------+
Loongnix-Server 8.3
Kernel: 4.19.190+
Compiler: gcc 8.3
Test result details:
1/119 DPDK:fast-tests / acl_autotest OK 3.55s
2/119 DPDK:fast-tests / alarm_autotest OK 1.74s
3/119 DPDK:fast-tests / argparse_autotest OK 0.74s
4/119 DPDK:fast-tests / atomic_autotest OK 7.08s
5/119 DPDK:fast-tests / bitcount_autotest OK 0.30s
6/119 DPDK:fast-tests / bitmap_autotest OK 0.30s
7/119 DPDK:fast-tests / bitops_autotest OK 1.81s
8/119 DPDK:fast-tests / bitratestats_autotest OK 0.31s
9/119 DPDK:fast-tests / bitset_autotest OK 3.02s
10/119 DPDK:fast-tests / bpf_autotest OK 0.31s
11/119 DPDK:fast-tests / bpf_convert_autotest OK 0.31s
12/119 DPDK:fast-tests / byteorder_autotest OK 0.30s
13/119 DPDK:fast-tests / cfgfile_autotest OK 0.30s
14/119 DPDK:fast-tests / cksum_autotest OK 0.30s
15/119 DPDK:fast-tests / cmdline_autotest OK 0.30s
16/119 DPDK:fast-tests / common_autotest OK 1.19s
17/119 DPDK:fast-tests / compressdev_autotest SKIP 0.06s exit status 77
18/119 DPDK:fast-tests / cpuflags_autotest OK 0.30s
19/119 DPDK:fast-tests / crc_autotest OK 0.30s
20/119 DPDK:fast-tests / user_delay_us OK 0.30s
21/119 DPDK:fast-tests / debug_autotest OK 13.82s
22/119 DPDK:fast-tests / devargs_autotest OK 0.30s
23/119 DPDK:fast-tests / dispatcher_autotest OK 2.46s
24/119 DPDK:fast-tests / distributor_autotest OK 1.19s
25/119 DPDK:fast-tests / eal_flags_c_opt_autotest OK 0.78s
26/119 DPDK:fast-tests / eal_flags_main_opt_autotest OK 0.21s
27/119 DPDK:fast-tests / eal_flags_n_opt_autotest OK 0.19s
28/119 DPDK:fast-tests / eal_flags_hpet_autotest OK 0.13s
29/119 DPDK:fast-tests / eal_flags_no_huge_autotest OK 0.21s
30/119 DPDK:fast-tests / eal_flags_a_opt_autotest OK 0.29s
31/119 DPDK:fast-tests / eal_flags_b_opt_autotest OK 0.24s
32/119 DPDK:fast-tests / eal_flags_vdev_opt_autotest OK 0.19s
33/119 DPDK:fast-tests / eal_flags_r_opt_autotest OK 0.18s
34/119 DPDK:fast-tests / eal_flags_mem_autotest OK 0.58s
35/119 DPDK:fast-tests / eal_flags_file_prefix_autotest OK 22.25s
36/119 DPDK:fast-tests / eal_flags_misc_autotest OK 1.04s
37/119 DPDK:fast-tests / eal_fs_autotest OK 0.30s
38/119 DPDK:fast-tests / errno_autotest OK 0.30s
39/119 DPDK:fast-tests / ethdev_link_status OK 0.30s
40/119 DPDK:fast-tests / event_eth_tx_adapter_autotest OK 1.68s
41/119 DPDK:fast-tests / event_ring_autotest OK 0.31s
42/119 DPDK:fast-tests / eventdev_common_autotest OK 0.31s
43/119 DPDK:fast-tests / eventdev_selftest_sw OK 7.08s
44/119 DPDK:fast-tests / fbarray_autotest OK 0.38s
45/119 DPDK:fast-tests / fib_autotest OK 1.19s
46/119 DPDK:fast-tests / fib6_autotest OK 0.98s
47/119 DPDK:fast-tests / func_reentrancy_autotest OK 2.25s
48/119 DPDK:fast-tests / graph_autotest OK 0.31s
49/119 DPDK:fast-tests / node_list_dump OK 0.30s
50/119 DPDK:fast-tests / hash_autotest OK 0.93s
51/119 DPDK:fast-tests / hash_readwrite_func_autotest OK 6.40s
52/119 DPDK:fast-tests / interrupt_autotest OK 1.61s
53/119 DPDK:fast-tests / ipfrag_autotest OK 0.07s
54/119 DPDK:fast-tests / ipsec_autotest SKIP 0.31s exit status 77
55/119 DPDK:fast-tests / kvargs_autotest OK 0.31s
56/119 DPDK:fast-tests / latencystats_autotest OK 0.31s
57/119 DPDK:fast-tests / lcore_var_autotest OK 0.45s
58/119 DPDK:fast-tests / lcores_autotest OK 5.12s
59/119 DPDK:fast-tests / logs_autotest OK 0.30s
60/119 DPDK:fast-tests / lpm_autotest OK 2.38s
61/119 DPDK:fast-tests / lpm6_autotest OK 5.47s
62/119 DPDK:fast-tests / malloc_autotest OK 58.45s
63/119 DPDK:fast-tests / mbuf_autotest OK 5.66s
64/119 DPDK:fast-tests / mcslock_autotest OK 2.77s
65/119 DPDK:fast-tests / member_autotest OK 1.48s
66/119 DPDK:fast-tests / memcpy_autotest OK 7.02s
67/119 DPDK:fast-tests / memory_autotest OK 0.08s
68/119 DPDK:fast-tests / mempool_autotest OK 0.43s
69/119 DPDK:fast-tests / memzone_autotest OK 0.14s
70/119 DPDK:fast-tests / meter_autotest OK 0.30s
71/119 DPDK:fast-tests / metrics_autotest OK 0.30s
72/119 DPDK:fast-tests / multiprocess_autotest OK 0.17s
73/119 DPDK:fast-tests / net_ether_autotest OK 0.97s
74/119 DPDK:fast-tests / net_ipv6_autotest OK 0.30s
75/119 DPDK:fast-tests / pcapng_autotest OK 6.93s
76/119 DPDK:fast-tests / pdcp_autotest SKIP 0.06s exit status 77
77/119 DPDK:fast-tests / pdump_autotest OK 0.41s
78/119 DPDK:fast-tests / per_lcore_autotest OK 0.40s
79/119 DPDK:fast-tests / pflock_autotest OK 1.11s
80/119 DPDK:fast-tests / pie_autotest OK 0.31s
81/119 DPDK:fast-tests / ring_pmd_autotest OK 0.30s
82/119 DPDK:fast-tests / power_autotest OK 0.30s
83/119 DPDK:fast-tests / power_cpufreq_autotest SKIP 0.06s exit status 77
84/119 DPDK:fast-tests / power_intel_uncore_autotest SKIP 0.30s exit status 77
85/119 DPDK:fast-tests / power_kvm_vm_autotest SKIP 0.06s exit status 77
86/119 DPDK:fast-tests / prefetch_autotest OK 0.30s
87/119 DPDK:fast-tests / ptr_compress_autotest OK 0.30s
88/119 DPDK:fast-tests / rawdev_autotest OK 0.30s
89/119 DPDK:fast-tests / rcu_qsbr_autotest OK 0.83s
90/119 DPDK:fast-tests / reorder_autotest OK 0.36s
91/119 DPDK:fast-tests / rib_autotest OK 8.96s
92/119 DPDK:fast-tests / rib6_autotest OK 8.96s
93/119 DPDK:fast-tests / ring_autotest OK 0.33s
94/119 DPDK:fast-tests / rwlock_test1_autotest OK 1.05s
95/119 DPDK:fast-tests / rwlock_rda_autotest OK 5.31s
96/119 DPDK:fast-tests / rwlock_rds_wrm_autotest OK 5.48s
97/119 DPDK:fast-tests / rwlock_rde_wro_autotest OK 5.31s
98/119 DPDK:fast-tests / sched_autotest OK 0.31s
99/119 DPDK:fast-tests / security_autotest OK 0.06s
100/119 DPDK:fast-tests / seqlock_autotest OK 2.31s
101/119 DPDK:fast-tests / service_autotest OK 3.01s
102/119 DPDK:fast-tests / soring_autotest OK 0.31s
103/119 DPDK:fast-tests / spinlock_autotest OK 0.38s
104/119 DPDK:fast-tests / stack_autotest OK 0.86s
105/119 DPDK:fast-tests / stack_lf_autotest SKIP 0.05s exit status 77
106/119 DPDK:fast-tests / string_autotest OK 0.30s
107/119 DPDK:fast-tests / table_autotest OK 7.59s
108/119 DPDK:fast-tests / tailq_autotest OK 0.30s
109/119 DPDK:fast-tests / telemetry_data_autotest OK 0.31s
110/119 DPDK:fast-tests / telemetry_json_autotest OK 0.30s
111/119 DPDK:fast-tests / thash_autotest OK 0.32s
112/119 DPDK:fast-tests / threads_autotest OK 0.48s
113/119 DPDK:fast-tests / ticketlock_autotest OK 0.46s
114/119 DPDK:fast-tests / timer_autotest OK 3.86s
115/119 DPDK:fast-tests / trace_autotest OK 0.40s
116/119 DPDK:fast-tests / trace_autotest_with_traces OK 0.31s
117/119 DPDK:fast-tests / vdev_autotest OK 0.30s
118/119 DPDK:fast-tests / version_autotest OK 0.30s
119/119 DPDK:fast-tests / telemetry_all OK 1.24s
Ok: 112
Expected Fail: 0
Fail: 0
Unexpected Pass: 0
Skipped: 7
Timeout: 0
^ permalink raw reply [flat|nested] 21+ messages in thread
* |SUCCESS| pw152044 [PATCH V1 4/4] net/mlx5/hws: allow different types in miss validation
[not found] <20250225120213.2968616-4-ophirmu@nvidia.com>
2025-02-25 11:40 ` |SUCCESS| pw152041-152044 [PATCH V1 4/4] net/mlx5/hws: allow different types in miss validation qemudev
2025-02-25 11:45 ` qemudev
@ 2025-02-25 12:05 ` checkpatch
2025-02-25 13:04 ` |FAILURE| " 0-day Robot
` (17 subsequent siblings)
20 siblings, 0 replies; 21+ messages in thread
From: checkpatch @ 2025-02-25 12:05 UTC (permalink / raw)
To: test-report
Test-Label: checkpatch
Test-Status: SUCCESS
http://dpdk.org/patch/152044
_coding style OK_
^ permalink raw reply [flat|nested] 21+ messages in thread
* |FAILURE| pw152044 [PATCH V1 4/4] net/mlx5/hws: allow different types in miss validation
[not found] <20250225120213.2968616-4-ophirmu@nvidia.com>
` (2 preceding siblings ...)
2025-02-25 12:05 ` |SUCCESS| pw152044 " checkpatch
@ 2025-02-25 13:04 ` 0-day Robot
2025-02-25 16:11 ` |SUCCESS| pw152041-152044 [PATCH] [V1,4/4] net/mlx5/hws: allow diffe dpdklab
` (16 subsequent siblings)
20 siblings, 0 replies; 21+ messages in thread
From: 0-day Robot @ 2025-02-25 13:04 UTC (permalink / raw)
To: test-report; +Cc: ophirmu, robot
From: robot@bytheb.org
Test-Label: github-robot: build
Test-Status: FAILURE
http://patchwork.dpdk.org/patch/152044/
_github build: failed_
Build URL: https://github.com/ovsrobot/dpdk/actions/runs/13521174848
Build Logs:
-----------------------Summary of failed steps-----------------------
"ubuntu-22.04-gcc-stdatomic" failed at step Build and test
"ubuntu-22.04-clang-stdatomic" failed at step Build and test
"ubuntu-22.04-gcc-abi+debug+doc+examples+tests" failed at step Build and test
"ubuntu-22.04-clang-asan+doc+tests" failed at step Build and test
"fedora:39-gcc" failed at step Build
"fedora:39-clang" failed at step Build
----------------------End summary of failed steps--------------------
-------------------------------BEGIN LOGS----------------------------
####################################################################################
#### [Begin job log] "ubuntu-22.04-gcc-stdatomic" at step Build and test
####################################################################################
../drivers/common/mlx5/mlx5_prm.h:1024:38: note: in expansion of macro ‘__mlx5_dw_bit_off’
1024 | __mlx5_dw_off(typ, fld))) >> __mlx5_dw_bit_off(typ, fld)) & \
| ^~~~~~~~~~~~~~~~~
../drivers/common/mlx5/mlx5_devx_cmds.c:1352:40: note: in expansion of macro ‘MLX5_GET’
1352 | attr->fdb_unified_en = MLX5_GET(wqe_based_flow_table_cap,
| ^~~~~~~~
../drivers/common/mlx5/mlx5_prm.h:967:57: error: ‘struct mlx5_ifc_wqe_based_flow_table_cap_bits’ has no member named ‘fdb_unified_en’
967 | #define __mlx5_bit_sz(typ, fld) sizeof(__mlx5_nullp(typ)->fld)
| ^~
../drivers/common/mlx5/mlx5_prm.h:976:47: note: in expansion of macro ‘__mlx5_bit_sz’
976 | #define __mlx5_mask(typ, fld) ((u32)((1ull << __mlx5_bit_sz(typ, fld)) - 1))
| ^~~~~~~~~~~~~
../drivers/common/mlx5/mlx5_prm.h:1025:9: note: in expansion of macro ‘__mlx5_mask’
1025 | __mlx5_mask(typ, fld))
| ^~~~~~~~~~~
../drivers/common/mlx5/mlx5_devx_cmds.c:1352:40: note: in expansion of macro ‘MLX5_GET’
1352 | attr->fdb_unified_en = MLX5_GET(wqe_based_flow_table_cap,
| ^~~~~~~~
[804/3227] Compiling C object drivers/libtmp_rte_common_mlx5.a.p/common_mlx5_linux_mlx5_glue.c.o
[805/3227] Compiling C object drivers/libtmp_rte_common_mlx5.a.p/common_mlx5_mlx5_common_mp.c.o
[806/3227] Compiling C object drivers/libtmp_rte_common_mlx5.a.p/common_mlx5_mlx5_malloc.c.o
[807/3227] Generating pipeline.sym_chk with a custom command (wrapped by meson to capture output)
[808/3227] Generating rte_common_cnxk.sym_chk with a custom command (wrapped by meson to capture output)
ninja: build stopped: subcommand failed.
##[error]Process completed with exit code 1.
####################################################################################
#### [End job log] "ubuntu-22.04-gcc-stdatomic" at step Build and test
####################################################################################
####################################################################################
#### [Begin job log] "ubuntu-22.04-clang-stdatomic" at step Build and test
####################################################################################
(__mlx5_bit_off(typ, fld) & 0x1f))
~~~~~~~~~~~~~~~~~~~~^~~~
../drivers/common/mlx5/mlx5_prm.h:969:29: note: expanded from macro '__mlx5_bit_off'
(&(__mlx5_nullp(typ)->fld)))
~~~~~~~~~~~~~~~~~ ^
../drivers/common/mlx5/mlx5_devx_cmds.c:1354:7: error: no member named 'fdb_unified_en' in 'struct mlx5_ifc_wqe_based_flow_table_cap_bits'
fdb_unified_en);
^~~~~~~~~~~~~~~
../drivers/common/mlx5/mlx5_prm.h:1025:19: note: expanded from macro 'MLX5_GET'
__mlx5_mask(typ, fld))
~~~~~~~~~~~~~~~~~^~~~
../drivers/common/mlx5/mlx5_prm.h:976:66: note: expanded from macro '__mlx5_mask'
#define __mlx5_mask(typ, fld) ((u32)((1ull << __mlx5_bit_sz(typ, fld)) - 1))
~~~~~~~~~~~~~~~~~~~^~~~
../drivers/common/mlx5/mlx5_prm.h:967:59: note: expanded from macro '__mlx5_bit_sz'
#define __mlx5_bit_sz(typ, fld) sizeof(__mlx5_nullp(typ)->fld)
~~~~~~~~~~~~~~~~~ ^
6 errors generated.
[804/3227] Compiling C object drivers/libtmp_rte_common_nfp.a.p/common_nfp_nfp_common.c.o
[805/3227] Compiling C object drivers/libtmp_rte_common_mlx5.a.p/common_mlx5_linux_mlx5_common_os.c.o
[806/3227] Compiling C object drivers/libtmp_rte_common_mlx5.a.p/common_mlx5_mlx5_common_mr.c.o
[807/3227] Generating rte_common_cnxk.sym_chk with a custom command (wrapped by meson to capture output)
[808/3227] Compiling C object lib/librte_pipeline.a.p/pipeline_rte_table_action.c.o
ninja: build stopped: subcommand failed.
##[error]Process completed with exit code 1.
####################################################################################
#### [End job log] "ubuntu-22.04-clang-stdatomic" at step Build and test
####################################################################################
####################################################################################
#### [Begin job log] "ubuntu-22.04-gcc-abi+debug+doc+examples+tests" at step Build and test
####################################################################################
../drivers/common/mlx5/mlx5_prm.h:1024:38: note: in expansion of macro ‘__mlx5_dw_bit_off’
1024 | __mlx5_dw_off(typ, fld))) >> __mlx5_dw_bit_off(typ, fld)) & \
| ^~~~~~~~~~~~~~~~~
../drivers/common/mlx5/mlx5_devx_cmds.c:1352:40: note: in expansion of macro ‘MLX5_GET’
1352 | attr->fdb_unified_en = MLX5_GET(wqe_based_flow_table_cap,
| ^~~~~~~~
../drivers/common/mlx5/mlx5_prm.h:967:57: error: ‘struct mlx5_ifc_wqe_based_flow_table_cap_bits’ has no member named ‘fdb_unified_en’
967 | #define __mlx5_bit_sz(typ, fld) sizeof(__mlx5_nullp(typ)->fld)
| ^~
../drivers/common/mlx5/mlx5_prm.h:976:47: note: in expansion of macro ‘__mlx5_bit_sz’
976 | #define __mlx5_mask(typ, fld) ((u32)((1ull << __mlx5_bit_sz(typ, fld)) - 1))
| ^~~~~~~~~~~~~
../drivers/common/mlx5/mlx5_prm.h:1025:9: note: in expansion of macro ‘__mlx5_mask’
1025 | __mlx5_mask(typ, fld))
| ^~~~~~~~~~~
../drivers/common/mlx5/mlx5_devx_cmds.c:1352:40: note: in expansion of macro ‘MLX5_GET’
1352 | attr->fdb_unified_en = MLX5_GET(wqe_based_flow_table_cap,
| ^~~~~~~~
[807/6675] Compiling C object drivers/libtmp_rte_common_mlx5.a.p/common_mlx5_mlx5_common_devx.c.o
[808/6675] Compiling C object drivers/libtmp_rte_common_mlx5.a.p/common_mlx5_mlx5_common_mr.c.o
[809/6675] Generating rte_common_cnxk.pmd.c with a custom command
[810/6675] Compiling C object drivers/libtmp_rte_common_mlx5.a.p/common_mlx5_mlx5_common_utils.c.o
[811/6675] Compiling C object lib/librte_pipeline.a.p/pipeline_rte_table_action.c.o
ninja: build stopped: subcommand failed.
##[error]Process completed with exit code 1.
####################################################################################
#### [End job log] "ubuntu-22.04-gcc-abi+debug+doc+examples+tests" at step Build and test
####################################################################################
####################################################################################
#### [Begin job log] "ubuntu-22.04-clang-asan+doc+tests" at step Build and test
####################################################################################
(__mlx5_bit_off(typ, fld) & 0x1f))
~~~~~~~~~~~~~~~~~~~~^~~~
../drivers/common/mlx5/mlx5_prm.h:969:29: note: expanded from macro '__mlx5_bit_off'
(&(__mlx5_nullp(typ)->fld)))
~~~~~~~~~~~~~~~~~ ^
../drivers/common/mlx5/mlx5_devx_cmds.c:1354:7: error: no member named 'fdb_unified_en' in 'struct mlx5_ifc_wqe_based_flow_table_cap_bits'
fdb_unified_en);
^~~~~~~~~~~~~~~
../drivers/common/mlx5/mlx5_prm.h:1025:19: note: expanded from macro 'MLX5_GET'
__mlx5_mask(typ, fld))
~~~~~~~~~~~~~~~~~^~~~
../drivers/common/mlx5/mlx5_prm.h:976:66: note: expanded from macro '__mlx5_mask'
#define __mlx5_mask(typ, fld) ((u32)((1ull << __mlx5_bit_sz(typ, fld)) - 1))
~~~~~~~~~~~~~~~~~~~^~~~
../drivers/common/mlx5/mlx5_prm.h:967:59: note: expanded from macro '__mlx5_bit_sz'
#define __mlx5_bit_sz(typ, fld) sizeof(__mlx5_nullp(typ)->fld)
~~~~~~~~~~~~~~~~~ ^
6 errors generated.
[802/6675] Compiling C object drivers/libtmp_rte_common_mlx5.a.p/common_mlx5_mlx5_common_devx.c.o
[803/6675] Generating rte_common_cnxk.pmd.c with a custom command
[804/6675] Compiling C object drivers/libtmp_rte_common_mlx5.a.p/common_mlx5_mlx5_common_mr.c.o
[805/6675] Compiling C object lib/librte_pipeline.a.p/pipeline_rte_table_action.c.o
[806/6675] Compiling C object lib/librte_vhost.a.p/vhost_virtio_net.c.o
ninja: build stopped: subcommand failed.
##[error]Process completed with exit code 1.
####################################################################################
#### [End job log] "ubuntu-22.04-clang-asan+doc+tests" at step Build and test
####################################################################################
####################################################################################
#### [Begin job log] "fedora:39-gcc" at step Build
####################################################################################
####################################################################################
#### [End job log] "fedora:39-gcc" at step Build
####################################################################################
####################################################################################
#### [Begin job log] "fedora:39-clang" at step Build
####################################################################################
####################################################################################
#### [End job log] "fedora:39-clang" at step Build
####################################################################################
--------------------------------END LOGS-----------------------------
^ permalink raw reply [flat|nested] 21+ messages in thread
* |SUCCESS| pw152041-152044 [PATCH] [V1,4/4] net/mlx5/hws: allow diffe
[not found] <20250225120213.2968616-4-ophirmu@nvidia.com>
` (3 preceding siblings ...)
2025-02-25 13:04 ` |FAILURE| " 0-day Robot
@ 2025-02-25 16:11 ` dpdklab
2025-02-25 16:11 ` dpdklab
` (15 subsequent siblings)
20 siblings, 0 replies; 21+ messages in thread
From: dpdklab @ 2025-02-25 16:11 UTC (permalink / raw)
To: Test Report; +Cc: dpdk-test-reports
Test-Label: iol-intel-Functional
Test-Status: SUCCESS
http://dpdk.org/patch/152044
_Functional Testing PASS_
Submitter: Ophir Munk <ophirmu@nvidia.com>
Date: Tuesday, February 25 2025 12:02:13
DPDK git baseline: Repo:dpdk
Branch: master
CommitID:61fc05f1c6a079c0b25b27d1668450134a784d56
152041-152044 --> functional testing pass
Upstream job id: Template-DTS-Pipeline#214391
Test environment and result as below:
Ubuntu 20.04
Kernel: 5.4.0-122-generic
Compiler: gcc 9.4.0
NIC: Intel Corporation Ethernet Converged Network Adapter XL710-QDA2 40000 Mbps
Aggregate Results by Test Suite
+-----------------------------+--------+
| Test Suite | Result |
+=============================+========+
| unit_tests_mbuf | PASS |
+-----------------------------+--------+
| vhost_virtio_user_interrupt | PASS |
+-----------------------------+--------+
| virtio_smoke | PASS |
+-----------------------------+--------+
To view detailed results, visit:
https://lab.dpdk.org/results/dashboard/patchsets/32681/
UNH-IOL DPDK Community Lab
To manage your email subscriptions, visit:
https://lab.dpdk.org/results/dashboard/preferences/subscriptions/
^ permalink raw reply [flat|nested] 21+ messages in thread
* |SUCCESS| pw152041-152044 [PATCH] [V1,4/4] net/mlx5/hws: allow diffe
[not found] <20250225120213.2968616-4-ophirmu@nvidia.com>
` (4 preceding siblings ...)
2025-02-25 16:11 ` |SUCCESS| pw152041-152044 [PATCH] [V1,4/4] net/mlx5/hws: allow diffe dpdklab
@ 2025-02-25 16:11 ` dpdklab
2025-02-25 16:20 ` dpdklab
` (14 subsequent siblings)
20 siblings, 0 replies; 21+ messages in thread
From: dpdklab @ 2025-02-25 16:11 UTC (permalink / raw)
To: Test Report; +Cc: dpdk-test-reports
Test-Label: iol-broadcom-Performance
Test-Status: SUCCESS
http://dpdk.org/patch/152044
_Performance Testing PASS_
Submitter: Ophir Munk <ophirmu@nvidia.com>
Date: Tuesday, February 25 2025 12:02:13
DPDK git baseline: Repo:dpdk
Branch: master
CommitID:61fc05f1c6a079c0b25b27d1668450134a784d56
152041-152044 --> performance testing pass
Upstream job id: Template-DTS-Pipeline#214388
Test environment and result as below:
Ubuntu 22.04 ARM
Kernel: 5.15.83+
Compiler: gcc 11.4.0
NIC: Arm Broadcom Inc. brcm_57414 25000 Mbps
Fail/Total: 0/2
Detail performance results:
+------------+---------+----------+-------------+------------------------------+
| frame_size | txd/rxd | num_cpus | num_threads | throughput difference from |
| | | | | expected |
+============+=========+==========+=============+==============================+
| 64 | 512 | 1 | 1 | 0.1% |
+------------+---------+----------+-------------+------------------------------+
| 64 | 2048 | 1 | 1 | -0.2% |
+------------+---------+----------+-------------+------------------------------+
Ubuntu 22.04
Kernel: 5.15.0-100-generic
Compiler: gcc (Ubuntu 11.4.0-1ubuntu1~22.04) 11.4.0
NIC: Broadcom Inc. and subsidiaries BCM57414 NetXtreme-E 10Gb/25Gb RDMA Ethernet Controller 16d7 25 Mbps
Fail/Total: 0/3
Detail performance results:
+------------+---------+----------+-------------+------------------------------+
| frame_size | txd/rxd | num_cpus | num_threads | throughput difference from |
| | | | | expected |
+============+=========+==========+=============+==============================+
| 64 | 128 | 1 | 1 | -0.6% |
+------------+---------+----------+-------------+------------------------------+
| 64 | 512 | 1 | 1 | -0.3% |
+------------+---------+----------+-------------+------------------------------+
| 64 | 2048 | 1 | 1 | 1.1% |
+------------+---------+----------+-------------+------------------------------+
To view detailed results, visit:
https://lab.dpdk.org/results/dashboard/patchsets/32681/
UNH-IOL DPDK Community Lab
To manage your email subscriptions, visit:
https://lab.dpdk.org/results/dashboard/preferences/subscriptions/
^ permalink raw reply [flat|nested] 21+ messages in thread
* |SUCCESS| pw152041-152044 [PATCH] [V1,4/4] net/mlx5/hws: allow diffe
[not found] <20250225120213.2968616-4-ophirmu@nvidia.com>
` (5 preceding siblings ...)
2025-02-25 16:11 ` dpdklab
@ 2025-02-25 16:20 ` dpdklab
2025-02-25 16:25 ` dpdklab
` (13 subsequent siblings)
20 siblings, 0 replies; 21+ messages in thread
From: dpdklab @ 2025-02-25 16:20 UTC (permalink / raw)
To: Test Report; +Cc: dpdk-test-reports
Test-Label: iol-sample-apps-testing
Test-Status: SUCCESS
http://dpdk.org/patch/152044
_Testing PASS_
Submitter: Ophir Munk <ophirmu@nvidia.com>
Date: Tuesday, February 25 2025 12:02:13
DPDK git baseline: Repo:dpdk
Branch: master
CommitID:61fc05f1c6a079c0b25b27d1668450134a784d56
152041-152044 --> testing pass
Upstream job id: Template-DTS-Pipeline#214397
Test environment and result as below:
+--------------------+----------------------+
| Environment | compressdev_zlib_pmd |
+====================+======================+
| Ubuntu 22.04 (ARM) | PASS |
+--------------------+----------------------+
Ubuntu 22.04 (ARM)
Kernel: 5.15.0-97-generic
Compiler: gcc gcc (Ubuntu 11.4.0-1ubuntu1~22.04) 11.4.0
To view detailed results, visit:
https://lab.dpdk.org/results/dashboard/patchsets/32681/
UNH-IOL DPDK Community Lab
To manage your email subscriptions, visit:
https://lab.dpdk.org/results/dashboard/preferences/subscriptions/
^ permalink raw reply [flat|nested] 21+ messages in thread
* |SUCCESS| pw152041-152044 [PATCH] [V1,4/4] net/mlx5/hws: allow diffe
[not found] <20250225120213.2968616-4-ophirmu@nvidia.com>
` (6 preceding siblings ...)
2025-02-25 16:20 ` dpdklab
@ 2025-02-25 16:25 ` dpdklab
2025-02-25 16:33 ` dpdklab
` (12 subsequent siblings)
20 siblings, 0 replies; 21+ messages in thread
From: dpdklab @ 2025-02-25 16:25 UTC (permalink / raw)
To: Test Report; +Cc: dpdk-test-reports
Test-Label: iol-intel-Functional
Test-Status: SUCCESS
http://dpdk.org/patch/152044
_Functional Testing PASS_
Submitter: Ophir Munk <ophirmu@nvidia.com>
Date: Tuesday, February 25 2025 12:02:13
DPDK git baseline: Repo:dpdk
Branch: master
CommitID:61fc05f1c6a079c0b25b27d1668450134a784d56
152041-152044 --> functional testing pass
Upstream job id: Template-DTS-Pipeline#214395
Test environment and result as below:
Ubuntu 20.04
Kernel: 5.4.0-122-generic
Compiler: gcc 9.4.0
NIC: Intel Corporation Ethernet Converged Network Adapter XL710-QDA2 40000 Mbps
Aggregate Results by Test Suite
+-----------------------------+--------+
| Test Suite | Result |
+=============================+========+
| unit_tests_mbuf | PASS |
+-----------------------------+--------+
| vhost_virtio_user_interrupt | PASS |
+-----------------------------+--------+
| virtio_smoke | PASS |
+-----------------------------+--------+
Arm Ampere Altra - Ubuntu 22.04
Kernel: 5.15.83+
Compiler: gcc 11.4
NIC: Intel Corporation QAT 8970 0 Mbps
Aggregate Results by Test Suite
+----------------------------+--------+
| Test Suite | Result |
+============================+========+
| crypto_perf_cryptodev_perf | PASS |
+----------------------------+--------+
To view detailed results, visit:
https://lab.dpdk.org/results/dashboard/patchsets/32681/
UNH-IOL DPDK Community Lab
To manage your email subscriptions, visit:
https://lab.dpdk.org/results/dashboard/preferences/subscriptions/
^ permalink raw reply [flat|nested] 21+ messages in thread
* |SUCCESS| pw152041-152044 [PATCH] [V1,4/4] net/mlx5/hws: allow diffe
[not found] <20250225120213.2968616-4-ophirmu@nvidia.com>
` (7 preceding siblings ...)
2025-02-25 16:25 ` dpdklab
@ 2025-02-25 16:33 ` dpdklab
2025-02-25 16:46 ` dpdklab
` (11 subsequent siblings)
20 siblings, 0 replies; 21+ messages in thread
From: dpdklab @ 2025-02-25 16:33 UTC (permalink / raw)
To: Test Report; +Cc: dpdk-test-reports
Test-Label: iol-intel-Functional
Test-Status: SUCCESS
http://dpdk.org/patch/152044
_Functional Testing PASS_
Submitter: Ophir Munk <ophirmu@nvidia.com>
Date: Tuesday, February 25 2025 12:02:13
DPDK git baseline: Repo:dpdk
Branch: master
CommitID:61fc05f1c6a079c0b25b27d1668450134a784d56
152041-152044 --> functional testing pass
Upstream job id: Template-DTS-Pipeline#214392
Test environment and result as below:
Ubuntu 20.04
Kernel: 5.4.0-122-generic
Compiler: gcc 9.4.0
NIC: Intel Corporation Ethernet Converged Network Adapter XL710-QDA2 40000 Mbps
Aggregate Results by Test Suite
+-----------------------------+--------+
| Test Suite | Result |
+=============================+========+
| unit_tests_mbuf | PASS |
+-----------------------------+--------+
| vhost_virtio_user_interrupt | PASS |
+-----------------------------+--------+
| virtio_smoke | PASS |
+-----------------------------+--------+
Ubuntu 22.04
Kernel: 5.15.0-131-generic
Compiler: gcc (Ubuntu 11.4.0-1ubuntu1~22.04) 11.4.0
NIC: Intel Corporation Ethernet Converged Network Adapter 82599ES 10000 Mbps
Aggregate Results by Test Suite
+-----------------------------+--------+
| Test Suite | Result |
+=============================+========+
| unit_tests_mbuf | PASS |
+-----------------------------+--------+
| vhost_virtio_user_interrupt | PASS |
+-----------------------------+--------+
| virtio_smoke | PASS |
+-----------------------------+--------+
Arm Ampere Altra - Ubuntu 22.04
Kernel: 5.15.83+
Compiler: gcc 11.4
NIC: Intel Corporation QAT 8970 0 Mbps
Aggregate Results by Test Suite
+----------------------------+--------+
| Test Suite | Result |
+============================+========+
| crypto_perf_cryptodev_perf | PASS |
+----------------------------+--------+
To view detailed results, visit:
https://lab.dpdk.org/results/dashboard/patchsets/32681/
UNH-IOL DPDK Community Lab
To manage your email subscriptions, visit:
https://lab.dpdk.org/results/dashboard/preferences/subscriptions/
^ permalink raw reply [flat|nested] 21+ messages in thread
* |SUCCESS| pw152041-152044 [PATCH] [V1,4/4] net/mlx5/hws: allow diffe
[not found] <20250225120213.2968616-4-ophirmu@nvidia.com>
` (8 preceding siblings ...)
2025-02-25 16:33 ` dpdklab
@ 2025-02-25 16:46 ` dpdklab
2025-02-25 17:08 ` |PENDING| " dpdklab
` (10 subsequent siblings)
20 siblings, 0 replies; 21+ messages in thread
From: dpdklab @ 2025-02-25 16:46 UTC (permalink / raw)
To: Test Report; +Cc: dpdk-test-reports
Test-Label: iol-sample-apps-testing
Test-Status: SUCCESS
http://dpdk.org/patch/152044
_Testing PASS_
Submitter: Ophir Munk <ophirmu@nvidia.com>
Date: Tuesday, February 25 2025 12:02:13
DPDK git baseline: Repo:dpdk
Branch: master
CommitID:61fc05f1c6a079c0b25b27d1668450134a784d56
152041-152044 --> testing pass
Upstream job id: Template-DTS-Pipeline#214396
Test environment and result as below:
+--------------------+----------------------+
| Environment | compressdev_zlib_pmd |
+====================+======================+
| Ubuntu 22.04 (ARM) | PASS |
+--------------------+----------------------+
| Ubuntu 22.04 | PASS |
+--------------------+----------------------+
Ubuntu 22.04 (ARM)
Kernel: 5.15.0-97-generic
Compiler: gcc gcc (Ubuntu 11.4.0-1ubuntu1~22.04) 11.4.0
Ubuntu 22.04
Kernel: 5.15.0-100-generic
Compiler: gcc gcc (Ubuntu 11.4.0-1ubuntu1~22.04) 11.4.0
To view detailed results, visit:
https://lab.dpdk.org/results/dashboard/patchsets/32681/
UNH-IOL DPDK Community Lab
To manage your email subscriptions, visit:
https://lab.dpdk.org/results/dashboard/preferences/subscriptions/
^ permalink raw reply [flat|nested] 21+ messages in thread
* |PENDING| pw152041-152044 [PATCH] [V1,4/4] net/mlx5/hws: allow diffe
[not found] <20250225120213.2968616-4-ophirmu@nvidia.com>
` (9 preceding siblings ...)
2025-02-25 16:46 ` dpdklab
@ 2025-02-25 17:08 ` dpdklab
2025-02-25 17:37 ` |FAILURE| " dpdklab
` (9 subsequent siblings)
20 siblings, 0 replies; 21+ messages in thread
From: dpdklab @ 2025-02-25 17:08 UTC (permalink / raw)
To: Test Report; +Cc: dpdk-test-reports
Test-Label: iol-abi-testing
Test-Status: PENDING
http://dpdk.org/patch/152044
_Testing pending_
Submitter: Ophir Munk <ophirmu@nvidia.com>
Date: Tuesday, February 25 2025 12:02:13
DPDK git baseline: Repo:dpdk
Branch: master
CommitID:61fc05f1c6a079c0b25b27d1668450134a784d56
152041-152044 --> testing pending
Upstream job id: Generic-DPDK-Compile-ABI#117731
Test environment and result as below:
+-------------------+----------+
| Environment | abi_test |
+===================+==========+
| CentOS Stream 9 | PASS |
+-------------------+----------+
| CentOS Stream 10 | PEND |
+-------------------+----------+
| Fedora 40 (Clang) | PEND |
+-------------------+----------+
| Debian Bullseye | PEND |
+-------------------+----------+
| Debian 12 | PEND |
+-------------------+----------+
| Fedora 40 | PEND |
+-------------------+----------+
| Fedora 41 (Clang) | PEND |
+-------------------+----------+
| Fedora 41 | PEND |
+-------------------+----------+
| openSUSE Leap 15 | PEND |
+-------------------+----------+
| RHEL8 | PEND |
+-------------------+----------+
| RHEL9 | PEND |
+-------------------+----------+
| Ubuntu 22.04 | PEND |
+-------------------+----------+
| Ubuntu 24.04 | PEND |
+-------------------+----------+
CentOS Stream 9
Kernel: Depends on container host
Compiler: gcc 11.5.0 20240719 (Red Hat 11.5.0-2)
CentOS Stream 10
Kernel: Depends on container host
Compiler: gcc 14.2.1 20241104 (Red Hat 14.2.1-6)
Fedora 40 (Clang)
Kernel: Depends on container host
Compiler: clang 18.1.8 (Fedora 18.1.8-1.fc40)
Debian Bullseye
Kernel: Depends on container host
Compiler: gcc (Debian 10.2.1-6) 10.2.1 20210110
Debian 12
Kernel: Depends on container host
Compiler: gcc (Debian 12.2.0-14) 12.2.0
Fedora 40
Kernel: Depends on container host
Compiler: gcc 14.2.1 20240912 (Red Hat 14.2.1-3)
Fedora 41 (Clang)
Kernel: Depends on container host
Compiler: clang 19.1.5 (Fedora 19.1.5-1.fc41)
Fedora 41
Kernel: Depends on container host
Compiler: gcc 14.2.1 20240912 (Red Hat 14.2.1-3)
openSUSE Leap 15
Kernel: Depends on container host
Compiler: gcc (SUSE Linux) 7.5.0
RHEL8
Kernel: Depends on container host
Compiler: gcc 8.5.0 20210514 (Red Hat 8.5.0-22)
RHEL9
Kernel: Depends on container host
Compiler: gcc 11.5.0 20240719 (Red Hat 11.5.0-2)
Ubuntu 22.04
Kernel: Depends on container host
Compiler: gcc (Ubuntu 11.4.0-1ubuntu1~22.04) 11.4.0
Ubuntu 24.04
Kernel: Depends on container host
Compiler: gcc (Ubuntu 13.3.0-6ubuntu2~24.04) 13.3.0
To view detailed results, visit:
https://lab.dpdk.org/results/dashboard/patchsets/32681/
UNH-IOL DPDK Community Lab
To manage your email subscriptions, visit:
https://lab.dpdk.org/results/dashboard/preferences/subscriptions/
^ permalink raw reply [flat|nested] 21+ messages in thread
* |FAILURE| pw152041-152044 [PATCH] [V1,4/4] net/mlx5/hws: allow diffe
[not found] <20250225120213.2968616-4-ophirmu@nvidia.com>
` (10 preceding siblings ...)
2025-02-25 17:08 ` |PENDING| " dpdklab
@ 2025-02-25 17:37 ` dpdklab
2025-02-25 17:39 ` |PENDING| " dpdklab
` (8 subsequent siblings)
20 siblings, 0 replies; 21+ messages in thread
From: dpdklab @ 2025-02-25 17:37 UTC (permalink / raw)
To: Test Report; +Cc: dpdk-test-reports, Ophir Munk
Test-Label: iol-unit-arm64-testing
Test-Status: FAILURE
http://dpdk.org/patch/152044
_Testing issues_
Submitter: Ophir Munk <ophirmu@nvidia.com>
Date: Tuesday, February 25 2025 12:02:13
DPDK git baseline: Repo:dpdk
Branch: master
CommitID:61fc05f1c6a079c0b25b27d1668450134a784d56
152041-152044 --> testing issues
Upstream job id: Generic-Unit-Test-DPDK#318429
Test environment and result as below:
+-----------------------------+----------------+--------------+------------------------------+---------------------------+
| Environment | dpdk_unit_test | lpm_autotest | cryptodev_sw_snow3g_autotest | cryptodev_sw_zuc_autotest |
+=============================+================+==============+==============================+===========================+
| 32-bit Ubuntu 22.04.4 (ARM) | PEND | SKIPPED | SKIPPED | SKIPPED |
+-----------------------------+----------------+--------------+------------------------------+---------------------------+
| CentOS Stream 9 (ARM) | PEND | SKIPPED | SKIPPED | SKIPPED |
+-----------------------------+----------------+--------------+------------------------------+---------------------------+
| CentOS Stream 10 (ARM) | PEND | SKIPPED | SKIPPED | SKIPPED |
+-----------------------------+----------------+--------------+------------------------------+---------------------------+
| Debian 11 (Buster) (ARM) | WARN | SKIPPED | SKIPPED | SKIPPED |
+-----------------------------+----------------+--------------+------------------------------+---------------------------+
| Debian 12 (arm) | PEND | SKIPPED | PASS | PASS |
+-----------------------------+----------------+--------------+------------------------------+---------------------------+
| Fedora 40 (ARM Clang) | PEND | SKIPPED | SKIPPED | SKIPPED |
+-----------------------------+----------------+--------------+------------------------------+---------------------------+
| Fedora 40 (ARM) | PEND | SKIPPED | SKIPPED | SKIPPED |
+-----------------------------+----------------+--------------+------------------------------+---------------------------+
| Fedora 41 (ARM) | PEND | SKIPPED | SKIPPED | SKIPPED |
+-----------------------------+----------------+--------------+------------------------------+---------------------------+
| RHEL9 (ARM) | PEND | SKIPPED | SKIPPED | SKIPPED |
+-----------------------------+----------------+--------------+------------------------------+---------------------------+
| Fedora 41 (ARM Clang) | PEND | SKIPPED | SKIPPED | SKIPPED |
+-----------------------------+----------------+--------------+------------------------------+---------------------------+
| Ubuntu 22.04 (ARM) | PEND | SKIPPED | SKIPPED | SKIPPED |
+-----------------------------+----------------+--------------+------------------------------+---------------------------+
| Ubuntu 20.04 (ARM) | PEND | SKIPPED | SKIPPED | SKIPPED |
+-----------------------------+----------------+--------------+------------------------------+---------------------------+
| Ubuntu 24.04 (ARM) | PEND | SKIPPED | SKIPPED | SKIPPED |
+-----------------------------+----------------+--------------+------------------------------+---------------------------+
| Ubuntu 20.04 ARM SVE | SKIPPED | PEND | SKIPPED | SKIPPED |
+-----------------------------+----------------+--------------+------------------------------+---------------------------+
==== 20 line log output for Debian 11 (Buster) (ARM) (dpdk_unit_test): ====
[2341/3374] Linking static target drivers/libtmp_rte_raw_cnxk_gpio.a
[2342/3374] Compiling C object drivers/libtmp_rte_net_mlx5.a.p/net_mlx5_mlx5_flow_hw.c.o
FAILED: drivers/libtmp_rte_net_mlx5.a.p/net_mlx5_mlx5_flow_hw.c.o
ccache cc -Idrivers/libtmp_rte_net_mlx5.a.p -Idrivers -I../drivers -Idrivers/net/mlx5 -I../drivers/net/mlx5 -Idrivers/net/mlx5/linux -I../drivers/net/mlx5/linux -Idrivers/net/mlx5/hws -I../drivers/net/mlx5/hws -Ilib/ethdev -I../lib/ethdev -I. -I.. -Iconfig -I../config -Ilib/eal/include -I../lib/eal/include -Ilib/eal/linux/include -I../lib/eal/linux/include -Ilib/eal/arm/include -I../lib/eal/arm/include -I../kernel/linux -Ilib/eal/common -I../lib/eal/common -Ilib/eal -I../lib/eal -Ilib/kvargs -I../lib/kvargs -Ilib/log -I../lib/log -Ilib/metrics -I../lib/metrics -Ilib/telemetry -I../lib/telemetry -Ilib/net -I../lib/net -Ilib/mbuf -I../lib/mbuf -Ilib/mempool -I../lib/mempool -Ilib/ring -I../lib/ring -Ilib/meter -I../lib/meter -Idrivers/bus/pci -I../drivers/bus/pci -I../drivers/bus/pci/linux -Ilib/pci -I../lib/pci -Idrivers/bus/vdev -I../drivers/bus/vdev -Ilib/hash -I../lib/hash -Ilib/rcu -I../lib/rcu -Idrivers/common/mlx5 -I../drivers/common/mlx5 -Idrivers/common/mlx5/linux -I../drivers
/common/mlx5/linux -Idrivers/bus/auxiliary -I../drivers/bus/auxiliary -I/usr/include/libnl3 -fdiagnostics-color=always -pipe -D_FILE_OFFSET_BITS=64 -Wall -Winvalid-pch -Wextra -Werror -std=c11 -O3 -include rte_config.h -Wvla -Wcast-qual -Wdeprecated -Wformat -Wformat-nonliteral -Wformat-security -Wmissing-declarations -Wmissing-prototypes -Wnested-externs -Wold-style-definition -Wpointer-arith -Wsign-compare -Wstrict-prototypes -Wundef -Wwrite-strings -Wno-packed-not-aligned -Wno-missing-field-initializers -D_GNU_SOURCE -fPIC -march=armv8.1-a+crc+crypto -DALLOW_EXPERIMENTAL_API -DALLOW_INTERNAL_API -Wno-format-truncation -Wno-address-of-packed-member -std=c11 -Wno-strict-prototypes -D_BSD_SOURCE -D_DEFAULT_SOURCE -D_XOPEN_SOURCE=600 -UPEDANTIC -Wno-vla -DRTE_LOG_DEFAULT_LOGTYPE=pmd.net.mlx5 -MD -MQ drivers/libtmp_rte_net_mlx5.a.p/net_mlx5_mlx5_flow_hw.c.o -MF drivers/libtmp_rte_net_mlx5.a.p/net_mlx5_mlx5_flow_hw.c.o.d -o drivers/libtmp_rte_net_mlx5.a.p/net_mlx5_mlx5_flow_hw.c.o -c .
./drivers/net/mlx5/mlx5_flow_hw.c
../drivers/net/mlx5/mlx5_flow_hw.c: In function 'mlx5_flow_hw_actions_validate':
../drivers/net/mlx5/mlx5_flow_hw.c:7238:7: error: unused variable 'res' [-Werror=unused-variable]
7238 | bool res;
| ^~~
../drivers/net/mlx5/mlx5_flow_hw.c: In function 'flow_hw_create_send_to_kernel_actions':
../drivers/net/mlx5/mlx5_flow_hw.c:9652:57: error: unused parameter 'priv' [-Werror=unused-parameter]
9652 | flow_hw_create_send_to_kernel_actions(struct mlx5_priv *priv, bool is_proxy)
| ~~~~~~~~~~~~~~~~~~^~~~
../drivers/net/mlx5/mlx5_flow_hw.c:9652:68: error: unused parameter 'is_proxy' [-Werror=unused-parameter]
9652 | flow_hw_create_send_to_kernel_actions(struct mlx5_priv *priv, bool is_proxy)
| ^
cc1: all warnings being treated as errors
[2343/3374] Generating rte_net_xsc.pmd.c with a custom command
[2344/3374] Generating rte_raw_cnxk_bphy.pmd.c with a custom command
[2345/3374] Generating rte_raw_cnxk_gpio.pmd.c with a custom command
ninja: build stopped: subcommand failed.
==== End log output ====
32-bit Ubuntu 22.04.4 (ARM)
Kernel: 5.15.83+ aarch64
Compiler: gcc (Ubuntu 11.4.0-1ubuntu1~22.04) 11.4.0
CentOS Stream 9 (ARM)
Kernel: Depends on container host
Compiler: gcc 11.5.0 20240719 (Red Hat 11.5.0-2)
CentOS Stream 10 (ARM)
Kernel: Depends on container host
Compiler: gcc 14.2.1 20241104 (Red Hat 14.2.1-6)
Debian 11 (Buster) (ARM)
Kernel: Depends on container host
Compiler: gcc (Debian 10.2.1-6) 10.2.1 20210110
Debian 12 (arm)
Kernel: Depends on container host
Compiler: gcc (Debian 12.2.0-14) 12.2.0
Fedora 40 (ARM Clang)
Kernel: Depends on container host
Compiler: clang 18.1.8 (Fedora 18.1.8-1.fc40)
Fedora 40 (ARM)
Kernel: Depends on container host
Compiler: gcc 14.2.1 20240912 (Red Hat 14.2.1-3)
Fedora 41 (ARM)
Kernel: Depends on container host
Compiler: gcc 14.2.1 20240912 (Red Hat 14.2.1-3)
RHEL9 (ARM)
Kernel: Depends on container host
Compiler: gcc 11.5.0 20240719 (Red Hat 11.5.0-2)
Fedora 41 (ARM Clang)
Kernel: Depends on container host
Compiler: clang 19.1.5 (Fedora 19.1.5-1.fc41)
Ubuntu 22.04 (ARM)
Kernel: Depends on container host
Compiler: gcc (Ubuntu 11.4.0-1ubuntu1~22.04) 11.4.0
Ubuntu 20.04 (ARM)
Kernel: Depends on container host
Compiler: gcc (Ubuntu 9.4.0-1ubuntu1~20.04.2) 9.4.0
Ubuntu 24.04 (ARM)
Kernel: Depends on container host
Compiler: gcc (Ubuntu 13.3.0-6ubuntu2~24.04) 13.3.0
Ubuntu 20.04 ARM SVE
Kernel: Depends on container host
Compiler: gcc (Ubuntu 10.5.0-1ubuntu1~20.04) 10.5.0
To view detailed results, visit:
https://lab.dpdk.org/results/dashboard/patchsets/32681/
UNH-IOL DPDK Community Lab
To manage your email subscriptions, visit:
https://lab.dpdk.org/results/dashboard/preferences/subscriptions/
^ permalink raw reply [flat|nested] 21+ messages in thread
* |PENDING| pw152041-152044 [PATCH] [V1,4/4] net/mlx5/hws: allow diffe
[not found] <20250225120213.2968616-4-ophirmu@nvidia.com>
` (11 preceding siblings ...)
2025-02-25 17:37 ` |FAILURE| " dpdklab
@ 2025-02-25 17:39 ` dpdklab
2025-02-25 18:07 ` |SUCCESS| " dpdklab
` (7 subsequent siblings)
20 siblings, 0 replies; 21+ messages in thread
From: dpdklab @ 2025-02-25 17:39 UTC (permalink / raw)
To: Test Report; +Cc: dpdk-test-reports
Test-Label: iol-unit-amd64-testing
Test-Status: PENDING
http://dpdk.org/patch/152044
_Testing pending_
Submitter: Ophir Munk <ophirmu@nvidia.com>
Date: Tuesday, February 25 2025 12:02:13
DPDK git baseline: Repo:dpdk
Branch: master
CommitID:61fc05f1c6a079c0b25b27d1668450134a784d56
152041-152044 --> testing pending
Upstream job id: Generic-Unit-Test-DPDK#318430
Test environment and result as below:
+-------------------+----------------+
| Environment | dpdk_unit_test |
+===================+================+
| Debian 12 | PASS |
+-------------------+----------------+
| Debian Bullseye | PEND |
+-------------------+----------------+
| CentOS Stream 9 | PEND |
+-------------------+----------------+
| CentOS Stream 10 | PEND |
+-------------------+----------------+
| Fedora 40 | PEND |
+-------------------+----------------+
| Fedora 40 (Clang) | PEND |
+-------------------+----------------+
| Fedora 41 (Clang) | PEND |
+-------------------+----------------+
| RHEL9 | PEND |
+-------------------+----------------+
| RHEL8 | PEND |
+-------------------+----------------+
| Fedora 41 | PEND |
+-------------------+----------------+
| Ubuntu 20.04 | PEND |
+-------------------+----------------+
| Ubuntu 24.04 | PEND |
+-------------------+----------------+
| Ubuntu 22.04 | PEND |
+-------------------+----------------+
Debian 12
Kernel: Depends on container host
Compiler: gcc (Debian 12.2.0-14) 12.2.0
Debian Bullseye
Kernel: Depends on container host
Compiler: gcc (Debian 10.2.1-6) 10.2.1 20210110
CentOS Stream 9
Kernel: Depends on container host
Compiler: gcc 11.5.0 20240719 (Red Hat 11.5.0-2)
CentOS Stream 10
Kernel: Depends on container host
Compiler: gcc 14.2.1 20241104 (Red Hat 14.2.1-6)
Fedora 40
Kernel: Depends on container host
Compiler: gcc 14.2.1 20240912 (Red Hat 14.2.1-3)
Fedora 40 (Clang)
Kernel: Depends on container host
Compiler: clang 18.1.8 (Fedora 18.1.8-1.fc40)
Fedora 41 (Clang)
Kernel: Depends on container host
Compiler: clang 19.1.5 (Fedora 19.1.5-1.fc41)
RHEL9
Kernel: Depends on container host
Compiler: gcc 11.5.0 20240719 (Red Hat 11.5.0-2)
RHEL8
Kernel: Depends on container host
Compiler: gcc 8.5.0 20210514 (Red Hat 8.5.0-22)
Fedora 41
Kernel: Depends on container host
Compiler: gcc 14.2.1 20240912 (Red Hat 14.2.1-3)
Ubuntu 20.04
Kernel: Depends on container host
Compiler: gcc (Ubuntu 9.4.0-1ubuntu1~20.04.2) 9.4.0
Ubuntu 24.04
Kernel: Depends on container host
Compiler: gcc (Ubuntu 13.3.0-6ubuntu2~24.04) 13.3.0
Ubuntu 22.04
Kernel: Depends on container host
Compiler: gcc (Ubuntu 11.4.0-1ubuntu1~22.04) 11.4.0
To view detailed results, visit:
https://lab.dpdk.org/results/dashboard/patchsets/32681/
UNH-IOL DPDK Community Lab
To manage your email subscriptions, visit:
https://lab.dpdk.org/results/dashboard/preferences/subscriptions/
^ permalink raw reply [flat|nested] 21+ messages in thread
* |SUCCESS| pw152041-152044 [PATCH] [V1,4/4] net/mlx5/hws: allow diffe
[not found] <20250225120213.2968616-4-ophirmu@nvidia.com>
` (12 preceding siblings ...)
2025-02-25 17:39 ` |PENDING| " dpdklab
@ 2025-02-25 18:07 ` dpdklab
2025-02-25 18:12 ` |WARNING| " dpdklab
` (6 subsequent siblings)
20 siblings, 0 replies; 21+ messages in thread
From: dpdklab @ 2025-02-25 18:07 UTC (permalink / raw)
To: Test Report; +Cc: dpdk-test-reports
Test-Label: iol-abi-testing
Test-Status: SUCCESS
http://dpdk.org/patch/152044
_Testing PASS_
Submitter: Ophir Munk <ophirmu@nvidia.com>
Date: Tuesday, February 25 2025 12:02:13
DPDK git baseline: Repo:dpdk
Branch: master
CommitID:61fc05f1c6a079c0b25b27d1668450134a784d56
152041-152044 --> testing pass
Upstream job id: Generic-DPDK-Compile-ABI#117732
Test environment and result as below:
+-------------------+----------+
| Environment | abi_test |
+===================+==========+
| CentOS Stream 9 | PASS |
+-------------------+----------+
| CentOS Stream 10 | PASS |
+-------------------+----------+
| Fedora 40 (Clang) | PASS |
+-------------------+----------+
| Debian Bullseye | PASS |
+-------------------+----------+
| Debian 12 | PASS |
+-------------------+----------+
| Fedora 40 | PASS |
+-------------------+----------+
| Fedora 41 (Clang) | PASS |
+-------------------+----------+
| Fedora 41 | PASS |
+-------------------+----------+
| openSUSE Leap 15 | PASS |
+-------------------+----------+
| RHEL8 | PASS |
+-------------------+----------+
| RHEL9 | PASS |
+-------------------+----------+
| Ubuntu 22.04 | PASS |
+-------------------+----------+
| Ubuntu 24.04 | PASS |
+-------------------+----------+
CentOS Stream 9
Kernel: Depends on container host
Compiler: gcc 11.5.0 20240719 (Red Hat 11.5.0-2)
CentOS Stream 10
Kernel: Depends on container host
Compiler: gcc 14.2.1 20241104 (Red Hat 14.2.1-6)
Fedora 40 (Clang)
Kernel: Depends on container host
Compiler: clang 18.1.8 (Fedora 18.1.8-1.fc40)
Debian Bullseye
Kernel: Depends on container host
Compiler: gcc (Debian 10.2.1-6) 10.2.1 20210110
Debian 12
Kernel: Depends on container host
Compiler: gcc (Debian 12.2.0-14) 12.2.0
Fedora 40
Kernel: Depends on container host
Compiler: gcc 14.2.1 20240912 (Red Hat 14.2.1-3)
Fedora 41 (Clang)
Kernel: Depends on container host
Compiler: clang 19.1.5 (Fedora 19.1.5-1.fc41)
Fedora 41
Kernel: Depends on container host
Compiler: gcc 14.2.1 20240912 (Red Hat 14.2.1-3)
openSUSE Leap 15
Kernel: Depends on container host
Compiler: gcc (SUSE Linux) 7.5.0
RHEL8
Kernel: Depends on container host
Compiler: gcc 8.5.0 20210514 (Red Hat 8.5.0-22)
RHEL9
Kernel: Depends on container host
Compiler: gcc 11.5.0 20240719 (Red Hat 11.5.0-2)
Ubuntu 22.04
Kernel: Depends on container host
Compiler: gcc (Ubuntu 11.4.0-1ubuntu1~22.04) 11.4.0
Ubuntu 24.04
Kernel: Depends on container host
Compiler: gcc (Ubuntu 13.3.0-6ubuntu2~24.04) 13.3.0
To view detailed results, visit:
https://lab.dpdk.org/results/dashboard/patchsets/32681/
UNH-IOL DPDK Community Lab
To manage your email subscriptions, visit:
https://lab.dpdk.org/results/dashboard/preferences/subscriptions/
^ permalink raw reply [flat|nested] 21+ messages in thread
* |WARNING| pw152041-152044 [PATCH] [V1,4/4] net/mlx5/hws: allow diffe
[not found] <20250225120213.2968616-4-ophirmu@nvidia.com>
` (13 preceding siblings ...)
2025-02-25 18:07 ` |SUCCESS| " dpdklab
@ 2025-02-25 18:12 ` dpdklab
2025-02-25 18:21 ` dpdklab
` (5 subsequent siblings)
20 siblings, 0 replies; 21+ messages in thread
From: dpdklab @ 2025-02-25 18:12 UTC (permalink / raw)
To: Test Report; +Cc: dpdk-test-reports
Test-Label: iol-unit-amd64-testing
Test-Status: WARNING
http://dpdk.org/patch/152044
_Testing issues_
Submitter: Ophir Munk <ophirmu@nvidia.com>
Date: Tuesday, February 25 2025 12:02:13
DPDK git baseline: Repo:dpdk
Branch: master
CommitID:61fc05f1c6a079c0b25b27d1668450134a784d56
152041-152044 --> testing issues
Upstream job id: Generic-Unit-Test-DPDK#318438
Test environment and result as below:
+-------------------+----------------+
| Environment | dpdk_unit_test |
+===================+================+
| Debian 12 | PASS |
+-------------------+----------------+
| Debian Bullseye | WARN |
+-------------------+----------------+
| CentOS Stream 9 | PASS |
+-------------------+----------------+
| CentOS Stream 10 | PASS |
+-------------------+----------------+
| Fedora 40 | PASS |
+-------------------+----------------+
| Fedora 40 (Clang) | PASS |
+-------------------+----------------+
| Fedora 41 (Clang) | PASS |
+-------------------+----------------+
| RHEL9 | PASS |
+-------------------+----------------+
| RHEL8 | PASS |
+-------------------+----------------+
| Fedora 41 | PASS |
+-------------------+----------------+
| Ubuntu 20.04 | WARN |
+-------------------+----------------+
| Ubuntu 24.04 | PASS |
+-------------------+----------------+
| Ubuntu 22.04 | WARN |
+-------------------+----------------+
==== 20 line log output for Ubuntu 22.04 (dpdk_unit_test): ====
[1832/3156] Compiling C object drivers/libtmp_rte_net_mlx5.a.p/net_mlx5_hws_mlx5dr_buddy.c.o
[1833/3156] Compiling C object drivers/libtmp_rte_net_mlx5.a.p/net_mlx5_mlx5_flow_hw.c.o
FAILED: drivers/libtmp_rte_net_mlx5.a.p/net_mlx5_mlx5_flow_hw.c.o
ccache cc -Idrivers/libtmp_rte_net_mlx5.a.p -Idrivers -I../drivers -Idrivers/net/mlx5 -I../drivers/net/mlx5 -Idrivers/net/mlx5/linux -I../drivers/net/mlx5/linux -Idrivers/net/mlx5/hws -I../drivers/net/mlx5/hws -Ilib/ethdev -I../lib/ethdev -I. -I.. -Iconfig -I../config -Ilib/eal/include -I../lib/eal/include -Ilib/eal/linux/include -I../lib/eal/linux/include -Ilib/eal/x86/include -I../lib/eal/x86/include -I../kernel/linux -Ilib/eal/common -I../lib/eal/common -Ilib/eal -I../lib/eal -Ilib/kvargs -I../lib/kvargs -Ilib/log -I../lib/log -Ilib/metrics -I../lib/metrics -Ilib/telemetry -I../lib/telemetry -Ilib/net -I../lib/net -Ilib/mbuf -I../lib/mbuf -Ilib/mempool -I../lib/mempool -Ilib/ring -I../lib/ring -Ilib/meter -I../lib/meter -Idrivers/bus/pci -I../drivers/bus/pci -I../drivers/bus/pci/linux -Ilib/pci -I../lib/pci -Idrivers/bus/vdev -I../drivers/bus/vdev -Ilib/hash -I../lib/hash -Ilib/rcu -I../lib/rcu -Idrivers/common/mlx5 -I../drivers/common/mlx5 -Idrivers/common/mlx5/linux -I../drivers
/common/mlx5/linux -Idrivers/bus/auxiliary -I../drivers/bus/auxiliary -I/usr/include/libnl3 -fdiagnostics-color=always -pipe -D_FILE_OFFSET_BITS=64 -Wall -Winvalid-pch -Wextra -Werror -std=c11 -O3 -include rte_config.h -Wvla -Wcast-qual -Wdeprecated -Wformat -Wformat-nonliteral -Wformat-security -Wmissing-declarations -Wmissing-prototypes -Wnested-externs -Wold-style-definition -Wpointer-arith -Wsign-compare -Wstrict-prototypes -Wundef -Wwrite-strings -Wno-packed-not-aligned -Wno-missing-field-initializers -D_GNU_SOURCE -fPIC -march=native -mrtm -DALLOW_EXPERIMENTAL_API -DALLOW_INTERNAL_API -Wno-format-truncation -Wno-address-of-packed-member -std=c11 -Wno-strict-prototypes -D_BSD_SOURCE -D_DEFAULT_SOURCE -D_XOPEN_SOURCE=600 -UPEDANTIC -Wno-vla -DRTE_LOG_DEFAULT_LOGTYPE=pmd.net.mlx5 -MD -MQ drivers/libtmp_rte_net_mlx5.a.p/net_mlx5_mlx5_flow_hw.c.o -MF drivers/libtmp_rte_net_mlx5.a.p/net_mlx5_mlx5_flow_hw.c.o.d -o drivers/libtmp_rte_net_mlx5.a.p/net_mlx5_mlx5_flow_hw.c.o -c ../driver
s/net/mlx5/mlx5_flow_hw.c
../drivers/net/mlx5/mlx5_flow_hw.c: In function 'mlx5_flow_hw_actions_validate':
../drivers/net/mlx5/mlx5_flow_hw.c:7238:14: error: unused variable 'res' [-Werror=unused-variable]
7238 | bool res;
| ^~~
../drivers/net/mlx5/mlx5_flow_hw.c: In function 'flow_hw_create_send_to_kernel_actions':
../drivers/net/mlx5/mlx5_flow_hw.c:9652:57: error: unused parameter 'priv' [-Werror=unused-parameter]
9652 | flow_hw_create_send_to_kernel_actions(struct mlx5_priv *priv, bool is_proxy)
| ~~~~~~~~~~~~~~~~~~^~~~
../drivers/net/mlx5/mlx5_flow_hw.c:9652:68: error: unused parameter 'is_proxy' [-Werror=unused-parameter]
9652 | flow_hw_create_send_to_kernel_actions(struct mlx5_priv *priv, bool is_proxy)
| ^
cc1: all warnings being treated as errors
[1834/3156] Compiling C object drivers/libtmp_rte_net_mlx5.a.p/net_mlx5_hws_mlx5dr_action.c.o
[1835/3156] Compiling C object drivers/libtmp_rte_net_mlx5.a.p/net_mlx5_hws_mlx5dr_pool.c.o
[1836/3156] Compiling C object drivers/libtmp_rte_net_mlx5.a.p/net_mlx5_hws_mlx5dr_cmd.c.o
ninja: build stopped: subcommand failed.
==== End log output ====
Debian 12
Kernel: Depends on container host
Compiler: gcc (Debian 12.2.0-14) 12.2.0
Debian Bullseye
Kernel: Depends on container host
Compiler: gcc (Debian 10.2.1-6) 10.2.1 20210110
CentOS Stream 9
Kernel: Depends on container host
Compiler: gcc 11.5.0 20240719 (Red Hat 11.5.0-2)
CentOS Stream 10
Kernel: Depends on container host
Compiler: gcc 14.2.1 20241104 (Red Hat 14.2.1-6)
Fedora 40
Kernel: Depends on container host
Compiler: gcc 14.2.1 20240912 (Red Hat 14.2.1-3)
Fedora 40 (Clang)
Kernel: Depends on container host
Compiler: clang 18.1.8 (Fedora 18.1.8-1.fc40)
Fedora 41 (Clang)
Kernel: Depends on container host
Compiler: clang 19.1.5 (Fedora 19.1.5-1.fc41)
RHEL9
Kernel: Depends on container host
Compiler: gcc 11.5.0 20240719 (Red Hat 11.5.0-2)
RHEL8
Kernel: Depends on container host
Compiler: gcc 8.5.0 20210514 (Red Hat 8.5.0-22)
Fedora 41
Kernel: Depends on container host
Compiler: gcc 14.2.1 20240912 (Red Hat 14.2.1-3)
Ubuntu 20.04
Kernel: Depends on container host
Compiler: gcc (Ubuntu 9.4.0-1ubuntu1~20.04.2) 9.4.0
Ubuntu 24.04
Kernel: Depends on container host
Compiler: gcc (Ubuntu 13.3.0-6ubuntu2~24.04) 13.3.0
Ubuntu 22.04
Kernel: Depends on container host
Compiler: gcc (Ubuntu 11.4.0-1ubuntu1~22.04) 11.4.0
To view detailed results, visit:
https://lab.dpdk.org/results/dashboard/patchsets/32681/
UNH-IOL DPDK Community Lab
To manage your email subscriptions, visit:
https://lab.dpdk.org/results/dashboard/preferences/subscriptions/
^ permalink raw reply [flat|nested] 21+ messages in thread
* |WARNING| pw152041-152044 [PATCH] [V1,4/4] net/mlx5/hws: allow diffe
[not found] <20250225120213.2968616-4-ophirmu@nvidia.com>
` (14 preceding siblings ...)
2025-02-25 18:12 ` |WARNING| " dpdklab
@ 2025-02-25 18:21 ` dpdklab
2025-02-25 19:11 ` dpdklab
` (4 subsequent siblings)
20 siblings, 0 replies; 21+ messages in thread
From: dpdklab @ 2025-02-25 18:21 UTC (permalink / raw)
To: Test Report; +Cc: dpdk-test-reports
Test-Label: iol-unit-arm64-testing
Test-Status: WARNING
http://dpdk.org/patch/152044
_Testing issues_
Submitter: Ophir Munk <ophirmu@nvidia.com>
Date: Tuesday, February 25 2025 12:02:13
DPDK git baseline: Repo:dpdk
Branch: master
CommitID:61fc05f1c6a079c0b25b27d1668450134a784d56
152041-152044 --> testing issues
Upstream job id: Generic-Unit-Test-DPDK#318433
Test environment and result as below:
+-----------------------------+----------------+--------------+------------------------------+---------------------------+
| Environment | dpdk_unit_test | lpm_autotest | cryptodev_sw_snow3g_autotest | cryptodev_sw_zuc_autotest |
+=============================+================+==============+==============================+===========================+
| 32-bit Ubuntu 22.04.4 (ARM) | PASS | SKIPPED | SKIPPED | SKIPPED |
+-----------------------------+----------------+--------------+------------------------------+---------------------------+
| CentOS Stream 9 (ARM) | PASS | SKIPPED | SKIPPED | SKIPPED |
+-----------------------------+----------------+--------------+------------------------------+---------------------------+
| CentOS Stream 10 (ARM) | PASS | SKIPPED | SKIPPED | SKIPPED |
+-----------------------------+----------------+--------------+------------------------------+---------------------------+
| Debian 11 (Buster) (ARM) | WARN | SKIPPED | SKIPPED | SKIPPED |
+-----------------------------+----------------+--------------+------------------------------+---------------------------+
| Debian 12 (arm) | PASS | SKIPPED | PASS | PASS |
+-----------------------------+----------------+--------------+------------------------------+---------------------------+
| Fedora 40 (ARM Clang) | PASS | SKIPPED | SKIPPED | SKIPPED |
+-----------------------------+----------------+--------------+------------------------------+---------------------------+
| Fedora 40 (ARM) | PASS | SKIPPED | SKIPPED | SKIPPED |
+-----------------------------+----------------+--------------+------------------------------+---------------------------+
| Fedora 41 (ARM) | PASS | SKIPPED | SKIPPED | SKIPPED |
+-----------------------------+----------------+--------------+------------------------------+---------------------------+
| RHEL9 (ARM) | PASS | SKIPPED | SKIPPED | SKIPPED |
+-----------------------------+----------------+--------------+------------------------------+---------------------------+
| Fedora 41 (ARM Clang) | PASS | SKIPPED | SKIPPED | SKIPPED |
+-----------------------------+----------------+--------------+------------------------------+---------------------------+
| Ubuntu 22.04 (ARM) | WARN | SKIPPED | SKIPPED | SKIPPED |
+-----------------------------+----------------+--------------+------------------------------+---------------------------+
| Ubuntu 20.04 (ARM) | WARN | SKIPPED | SKIPPED | SKIPPED |
+-----------------------------+----------------+--------------+------------------------------+---------------------------+
| Ubuntu 24.04 (ARM) | PASS | SKIPPED | SKIPPED | SKIPPED |
+-----------------------------+----------------+--------------+------------------------------+---------------------------+
| Ubuntu 20.04 ARM SVE | SKIPPED | PASS | SKIPPED | SKIPPED |
+-----------------------------+----------------+--------------+------------------------------+---------------------------+
==== 20 line log output for Ubuntu 20.04 (ARM) (dpdk_unit_test): ====
[2457/3372] Compiling C object drivers/librte_crypto_cnxk.a.p/meson-generated_.._rte_crypto_cnxk.pmd.c.o
[2458/3372] Compiling C object drivers/libtmp_rte_net_mlx5.a.p/net_mlx5_mlx5_flow_hw.c.o
FAILED: drivers/libtmp_rte_net_mlx5.a.p/net_mlx5_mlx5_flow_hw.c.o
ccache cc -Idrivers/libtmp_rte_net_mlx5.a.p -Idrivers -I../drivers -Idrivers/net/mlx5 -I../drivers/net/mlx5 -Idrivers/net/mlx5/linux -I../drivers/net/mlx5/linux -Idrivers/net/mlx5/hws -I../drivers/net/mlx5/hws -Ilib/ethdev -I../lib/ethdev -I. -I.. -Iconfig -I../config -Ilib/eal/include -I../lib/eal/include -Ilib/eal/linux/include -I../lib/eal/linux/include -Ilib/eal/arm/include -I../lib/eal/arm/include -I../kernel/linux -Ilib/eal/common -I../lib/eal/common -Ilib/eal -I../lib/eal -Ilib/kvargs -I../lib/kvargs -Ilib/log -I../lib/log -Ilib/metrics -I../lib/metrics -Ilib/telemetry -I../lib/telemetry -Ilib/net -I../lib/net -Ilib/mbuf -I../lib/mbuf -Ilib/mempool -I../lib/mempool -Ilib/ring -I../lib/ring -Ilib/meter -I../lib/meter -Idrivers/bus/pci -I../drivers/bus/pci -I../drivers/bus/pci/linux -Ilib/pci -I../lib/pci -Idrivers/bus/vdev -I../drivers/bus/vdev -Ilib/hash -I../lib/hash -Ilib/rcu -I../lib/rcu -Idrivers/common/mlx5 -I../drivers/common/mlx5 -Idrivers/common/mlx5/linux -I../drivers
/common/mlx5/linux -Idrivers/bus/auxiliary -I../drivers/bus/auxiliary -I/usr/include/libnl3 -fdiagnostics-color=always -pipe -D_FILE_OFFSET_BITS=64 -Wall -Winvalid-pch -Wextra -Werror -std=c11 -O3 -include rte_config.h -Wvla -Wcast-qual -Wdeprecated -Wformat -Wformat-nonliteral -Wformat-security -Wmissing-declarations -Wmissing-prototypes -Wnested-externs -Wold-style-definition -Wpointer-arith -Wsign-compare -Wstrict-prototypes -Wundef -Wwrite-strings -Wno-packed-not-aligned -Wno-missing-field-initializers -D_GNU_SOURCE -fPIC -march=armv8.1-a+crc+crypto -DALLOW_EXPERIMENTAL_API -DALLOW_INTERNAL_API -Wno-format-truncation -Wno-address-of-packed-member -std=c11 -Wno-strict-prototypes -D_BSD_SOURCE -D_DEFAULT_SOURCE -D_XOPEN_SOURCE=600 -UPEDANTIC -Wno-vla -DRTE_LOG_DEFAULT_LOGTYPE=pmd.net.mlx5 -MD -MQ drivers/libtmp_rte_net_mlx5.a.p/net_mlx5_mlx5_flow_hw.c.o -MF drivers/libtmp_rte_net_mlx5.a.p/net_mlx5_mlx5_flow_hw.c.o.d -o drivers/libtmp_rte_net_mlx5.a.p/net_mlx5_mlx5_flow_hw.c.o -c .
./drivers/net/mlx5/mlx5_flow_hw.c
../drivers/net/mlx5/mlx5_flow_hw.c: In function 'mlx5_flow_hw_actions_validate':
../drivers/net/mlx5/mlx5_flow_hw.c:7238:7: error: unused variable 'res' [-Werror=unused-variable]
7238 | bool res;
| ^~~
../drivers/net/mlx5/mlx5_flow_hw.c: In function 'flow_hw_create_send_to_kernel_actions':
../drivers/net/mlx5/mlx5_flow_hw.c:9652:57: error: unused parameter 'priv' [-Werror=unused-parameter]
9652 | flow_hw_create_send_to_kernel_actions(struct mlx5_priv *priv, bool is_proxy)
| ~~~~~~~~~~~~~~~~~~^~~~
../drivers/net/mlx5/mlx5_flow_hw.c:9652:68: error: unused parameter 'is_proxy' [-Werror=unused-parameter]
9652 | flow_hw_create_send_to_kernel_actions(struct mlx5_priv *priv, bool is_proxy)
| ^
cc1: all warnings being treated as errors
[2459/3372] Compiling C object drivers/librte_crypto_cnxk.so.25.1.p/meson-generated_.._rte_crypto_cnxk.pmd.c.o
[2460/3372] Linking static target drivers/librte_crypto_cnxk.a
[2461/3372] Generating rte_crypto_dpaa2_sec.pmd.c with a custom command
ninja: build stopped: subcommand failed.
==== End log output ====
32-bit Ubuntu 22.04.4 (ARM)
Kernel: 5.15.83+ aarch64
Compiler: gcc (Ubuntu 11.4.0-1ubuntu1~22.04) 11.4.0
CentOS Stream 9 (ARM)
Kernel: Depends on container host
Compiler: gcc 11.5.0 20240719 (Red Hat 11.5.0-2)
CentOS Stream 10 (ARM)
Kernel: Depends on container host
Compiler: gcc 14.2.1 20241104 (Red Hat 14.2.1-6)
Debian 11 (Buster) (ARM)
Kernel: Depends on container host
Compiler: gcc (Debian 10.2.1-6) 10.2.1 20210110
Debian 12 (arm)
Kernel: Depends on container host
Compiler: gcc (Debian 12.2.0-14) 12.2.0
Fedora 40 (ARM Clang)
Kernel: Depends on container host
Compiler: clang 18.1.8 (Fedora 18.1.8-1.fc40)
Fedora 40 (ARM)
Kernel: Depends on container host
Compiler: gcc 14.2.1 20240912 (Red Hat 14.2.1-3)
Fedora 41 (ARM)
Kernel: Depends on container host
Compiler: gcc 14.2.1 20240912 (Red Hat 14.2.1-3)
RHEL9 (ARM)
Kernel: Depends on container host
Compiler: gcc 11.5.0 20240719 (Red Hat 11.5.0-2)
Fedora 41 (ARM Clang)
Kernel: Depends on container host
Compiler: clang 19.1.5 (Fedora 19.1.5-1.fc41)
Ubuntu 22.04 (ARM)
Kernel: Depends on container host
Compiler: gcc (Ubuntu 11.4.0-1ubuntu1~22.04) 11.4.0
Ubuntu 20.04 (ARM)
Kernel: Depends on container host
Compiler: gcc (Ubuntu 9.4.0-1ubuntu1~20.04.2) 9.4.0
Ubuntu 24.04 (ARM)
Kernel: Depends on container host
Compiler: gcc (Ubuntu 13.3.0-6ubuntu2~24.04) 13.3.0
Ubuntu 20.04 ARM SVE
Kernel: Depends on container host
Compiler: gcc (Ubuntu 10.5.0-1ubuntu1~20.04) 10.5.0
To view detailed results, visit:
https://lab.dpdk.org/results/dashboard/patchsets/32681/
UNH-IOL DPDK Community Lab
To manage your email subscriptions, visit:
https://lab.dpdk.org/results/dashboard/preferences/subscriptions/
^ permalink raw reply [flat|nested] 21+ messages in thread
* |WARNING| pw152041-152044 [PATCH] [V1,4/4] net/mlx5/hws: allow diffe
[not found] <20250225120213.2968616-4-ophirmu@nvidia.com>
` (15 preceding siblings ...)
2025-02-25 18:21 ` dpdklab
@ 2025-02-25 19:11 ` dpdklab
2025-02-25 19:17 ` |FAILURE| " dpdklab
` (3 subsequent siblings)
20 siblings, 0 replies; 21+ messages in thread
From: dpdklab @ 2025-02-25 19:11 UTC (permalink / raw)
To: Test Report; +Cc: dpdk-test-reports
Test-Label: iol-unit-amd64-testing
Test-Status: WARNING
http://dpdk.org/patch/152044
_Testing issues_
Submitter: Ophir Munk <ophirmu@nvidia.com>
Date: Tuesday, February 25 2025 12:02:13
DPDK git baseline: Repo:dpdk
Branch: master
CommitID:61fc05f1c6a079c0b25b27d1668450134a784d56
152041-152044 --> testing issues
Upstream job id: Generic-VM-Unit-Test-DPDK#27366
Test environment and result as below:
+---------------------+----------------+
| Environment | dpdk_unit_test |
+=====================+================+
| Debian 12 | PASS |
+---------------------+----------------+
| Debian Bullseye | WARN |
+---------------------+----------------+
| CentOS Stream 9 | PASS |
+---------------------+----------------+
| CentOS Stream 10 | PASS |
+---------------------+----------------+
| Fedora 40 | PASS |
+---------------------+----------------+
| Fedora 40 (Clang) | PASS |
+---------------------+----------------+
| Fedora 41 (Clang) | PASS |
+---------------------+----------------+
| RHEL9 | PASS |
+---------------------+----------------+
| RHEL8 | PASS |
+---------------------+----------------+
| Fedora 41 | PASS |
+---------------------+----------------+
| Ubuntu 20.04 | WARN |
+---------------------+----------------+
| Ubuntu 24.04 | PASS |
+---------------------+----------------+
| Ubuntu 22.04 | WARN |
+---------------------+----------------+
| Windows Server 2022 | PASS |
+---------------------+----------------+
==== 20 line log output for Ubuntu 22.04 (dpdk_unit_test): ====
[1832/3156] Compiling C object drivers/libtmp_rte_net_mlx5.a.p/net_mlx5_hws_mlx5dr_buddy.c.o
[1833/3156] Compiling C object drivers/libtmp_rte_net_mlx5.a.p/net_mlx5_mlx5_flow_hw.c.o
FAILED: drivers/libtmp_rte_net_mlx5.a.p/net_mlx5_mlx5_flow_hw.c.o
ccache cc -Idrivers/libtmp_rte_net_mlx5.a.p -Idrivers -I../drivers -Idrivers/net/mlx5 -I../drivers/net/mlx5 -Idrivers/net/mlx5/linux -I../drivers/net/mlx5/linux -Idrivers/net/mlx5/hws -I../drivers/net/mlx5/hws -Ilib/ethdev -I../lib/ethdev -I. -I.. -Iconfig -I../config -Ilib/eal/include -I../lib/eal/include -Ilib/eal/linux/include -I../lib/eal/linux/include -Ilib/eal/x86/include -I../lib/eal/x86/include -I../kernel/linux -Ilib/eal/common -I../lib/eal/common -Ilib/eal -I../lib/eal -Ilib/kvargs -I../lib/kvargs -Ilib/log -I../lib/log -Ilib/metrics -I../lib/metrics -Ilib/telemetry -I../lib/telemetry -Ilib/net -I../lib/net -Ilib/mbuf -I../lib/mbuf -Ilib/mempool -I../lib/mempool -Ilib/ring -I../lib/ring -Ilib/meter -I../lib/meter -Idrivers/bus/pci -I../drivers/bus/pci -I../drivers/bus/pci/linux -Ilib/pci -I../lib/pci -Idrivers/bus/vdev -I../drivers/bus/vdev -Ilib/hash -I../lib/hash -Ilib/rcu -I../lib/rcu -Idrivers/common/mlx5 -I../drivers/common/mlx5 -Idrivers/common/mlx5/linux -I../drivers
/common/mlx5/linux -Idrivers/bus/auxiliary -I../drivers/bus/auxiliary -I/usr/include/libnl3 -fdiagnostics-color=always -pipe -D_FILE_OFFSET_BITS=64 -Wall -Winvalid-pch -Wextra -Werror -std=c11 -O3 -include rte_config.h -Wvla -Wcast-qual -Wdeprecated -Wformat -Wformat-nonliteral -Wformat-security -Wmissing-declarations -Wmissing-prototypes -Wnested-externs -Wold-style-definition -Wpointer-arith -Wsign-compare -Wstrict-prototypes -Wundef -Wwrite-strings -Wno-packed-not-aligned -Wno-missing-field-initializers -D_GNU_SOURCE -fPIC -march=native -mrtm -DALLOW_EXPERIMENTAL_API -DALLOW_INTERNAL_API -Wno-format-truncation -Wno-address-of-packed-member -std=c11 -Wno-strict-prototypes -D_BSD_SOURCE -D_DEFAULT_SOURCE -D_XOPEN_SOURCE=600 -UPEDANTIC -Wno-vla -DRTE_LOG_DEFAULT_LOGTYPE=pmd.net.mlx5 -MD -MQ drivers/libtmp_rte_net_mlx5.a.p/net_mlx5_mlx5_flow_hw.c.o -MF drivers/libtmp_rte_net_mlx5.a.p/net_mlx5_mlx5_flow_hw.c.o.d -o drivers/libtmp_rte_net_mlx5.a.p/net_mlx5_mlx5_flow_hw.c.o -c ../driver
s/net/mlx5/mlx5_flow_hw.c
../drivers/net/mlx5/mlx5_flow_hw.c: In function 'mlx5_flow_hw_actions_validate':
../drivers/net/mlx5/mlx5_flow_hw.c:7238:14: error: unused variable 'res' [-Werror=unused-variable]
7238 | bool res;
| ^~~
../drivers/net/mlx5/mlx5_flow_hw.c: In function 'flow_hw_create_send_to_kernel_actions':
../drivers/net/mlx5/mlx5_flow_hw.c:9652:57: error: unused parameter 'priv' [-Werror=unused-parameter]
9652 | flow_hw_create_send_to_kernel_actions(struct mlx5_priv *priv, bool is_proxy)
| ~~~~~~~~~~~~~~~~~~^~~~
../drivers/net/mlx5/mlx5_flow_hw.c:9652:68: error: unused parameter 'is_proxy' [-Werror=unused-parameter]
9652 | flow_hw_create_send_to_kernel_actions(struct mlx5_priv *priv, bool is_proxy)
| ^
cc1: all warnings being treated as errors
[1834/3156] Compiling C object drivers/libtmp_rte_net_mlx5.a.p/net_mlx5_hws_mlx5dr_action.c.o
[1835/3156] Compiling C object drivers/libtmp_rte_net_mlx5.a.p/net_mlx5_hws_mlx5dr_pool.c.o
[1836/3156] Compiling C object drivers/libtmp_rte_net_mlx5.a.p/net_mlx5_hws_mlx5dr_cmd.c.o
ninja: build stopped: subcommand failed.
==== End log output ====
Debian 12
Kernel: Depends on container host
Compiler: gcc (Debian 12.2.0-14) 12.2.0
Debian Bullseye
Kernel: Depends on container host
Compiler: gcc (Debian 10.2.1-6) 10.2.1 20210110
CentOS Stream 9
Kernel: Depends on container host
Compiler: gcc 11.5.0 20240719 (Red Hat 11.5.0-2)
CentOS Stream 10
Kernel: Depends on container host
Compiler: gcc 14.2.1 20241104 (Red Hat 14.2.1-6)
Fedora 40
Kernel: Depends on container host
Compiler: gcc 14.2.1 20240912 (Red Hat 14.2.1-3)
Fedora 40 (Clang)
Kernel: Depends on container host
Compiler: clang 18.1.8 (Fedora 18.1.8-1.fc40)
Fedora 41 (Clang)
Kernel: Depends on container host
Compiler: clang 19.1.5 (Fedora 19.1.5-1.fc41)
RHEL9
Kernel: Depends on container host
Compiler: gcc 11.5.0 20240719 (Red Hat 11.5.0-2)
RHEL8
Kernel: Depends on container host
Compiler: gcc 8.5.0 20210514 (Red Hat 8.5.0-22)
Fedora 41
Kernel: Depends on container host
Compiler: gcc 14.2.1 20240912 (Red Hat 14.2.1-3)
Ubuntu 20.04
Kernel: Depends on container host
Compiler: gcc (Ubuntu 9.4.0-1ubuntu1~20.04.2) 9.4.0
Ubuntu 24.04
Kernel: Depends on container host
Compiler: gcc (Ubuntu 13.3.0-6ubuntu2~24.04) 13.3.0
Ubuntu 22.04
Kernel: Depends on container host
Compiler: gcc (Ubuntu 11.4.0-1ubuntu1~22.04) 11.4.0
Windows Server 2022
Kernel: 10.0.20348.2031
Compiler: clang 15.0.7, gcc 14.1.0 (MinGW), and MSVC VS 19.39.33521
To view detailed results, visit:
https://lab.dpdk.org/results/dashboard/patchsets/32681/
UNH-IOL DPDK Community Lab
To manage your email subscriptions, visit:
https://lab.dpdk.org/results/dashboard/preferences/subscriptions/
^ permalink raw reply [flat|nested] 21+ messages in thread
* |FAILURE| pw152041-152044 [PATCH] [V1,4/4] net/mlx5/hws: allow diffe
[not found] <20250225120213.2968616-4-ophirmu@nvidia.com>
` (16 preceding siblings ...)
2025-02-25 19:11 ` dpdklab
@ 2025-02-25 19:17 ` dpdklab
2025-02-25 19:17 ` dpdklab
` (2 subsequent siblings)
20 siblings, 0 replies; 21+ messages in thread
From: dpdklab @ 2025-02-25 19:17 UTC (permalink / raw)
To: Test Report; +Cc: dpdk-test-reports, Ophir Munk
Test-Label: iol-compile-amd64-testing
Test-Status: FAILURE
http://dpdk.org/patch/152044
_Testing issues_
Submitter: Ophir Munk <ophirmu@nvidia.com>
Date: Tuesday, February 25 2025 12:02:13
DPDK git baseline: Repo:dpdk
Branch: master
CommitID:61fc05f1c6a079c0b25b27d1668450134a784d56
152041-152044 --> testing issues
Upstream job id: Generic-DPDK-Compile-Meson#365202
Test environment and result as below:
+-------------------+--------------------+-------------------+------------------+
| Environment | dpdk_meson_compile | dpdk_compile_spdk | dpdk_compile_ovs |
+===================+====================+===================+==================+
| CentOS Stream 9 | PASS | PASS | SKIPPED |
+-------------------+--------------------+-------------------+------------------+
| CentOS Stream 10 | PASS | SKIPPED | SKIPPED |
+-------------------+--------------------+-------------------+------------------+
| Debian Bullseye | FAIL | WARN | SKIPPED |
+-------------------+--------------------+-------------------+------------------+
| Fedora 40 | PASS | PASS | SKIPPED |
+-------------------+--------------------+-------------------+------------------+
| Fedora 41 (Clang) | PASS | PASS | PASS |
+-------------------+--------------------+-------------------+------------------+
| Fedora 40 (Clang) | PASS | PASS | SKIPPED |
+-------------------+--------------------+-------------------+------------------+
| Debian 12 | PASS | PASS | SKIPPED |
+-------------------+--------------------+-------------------+------------------+
| RHEL8 | PASS | SKIPPED | SKIPPED |
+-------------------+--------------------+-------------------+------------------+
| openSUSE Leap 15 | PASS | SKIPPED | SKIPPED |
+-------------------+--------------------+-------------------+------------------+
| Fedora 41 | PASS | PASS | PASS |
+-------------------+--------------------+-------------------+------------------+
| RHEL9 | PASS | SKIPPED | SKIPPED |
+-------------------+--------------------+-------------------+------------------+
| Ubuntu 20.04 | FAIL | SKIPPED | SKIPPED |
+-------------------+--------------------+-------------------+------------------+
| Ubuntu 22.04 | FAIL | WARN | SKIPPED |
+-------------------+--------------------+-------------------+------------------+
| Ubuntu 24.04 | PASS | PASS | PASS |
+-------------------+--------------------+-------------------+------------------+
| Alpine | PASS | SKIPPED | SKIPPED |
+-------------------+--------------------+-------------------+------------------+
| FreeBSD 13.4 | PASS | SKIPPED | SKIPPED |
+-------------------+--------------------+-------------------+------------------+
| FreeBSD 14.2 | PASS | SKIPPED | SKIPPED |
+-------------------+--------------------+-------------------+------------------+
==== 20 line log output for Ubuntu 22.04 (dpdk_compile_spdk): ====
--- Failed to get log output ---
==== End log output ====
CentOS Stream 9
Kernel: Depends on container host
Compiler: gcc 11.5.0 20240719 (Red Hat 11.5.0-2)
CentOS Stream 10
Kernel: Depends on container host
Compiler: gcc 14.2.1 20241104 (Red Hat 14.2.1-6)
Debian Bullseye
Kernel: Depends on container host
Compiler: gcc (Debian 10.2.1-6) 10.2.1 20210110
Fedora 40
Kernel: Depends on container host
Compiler: gcc 14.2.1 20240912 (Red Hat 14.2.1-3)
Fedora 41 (Clang)
Kernel: Depends on container host
Compiler: clang 19.1.5 (Fedora 19.1.5-1.fc41)
Fedora 40 (Clang)
Kernel: Depends on container host
Compiler: clang 18.1.8 (Fedora 18.1.8-1.fc40)
Debian 12
Kernel: Depends on container host
Compiler: gcc (Debian 12.2.0-14) 12.2.0
RHEL8
Kernel: Depends on container host
Compiler: gcc 8.5.0 20210514 (Red Hat 8.5.0-22)
openSUSE Leap 15
Kernel: Depends on container host
Compiler: gcc (SUSE Linux) 7.5.0
Fedora 41
Kernel: Depends on container host
Compiler: gcc 14.2.1 20240912 (Red Hat 14.2.1-3)
RHEL9
Kernel: Depends on container host
Compiler: gcc 11.5.0 20240719 (Red Hat 11.5.0-2)
Ubuntu 20.04
Kernel: Depends on container host
Compiler: gcc (Ubuntu 9.4.0-1ubuntu1~20.04.2) 9.4.0
Ubuntu 22.04
Kernel: Depends on container host
Compiler: gcc (Ubuntu 11.4.0-1ubuntu1~22.04) 11.4.0
Ubuntu 24.04
Kernel: Depends on container host
Compiler: gcc (Ubuntu 13.3.0-6ubuntu2~24.04) 13.3.0
Alpine
Kernel: Depends on container host
Compiler: gcc (Alpine 14.2.0) 14.2.0
FreeBSD 13.4
Kernel: 13.4-RELEASE-p1
Compiler: clang 18.1.6
FreeBSD 14.2
Kernel: 14.2-RELEASE
Compiler: clang 18.1.6
To view detailed results, visit:
https://lab.dpdk.org/results/dashboard/patchsets/32681/
UNH-IOL DPDK Community Lab
To manage your email subscriptions, visit:
https://lab.dpdk.org/results/dashboard/preferences/subscriptions/
^ permalink raw reply [flat|nested] 21+ messages in thread
* |FAILURE| pw152041-152044 [PATCH] [V1,4/4] net/mlx5/hws: allow diffe
[not found] <20250225120213.2968616-4-ophirmu@nvidia.com>
` (17 preceding siblings ...)
2025-02-25 19:17 ` |FAILURE| " dpdklab
@ 2025-02-25 19:17 ` dpdklab
2025-02-25 19:17 ` dpdklab
2025-02-25 19:45 ` dpdklab
20 siblings, 0 replies; 21+ messages in thread
From: dpdklab @ 2025-02-25 19:17 UTC (permalink / raw)
To: Test Report; +Cc: dpdk-test-reports, Ophir Munk
Test-Label: iol-compile-amd64-testing
Test-Status: FAILURE
http://dpdk.org/patch/152044
_Testing issues_
Submitter: Ophir Munk <ophirmu@nvidia.com>
Date: Tuesday, February 25 2025 12:02:13
DPDK git baseline: Repo:dpdk
Branch: master
CommitID:61fc05f1c6a079c0b25b27d1668450134a784d56
152041-152044 --> testing issues
Upstream job id: Generic-DPDK-Compile-Meson#365191
Test environment and result as below:
+-------------------+--------------------+-------------------+------------------+
| Environment | dpdk_meson_compile | dpdk_compile_spdk | dpdk_compile_ovs |
+===================+====================+===================+==================+
| CentOS Stream 9 | PASS | PASS | SKIPPED |
+-------------------+--------------------+-------------------+------------------+
| CentOS Stream 10 | PASS | SKIPPED | SKIPPED |
+-------------------+--------------------+-------------------+------------------+
| Debian Bullseye | FAIL | WARN | SKIPPED |
+-------------------+--------------------+-------------------+------------------+
| Fedora 40 | PASS | PASS | SKIPPED |
+-------------------+--------------------+-------------------+------------------+
| Fedora 41 (Clang) | PASS | PASS | PASS |
+-------------------+--------------------+-------------------+------------------+
| Fedora 40 (Clang) | PASS | PASS | SKIPPED |
+-------------------+--------------------+-------------------+------------------+
| Debian 12 | PASS | PASS | SKIPPED |
+-------------------+--------------------+-------------------+------------------+
| RHEL8 | PASS | SKIPPED | SKIPPED |
+-------------------+--------------------+-------------------+------------------+
| openSUSE Leap 15 | PASS | SKIPPED | SKIPPED |
+-------------------+--------------------+-------------------+------------------+
| Fedora 41 | PASS | PASS | PASS |
+-------------------+--------------------+-------------------+------------------+
| RHEL9 | PASS | SKIPPED | SKIPPED |
+-------------------+--------------------+-------------------+------------------+
| Ubuntu 20.04 | FAIL | SKIPPED | SKIPPED |
+-------------------+--------------------+-------------------+------------------+
| Ubuntu 22.04 | FAIL | WARN | SKIPPED |
+-------------------+--------------------+-------------------+------------------+
| Ubuntu 24.04 | PASS | PASS | PASS |
+-------------------+--------------------+-------------------+------------------+
| Alpine | PASS | SKIPPED | SKIPPED |
+-------------------+--------------------+-------------------+------------------+
| FreeBSD 13.4 | PASS | SKIPPED | SKIPPED |
+-------------------+--------------------+-------------------+------------------+
| FreeBSD 14.2 | PASS | SKIPPED | SKIPPED |
+-------------------+--------------------+-------------------+------------------+
==== 20 line log output for Ubuntu 22.04 (dpdk_compile_spdk): ====
--- Failed to get log output ---
==== End log output ====
CentOS Stream 9
Kernel: Depends on container host
Compiler: gcc 11.5.0 20240719 (Red Hat 11.5.0-2)
CentOS Stream 10
Kernel: Depends on container host
Compiler: gcc 14.2.1 20241104 (Red Hat 14.2.1-6)
Debian Bullseye
Kernel: Depends on container host
Compiler: gcc (Debian 10.2.1-6) 10.2.1 20210110
Fedora 40
Kernel: Depends on container host
Compiler: gcc 14.2.1 20240912 (Red Hat 14.2.1-3)
Fedora 41 (Clang)
Kernel: Depends on container host
Compiler: clang 19.1.5 (Fedora 19.1.5-1.fc41)
Fedora 40 (Clang)
Kernel: Depends on container host
Compiler: clang 18.1.8 (Fedora 18.1.8-1.fc40)
Debian 12
Kernel: Depends on container host
Compiler: gcc (Debian 12.2.0-14) 12.2.0
RHEL8
Kernel: Depends on container host
Compiler: gcc 8.5.0 20210514 (Red Hat 8.5.0-22)
openSUSE Leap 15
Kernel: Depends on container host
Compiler: gcc (SUSE Linux) 7.5.0
Fedora 41
Kernel: Depends on container host
Compiler: gcc 14.2.1 20240912 (Red Hat 14.2.1-3)
RHEL9
Kernel: Depends on container host
Compiler: gcc 11.5.0 20240719 (Red Hat 11.5.0-2)
Ubuntu 20.04
Kernel: Depends on container host
Compiler: gcc (Ubuntu 9.4.0-1ubuntu1~20.04.2) 9.4.0
Ubuntu 22.04
Kernel: Depends on container host
Compiler: gcc (Ubuntu 11.4.0-1ubuntu1~22.04) 11.4.0
Ubuntu 24.04
Kernel: Depends on container host
Compiler: gcc (Ubuntu 13.3.0-6ubuntu2~24.04) 13.3.0
Alpine
Kernel: Depends on container host
Compiler: gcc (Alpine 14.2.0) 14.2.0
FreeBSD 13.4
Kernel: 13.4-RELEASE-p1
Compiler: clang 18.1.6
FreeBSD 14.2
Kernel: 14.2-RELEASE
Compiler: clang 18.1.6
To view detailed results, visit:
https://lab.dpdk.org/results/dashboard/patchsets/32681/
UNH-IOL DPDK Community Lab
To manage your email subscriptions, visit:
https://lab.dpdk.org/results/dashboard/preferences/subscriptions/
^ permalink raw reply [flat|nested] 21+ messages in thread
* |FAILURE| pw152041-152044 [PATCH] [V1,4/4] net/mlx5/hws: allow diffe
[not found] <20250225120213.2968616-4-ophirmu@nvidia.com>
` (18 preceding siblings ...)
2025-02-25 19:17 ` dpdklab
@ 2025-02-25 19:17 ` dpdklab
2025-02-25 19:45 ` dpdklab
20 siblings, 0 replies; 21+ messages in thread
From: dpdklab @ 2025-02-25 19:17 UTC (permalink / raw)
To: Test Report; +Cc: dpdk-test-reports, Ophir Munk
Test-Label: iol-compile-amd64-testing
Test-Status: FAILURE
http://dpdk.org/patch/152044
_Testing issues_
Submitter: Ophir Munk <ophirmu@nvidia.com>
Date: Tuesday, February 25 2025 12:02:13
DPDK git baseline: Repo:dpdk
Branch: master
CommitID:61fc05f1c6a079c0b25b27d1668450134a784d56
152041-152044 --> testing issues
Upstream job id: Generic-DPDK-Compile-Meson#365195
Test environment and result as below:
+-------------------+--------------------+-------------------+------------------+
| Environment | dpdk_meson_compile | dpdk_compile_spdk | dpdk_compile_ovs |
+===================+====================+===================+==================+
| CentOS Stream 9 | PASS | PASS | SKIPPED |
+-------------------+--------------------+-------------------+------------------+
| CentOS Stream 10 | PASS | SKIPPED | SKIPPED |
+-------------------+--------------------+-------------------+------------------+
| Debian Bullseye | FAIL | WARN | SKIPPED |
+-------------------+--------------------+-------------------+------------------+
| Fedora 40 | PASS | PASS | SKIPPED |
+-------------------+--------------------+-------------------+------------------+
| Fedora 41 (Clang) | PASS | PASS | PASS |
+-------------------+--------------------+-------------------+------------------+
| Fedora 40 (Clang) | PASS | PASS | SKIPPED |
+-------------------+--------------------+-------------------+------------------+
| Debian 12 | PASS | PASS | SKIPPED |
+-------------------+--------------------+-------------------+------------------+
| RHEL8 | PASS | SKIPPED | SKIPPED |
+-------------------+--------------------+-------------------+------------------+
| openSUSE Leap 15 | PASS | SKIPPED | SKIPPED |
+-------------------+--------------------+-------------------+------------------+
| Fedora 41 | PASS | PASS | PASS |
+-------------------+--------------------+-------------------+------------------+
| RHEL9 | PASS | SKIPPED | SKIPPED |
+-------------------+--------------------+-------------------+------------------+
| Ubuntu 20.04 | FAIL | SKIPPED | SKIPPED |
+-------------------+--------------------+-------------------+------------------+
| Ubuntu 22.04 | FAIL | WARN | SKIPPED |
+-------------------+--------------------+-------------------+------------------+
| Ubuntu 24.04 | PASS | PASS | PASS |
+-------------------+--------------------+-------------------+------------------+
| Alpine | PASS | SKIPPED | SKIPPED |
+-------------------+--------------------+-------------------+------------------+
| FreeBSD 13.4 | PASS | SKIPPED | SKIPPED |
+-------------------+--------------------+-------------------+------------------+
| FreeBSD 14.2 | PASS | SKIPPED | SKIPPED |
+-------------------+--------------------+-------------------+------------------+
==== 20 line log output for Ubuntu 22.04 (dpdk_compile_spdk): ====
--- Failed to get log output ---
==== End log output ====
CentOS Stream 9
Kernel: Depends on container host
Compiler: gcc 11.5.0 20240719 (Red Hat 11.5.0-2)
CentOS Stream 10
Kernel: Depends on container host
Compiler: gcc 14.2.1 20241104 (Red Hat 14.2.1-6)
Debian Bullseye
Kernel: Depends on container host
Compiler: gcc (Debian 10.2.1-6) 10.2.1 20210110
Fedora 40
Kernel: Depends on container host
Compiler: gcc 14.2.1 20240912 (Red Hat 14.2.1-3)
Fedora 41 (Clang)
Kernel: Depends on container host
Compiler: clang 19.1.5 (Fedora 19.1.5-1.fc41)
Fedora 40 (Clang)
Kernel: Depends on container host
Compiler: clang 18.1.8 (Fedora 18.1.8-1.fc40)
Debian 12
Kernel: Depends on container host
Compiler: gcc (Debian 12.2.0-14) 12.2.0
RHEL8
Kernel: Depends on container host
Compiler: gcc 8.5.0 20210514 (Red Hat 8.5.0-22)
openSUSE Leap 15
Kernel: Depends on container host
Compiler: gcc (SUSE Linux) 7.5.0
Fedora 41
Kernel: Depends on container host
Compiler: gcc 14.2.1 20240912 (Red Hat 14.2.1-3)
RHEL9
Kernel: Depends on container host
Compiler: gcc 11.5.0 20240719 (Red Hat 11.5.0-2)
Ubuntu 20.04
Kernel: Depends on container host
Compiler: gcc (Ubuntu 9.4.0-1ubuntu1~20.04.2) 9.4.0
Ubuntu 22.04
Kernel: Depends on container host
Compiler: gcc (Ubuntu 11.4.0-1ubuntu1~22.04) 11.4.0
Ubuntu 24.04
Kernel: Depends on container host
Compiler: gcc (Ubuntu 13.3.0-6ubuntu2~24.04) 13.3.0
Alpine
Kernel: Depends on container host
Compiler: gcc (Alpine 14.2.0) 14.2.0
FreeBSD 13.4
Kernel: 13.4-RELEASE-p1
Compiler: clang 18.1.6
FreeBSD 14.2
Kernel: 14.2-RELEASE
Compiler: clang 18.1.6
To view detailed results, visit:
https://lab.dpdk.org/results/dashboard/patchsets/32681/
UNH-IOL DPDK Community Lab
To manage your email subscriptions, visit:
https://lab.dpdk.org/results/dashboard/preferences/subscriptions/
^ permalink raw reply [flat|nested] 21+ messages in thread
* |FAILURE| pw152041-152044 [PATCH] [V1,4/4] net/mlx5/hws: allow diffe
[not found] <20250225120213.2968616-4-ophirmu@nvidia.com>
` (19 preceding siblings ...)
2025-02-25 19:17 ` dpdklab
@ 2025-02-25 19:45 ` dpdklab
20 siblings, 0 replies; 21+ messages in thread
From: dpdklab @ 2025-02-25 19:45 UTC (permalink / raw)
To: Test Report; +Cc: dpdk-test-reports, Ophir Munk
Test-Label: iol-compile-amd64-testing
Test-Status: FAILURE
http://dpdk.org/patch/152044
_Testing issues_
Submitter: Ophir Munk <ophirmu@nvidia.com>
Date: Tuesday, February 25 2025 12:02:13
DPDK git baseline: Repo:dpdk
Branch: master
CommitID:61fc05f1c6a079c0b25b27d1668450134a784d56
152041-152044 --> testing issues
Upstream job id: Windows-Compile-DPDK-VS#5043
Test environment and result as below:
+---------------------+--------------------+-------------------+------------------+-------------------+
| Environment | dpdk_meson_compile | dpdk_compile_spdk | dpdk_compile_ovs | dpdk_msvc_compile |
+=====================+====================+===================+==================+===================+
| CentOS Stream 9 | PASS | PASS | SKIPPED | SKIPPED |
+---------------------+--------------------+-------------------+------------------+-------------------+
| CentOS Stream 10 | PASS | SKIPPED | SKIPPED | SKIPPED |
+---------------------+--------------------+-------------------+------------------+-------------------+
| Debian Bullseye | FAIL | WARN | SKIPPED | SKIPPED |
+---------------------+--------------------+-------------------+------------------+-------------------+
| Fedora 40 | PASS | PASS | SKIPPED | SKIPPED |
+---------------------+--------------------+-------------------+------------------+-------------------+
| Fedora 41 (Clang) | PASS | PASS | PASS | SKIPPED |
+---------------------+--------------------+-------------------+------------------+-------------------+
| Fedora 40 (Clang) | PASS | PASS | SKIPPED | SKIPPED |
+---------------------+--------------------+-------------------+------------------+-------------------+
| Debian 12 | PASS | PASS | SKIPPED | SKIPPED |
+---------------------+--------------------+-------------------+------------------+-------------------+
| RHEL8 | PASS | SKIPPED | SKIPPED | SKIPPED |
+---------------------+--------------------+-------------------+------------------+-------------------+
| openSUSE Leap 15 | PASS | SKIPPED | SKIPPED | SKIPPED |
+---------------------+--------------------+-------------------+------------------+-------------------+
| Fedora 41 | PASS | PASS | PASS | SKIPPED |
+---------------------+--------------------+-------------------+------------------+-------------------+
| RHEL9 | PASS | SKIPPED | SKIPPED | SKIPPED |
+---------------------+--------------------+-------------------+------------------+-------------------+
| Ubuntu 20.04 | FAIL | SKIPPED | SKIPPED | SKIPPED |
+---------------------+--------------------+-------------------+------------------+-------------------+
| Ubuntu 22.04 | FAIL | WARN | SKIPPED | SKIPPED |
+---------------------+--------------------+-------------------+------------------+-------------------+
| Ubuntu 24.04 | PASS | PASS | PASS | SKIPPED |
+---------------------+--------------------+-------------------+------------------+-------------------+
| Alpine | PASS | SKIPPED | SKIPPED | SKIPPED |
+---------------------+--------------------+-------------------+------------------+-------------------+
| FreeBSD 13.4 | PASS | SKIPPED | SKIPPED | SKIPPED |
+---------------------+--------------------+-------------------+------------------+-------------------+
| FreeBSD 14.2 | PASS | SKIPPED | SKIPPED | SKIPPED |
+---------------------+--------------------+-------------------+------------------+-------------------+
| Windows Server 2022 | SKIPPED | SKIPPED | SKIPPED | PASS |
+---------------------+--------------------+-------------------+------------------+-------------------+
==== 20 line log output for Ubuntu 22.04 (dpdk_compile_spdk): ====
--- Failed to get log output ---
==== End log output ====
CentOS Stream 9
Kernel: Depends on container host
Compiler: gcc 11.5.0 20240719 (Red Hat 11.5.0-2)
CentOS Stream 10
Kernel: Depends on container host
Compiler: gcc 14.2.1 20241104 (Red Hat 14.2.1-6)
Debian Bullseye
Kernel: Depends on container host
Compiler: gcc (Debian 10.2.1-6) 10.2.1 20210110
Fedora 40
Kernel: Depends on container host
Compiler: gcc 14.2.1 20240912 (Red Hat 14.2.1-3)
Fedora 41 (Clang)
Kernel: Depends on container host
Compiler: clang 19.1.5 (Fedora 19.1.5-1.fc41)
Fedora 40 (Clang)
Kernel: Depends on container host
Compiler: clang 18.1.8 (Fedora 18.1.8-1.fc40)
Debian 12
Kernel: Depends on container host
Compiler: gcc (Debian 12.2.0-14) 12.2.0
RHEL8
Kernel: Depends on container host
Compiler: gcc 8.5.0 20210514 (Red Hat 8.5.0-22)
openSUSE Leap 15
Kernel: Depends on container host
Compiler: gcc (SUSE Linux) 7.5.0
Fedora 41
Kernel: Depends on container host
Compiler: gcc 14.2.1 20240912 (Red Hat 14.2.1-3)
RHEL9
Kernel: Depends on container host
Compiler: gcc 11.5.0 20240719 (Red Hat 11.5.0-2)
Ubuntu 20.04
Kernel: Depends on container host
Compiler: gcc (Ubuntu 9.4.0-1ubuntu1~20.04.2) 9.4.0
Ubuntu 22.04
Kernel: Depends on container host
Compiler: gcc (Ubuntu 11.4.0-1ubuntu1~22.04) 11.4.0
Ubuntu 24.04
Kernel: Depends on container host
Compiler: gcc (Ubuntu 13.3.0-6ubuntu2~24.04) 13.3.0
Alpine
Kernel: Depends on container host
Compiler: gcc (Alpine 14.2.0) 14.2.0
FreeBSD 13.4
Kernel: 13.4-RELEASE-p1
Compiler: clang 18.1.6
FreeBSD 14.2
Kernel: 14.2-RELEASE
Compiler: clang 18.1.6
Windows Server 2022
Kernel: 10.0.20348.2031
Compiler: clang 15.0.7, gcc 14.1.0 (MinGW), and MSVC VS 19.39.33521
To view detailed results, visit:
https://lab.dpdk.org/results/dashboard/patchsets/32681/
UNH-IOL DPDK Community Lab
To manage your email subscriptions, visit:
https://lab.dpdk.org/results/dashboard/preferences/subscriptions/
^ permalink raw reply [flat|nested] 21+ messages in thread