From mboxrd@z Thu Jan 1 00:00:00 1970 Return-Path: Received: from mails.dpdk.org (mails.dpdk.org [217.70.189.124]) by inbox.dpdk.org (Postfix) with ESMTP id 84581462BA for ; Tue, 25 Feb 2025 18:37:41 +0100 (CET) Received: from mails.dpdk.org (localhost [127.0.0.1]) by mails.dpdk.org (Postfix) with ESMTP id 80038402B1; Tue, 25 Feb 2025 18:37:41 +0100 (CET) Received: from mail-yw1-f225.google.com (mail-yw1-f225.google.com [209.85.128.225]) by mails.dpdk.org (Postfix) with ESMTP id 5ACF5402AE for ; Tue, 25 Feb 2025 18:37:40 +0100 (CET) Received: by mail-yw1-f225.google.com with SMTP id 00721157ae682-6f9625c0fccso51598497b3.1 for ; Tue, 25 Feb 2025 09:37:40 -0800 (PST) DKIM-Signature: v=1; a=rsa-sha256; c=relaxed/relaxed; d=iol.unh.edu; s=unh-iol; t=1740505059; x=1741109859; darn=dpdk.org; h=references:in-reply-to:cc:to:from:subject:message-id:date:from:to :cc:subject:date:message-id:reply-to; bh=DjDl7QvMc5TnGsbBQrd350tYiFL/6h4HTuo8DJnDIn4=; b=NuT4gE9PChzCRcfjZLfuDKI+p5v0WjYseY0A0RNXYoJ2RDW2H/tzXg5lR4+BdKa3yK zSFYK82ak5K4neZTSEmWn/Nj2iB6z5GbEiiXuNGhNgbf1UazzQPgVxYgo/2gh0/Cay0U aadQyu+rO1OuhdGLSghgh0yiJxWdJCtcqLV7I= X-Google-DKIM-Signature: v=1; a=rsa-sha256; c=relaxed/relaxed; d=1e100.net; s=20230601; t=1740505059; x=1741109859; h=references:in-reply-to:cc:to:from:subject:message-id:date :x-gm-message-state:from:to:cc:subject:date:message-id:reply-to; bh=DjDl7QvMc5TnGsbBQrd350tYiFL/6h4HTuo8DJnDIn4=; b=XCLtXQCWUxF8xgp3m7C7Iqvk8YFW2zzu0bvfRXthq0LGV98hizSF5BK1uWbom1qSqI dMAUGxl5TbvGQIBP4FYOXlM1GXyJctFHtdyfkt9ZXIcRdwsmlPjJEV8vjPZgkRsLHyS+ skIfNMpzVzJX1pUUuT2RxeZpaIA0J65xplvwrLXkHaLvn49lTz1RsWlzeZba4u0SVu7f 3CFEaElw8Sak2kajfMm5OJBusVP3P1ehHFc6Db0PCJsPux9qBIxZY0MIams2o5va/i7Y dR4KTPsoNZQAcV5uAl/J7YZoCOe/T1w9hV2RnKuEnjgklgNgJ68B9LAamKJTgL1/0q/v zM/g== X-Gm-Message-State: AOJu0YyIS8dBXX1DUUzz4iT3xiTTfKPz9RV7yYnSUD1k4IRaEYAqwA/C 96yykPaToIERP2YC+KUo6jh04vY4EoGLEQzFPJZBACrDcqDwCWWcvnVGf4dNHg9PxnYF4MlfkTd amvZzKyJijpSyThHjY9sg2+zwW5KakDO4njoxo+cs X-Gm-Gg: ASbGncse32iUTn7CV/B++2ROK2Xg+dF9ePS3woeVwXlfEUneuUtFPBWDTqdIbaRbIQ/ o2QoBgfFMgwzvMRyvzsNbN8mAkK/6pyC60axYsxDG1cQMgmN6BD5ABfADSnmc8/7obYIM6759cL bhAHkZvt/cR2Tmxr356VLzLQuSTIxGt29aPboKE4MkE/oyeZJ+9cE5mLlznqxOALN4i2EBFVPxH GZITEafQbOXBEwxNB4bLFXsp+Iboq5mDsXKK4aM4pyyb/wGPSP++V9sImqdw9MFQixtWZ+D1LrP vselD+SJyRh4TK6s1orydCLT0hLLYaSVieN+NuC0 X-Google-Smtp-Source: AGHT+IFqneEStLPnHLJPypZA0u/ctUzRbDdUIwPh20kNZUbs/WqMG7gpc92HxDMtcNXehLhG3WxH3FM6uoEP X-Received: by 2002:a05:690c:4485:b0:6fb:b2c0:71da with SMTP id 00721157ae682-6fd10b2461cmr34029487b3.36.1740505059705; Tue, 25 Feb 2025 09:37:39 -0800 (PST) Received: from postal.iol.unh.edu (postal.iol.unh.edu. [132.177.123.84]) by smtp-relay.gmail.com with ESMTPS id 00721157ae682-6fd118ad8ebsm634197b3.68.2025.02.25.09.37.39 (version=TLS1_2 cipher=ECDHE-ECDSA-AES128-GCM-SHA256 bits=128/128); Tue, 25 Feb 2025 09:37:39 -0800 (PST) X-Relaying-Domain: iol.unh.edu Date: Tue, 25 Feb 2025 09:37:39 -0800 (PST) Message-ID: <67bdffe3.050a0220.149472.39bdSMTPIN_ADDED_MISSING@mx.google.com> Received: from [172.21.0.7] (unknown [172.18.0.240]) by postal.iol.unh.edu (Postfix) with ESMTP id 5ABCC6052471; Tue, 25 Feb 2025 12:37:39 -0500 (EST) Subject: |FAILURE| pw152041-152044 [PATCH] [V1,4/4] net/mlx5/hws: allow diffe From: dpdklab@iol.unh.edu To: Test Report Cc: dpdk-test-reports@iol.unh.edu, Ophir Munk In-Reply-To: <20250225120213.2968616-4-ophirmu@nvidia.com> References: <20250225120213.2968616-4-ophirmu@nvidia.com> Content-Type: text/plain X-BeenThere: test-report@dpdk.org X-Mailman-Version: 2.1.29 Precedence: list List-Id: automatic DPDK test reports List-Unsubscribe: , List-Archive: List-Post: List-Help: List-Subscribe: , Errors-To: test-report-bounces@dpdk.org Test-Label: iol-unit-arm64-testing Test-Status: FAILURE http://dpdk.org/patch/152044 _Testing issues_ Submitter: Ophir Munk Date: Tuesday, February 25 2025 12:02:13 DPDK git baseline: Repo:dpdk Branch: master CommitID:61fc05f1c6a079c0b25b27d1668450134a784d56 152041-152044 --> testing issues Upstream job id: Generic-Unit-Test-DPDK#318429 Test environment and result as below: +-----------------------------+----------------+--------------+------------------------------+---------------------------+ | Environment | dpdk_unit_test | lpm_autotest | cryptodev_sw_snow3g_autotest | cryptodev_sw_zuc_autotest | +=============================+================+==============+==============================+===========================+ | 32-bit Ubuntu 22.04.4 (ARM) | PEND | SKIPPED | SKIPPED | SKIPPED | +-----------------------------+----------------+--------------+------------------------------+---------------------------+ | CentOS Stream 9 (ARM) | PEND | SKIPPED | SKIPPED | SKIPPED | +-----------------------------+----------------+--------------+------------------------------+---------------------------+ | CentOS Stream 10 (ARM) | PEND | SKIPPED | SKIPPED | SKIPPED | +-----------------------------+----------------+--------------+------------------------------+---------------------------+ | Debian 11 (Buster) (ARM) | WARN | SKIPPED | SKIPPED | SKIPPED | +-----------------------------+----------------+--------------+------------------------------+---------------------------+ | Debian 12 (arm) | PEND | SKIPPED | PASS | PASS | +-----------------------------+----------------+--------------+------------------------------+---------------------------+ | Fedora 40 (ARM Clang) | PEND | SKIPPED | SKIPPED | SKIPPED | +-----------------------------+----------------+--------------+------------------------------+---------------------------+ | Fedora 40 (ARM) | PEND | SKIPPED | SKIPPED | SKIPPED | +-----------------------------+----------------+--------------+------------------------------+---------------------------+ | Fedora 41 (ARM) | PEND | SKIPPED | SKIPPED | SKIPPED | +-----------------------------+----------------+--------------+------------------------------+---------------------------+ | RHEL9 (ARM) | PEND | SKIPPED | SKIPPED | SKIPPED | +-----------------------------+----------------+--------------+------------------------------+---------------------------+ | Fedora 41 (ARM Clang) | PEND | SKIPPED | SKIPPED | SKIPPED | +-----------------------------+----------------+--------------+------------------------------+---------------------------+ | Ubuntu 22.04 (ARM) | PEND | SKIPPED | SKIPPED | SKIPPED | +-----------------------------+----------------+--------------+------------------------------+---------------------------+ | Ubuntu 20.04 (ARM) | PEND | SKIPPED | SKIPPED | SKIPPED | +-----------------------------+----------------+--------------+------------------------------+---------------------------+ | Ubuntu 24.04 (ARM) | PEND | SKIPPED | SKIPPED | SKIPPED | +-----------------------------+----------------+--------------+------------------------------+---------------------------+ | Ubuntu 20.04 ARM SVE | SKIPPED | PEND | SKIPPED | SKIPPED | +-----------------------------+----------------+--------------+------------------------------+---------------------------+ ==== 20 line log output for Debian 11 (Buster) (ARM) (dpdk_unit_test): ==== [2341/3374] Linking static target drivers/libtmp_rte_raw_cnxk_gpio.a [2342/3374] Compiling C object drivers/libtmp_rte_net_mlx5.a.p/net_mlx5_mlx5_flow_hw.c.o FAILED: drivers/libtmp_rte_net_mlx5.a.p/net_mlx5_mlx5_flow_hw.c.o ccache cc -Idrivers/libtmp_rte_net_mlx5.a.p -Idrivers -I../drivers -Idrivers/net/mlx5 -I../drivers/net/mlx5 -Idrivers/net/mlx5/linux -I../drivers/net/mlx5/linux -Idrivers/net/mlx5/hws -I../drivers/net/mlx5/hws -Ilib/ethdev -I../lib/ethdev -I. -I.. -Iconfig -I../config -Ilib/eal/include -I../lib/eal/include -Ilib/eal/linux/include -I../lib/eal/linux/include -Ilib/eal/arm/include -I../lib/eal/arm/include -I../kernel/linux -Ilib/eal/common -I../lib/eal/common -Ilib/eal -I../lib/eal -Ilib/kvargs -I../lib/kvargs -Ilib/log -I../lib/log -Ilib/metrics -I../lib/metrics -Ilib/telemetry -I../lib/telemetry -Ilib/net -I../lib/net -Ilib/mbuf -I../lib/mbuf -Ilib/mempool -I../lib/mempool -Ilib/ring -I../lib/ring -Ilib/meter -I../lib/meter -Idrivers/bus/pci -I../drivers/bus/pci -I../drivers/bus/pci/linux -Ilib/pci -I../lib/pci -Idrivers/bus/vdev -I../drivers/bus/vdev -Ilib/hash -I../lib/hash -Ilib/rcu -I../lib/rcu -Idrivers/common/mlx5 -I../drivers/common/mlx5 -Idrivers/common/mlx5/linux -I../drivers /common/mlx5/linux -Idrivers/bus/auxiliary -I../drivers/bus/auxiliary -I/usr/include/libnl3 -fdiagnostics-color=always -pipe -D_FILE_OFFSET_BITS=64 -Wall -Winvalid-pch -Wextra -Werror -std=c11 -O3 -include rte_config.h -Wvla -Wcast-qual -Wdeprecated -Wformat -Wformat-nonliteral -Wformat-security -Wmissing-declarations -Wmissing-prototypes -Wnested-externs -Wold-style-definition -Wpointer-arith -Wsign-compare -Wstrict-prototypes -Wundef -Wwrite-strings -Wno-packed-not-aligned -Wno-missing-field-initializers -D_GNU_SOURCE -fPIC -march=armv8.1-a+crc+crypto -DALLOW_EXPERIMENTAL_API -DALLOW_INTERNAL_API -Wno-format-truncation -Wno-address-of-packed-member -std=c11 -Wno-strict-prototypes -D_BSD_SOURCE -D_DEFAULT_SOURCE -D_XOPEN_SOURCE=600 -UPEDANTIC -Wno-vla -DRTE_LOG_DEFAULT_LOGTYPE=pmd.net.mlx5 -MD -MQ drivers/libtmp_rte_net_mlx5.a.p/net_mlx5_mlx5_flow_hw.c.o -MF drivers/libtmp_rte_net_mlx5.a.p/net_mlx5_mlx5_flow_hw.c.o.d -o drivers/libtmp_rte_net_mlx5.a.p/net_mlx5_mlx5_flow_hw.c.o -c . ./drivers/net/mlx5/mlx5_flow_hw.c ../drivers/net/mlx5/mlx5_flow_hw.c: In function 'mlx5_flow_hw_actions_validate': ../drivers/net/mlx5/mlx5_flow_hw.c:7238:7: error: unused variable 'res' [-Werror=unused-variable] 7238 | bool res; | ^~~ ../drivers/net/mlx5/mlx5_flow_hw.c: In function 'flow_hw_create_send_to_kernel_actions': ../drivers/net/mlx5/mlx5_flow_hw.c:9652:57: error: unused parameter 'priv' [-Werror=unused-parameter] 9652 | flow_hw_create_send_to_kernel_actions(struct mlx5_priv *priv, bool is_proxy) | ~~~~~~~~~~~~~~~~~~^~~~ ../drivers/net/mlx5/mlx5_flow_hw.c:9652:68: error: unused parameter 'is_proxy' [-Werror=unused-parameter] 9652 | flow_hw_create_send_to_kernel_actions(struct mlx5_priv *priv, bool is_proxy) | ^ cc1: all warnings being treated as errors [2343/3374] Generating rte_net_xsc.pmd.c with a custom command [2344/3374] Generating rte_raw_cnxk_bphy.pmd.c with a custom command [2345/3374] Generating rte_raw_cnxk_gpio.pmd.c with a custom command ninja: build stopped: subcommand failed. ==== End log output ==== 32-bit Ubuntu 22.04.4 (ARM) Kernel: 5.15.83+ aarch64 Compiler: gcc (Ubuntu 11.4.0-1ubuntu1~22.04) 11.4.0 CentOS Stream 9 (ARM) Kernel: Depends on container host Compiler: gcc 11.5.0 20240719 (Red Hat 11.5.0-2) CentOS Stream 10 (ARM) Kernel: Depends on container host Compiler: gcc 14.2.1 20241104 (Red Hat 14.2.1-6) Debian 11 (Buster) (ARM) Kernel: Depends on container host Compiler: gcc (Debian 10.2.1-6) 10.2.1 20210110 Debian 12 (arm) Kernel: Depends on container host Compiler: gcc (Debian 12.2.0-14) 12.2.0 Fedora 40 (ARM Clang) Kernel: Depends on container host Compiler: clang 18.1.8 (Fedora 18.1.8-1.fc40) Fedora 40 (ARM) Kernel: Depends on container host Compiler: gcc 14.2.1 20240912 (Red Hat 14.2.1-3) Fedora 41 (ARM) Kernel: Depends on container host Compiler: gcc 14.2.1 20240912 (Red Hat 14.2.1-3) RHEL9 (ARM) Kernel: Depends on container host Compiler: gcc 11.5.0 20240719 (Red Hat 11.5.0-2) Fedora 41 (ARM Clang) Kernel: Depends on container host Compiler: clang 19.1.5 (Fedora 19.1.5-1.fc41) Ubuntu 22.04 (ARM) Kernel: Depends on container host Compiler: gcc (Ubuntu 11.4.0-1ubuntu1~22.04) 11.4.0 Ubuntu 20.04 (ARM) Kernel: Depends on container host Compiler: gcc (Ubuntu 9.4.0-1ubuntu1~20.04.2) 9.4.0 Ubuntu 24.04 (ARM) Kernel: Depends on container host Compiler: gcc (Ubuntu 13.3.0-6ubuntu2~24.04) 13.3.0 Ubuntu 20.04 ARM SVE Kernel: Depends on container host Compiler: gcc (Ubuntu 10.5.0-1ubuntu1~20.04) 10.5.0 To view detailed results, visit: https://lab.dpdk.org/results/dashboard/patchsets/32681/ UNH-IOL DPDK Community Lab To manage your email subscriptions, visit: https://lab.dpdk.org/results/dashboard/preferences/subscriptions/