From mboxrd@z Thu Jan 1 00:00:00 1970 Return-Path: Received: from mails.dpdk.org (mails.dpdk.org [217.70.189.124]) by inbox.dpdk.org (Postfix) with ESMTP id B4E06462BA for ; Tue, 25 Feb 2025 19:12:12 +0100 (CET) Received: from mails.dpdk.org (localhost [127.0.0.1]) by mails.dpdk.org (Postfix) with ESMTP id 950E1402B1; Tue, 25 Feb 2025 19:12:12 +0100 (CET) Received: from mail-ot1-f97.google.com (mail-ot1-f97.google.com [209.85.210.97]) by mails.dpdk.org (Postfix) with ESMTP id 67C9C402AE for ; Tue, 25 Feb 2025 19:12:11 +0100 (CET) Received: by mail-ot1-f97.google.com with SMTP id 46e09a7af769-71fbb0d035dso3530445a34.2 for ; Tue, 25 Feb 2025 10:12:11 -0800 (PST) DKIM-Signature: v=1; a=rsa-sha256; c=relaxed/relaxed; d=iol.unh.edu; s=unh-iol; t=1740507130; x=1741111930; darn=dpdk.org; h=references:in-reply-to:cc:to:from:subject:message-id:date:from:to :cc:subject:date:message-id:reply-to; bh=0+Ka/25MOJZjQDzFEic6ICTwTcCZ9W6r4p2Jpv8COSg=; b=eqbUPYitzO52B929MNTstUvecacIebNvopTIZbGY3fVNreY0yCjCyi3VgmSiZBZ5nv Tz5H7IFgUHBD5nzQk8dtIWJudYQ59Kdo4xaKzZ4194ZbN/U5RU4K55c/8kphiJTcxrRL EOjwHba9kT3nURBvbUtubiuPQJvQGgnXbSfCg= X-Google-DKIM-Signature: v=1; a=rsa-sha256; c=relaxed/relaxed; d=1e100.net; s=20230601; t=1740507130; x=1741111930; h=references:in-reply-to:cc:to:from:subject:message-id:date :x-gm-message-state:from:to:cc:subject:date:message-id:reply-to; bh=0+Ka/25MOJZjQDzFEic6ICTwTcCZ9W6r4p2Jpv8COSg=; b=dfVwhmDYtfHnEq3s/bx8V81IeDo1/BrzxuJLEdufQsQ2cK51htLpVO/HubaoyeExMt i1qGOV+QzHxeQbJWixL+NjyeJH4uPDbayW654jbqvAPG6VmImC6mwDVZeofMqFsWqc+4 sl1OkwFLlzsCkHqtvhdag0M7X2J+XNvwbYdVLMPPZtgu6V0t2U577p9pqHQDMThQvKNh 1QIDQ5mM9YesU2vouTiACT/26TCFtLS62UjbHZwGACPiS7Hs18w9HZ9oEZ1JDgShC70z uOXHt5sFjqTKZEFcjeBLktib+onC+g39+ovCchMytQr9MIercTV4fW4cEG8UQJ1LxA1V ExNw== X-Gm-Message-State: AOJu0Yxoy6sPQZdKznBxo2SRy5q8vWIPu7qPkVckPkQreQhJa4ROY5lB WINrwFmhUI1g1Z/UEQu9Ecxvw21kt4b5+oBg9JDO0EIPGoqOORNInqHIR135xAfUI5a328D3u6Y fwHi2eYQw4xfCMgftGHkKzUNoaEqhMEZj/59HEgYa X-Gm-Gg: ASbGnct9WsnyzTLlxFm7BENTxImh89OmXxlAjSE9RBtbeIUGqWVx+kPuOjC7R7+9eR4 UWgVOUGLZOK5Jdb/1kYOMW9i1bIk1bxfbLQNTHXyNSu81GfuN0XT0L3CGicGyPAv8WwQ6nD58xy 4OLX42n1WOj5yx7v9GKmb7SPSfZUExXc1/Mc7QjJ5NyM1KEWbyItqBS3TpAp7owANZVXzsIbqtg M/CV/NPkbxk4DkThi+7KPw7a+tsDFxz1qcL5YhPCmbuZeTCygEATbKIT5bSObBveLvjJ8l9Ib/i 55v76bfg98FqpR8AfGu8gd0sSiQgU6qr1sKwF78K X-Google-Smtp-Source: AGHT+IGnSVW+IknF6oNh4eakANT7E+dYd5ajY1TbZKjJtHpcVYLYr5tSLXCZQ+vV8okVHTTH5ZS9KbdxBJeK X-Received: by 2002:a05:6830:210c:b0:727:24c6:87e7 with SMTP id 46e09a7af769-7289d17a00dmr3032433a34.19.1740507130542; Tue, 25 Feb 2025 10:12:10 -0800 (PST) Received: from postal.iol.unh.edu (postal.iol.unh.edu. [132.177.123.84]) by smtp-relay.gmail.com with ESMTPS id 46e09a7af769-7289df4e06esm43959a34.12.2025.02.25.10.12.10 (version=TLS1_2 cipher=ECDHE-ECDSA-AES128-GCM-SHA256 bits=128/128); Tue, 25 Feb 2025 10:12:10 -0800 (PST) X-Relaying-Domain: iol.unh.edu Date: Tue, 25 Feb 2025 10:12:10 -0800 (PST) Message-ID: <67be07fa.050a0220.eb900.27feSMTPIN_ADDED_MISSING@mx.google.com> Received: from [172.17.0.3] (unknown [172.18.0.217]) by postal.iol.unh.edu (Postfix) with ESMTP id E6FE86052471; Tue, 25 Feb 2025 13:12:09 -0500 (EST) Subject: |WARNING| pw152041-152044 [PATCH] [V1,4/4] net/mlx5/hws: allow diffe From: dpdklab@iol.unh.edu To: Test Report Cc: dpdk-test-reports@iol.unh.edu In-Reply-To: <20250225120213.2968616-4-ophirmu@nvidia.com> References: <20250225120213.2968616-4-ophirmu@nvidia.com> Content-Type: text/plain X-BeenThere: test-report@dpdk.org X-Mailman-Version: 2.1.29 Precedence: list List-Id: automatic DPDK test reports List-Unsubscribe: , List-Archive: List-Post: List-Help: List-Subscribe: , Errors-To: test-report-bounces@dpdk.org Test-Label: iol-unit-amd64-testing Test-Status: WARNING http://dpdk.org/patch/152044 _Testing issues_ Submitter: Ophir Munk Date: Tuesday, February 25 2025 12:02:13 DPDK git baseline: Repo:dpdk Branch: master CommitID:61fc05f1c6a079c0b25b27d1668450134a784d56 152041-152044 --> testing issues Upstream job id: Generic-Unit-Test-DPDK#318438 Test environment and result as below: +-------------------+----------------+ | Environment | dpdk_unit_test | +===================+================+ | Debian 12 | PASS | +-------------------+----------------+ | Debian Bullseye | WARN | +-------------------+----------------+ | CentOS Stream 9 | PASS | +-------------------+----------------+ | CentOS Stream 10 | PASS | +-------------------+----------------+ | Fedora 40 | PASS | +-------------------+----------------+ | Fedora 40 (Clang) | PASS | +-------------------+----------------+ | Fedora 41 (Clang) | PASS | +-------------------+----------------+ | RHEL9 | PASS | +-------------------+----------------+ | RHEL8 | PASS | +-------------------+----------------+ | Fedora 41 | PASS | +-------------------+----------------+ | Ubuntu 20.04 | WARN | +-------------------+----------------+ | Ubuntu 24.04 | PASS | +-------------------+----------------+ | Ubuntu 22.04 | WARN | +-------------------+----------------+ ==== 20 line log output for Ubuntu 22.04 (dpdk_unit_test): ==== [1832/3156] Compiling C object drivers/libtmp_rte_net_mlx5.a.p/net_mlx5_hws_mlx5dr_buddy.c.o [1833/3156] Compiling C object drivers/libtmp_rte_net_mlx5.a.p/net_mlx5_mlx5_flow_hw.c.o FAILED: drivers/libtmp_rte_net_mlx5.a.p/net_mlx5_mlx5_flow_hw.c.o ccache cc -Idrivers/libtmp_rte_net_mlx5.a.p -Idrivers -I../drivers -Idrivers/net/mlx5 -I../drivers/net/mlx5 -Idrivers/net/mlx5/linux -I../drivers/net/mlx5/linux -Idrivers/net/mlx5/hws -I../drivers/net/mlx5/hws -Ilib/ethdev -I../lib/ethdev -I. -I.. -Iconfig -I../config -Ilib/eal/include -I../lib/eal/include -Ilib/eal/linux/include -I../lib/eal/linux/include -Ilib/eal/x86/include -I../lib/eal/x86/include -I../kernel/linux -Ilib/eal/common -I../lib/eal/common -Ilib/eal -I../lib/eal -Ilib/kvargs -I../lib/kvargs -Ilib/log -I../lib/log -Ilib/metrics -I../lib/metrics -Ilib/telemetry -I../lib/telemetry -Ilib/net -I../lib/net -Ilib/mbuf -I../lib/mbuf -Ilib/mempool -I../lib/mempool -Ilib/ring -I../lib/ring -Ilib/meter -I../lib/meter -Idrivers/bus/pci -I../drivers/bus/pci -I../drivers/bus/pci/linux -Ilib/pci -I../lib/pci -Idrivers/bus/vdev -I../drivers/bus/vdev -Ilib/hash -I../lib/hash -Ilib/rcu -I../lib/rcu -Idrivers/common/mlx5 -I../drivers/common/mlx5 -Idrivers/common/mlx5/linux -I../drivers /common/mlx5/linux -Idrivers/bus/auxiliary -I../drivers/bus/auxiliary -I/usr/include/libnl3 -fdiagnostics-color=always -pipe -D_FILE_OFFSET_BITS=64 -Wall -Winvalid-pch -Wextra -Werror -std=c11 -O3 -include rte_config.h -Wvla -Wcast-qual -Wdeprecated -Wformat -Wformat-nonliteral -Wformat-security -Wmissing-declarations -Wmissing-prototypes -Wnested-externs -Wold-style-definition -Wpointer-arith -Wsign-compare -Wstrict-prototypes -Wundef -Wwrite-strings -Wno-packed-not-aligned -Wno-missing-field-initializers -D_GNU_SOURCE -fPIC -march=native -mrtm -DALLOW_EXPERIMENTAL_API -DALLOW_INTERNAL_API -Wno-format-truncation -Wno-address-of-packed-member -std=c11 -Wno-strict-prototypes -D_BSD_SOURCE -D_DEFAULT_SOURCE -D_XOPEN_SOURCE=600 -UPEDANTIC -Wno-vla -DRTE_LOG_DEFAULT_LOGTYPE=pmd.net.mlx5 -MD -MQ drivers/libtmp_rte_net_mlx5.a.p/net_mlx5_mlx5_flow_hw.c.o -MF drivers/libtmp_rte_net_mlx5.a.p/net_mlx5_mlx5_flow_hw.c.o.d -o drivers/libtmp_rte_net_mlx5.a.p/net_mlx5_mlx5_flow_hw.c.o -c ../driver s/net/mlx5/mlx5_flow_hw.c ../drivers/net/mlx5/mlx5_flow_hw.c: In function 'mlx5_flow_hw_actions_validate': ../drivers/net/mlx5/mlx5_flow_hw.c:7238:14: error: unused variable 'res' [-Werror=unused-variable] 7238 | bool res; | ^~~ ../drivers/net/mlx5/mlx5_flow_hw.c: In function 'flow_hw_create_send_to_kernel_actions': ../drivers/net/mlx5/mlx5_flow_hw.c:9652:57: error: unused parameter 'priv' [-Werror=unused-parameter] 9652 | flow_hw_create_send_to_kernel_actions(struct mlx5_priv *priv, bool is_proxy) | ~~~~~~~~~~~~~~~~~~^~~~ ../drivers/net/mlx5/mlx5_flow_hw.c:9652:68: error: unused parameter 'is_proxy' [-Werror=unused-parameter] 9652 | flow_hw_create_send_to_kernel_actions(struct mlx5_priv *priv, bool is_proxy) | ^ cc1: all warnings being treated as errors [1834/3156] Compiling C object drivers/libtmp_rte_net_mlx5.a.p/net_mlx5_hws_mlx5dr_action.c.o [1835/3156] Compiling C object drivers/libtmp_rte_net_mlx5.a.p/net_mlx5_hws_mlx5dr_pool.c.o [1836/3156] Compiling C object drivers/libtmp_rte_net_mlx5.a.p/net_mlx5_hws_mlx5dr_cmd.c.o ninja: build stopped: subcommand failed. ==== End log output ==== Debian 12 Kernel: Depends on container host Compiler: gcc (Debian 12.2.0-14) 12.2.0 Debian Bullseye Kernel: Depends on container host Compiler: gcc (Debian 10.2.1-6) 10.2.1 20210110 CentOS Stream 9 Kernel: Depends on container host Compiler: gcc 11.5.0 20240719 (Red Hat 11.5.0-2) CentOS Stream 10 Kernel: Depends on container host Compiler: gcc 14.2.1 20241104 (Red Hat 14.2.1-6) Fedora 40 Kernel: Depends on container host Compiler: gcc 14.2.1 20240912 (Red Hat 14.2.1-3) Fedora 40 (Clang) Kernel: Depends on container host Compiler: clang 18.1.8 (Fedora 18.1.8-1.fc40) Fedora 41 (Clang) Kernel: Depends on container host Compiler: clang 19.1.5 (Fedora 19.1.5-1.fc41) RHEL9 Kernel: Depends on container host Compiler: gcc 11.5.0 20240719 (Red Hat 11.5.0-2) RHEL8 Kernel: Depends on container host Compiler: gcc 8.5.0 20210514 (Red Hat 8.5.0-22) Fedora 41 Kernel: Depends on container host Compiler: gcc 14.2.1 20240912 (Red Hat 14.2.1-3) Ubuntu 20.04 Kernel: Depends on container host Compiler: gcc (Ubuntu 9.4.0-1ubuntu1~20.04.2) 9.4.0 Ubuntu 24.04 Kernel: Depends on container host Compiler: gcc (Ubuntu 13.3.0-6ubuntu2~24.04) 13.3.0 Ubuntu 22.04 Kernel: Depends on container host Compiler: gcc (Ubuntu 11.4.0-1ubuntu1~22.04) 11.4.0 To view detailed results, visit: https://lab.dpdk.org/results/dashboard/patchsets/32681/ UNH-IOL DPDK Community Lab To manage your email subscriptions, visit: https://lab.dpdk.org/results/dashboard/preferences/subscriptions/