From mboxrd@z Thu Jan 1 00:00:00 1970 Return-Path: Received: from mails.dpdk.org (mails.dpdk.org [217.70.189.124]) by inbox.dpdk.org (Postfix) with ESMTP id C8C15462BA for ; Tue, 25 Feb 2025 19:21:48 +0100 (CET) Received: from mails.dpdk.org (localhost [127.0.0.1]) by mails.dpdk.org (Postfix) with ESMTP id A1AD3402B1; Tue, 25 Feb 2025 19:21:48 +0100 (CET) Received: from mail-yw1-f227.google.com (mail-yw1-f227.google.com [209.85.128.227]) by mails.dpdk.org (Postfix) with ESMTP id E325A402AE for ; Tue, 25 Feb 2025 19:21:46 +0100 (CET) Received: by mail-yw1-f227.google.com with SMTP id 00721157ae682-6fb95249855so49309237b3.2 for ; Tue, 25 Feb 2025 10:21:46 -0800 (PST) DKIM-Signature: v=1; a=rsa-sha256; c=relaxed/relaxed; d=iol.unh.edu; s=unh-iol; t=1740507706; x=1741112506; darn=dpdk.org; h=references:in-reply-to:cc:to:from:subject:message-id:date:from:to :cc:subject:date:message-id:reply-to; bh=GEYIpPDiIBRf+FhtC46+3YT8Hay4XoXMmfzBUTVVDgI=; b=V4paWbtrP8K8r7XJN9/uS8TXqafzPLS1KoCy+vJnGbBgSKHi/fRjr3HCCTfCN2u3VX DzAwALoXwjGJNmU//lLVADRFgXL61piuaC5j/cOsHUfUd9FcGewXE6H9jUuI3nFILK8o fuIiRog0KDoVxYpOXIyJKlQ0JYmfhQV0zq7E0= X-Google-DKIM-Signature: v=1; a=rsa-sha256; c=relaxed/relaxed; d=1e100.net; s=20230601; t=1740507706; x=1741112506; h=references:in-reply-to:cc:to:from:subject:message-id:date :x-gm-message-state:from:to:cc:subject:date:message-id:reply-to; bh=GEYIpPDiIBRf+FhtC46+3YT8Hay4XoXMmfzBUTVVDgI=; b=E1fZpE9nq4C+vx2BNduYIYmSg61Q0PxnVgC3/vzh43Ap7iRrtSPkcZt/fhkLeBah4j BDCFL6HCa1cil7TFquaRWIexeVakjP+giaHhXpCFSwi4VdlEFgbT3ZvyAzSvMwqjPv1f ZLd0UJ6DWE1NfX5IEHgL7vVscDMoqA4YzF6Prh9qVPehUmKVHas4vNN2wBMJIPiaKSt6 vU3i4imMBI6rvVbG7jH+eHIrViuEjB84Snpufu6mAVizm3NYv9qUod1jtUWMWqSZJ8Kx ErdtPm61Ws1vNY0C+0YxYCstdYx+eZJwF0/TqHhEvZk4hJcn8ATvAi+2bDitGYf2aUtS ubKw== X-Gm-Message-State: AOJu0YzfJrmlEgOPOC9R3CcXwCVUYhOGCd8x6lrXxo5G238Ezcf0AF/b QFfFVCw1vdEIAXnAfJva2Ev91rCo+bGhymH6l7QBRCzJRmPxfqMEmNBe8eMS0evgVOrWzK+gYyT dTnBAiJcYSME8k15ZS6qH8q1e+eW6fxeTm3Hsi+dQ X-Gm-Gg: ASbGncv7fUZJiJ5iqM2vf1XF4Tz6LmPQpjAtEPsLMcmM0esfFqosFGvlSnYs/qr2dv/ JdtvXqGNrYFMHqgFGFWkhb/FXFmCxrKM9Q7DP0aVZwSK10j8/pvaeu7Owf5yuav1AGgblJ90Ull n3jT12H6JuPisDuhUmGcsOnX5MRbIL8JAd7xx1X4Fioyjhyy28nsRwDDbv7UuW9BcykZADCPGf3 g+v70/513CEIBnzEzHAJCJ//tpxHbkOTax7fj4QZwkW/ZN9xLcYoUyGgXJicx3ZKwyKX9r2MQ4P AX3KqIrIYWgj0TMOV9UwZryMb9QoSOTm1T9ihv0R X-Google-Smtp-Source: AGHT+IEfS5tDOo/iiy5OiNKqcOLWhKRm6RJMJYF2K4gGDPmhJW2T5xNMDkw9L2gqRugfIIfGW9tT4aMdRafs X-Received: by 2002:a05:6902:18ce:b0:e5d:d016:98a5 with SMTP id 3f1490d57ef6-e607a566360mr3133463276.45.1740507706186; Tue, 25 Feb 2025 10:21:46 -0800 (PST) Received: from postal.iol.unh.edu (postal.iol.unh.edu. [132.177.123.84]) by smtp-relay.gmail.com with ESMTPS id 3f1490d57ef6-e607b415214sm87240276.15.2025.02.25.10.21.46 (version=TLS1_2 cipher=ECDHE-ECDSA-AES128-GCM-SHA256 bits=128/128); Tue, 25 Feb 2025 10:21:46 -0800 (PST) X-Relaying-Domain: iol.unh.edu Date: Tue, 25 Feb 2025 10:21:46 -0800 (PST) Message-ID: <67be0a3a.250a0220.1de083.545cSMTPIN_ADDED_MISSING@mx.google.com> Received: from [172.21.0.8] (unknown [172.18.0.240]) by postal.iol.unh.edu (Postfix) with ESMTP id BC8586052471; Tue, 25 Feb 2025 13:21:45 -0500 (EST) Subject: |WARNING| pw152041-152044 [PATCH] [V1,4/4] net/mlx5/hws: allow diffe From: dpdklab@iol.unh.edu To: Test Report Cc: dpdk-test-reports@iol.unh.edu In-Reply-To: <20250225120213.2968616-4-ophirmu@nvidia.com> References: <20250225120213.2968616-4-ophirmu@nvidia.com> Content-Type: text/plain X-BeenThere: test-report@dpdk.org X-Mailman-Version: 2.1.29 Precedence: list List-Id: automatic DPDK test reports List-Unsubscribe: , List-Archive: List-Post: List-Help: List-Subscribe: , Errors-To: test-report-bounces@dpdk.org Test-Label: iol-unit-arm64-testing Test-Status: WARNING http://dpdk.org/patch/152044 _Testing issues_ Submitter: Ophir Munk Date: Tuesday, February 25 2025 12:02:13 DPDK git baseline: Repo:dpdk Branch: master CommitID:61fc05f1c6a079c0b25b27d1668450134a784d56 152041-152044 --> testing issues Upstream job id: Generic-Unit-Test-DPDK#318433 Test environment and result as below: +-----------------------------+----------------+--------------+------------------------------+---------------------------+ | Environment | dpdk_unit_test | lpm_autotest | cryptodev_sw_snow3g_autotest | cryptodev_sw_zuc_autotest | +=============================+================+==============+==============================+===========================+ | 32-bit Ubuntu 22.04.4 (ARM) | PASS | SKIPPED | SKIPPED | SKIPPED | +-----------------------------+----------------+--------------+------------------------------+---------------------------+ | CentOS Stream 9 (ARM) | PASS | SKIPPED | SKIPPED | SKIPPED | +-----------------------------+----------------+--------------+------------------------------+---------------------------+ | CentOS Stream 10 (ARM) | PASS | SKIPPED | SKIPPED | SKIPPED | +-----------------------------+----------------+--------------+------------------------------+---------------------------+ | Debian 11 (Buster) (ARM) | WARN | SKIPPED | SKIPPED | SKIPPED | +-----------------------------+----------------+--------------+------------------------------+---------------------------+ | Debian 12 (arm) | PASS | SKIPPED | PASS | PASS | +-----------------------------+----------------+--------------+------------------------------+---------------------------+ | Fedora 40 (ARM Clang) | PASS | SKIPPED | SKIPPED | SKIPPED | +-----------------------------+----------------+--------------+------------------------------+---------------------------+ | Fedora 40 (ARM) | PASS | SKIPPED | SKIPPED | SKIPPED | +-----------------------------+----------------+--------------+------------------------------+---------------------------+ | Fedora 41 (ARM) | PASS | SKIPPED | SKIPPED | SKIPPED | +-----------------------------+----------------+--------------+------------------------------+---------------------------+ | RHEL9 (ARM) | PASS | SKIPPED | SKIPPED | SKIPPED | +-----------------------------+----------------+--------------+------------------------------+---------------------------+ | Fedora 41 (ARM Clang) | PASS | SKIPPED | SKIPPED | SKIPPED | +-----------------------------+----------------+--------------+------------------------------+---------------------------+ | Ubuntu 22.04 (ARM) | WARN | SKIPPED | SKIPPED | SKIPPED | +-----------------------------+----------------+--------------+------------------------------+---------------------------+ | Ubuntu 20.04 (ARM) | WARN | SKIPPED | SKIPPED | SKIPPED | +-----------------------------+----------------+--------------+------------------------------+---------------------------+ | Ubuntu 24.04 (ARM) | PASS | SKIPPED | SKIPPED | SKIPPED | +-----------------------------+----------------+--------------+------------------------------+---------------------------+ | Ubuntu 20.04 ARM SVE | SKIPPED | PASS | SKIPPED | SKIPPED | +-----------------------------+----------------+--------------+------------------------------+---------------------------+ ==== 20 line log output for Ubuntu 20.04 (ARM) (dpdk_unit_test): ==== [2457/3372] Compiling C object drivers/librte_crypto_cnxk.a.p/meson-generated_.._rte_crypto_cnxk.pmd.c.o [2458/3372] Compiling C object drivers/libtmp_rte_net_mlx5.a.p/net_mlx5_mlx5_flow_hw.c.o FAILED: drivers/libtmp_rte_net_mlx5.a.p/net_mlx5_mlx5_flow_hw.c.o ccache cc -Idrivers/libtmp_rte_net_mlx5.a.p -Idrivers -I../drivers -Idrivers/net/mlx5 -I../drivers/net/mlx5 -Idrivers/net/mlx5/linux -I../drivers/net/mlx5/linux -Idrivers/net/mlx5/hws -I../drivers/net/mlx5/hws -Ilib/ethdev -I../lib/ethdev -I. -I.. -Iconfig -I../config -Ilib/eal/include -I../lib/eal/include -Ilib/eal/linux/include -I../lib/eal/linux/include -Ilib/eal/arm/include -I../lib/eal/arm/include -I../kernel/linux -Ilib/eal/common -I../lib/eal/common -Ilib/eal -I../lib/eal -Ilib/kvargs -I../lib/kvargs -Ilib/log -I../lib/log -Ilib/metrics -I../lib/metrics -Ilib/telemetry -I../lib/telemetry -Ilib/net -I../lib/net -Ilib/mbuf -I../lib/mbuf -Ilib/mempool -I../lib/mempool -Ilib/ring -I../lib/ring -Ilib/meter -I../lib/meter -Idrivers/bus/pci -I../drivers/bus/pci -I../drivers/bus/pci/linux -Ilib/pci -I../lib/pci -Idrivers/bus/vdev -I../drivers/bus/vdev -Ilib/hash -I../lib/hash -Ilib/rcu -I../lib/rcu -Idrivers/common/mlx5 -I../drivers/common/mlx5 -Idrivers/common/mlx5/linux -I../drivers /common/mlx5/linux -Idrivers/bus/auxiliary -I../drivers/bus/auxiliary -I/usr/include/libnl3 -fdiagnostics-color=always -pipe -D_FILE_OFFSET_BITS=64 -Wall -Winvalid-pch -Wextra -Werror -std=c11 -O3 -include rte_config.h -Wvla -Wcast-qual -Wdeprecated -Wformat -Wformat-nonliteral -Wformat-security -Wmissing-declarations -Wmissing-prototypes -Wnested-externs -Wold-style-definition -Wpointer-arith -Wsign-compare -Wstrict-prototypes -Wundef -Wwrite-strings -Wno-packed-not-aligned -Wno-missing-field-initializers -D_GNU_SOURCE -fPIC -march=armv8.1-a+crc+crypto -DALLOW_EXPERIMENTAL_API -DALLOW_INTERNAL_API -Wno-format-truncation -Wno-address-of-packed-member -std=c11 -Wno-strict-prototypes -D_BSD_SOURCE -D_DEFAULT_SOURCE -D_XOPEN_SOURCE=600 -UPEDANTIC -Wno-vla -DRTE_LOG_DEFAULT_LOGTYPE=pmd.net.mlx5 -MD -MQ drivers/libtmp_rte_net_mlx5.a.p/net_mlx5_mlx5_flow_hw.c.o -MF drivers/libtmp_rte_net_mlx5.a.p/net_mlx5_mlx5_flow_hw.c.o.d -o drivers/libtmp_rte_net_mlx5.a.p/net_mlx5_mlx5_flow_hw.c.o -c . ./drivers/net/mlx5/mlx5_flow_hw.c ../drivers/net/mlx5/mlx5_flow_hw.c: In function 'mlx5_flow_hw_actions_validate': ../drivers/net/mlx5/mlx5_flow_hw.c:7238:7: error: unused variable 'res' [-Werror=unused-variable] 7238 | bool res; | ^~~ ../drivers/net/mlx5/mlx5_flow_hw.c: In function 'flow_hw_create_send_to_kernel_actions': ../drivers/net/mlx5/mlx5_flow_hw.c:9652:57: error: unused parameter 'priv' [-Werror=unused-parameter] 9652 | flow_hw_create_send_to_kernel_actions(struct mlx5_priv *priv, bool is_proxy) | ~~~~~~~~~~~~~~~~~~^~~~ ../drivers/net/mlx5/mlx5_flow_hw.c:9652:68: error: unused parameter 'is_proxy' [-Werror=unused-parameter] 9652 | flow_hw_create_send_to_kernel_actions(struct mlx5_priv *priv, bool is_proxy) | ^ cc1: all warnings being treated as errors [2459/3372] Compiling C object drivers/librte_crypto_cnxk.so.25.1.p/meson-generated_.._rte_crypto_cnxk.pmd.c.o [2460/3372] Linking static target drivers/librte_crypto_cnxk.a [2461/3372] Generating rte_crypto_dpaa2_sec.pmd.c with a custom command ninja: build stopped: subcommand failed. ==== End log output ==== 32-bit Ubuntu 22.04.4 (ARM) Kernel: 5.15.83+ aarch64 Compiler: gcc (Ubuntu 11.4.0-1ubuntu1~22.04) 11.4.0 CentOS Stream 9 (ARM) Kernel: Depends on container host Compiler: gcc 11.5.0 20240719 (Red Hat 11.5.0-2) CentOS Stream 10 (ARM) Kernel: Depends on container host Compiler: gcc 14.2.1 20241104 (Red Hat 14.2.1-6) Debian 11 (Buster) (ARM) Kernel: Depends on container host Compiler: gcc (Debian 10.2.1-6) 10.2.1 20210110 Debian 12 (arm) Kernel: Depends on container host Compiler: gcc (Debian 12.2.0-14) 12.2.0 Fedora 40 (ARM Clang) Kernel: Depends on container host Compiler: clang 18.1.8 (Fedora 18.1.8-1.fc40) Fedora 40 (ARM) Kernel: Depends on container host Compiler: gcc 14.2.1 20240912 (Red Hat 14.2.1-3) Fedora 41 (ARM) Kernel: Depends on container host Compiler: gcc 14.2.1 20240912 (Red Hat 14.2.1-3) RHEL9 (ARM) Kernel: Depends on container host Compiler: gcc 11.5.0 20240719 (Red Hat 11.5.0-2) Fedora 41 (ARM Clang) Kernel: Depends on container host Compiler: clang 19.1.5 (Fedora 19.1.5-1.fc41) Ubuntu 22.04 (ARM) Kernel: Depends on container host Compiler: gcc (Ubuntu 11.4.0-1ubuntu1~22.04) 11.4.0 Ubuntu 20.04 (ARM) Kernel: Depends on container host Compiler: gcc (Ubuntu 9.4.0-1ubuntu1~20.04.2) 9.4.0 Ubuntu 24.04 (ARM) Kernel: Depends on container host Compiler: gcc (Ubuntu 13.3.0-6ubuntu2~24.04) 13.3.0 Ubuntu 20.04 ARM SVE Kernel: Depends on container host Compiler: gcc (Ubuntu 10.5.0-1ubuntu1~20.04) 10.5.0 To view detailed results, visit: https://lab.dpdk.org/results/dashboard/patchsets/32681/ UNH-IOL DPDK Community Lab To manage your email subscriptions, visit: https://lab.dpdk.org/results/dashboard/preferences/subscriptions/