From mboxrd@z Thu Jan 1 00:00:00 1970 Return-Path: Received: from mails.dpdk.org (mails.dpdk.org [217.70.189.124]) by inbox.dpdk.org (Postfix) with ESMTP id EE0D5462BB for ; Tue, 25 Feb 2025 20:11:14 +0100 (CET) Received: from mails.dpdk.org (localhost [127.0.0.1]) by mails.dpdk.org (Postfix) with ESMTP id CFEC3402D2; Tue, 25 Feb 2025 20:11:14 +0100 (CET) Received: from mail-pl1-f225.google.com (mail-pl1-f225.google.com [209.85.214.225]) by mails.dpdk.org (Postfix) with ESMTP id 672E8402AE for ; Tue, 25 Feb 2025 20:11:13 +0100 (CET) Received: by mail-pl1-f225.google.com with SMTP id d9443c01a7336-220e989edb6so165701075ad.1 for ; Tue, 25 Feb 2025 11:11:13 -0800 (PST) DKIM-Signature: v=1; a=rsa-sha256; c=relaxed/relaxed; d=iol.unh.edu; s=unh-iol; t=1740510672; x=1741115472; darn=dpdk.org; h=references:in-reply-to:cc:to:from:subject:message-id:date:from:to :cc:subject:date:message-id:reply-to; bh=uhEQ7g5zH4Cezgula8WWWNgUBu4tiIRBCGrVpodlTz4=; b=YuL2CZAf3bD6M9shAyWlovyteKtkTZ6N1SnemiYQN52CclwvCrKzsQPPOGq12xI79F RLGP41XRU6mfcNstc7Nn2i8IDwHQLTSV8+YX+qrOy+BpL9l5OeU0sdm3pIxFf+BKuZjf kijD112spBDIlcjwvDH5Th9rWO5MdsGZRwsGk= X-Google-DKIM-Signature: v=1; a=rsa-sha256; c=relaxed/relaxed; d=1e100.net; s=20230601; t=1740510672; x=1741115472; h=references:in-reply-to:cc:to:from:subject:message-id:date :x-gm-message-state:from:to:cc:subject:date:message-id:reply-to; bh=uhEQ7g5zH4Cezgula8WWWNgUBu4tiIRBCGrVpodlTz4=; b=X/oDrl4MmBj7QYuDvXC7eKTEky+xiykuotLPk4UMmAeS41b51IVRTzsN4ptsSBq5HE A+zlSG2hKsK6z74ewp9o2ThQoclOv2K3WqkiictlnEgL9Szvq4K8N25BttbQYXMUnuqz iuWA4XXGjovs5NXO1b2Mks01RaUFlDJD4eH2B8T8gP0Of4F8HzN2wmEIfeKVrMCTmlO1 ZwJ+IpDwUs/8T/nF/skgtpbxZMG9vAmDNEl8GdbyQ5AtfUwchHzihw8VMWDctEWKMh71 vBB8xJJKm1sUzS0ODdxzk/2WVFOKfJH+zukYL3j5A7p04K4jU36kAKxa8fIKz7jPTRVE iM7g== X-Gm-Message-State: AOJu0YzLVXihDpDP5U5JAI51j8129SFUC23T1pyoAinMqhVLyyqvRap3 XHTvjsur4XRGLq4i9OwFLyzs+MfCmhxgEPgfeiyZoWwNelAuUyQBDsjTQUhM8DiQMZI6QjPXeQH FXNdReqpGDcafneEowfUppECInwtsjE70zoeENggeBPZOTdm5EkL1weY/ X-Gm-Gg: ASbGncugkQbmOlvLmX312F99atKgQtBhwCSxHBVaWAEwUvhQ94IGiu5NoC7PY6exuNA v4BDR8/wdFGMm+zXkmmPtb/cWDmXISwHQS6CNiyVR01E7EWRKz2n+WZUZHF7tHLNMxICDH6ebJh Yk3/ZGFpGsZmTPPK+mPcnGe34JT529snildNvygMnfNZlRwEQgfWHCl9taUvfY9MvuH6HNadsti bqEdJtwPSgZzRfA1nU9B63r8xWYX326fpRFOq2d/f8NCv1O3kSucQStjvAeFSnSyBg5yyd+1jl8 pewJQ6llpPzvkTu5Wz6d4uQmnxlk3XfXbCFq0yq0vV02NTT16b68 X-Google-Smtp-Source: AGHT+IGX/sajcR0bdq/SeoRvlAjC9MkW9lhBURAauvDDWy+PpwUlh9OCz/WtDj0M28kbp7j/DfHN7RjXo/Wm X-Received: by 2002:a17:902:ecd0:b0:21f:542e:dd0a with SMTP id d9443c01a7336-22307e6586fmr82374725ad.41.1740510672434; Tue, 25 Feb 2025 11:11:12 -0800 (PST) Received: from postal.iol.unh.edu (postal.iol.unh.edu. [2606:4100:3880:1234::84]) by smtp-relay.gmail.com with ESMTPS id 98e67ed59e1d1-2fceb02d78csm734847a91.1.2025.02.25.11.11.12 (version=TLS1_2 cipher=ECDHE-ECDSA-AES128-GCM-SHA256 bits=128/128); Tue, 25 Feb 2025 11:11:12 -0800 (PST) X-Relaying-Domain: iol.unh.edu Date: Tue, 25 Feb 2025 11:11:12 -0800 (PST) Message-ID: <67be15d0.170a0220.36f262.4de5SMTPIN_ADDED_MISSING@mx.google.com> Received: from [172.17.0.3] (unknown [172.18.0.217]) by postal.iol.unh.edu (Postfix) with ESMTP id 845156052471; Tue, 25 Feb 2025 14:11:11 -0500 (EST) Subject: |WARNING| pw152041-152044 [PATCH] [V1,4/4] net/mlx5/hws: allow diffe From: dpdklab@iol.unh.edu To: Test Report Cc: dpdk-test-reports@iol.unh.edu In-Reply-To: <20250225120213.2968616-4-ophirmu@nvidia.com> References: <20250225120213.2968616-4-ophirmu@nvidia.com> Content-Type: text/plain X-BeenThere: test-report@dpdk.org X-Mailman-Version: 2.1.29 Precedence: list List-Id: automatic DPDK test reports List-Unsubscribe: , List-Archive: List-Post: List-Help: List-Subscribe: , Errors-To: test-report-bounces@dpdk.org Test-Label: iol-unit-amd64-testing Test-Status: WARNING http://dpdk.org/patch/152044 _Testing issues_ Submitter: Ophir Munk Date: Tuesday, February 25 2025 12:02:13 DPDK git baseline: Repo:dpdk Branch: master CommitID:61fc05f1c6a079c0b25b27d1668450134a784d56 152041-152044 --> testing issues Upstream job id: Generic-VM-Unit-Test-DPDK#27366 Test environment and result as below: +---------------------+----------------+ | Environment | dpdk_unit_test | +=====================+================+ | Debian 12 | PASS | +---------------------+----------------+ | Debian Bullseye | WARN | +---------------------+----------------+ | CentOS Stream 9 | PASS | +---------------------+----------------+ | CentOS Stream 10 | PASS | +---------------------+----------------+ | Fedora 40 | PASS | +---------------------+----------------+ | Fedora 40 (Clang) | PASS | +---------------------+----------------+ | Fedora 41 (Clang) | PASS | +---------------------+----------------+ | RHEL9 | PASS | +---------------------+----------------+ | RHEL8 | PASS | +---------------------+----------------+ | Fedora 41 | PASS | +---------------------+----------------+ | Ubuntu 20.04 | WARN | +---------------------+----------------+ | Ubuntu 24.04 | PASS | +---------------------+----------------+ | Ubuntu 22.04 | WARN | +---------------------+----------------+ | Windows Server 2022 | PASS | +---------------------+----------------+ ==== 20 line log output for Ubuntu 22.04 (dpdk_unit_test): ==== [1832/3156] Compiling C object drivers/libtmp_rte_net_mlx5.a.p/net_mlx5_hws_mlx5dr_buddy.c.o [1833/3156] Compiling C object drivers/libtmp_rte_net_mlx5.a.p/net_mlx5_mlx5_flow_hw.c.o FAILED: drivers/libtmp_rte_net_mlx5.a.p/net_mlx5_mlx5_flow_hw.c.o ccache cc -Idrivers/libtmp_rte_net_mlx5.a.p -Idrivers -I../drivers -Idrivers/net/mlx5 -I../drivers/net/mlx5 -Idrivers/net/mlx5/linux -I../drivers/net/mlx5/linux -Idrivers/net/mlx5/hws -I../drivers/net/mlx5/hws -Ilib/ethdev -I../lib/ethdev -I. -I.. -Iconfig -I../config -Ilib/eal/include -I../lib/eal/include -Ilib/eal/linux/include -I../lib/eal/linux/include -Ilib/eal/x86/include -I../lib/eal/x86/include -I../kernel/linux -Ilib/eal/common -I../lib/eal/common -Ilib/eal -I../lib/eal -Ilib/kvargs -I../lib/kvargs -Ilib/log -I../lib/log -Ilib/metrics -I../lib/metrics -Ilib/telemetry -I../lib/telemetry -Ilib/net -I../lib/net -Ilib/mbuf -I../lib/mbuf -Ilib/mempool -I../lib/mempool -Ilib/ring -I../lib/ring -Ilib/meter -I../lib/meter -Idrivers/bus/pci -I../drivers/bus/pci -I../drivers/bus/pci/linux -Ilib/pci -I../lib/pci -Idrivers/bus/vdev -I../drivers/bus/vdev -Ilib/hash -I../lib/hash -Ilib/rcu -I../lib/rcu -Idrivers/common/mlx5 -I../drivers/common/mlx5 -Idrivers/common/mlx5/linux -I../drivers /common/mlx5/linux -Idrivers/bus/auxiliary -I../drivers/bus/auxiliary -I/usr/include/libnl3 -fdiagnostics-color=always -pipe -D_FILE_OFFSET_BITS=64 -Wall -Winvalid-pch -Wextra -Werror -std=c11 -O3 -include rte_config.h -Wvla -Wcast-qual -Wdeprecated -Wformat -Wformat-nonliteral -Wformat-security -Wmissing-declarations -Wmissing-prototypes -Wnested-externs -Wold-style-definition -Wpointer-arith -Wsign-compare -Wstrict-prototypes -Wundef -Wwrite-strings -Wno-packed-not-aligned -Wno-missing-field-initializers -D_GNU_SOURCE -fPIC -march=native -mrtm -DALLOW_EXPERIMENTAL_API -DALLOW_INTERNAL_API -Wno-format-truncation -Wno-address-of-packed-member -std=c11 -Wno-strict-prototypes -D_BSD_SOURCE -D_DEFAULT_SOURCE -D_XOPEN_SOURCE=600 -UPEDANTIC -Wno-vla -DRTE_LOG_DEFAULT_LOGTYPE=pmd.net.mlx5 -MD -MQ drivers/libtmp_rte_net_mlx5.a.p/net_mlx5_mlx5_flow_hw.c.o -MF drivers/libtmp_rte_net_mlx5.a.p/net_mlx5_mlx5_flow_hw.c.o.d -o drivers/libtmp_rte_net_mlx5.a.p/net_mlx5_mlx5_flow_hw.c.o -c ../driver s/net/mlx5/mlx5_flow_hw.c ../drivers/net/mlx5/mlx5_flow_hw.c: In function 'mlx5_flow_hw_actions_validate': ../drivers/net/mlx5/mlx5_flow_hw.c:7238:14: error: unused variable 'res' [-Werror=unused-variable] 7238 | bool res; | ^~~ ../drivers/net/mlx5/mlx5_flow_hw.c: In function 'flow_hw_create_send_to_kernel_actions': ../drivers/net/mlx5/mlx5_flow_hw.c:9652:57: error: unused parameter 'priv' [-Werror=unused-parameter] 9652 | flow_hw_create_send_to_kernel_actions(struct mlx5_priv *priv, bool is_proxy) | ~~~~~~~~~~~~~~~~~~^~~~ ../drivers/net/mlx5/mlx5_flow_hw.c:9652:68: error: unused parameter 'is_proxy' [-Werror=unused-parameter] 9652 | flow_hw_create_send_to_kernel_actions(struct mlx5_priv *priv, bool is_proxy) | ^ cc1: all warnings being treated as errors [1834/3156] Compiling C object drivers/libtmp_rte_net_mlx5.a.p/net_mlx5_hws_mlx5dr_action.c.o [1835/3156] Compiling C object drivers/libtmp_rte_net_mlx5.a.p/net_mlx5_hws_mlx5dr_pool.c.o [1836/3156] Compiling C object drivers/libtmp_rte_net_mlx5.a.p/net_mlx5_hws_mlx5dr_cmd.c.o ninja: build stopped: subcommand failed. ==== End log output ==== Debian 12 Kernel: Depends on container host Compiler: gcc (Debian 12.2.0-14) 12.2.0 Debian Bullseye Kernel: Depends on container host Compiler: gcc (Debian 10.2.1-6) 10.2.1 20210110 CentOS Stream 9 Kernel: Depends on container host Compiler: gcc 11.5.0 20240719 (Red Hat 11.5.0-2) CentOS Stream 10 Kernel: Depends on container host Compiler: gcc 14.2.1 20241104 (Red Hat 14.2.1-6) Fedora 40 Kernel: Depends on container host Compiler: gcc 14.2.1 20240912 (Red Hat 14.2.1-3) Fedora 40 (Clang) Kernel: Depends on container host Compiler: clang 18.1.8 (Fedora 18.1.8-1.fc40) Fedora 41 (Clang) Kernel: Depends on container host Compiler: clang 19.1.5 (Fedora 19.1.5-1.fc41) RHEL9 Kernel: Depends on container host Compiler: gcc 11.5.0 20240719 (Red Hat 11.5.0-2) RHEL8 Kernel: Depends on container host Compiler: gcc 8.5.0 20210514 (Red Hat 8.5.0-22) Fedora 41 Kernel: Depends on container host Compiler: gcc 14.2.1 20240912 (Red Hat 14.2.1-3) Ubuntu 20.04 Kernel: Depends on container host Compiler: gcc (Ubuntu 9.4.0-1ubuntu1~20.04.2) 9.4.0 Ubuntu 24.04 Kernel: Depends on container host Compiler: gcc (Ubuntu 13.3.0-6ubuntu2~24.04) 13.3.0 Ubuntu 22.04 Kernel: Depends on container host Compiler: gcc (Ubuntu 11.4.0-1ubuntu1~22.04) 11.4.0 Windows Server 2022 Kernel: 10.0.20348.2031 Compiler: clang 15.0.7, gcc 14.1.0 (MinGW), and MSVC VS 19.39.33521 To view detailed results, visit: https://lab.dpdk.org/results/dashboard/patchsets/32681/ UNH-IOL DPDK Community Lab To manage your email subscriptions, visit: https://lab.dpdk.org/results/dashboard/preferences/subscriptions/