From: dpdklab@iol.unh.edu
To: Test Report <test-report@dpdk.org>
Cc: dpdk-test-reports@iol.unh.edu, Ophir Munk <ophirmu@nvidia.com>
Subject: |FAILURE| pw152041-152044 [PATCH] [V1,4/4] net/mlx5/hws: allow diffe
Date: Tue, 25 Feb 2025 11:17:03 -0800 (PST) [thread overview]
Message-ID: <67be172f.050a0220.18aad7.6d93SMTPIN_ADDED_MISSING@mx.google.com> (raw)
In-Reply-To: <20250225120213.2968616-4-ophirmu@nvidia.com>
Test-Label: iol-compile-amd64-testing
Test-Status: FAILURE
http://dpdk.org/patch/152044
_Testing issues_
Submitter: Ophir Munk <ophirmu@nvidia.com>
Date: Tuesday, February 25 2025 12:02:13
DPDK git baseline: Repo:dpdk
Branch: master
CommitID:61fc05f1c6a079c0b25b27d1668450134a784d56
152041-152044 --> testing issues
Upstream job id: Generic-DPDK-Compile-Meson#365202
Test environment and result as below:
+-------------------+--------------------+-------------------+------------------+
| Environment | dpdk_meson_compile | dpdk_compile_spdk | dpdk_compile_ovs |
+===================+====================+===================+==================+
| CentOS Stream 9 | PASS | PASS | SKIPPED |
+-------------------+--------------------+-------------------+------------------+
| CentOS Stream 10 | PASS | SKIPPED | SKIPPED |
+-------------------+--------------------+-------------------+------------------+
| Debian Bullseye | FAIL | WARN | SKIPPED |
+-------------------+--------------------+-------------------+------------------+
| Fedora 40 | PASS | PASS | SKIPPED |
+-------------------+--------------------+-------------------+------------------+
| Fedora 41 (Clang) | PASS | PASS | PASS |
+-------------------+--------------------+-------------------+------------------+
| Fedora 40 (Clang) | PASS | PASS | SKIPPED |
+-------------------+--------------------+-------------------+------------------+
| Debian 12 | PASS | PASS | SKIPPED |
+-------------------+--------------------+-------------------+------------------+
| RHEL8 | PASS | SKIPPED | SKIPPED |
+-------------------+--------------------+-------------------+------------------+
| openSUSE Leap 15 | PASS | SKIPPED | SKIPPED |
+-------------------+--------------------+-------------------+------------------+
| Fedora 41 | PASS | PASS | PASS |
+-------------------+--------------------+-------------------+------------------+
| RHEL9 | PASS | SKIPPED | SKIPPED |
+-------------------+--------------------+-------------------+------------------+
| Ubuntu 20.04 | FAIL | SKIPPED | SKIPPED |
+-------------------+--------------------+-------------------+------------------+
| Ubuntu 22.04 | FAIL | WARN | SKIPPED |
+-------------------+--------------------+-------------------+------------------+
| Ubuntu 24.04 | PASS | PASS | PASS |
+-------------------+--------------------+-------------------+------------------+
| Alpine | PASS | SKIPPED | SKIPPED |
+-------------------+--------------------+-------------------+------------------+
| FreeBSD 13.4 | PASS | SKIPPED | SKIPPED |
+-------------------+--------------------+-------------------+------------------+
| FreeBSD 14.2 | PASS | SKIPPED | SKIPPED |
+-------------------+--------------------+-------------------+------------------+
==== 20 line log output for Ubuntu 22.04 (dpdk_compile_spdk): ====
--- Failed to get log output ---
==== End log output ====
CentOS Stream 9
Kernel: Depends on container host
Compiler: gcc 11.5.0 20240719 (Red Hat 11.5.0-2)
CentOS Stream 10
Kernel: Depends on container host
Compiler: gcc 14.2.1 20241104 (Red Hat 14.2.1-6)
Debian Bullseye
Kernel: Depends on container host
Compiler: gcc (Debian 10.2.1-6) 10.2.1 20210110
Fedora 40
Kernel: Depends on container host
Compiler: gcc 14.2.1 20240912 (Red Hat 14.2.1-3)
Fedora 41 (Clang)
Kernel: Depends on container host
Compiler: clang 19.1.5 (Fedora 19.1.5-1.fc41)
Fedora 40 (Clang)
Kernel: Depends on container host
Compiler: clang 18.1.8 (Fedora 18.1.8-1.fc40)
Debian 12
Kernel: Depends on container host
Compiler: gcc (Debian 12.2.0-14) 12.2.0
RHEL8
Kernel: Depends on container host
Compiler: gcc 8.5.0 20210514 (Red Hat 8.5.0-22)
openSUSE Leap 15
Kernel: Depends on container host
Compiler: gcc (SUSE Linux) 7.5.0
Fedora 41
Kernel: Depends on container host
Compiler: gcc 14.2.1 20240912 (Red Hat 14.2.1-3)
RHEL9
Kernel: Depends on container host
Compiler: gcc 11.5.0 20240719 (Red Hat 11.5.0-2)
Ubuntu 20.04
Kernel: Depends on container host
Compiler: gcc (Ubuntu 9.4.0-1ubuntu1~20.04.2) 9.4.0
Ubuntu 22.04
Kernel: Depends on container host
Compiler: gcc (Ubuntu 11.4.0-1ubuntu1~22.04) 11.4.0
Ubuntu 24.04
Kernel: Depends on container host
Compiler: gcc (Ubuntu 13.3.0-6ubuntu2~24.04) 13.3.0
Alpine
Kernel: Depends on container host
Compiler: gcc (Alpine 14.2.0) 14.2.0
FreeBSD 13.4
Kernel: 13.4-RELEASE-p1
Compiler: clang 18.1.6
FreeBSD 14.2
Kernel: 14.2-RELEASE
Compiler: clang 18.1.6
To view detailed results, visit:
https://lab.dpdk.org/results/dashboard/patchsets/32681/
UNH-IOL DPDK Community Lab
To manage your email subscriptions, visit:
https://lab.dpdk.org/results/dashboard/preferences/subscriptions/
next prev parent reply other threads:[~2025-02-25 19:17 UTC|newest]
Thread overview: 22+ messages / expand[flat|nested] mbox.gz Atom feed top
[not found] <20250225120213.2968616-4-ophirmu@nvidia.com>
2025-02-25 11:40 ` |SUCCESS| pw152041-152044 [PATCH V1 4/4] net/mlx5/hws: allow different types in miss validation qemudev
2025-02-25 11:45 ` qemudev
2025-02-25 12:05 ` |SUCCESS| pw152044 " checkpatch
2025-02-25 13:04 ` |FAILURE| " 0-day Robot
2025-02-25 16:11 ` |SUCCESS| pw152041-152044 [PATCH] [V1,4/4] net/mlx5/hws: allow diffe dpdklab
2025-02-25 16:11 ` dpdklab
2025-02-25 16:20 ` dpdklab
2025-02-25 16:25 ` dpdklab
2025-02-25 16:33 ` dpdklab
2025-02-25 16:46 ` dpdklab
2025-02-25 17:08 ` |PENDING| " dpdklab
2025-02-25 17:37 ` |FAILURE| " dpdklab
2025-02-25 17:39 ` |PENDING| " dpdklab
2025-02-25 18:07 ` |SUCCESS| " dpdklab
2025-02-25 18:12 ` |WARNING| " dpdklab
2025-02-25 18:21 ` dpdklab
2025-02-25 19:11 ` dpdklab
2025-02-25 19:17 ` dpdklab [this message]
2025-02-25 19:17 ` |FAILURE| " dpdklab
2025-02-25 19:17 ` dpdklab
2025-02-25 19:45 ` dpdklab
2025-02-25 20:18 ` dpdklab
Reply instructions:
You may reply publicly to this message via plain-text email
using any one of the following methods:
* Save the following mbox file, import it into your mail client,
and reply-to-all from there: mbox
Avoid top-posting and favor interleaved quoting:
https://en.wikipedia.org/wiki/Posting_style#Interleaved_style
* Reply using the --to, --cc, and --in-reply-to
switches of git-send-email(1):
git send-email \
--in-reply-to=67be172f.050a0220.18aad7.6d93SMTPIN_ADDED_MISSING@mx.google.com \
--to=dpdklab@iol.unh.edu \
--cc=dpdk-test-reports@iol.unh.edu \
--cc=ophirmu@nvidia.com \
--cc=test-report@dpdk.org \
/path/to/YOUR_REPLY
https://kernel.org/pub/software/scm/git/docs/git-send-email.html
* If your mail client supports setting the In-Reply-To header
via mailto: links, try the mailto: link
Be sure your reply has a Subject: header at the top and a blank line
before the message body.
This is a public inbox, see mirroring instructions
for how to clone and mirror all data and code used for this inbox;
as well as URLs for NNTP newsgroup(s).