From mboxrd@z Thu Jan  1 00:00:00 1970
Return-Path: <test-report-bounces@dpdk.org>
Received: from mails.dpdk.org (mails.dpdk.org [217.70.189.124])
	by inbox.dpdk.org (Postfix) with ESMTP id 9484F462BB
	for <public@inbox.dpdk.org>; Tue, 25 Feb 2025 20:17:05 +0100 (CET)
Received: from mails.dpdk.org (localhost [127.0.0.1])
	by mails.dpdk.org (Postfix) with ESMTP id 645D1402D2;
	Tue, 25 Feb 2025 20:17:05 +0100 (CET)
Received: from mail-pl1-f228.google.com (mail-pl1-f228.google.com
 [209.85.214.228])
 by mails.dpdk.org (Postfix) with ESMTP id 8B111402AE
 for <test-report@dpdk.org>; Tue, 25 Feb 2025 20:17:04 +0100 (CET)
Received: by mail-pl1-f228.google.com with SMTP id
 d9443c01a7336-220ec47991aso83784345ad.1
 for <test-report@dpdk.org>; Tue, 25 Feb 2025 11:17:04 -0800 (PST)
DKIM-Signature: v=1; a=rsa-sha256; c=relaxed/relaxed;
 d=iol.unh.edu; s=unh-iol; t=1740511023; x=1741115823; darn=dpdk.org;
 h=references:in-reply-to:cc:to:from:subject:message-id:date:from:to
 :cc:subject:date:message-id:reply-to;
 bh=+4j755Luj32PfR/J90Axg7FBogWc4llEk2cQ+Vgo4XI=;
 b=X+gaOWMlyx2ydB0z33JJUC5xqsME0WOR3Yx60qj7InJ0yE7CWvTH/gK0uSVm+58PQA
 3WokTis+UNjM0EBpPnlhyVCQOCm3j9ktY/VPkqtx0LVGgxBneWkDVPFrGYOyOyGDO490
 gHpre+JqeEitTzY69cvZ3/eYeLGoGgOn7j1Vs=
X-Google-DKIM-Signature: v=1; a=rsa-sha256; c=relaxed/relaxed;
 d=1e100.net; s=20230601; t=1740511023; x=1741115823;
 h=references:in-reply-to:cc:to:from:subject:message-id:date
 :x-gm-message-state:from:to:cc:subject:date:message-id:reply-to;
 bh=+4j755Luj32PfR/J90Axg7FBogWc4llEk2cQ+Vgo4XI=;
 b=bufKPjR6l6cO2+H1TmvplJDjJIXiauU1jfNkg03ZvmvHSj+eVs26hcRrT5T5Fi+8K9
 f7+LXOnKsZBquw05E1z9TyZZbesC4RxJyrb40rpwCdj87eJ9ecpJ3z0HARhRnhc5awEX
 37eBEhm0pBHds/KmnmwP4WelxBjxM74P68mT+Ztn83ULeqTJbHp0aTBopfVysge7/gSj
 6agMKaCDSFVLFtnxxFMuBZbv5dM9vvtOOd62ZRp+9PwZH7X3S95EIyCADWv26VtlYzs5
 /tjGHEHPr6/eabFyfqhgPMgP4flg44h8OHoKjmvG7DPL5hlhI4AKIson5dB/gf0Rbg4W
 gOBg==
X-Gm-Message-State: AOJu0Yw0qpxJJcnUccJPs8joq9NHijqCW3IsjE1isnfw1ThNLRdSHzds
 9zLzIAMPEXBz4dedqr4oyFtJ4g6J3X0qWcjenk4ZywZ7zxFmkv2+ky/2QZZwC7TFAuLf377jMMA
 qzHD6gUSbrtRjqWMlxHLYyzh0aBWoShy+lgCCQuhp
X-Gm-Gg: ASbGnctVjy6BfG7S422VzZwax548HgHPbeyPqs82azW/D7QddcXU/+Eb26aDm+A5W67
 qxoaS5cnKQl0XG+o8cXpizUJYtTPsooLCAuTkshgbKIfZ5HOVMTe86vy7rpWXTO27O0trDg3t61
 BIYA+/oc4O6TejugjC11C5afE16rLQW82iMuH6NqgSG3g0XsEZ4jPO4/OEk+zygGo/eaxaGpgEs
 1fRy66xazkzMH3jlUPA/M1jLytXeg7Y9NiZTpZSTSqiS0UUDkQa4esl3jJBAvQepH8oHGnGZoMr
 LKZKa3vXWY9wNB/N9sz2T+ro5AfX5/xD1Oacj4Dy
X-Google-Smtp-Source: AGHT+IFEYzPbFhZcXEk4iHA/zZ49NILxxK1jHL6zrfKeDgtyctxVX7JoAr6PkyrOrEZeOLsOAN8fVmmY0JB8
X-Received: by 2002:a05:6a00:b4e:b0:730:8d25:4c31 with SMTP id
 d2e1a72fcca58-7348bdccad2mr1007979b3a.8.1740511023530; 
 Tue, 25 Feb 2025 11:17:03 -0800 (PST)
Received: from postal.iol.unh.edu (postal.iol.unh.edu. [132.177.123.84])
 by smtp-relay.gmail.com with ESMTPS id
 d2e1a72fcca58-7347a73477csm119084b3a.13.2025.02.25.11.17.03
 (version=TLS1_2 cipher=ECDHE-ECDSA-AES128-GCM-SHA256 bits=128/128);
 Tue, 25 Feb 2025 11:17:03 -0800 (PST)
X-Relaying-Domain: iol.unh.edu
Date: Tue, 25 Feb 2025 11:17:03 -0800 (PST)
Message-ID: <67be172f.050a0220.18aad7.6d93SMTPIN_ADDED_MISSING@mx.google.com>
Received: from [172.21.0.8] (unknown [172.18.0.240])
 by postal.iol.unh.edu (Postfix) with ESMTP id 8B8BB6052471;
 Tue, 25 Feb 2025 14:17:02 -0500 (EST)
Subject: |FAILURE| pw152041-152044 [PATCH] [V1,4/4] net/mlx5/hws: allow diffe
From: dpdklab@iol.unh.edu
To: Test Report <test-report@dpdk.org>
Cc: dpdk-test-reports@iol.unh.edu, Ophir Munk <ophirmu@nvidia.com>
In-Reply-To: <20250225120213.2968616-4-ophirmu@nvidia.com>
References: <20250225120213.2968616-4-ophirmu@nvidia.com>
Content-Type: text/plain
X-BeenThere: test-report@dpdk.org
X-Mailman-Version: 2.1.29
Precedence: list
List-Id: automatic DPDK test reports <test-report.dpdk.org>
List-Unsubscribe: <https://mails.dpdk.org/options/test-report>,
 <mailto:test-report-request@dpdk.org?subject=unsubscribe>
List-Archive: <http://mails.dpdk.org/archives/test-report/>
List-Post: <mailto:test-report@dpdk.org>
List-Help: <mailto:test-report-request@dpdk.org?subject=help>
List-Subscribe: <https://mails.dpdk.org/listinfo/test-report>,
 <mailto:test-report-request@dpdk.org?subject=subscribe>
Errors-To: test-report-bounces@dpdk.org

Test-Label: iol-compile-amd64-testing
Test-Status: FAILURE
http://dpdk.org/patch/152044

_Testing issues_

Submitter: Ophir Munk <ophirmu@nvidia.com>
Date: Tuesday, February 25 2025 12:02:13 
DPDK git baseline: Repo:dpdk
  Branch: master
  CommitID:61fc05f1c6a079c0b25b27d1668450134a784d56

152041-152044 --> testing issues

Upstream job id: Generic-DPDK-Compile-Meson#365202

Test environment and result as below:

+-------------------+--------------------+-------------------+------------------+
|    Environment    | dpdk_meson_compile | dpdk_compile_spdk | dpdk_compile_ovs |
+===================+====================+===================+==================+
| CentOS Stream 9   | PASS               | PASS              | SKIPPED          |
+-------------------+--------------------+-------------------+------------------+
| CentOS Stream 10  | PASS               | SKIPPED           | SKIPPED          |
+-------------------+--------------------+-------------------+------------------+
| Debian Bullseye   | FAIL               | WARN              | SKIPPED          |
+-------------------+--------------------+-------------------+------------------+
| Fedora 40         | PASS               | PASS              | SKIPPED          |
+-------------------+--------------------+-------------------+------------------+
| Fedora 41 (Clang) | PASS               | PASS              | PASS             |
+-------------------+--------------------+-------------------+------------------+
| Fedora 40 (Clang) | PASS               | PASS              | SKIPPED          |
+-------------------+--------------------+-------------------+------------------+
| Debian 12         | PASS               | PASS              | SKIPPED          |
+-------------------+--------------------+-------------------+------------------+
| RHEL8             | PASS               | SKIPPED           | SKIPPED          |
+-------------------+--------------------+-------------------+------------------+
| openSUSE Leap 15  | PASS               | SKIPPED           | SKIPPED          |
+-------------------+--------------------+-------------------+------------------+
| Fedora 41         | PASS               | PASS              | PASS             |
+-------------------+--------------------+-------------------+------------------+
| RHEL9             | PASS               | SKIPPED           | SKIPPED          |
+-------------------+--------------------+-------------------+------------------+
| Ubuntu 20.04      | FAIL               | SKIPPED           | SKIPPED          |
+-------------------+--------------------+-------------------+------------------+
| Ubuntu 22.04      | FAIL               | WARN              | SKIPPED          |
+-------------------+--------------------+-------------------+------------------+
| Ubuntu 24.04      | PASS               | PASS              | PASS             |
+-------------------+--------------------+-------------------+------------------+
| Alpine            | PASS               | SKIPPED           | SKIPPED          |
+-------------------+--------------------+-------------------+------------------+
| FreeBSD 13.4      | PASS               | SKIPPED           | SKIPPED          |
+-------------------+--------------------+-------------------+------------------+
| FreeBSD 14.2      | PASS               | SKIPPED           | SKIPPED          |
+-------------------+--------------------+-------------------+------------------+

==== 20 line log output for Ubuntu 22.04 (dpdk_compile_spdk): ====
 --- Failed to get log output --- 
==== End log output ====

CentOS Stream 9
	Kernel: Depends on container host
	Compiler: gcc 11.5.0 20240719 (Red Hat 11.5.0-2)

CentOS Stream 10
	Kernel: Depends on container host
	Compiler: gcc 14.2.1 20241104 (Red Hat 14.2.1-6)

Debian Bullseye
	Kernel: Depends on container host
	Compiler: gcc (Debian 10.2.1-6) 10.2.1 20210110

Fedora 40
	Kernel: Depends on container host
	Compiler: gcc 14.2.1 20240912 (Red Hat 14.2.1-3)

Fedora 41 (Clang)
	Kernel: Depends on container host
	Compiler: clang 19.1.5 (Fedora 19.1.5-1.fc41)

Fedora 40 (Clang)
	Kernel: Depends on container host
	Compiler: clang 18.1.8 (Fedora 18.1.8-1.fc40)

Debian 12
	Kernel: Depends on container host
	Compiler: gcc (Debian 12.2.0-14) 12.2.0

RHEL8
	Kernel: Depends on container host
	Compiler: gcc 8.5.0 20210514 (Red Hat 8.5.0-22)

openSUSE Leap 15
	Kernel: Depends on container host
	Compiler: gcc (SUSE Linux) 7.5.0

Fedora 41
	Kernel: Depends on container host
	Compiler: gcc 14.2.1 20240912 (Red Hat 14.2.1-3)

RHEL9
	Kernel: Depends on container host
	Compiler: gcc 11.5.0 20240719 (Red Hat 11.5.0-2)

Ubuntu 20.04
	Kernel: Depends on container host
	Compiler: gcc (Ubuntu 9.4.0-1ubuntu1~20.04.2) 9.4.0

Ubuntu 22.04
	Kernel: Depends on container host
	Compiler: gcc (Ubuntu 11.4.0-1ubuntu1~22.04) 11.4.0

Ubuntu 24.04
	Kernel: Depends on container host
	Compiler: gcc (Ubuntu 13.3.0-6ubuntu2~24.04) 13.3.0

Alpine
	Kernel: Depends on container host
	Compiler: gcc (Alpine 14.2.0) 14.2.0

FreeBSD 13.4
	Kernel: 13.4-RELEASE-p1
	Compiler: clang 18.1.6

FreeBSD 14.2
	Kernel: 14.2-RELEASE
	Compiler: clang 18.1.6

To view detailed results, visit:
https://lab.dpdk.org/results/dashboard/patchsets/32681/

UNH-IOL DPDK Community Lab

To manage your email subscriptions, visit: 
https://lab.dpdk.org/results/dashboard/preferences/subscriptions/