From mboxrd@z Thu Jan 1 00:00:00 1970 Return-Path: Received: from mails.dpdk.org (mails.dpdk.org [217.70.189.124]) by inbox.dpdk.org (Postfix) with ESMTP id 8DD77462BB for ; Tue, 25 Feb 2025 20:17:32 +0100 (CET) Received: from mails.dpdk.org (localhost [127.0.0.1]) by mails.dpdk.org (Postfix) with ESMTP id 8764C402D2; Tue, 25 Feb 2025 20:17:32 +0100 (CET) Received: from mail-pl1-f226.google.com (mail-pl1-f226.google.com [209.85.214.226]) by mails.dpdk.org (Postfix) with ESMTP id 6A03E402AE for ; Tue, 25 Feb 2025 20:17:31 +0100 (CET) Received: by mail-pl1-f226.google.com with SMTP id d9443c01a7336-220f4dd756eso127667105ad.3 for ; Tue, 25 Feb 2025 11:17:31 -0800 (PST) DKIM-Signature: v=1; a=rsa-sha256; c=relaxed/relaxed; d=iol.unh.edu; s=unh-iol; t=1740511050; x=1741115850; darn=dpdk.org; h=references:in-reply-to:cc:to:from:subject:message-id:date:from:to :cc:subject:date:message-id:reply-to; bh=7Yrx7fe+5Yv2462fD62u+dlbPbGHLTbGmrOhD55NcYY=; b=Y4OciiS79YsgH2JA7IVR/tEG8ZSEm/w3QZVglMQjmCQAPuAkfxSgTa6hByNFmRW/OQ pHkRxo5s6YgY2KasisEgYwACMrZ/qPNfuRZDAmvlyRRY/IzEmcSKTdQlN4JIBnAPzfhh v4DLBk+cjOeQAcPjhTuuSY9lPNmZQhcmi60ro= X-Google-DKIM-Signature: v=1; a=rsa-sha256; c=relaxed/relaxed; d=1e100.net; s=20230601; t=1740511050; x=1741115850; h=references:in-reply-to:cc:to:from:subject:message-id:date :x-gm-message-state:from:to:cc:subject:date:message-id:reply-to; bh=7Yrx7fe+5Yv2462fD62u+dlbPbGHLTbGmrOhD55NcYY=; b=DCwh7Qam6el/jfJeXvNWm7szbo8diTHf29u4STSKz10w/hlu4jzuwuVI7RMQmvx+Yd Ezt0M0fVY670ja80UQfAxHuAlH5fRxH8NQuuBf80oId36PPLJapHgyTgG7vbDGoSytdv PhoZWO13EwqT6RjfkLGd87yzK3Mb7gySieiGrRU6tMSYiDV6bCFgAWOdFrJVV9CqWg+I NBzn14lQdcnqs+G1Lk813/XX3DFeJdlz4zoie0dUoRiI/dArT8oL6khm0U7JglqMtLYi 6V8SzmTzawcNffZErVIi2p7CEpWzbYR1ymK92VlkG592at2yEx4QDHhZwkHrCxlV66Qi 3qyQ== X-Gm-Message-State: AOJu0Yw4YGU59g+YR91YZ5dk76HkR+ctV3L2aGuEccjwd3IKmYVKd6gA 1ULIO1B8x4UtbF2lT2k6v6y48e2eI3XRxPg4mmi3iBTCmnbJnizxFAf6SB86tKQQ/r/hVi5FHww pAuWK5MwMbTDgdTdWSgJbN0F/FY31EhctUDOAJPdsxMEjbN2va96ExxZa X-Gm-Gg: ASbGncuxGt3L55wCDuFW5avbRQ1Wv9xULJ6GNC3yVeqwpj89NOOFjVdd8+tT7GjPGYf svMmv9C8MZMd7RVcoru0ZtfQks57ph2qtH3zcFD+EgluAadAe7y30m1UNYsfWBqcBKBUraefrSh 79uaZzOdoszNknKF2kG+Y4yI1ORkQ+GMuKzllDlXwF9AG8ohEEiM3rk8SnLb6L+gwgMZUvAWz2W EEYiRS0TG4WyyYWNBrua/Iuuha9iC03tbMuqYbi6aSiApHUCWYo5Xx2NrshrjhKT1au1spoR4MU UMHIUMq4SgAMVUhrBpY2j+xe7xWD+6xcAjDGY9qK+SwZShyrPlYW X-Google-Smtp-Source: AGHT+IHk5OEH3JmeaSJ6yjAYK4KqX3st4Gpga49p4u5kk23n2V+UM6/JuXmvrYzIlAycvvlI/CYI9vBKzxdZ X-Received: by 2002:a05:6a20:9d8f:b0:1ee:e785:a074 with SMTP id adf61e73a8af0-1f0fb42821fmr8499558637.0.1740511050589; Tue, 25 Feb 2025 11:17:30 -0800 (PST) Received: from postal.iol.unh.edu (postal.iol.unh.edu. [2606:4100:3880:1234::84]) by smtp-relay.gmail.com with ESMTPS id 41be03b00d2f7-aeda79a20ecsm89653a12.11.2025.02.25.11.17.30 (version=TLS1_2 cipher=ECDHE-ECDSA-AES128-GCM-SHA256 bits=128/128); Tue, 25 Feb 2025 11:17:30 -0800 (PST) X-Relaying-Domain: iol.unh.edu Date: Tue, 25 Feb 2025 11:17:30 -0800 (PST) Message-ID: <67be174a.630a0220.6d7a5.542eSMTPIN_ADDED_MISSING@mx.google.com> Received: from [172.17.0.3] (unknown [172.18.0.217]) by postal.iol.unh.edu (Postfix) with ESMTP id C4C9A6052471; Tue, 25 Feb 2025 14:17:29 -0500 (EST) Subject: |FAILURE| pw152041-152044 [PATCH] [V1,4/4] net/mlx5/hws: allow diffe From: dpdklab@iol.unh.edu To: Test Report Cc: dpdk-test-reports@iol.unh.edu, Ophir Munk In-Reply-To: <20250225120213.2968616-4-ophirmu@nvidia.com> References: <20250225120213.2968616-4-ophirmu@nvidia.com> Content-Type: text/plain X-BeenThere: test-report@dpdk.org X-Mailman-Version: 2.1.29 Precedence: list List-Id: automatic DPDK test reports List-Unsubscribe: , List-Archive: List-Post: List-Help: List-Subscribe: , Errors-To: test-report-bounces@dpdk.org Test-Label: iol-compile-amd64-testing Test-Status: FAILURE http://dpdk.org/patch/152044 _Testing issues_ Submitter: Ophir Munk Date: Tuesday, February 25 2025 12:02:13 DPDK git baseline: Repo:dpdk Branch: master CommitID:61fc05f1c6a079c0b25b27d1668450134a784d56 152041-152044 --> testing issues Upstream job id: Generic-DPDK-Compile-Meson#365191 Test environment and result as below: +-------------------+--------------------+-------------------+------------------+ | Environment | dpdk_meson_compile | dpdk_compile_spdk | dpdk_compile_ovs | +===================+====================+===================+==================+ | CentOS Stream 9 | PASS | PASS | SKIPPED | +-------------------+--------------------+-------------------+------------------+ | CentOS Stream 10 | PASS | SKIPPED | SKIPPED | +-------------------+--------------------+-------------------+------------------+ | Debian Bullseye | FAIL | WARN | SKIPPED | +-------------------+--------------------+-------------------+------------------+ | Fedora 40 | PASS | PASS | SKIPPED | +-------------------+--------------------+-------------------+------------------+ | Fedora 41 (Clang) | PASS | PASS | PASS | +-------------------+--------------------+-------------------+------------------+ | Fedora 40 (Clang) | PASS | PASS | SKIPPED | +-------------------+--------------------+-------------------+------------------+ | Debian 12 | PASS | PASS | SKIPPED | +-------------------+--------------------+-------------------+------------------+ | RHEL8 | PASS | SKIPPED | SKIPPED | +-------------------+--------------------+-------------------+------------------+ | openSUSE Leap 15 | PASS | SKIPPED | SKIPPED | +-------------------+--------------------+-------------------+------------------+ | Fedora 41 | PASS | PASS | PASS | +-------------------+--------------------+-------------------+------------------+ | RHEL9 | PASS | SKIPPED | SKIPPED | +-------------------+--------------------+-------------------+------------------+ | Ubuntu 20.04 | FAIL | SKIPPED | SKIPPED | +-------------------+--------------------+-------------------+------------------+ | Ubuntu 22.04 | FAIL | WARN | SKIPPED | +-------------------+--------------------+-------------------+------------------+ | Ubuntu 24.04 | PASS | PASS | PASS | +-------------------+--------------------+-------------------+------------------+ | Alpine | PASS | SKIPPED | SKIPPED | +-------------------+--------------------+-------------------+------------------+ | FreeBSD 13.4 | PASS | SKIPPED | SKIPPED | +-------------------+--------------------+-------------------+------------------+ | FreeBSD 14.2 | PASS | SKIPPED | SKIPPED | +-------------------+--------------------+-------------------+------------------+ ==== 20 line log output for Ubuntu 22.04 (dpdk_compile_spdk): ==== --- Failed to get log output --- ==== End log output ==== CentOS Stream 9 Kernel: Depends on container host Compiler: gcc 11.5.0 20240719 (Red Hat 11.5.0-2) CentOS Stream 10 Kernel: Depends on container host Compiler: gcc 14.2.1 20241104 (Red Hat 14.2.1-6) Debian Bullseye Kernel: Depends on container host Compiler: gcc (Debian 10.2.1-6) 10.2.1 20210110 Fedora 40 Kernel: Depends on container host Compiler: gcc 14.2.1 20240912 (Red Hat 14.2.1-3) Fedora 41 (Clang) Kernel: Depends on container host Compiler: clang 19.1.5 (Fedora 19.1.5-1.fc41) Fedora 40 (Clang) Kernel: Depends on container host Compiler: clang 18.1.8 (Fedora 18.1.8-1.fc40) Debian 12 Kernel: Depends on container host Compiler: gcc (Debian 12.2.0-14) 12.2.0 RHEL8 Kernel: Depends on container host Compiler: gcc 8.5.0 20210514 (Red Hat 8.5.0-22) openSUSE Leap 15 Kernel: Depends on container host Compiler: gcc (SUSE Linux) 7.5.0 Fedora 41 Kernel: Depends on container host Compiler: gcc 14.2.1 20240912 (Red Hat 14.2.1-3) RHEL9 Kernel: Depends on container host Compiler: gcc 11.5.0 20240719 (Red Hat 11.5.0-2) Ubuntu 20.04 Kernel: Depends on container host Compiler: gcc (Ubuntu 9.4.0-1ubuntu1~20.04.2) 9.4.0 Ubuntu 22.04 Kernel: Depends on container host Compiler: gcc (Ubuntu 11.4.0-1ubuntu1~22.04) 11.4.0 Ubuntu 24.04 Kernel: Depends on container host Compiler: gcc (Ubuntu 13.3.0-6ubuntu2~24.04) 13.3.0 Alpine Kernel: Depends on container host Compiler: gcc (Alpine 14.2.0) 14.2.0 FreeBSD 13.4 Kernel: 13.4-RELEASE-p1 Compiler: clang 18.1.6 FreeBSD 14.2 Kernel: 14.2-RELEASE Compiler: clang 18.1.6 To view detailed results, visit: https://lab.dpdk.org/results/dashboard/patchsets/32681/ UNH-IOL DPDK Community Lab To manage your email subscriptions, visit: https://lab.dpdk.org/results/dashboard/preferences/subscriptions/