From mboxrd@z Thu Jan 1 00:00:00 1970 Return-Path: Received: from mails.dpdk.org (mails.dpdk.org [217.70.189.124]) by inbox.dpdk.org (Postfix) with ESMTP id 9F727462BB for ; Tue, 25 Feb 2025 20:17:38 +0100 (CET) Received: from mails.dpdk.org (localhost [127.0.0.1]) by mails.dpdk.org (Postfix) with ESMTP id 96735402D2; Tue, 25 Feb 2025 20:17:38 +0100 (CET) Received: from mail-io1-f100.google.com (mail-io1-f100.google.com [209.85.166.100]) by mails.dpdk.org (Postfix) with ESMTP id 169D3402AE for ; Tue, 25 Feb 2025 20:17:37 +0100 (CET) Received: by mail-io1-f100.google.com with SMTP id ca18e2360f4ac-855b77783e9so182553639f.3 for ; Tue, 25 Feb 2025 11:17:37 -0800 (PST) DKIM-Signature: v=1; a=rsa-sha256; c=relaxed/relaxed; d=iol.unh.edu; s=unh-iol; t=1740511056; x=1741115856; darn=dpdk.org; h=references:in-reply-to:cc:to:from:subject:message-id:date:from:to :cc:subject:date:message-id:reply-to; bh=CPFlZdo9pXdW2ryzQ3ml/eINWuYimg58/U9WmX27S4s=; b=gFZY1irrSEzrxgFa49yzaf2WJR9xOKZXYGjwygbscGdcVvMogaaJLt9WncfJZklOg0 p0zepRNUj2k55r9mH533SJqqjJxsEliwtLspEd2+a3E2/mkCNdnX8H0/Z6UiaK8a6Vm1 ThXvHY8Ix8zL6yQuLHDETns7p6wEvT0Ufyv/o= X-Google-DKIM-Signature: v=1; a=rsa-sha256; c=relaxed/relaxed; d=1e100.net; s=20230601; t=1740511056; x=1741115856; h=references:in-reply-to:cc:to:from:subject:message-id:date :x-gm-message-state:from:to:cc:subject:date:message-id:reply-to; bh=CPFlZdo9pXdW2ryzQ3ml/eINWuYimg58/U9WmX27S4s=; b=jVRqGkXqQLc9rj/WIp2LOK/VBwIsDXWVA39io0gqJzRmKPezSEwFl4osi81tVhPJpk wdzxeZYdBYto4ypEYzoVIQ6Uh4dKMpkZZ9/hB4XubltRsqWQdTKUC/DmpDNYBxEYUS+V xSrxLTcryyyBtF0gCcG53jgCvcMhFeUCakRWufCqIYjM4SksB4Gj4r7Wct1ON0INvkp/ 3f3IgkdQDYlrExImF1wDhvXFmEqXXPxXe2xYXWUuQHXYXAVOm0bDnd+7dKWQX9x2kvuZ uvefLHgLbbnoT6oDYNNvqkQMJzIMCSv2bqRrgjEI8Q/CM4kI/GcBUAIybET4aXToWflJ 9djA== X-Gm-Message-State: AOJu0YwRQIIakoo2P9W9/HuPoUWAV7QYfX6YXnM0ln8Nl4KVW4IaJxAg bP4RI02q9DftCHXbI+V8dveueqYAB+WHainl1lkCAKTQ9xSMJdRP8yLhBMTjiiMujwqVE4jmn8M xAoYKxQuDO5oPcRoMwvU75BLxwEbl8d/Y+qt/xxj8 X-Gm-Gg: ASbGncuUjFnXiDWintXq+VmO348hk6Ut3kHJilTJTXMMOczePeAjuGV9/D/xEb0E6Cg 6t3ahp1oaIBXFazN8fWGwyAnNN0Z5LB4gfpsI1kl8tWgSWWdUp3krQ4ZnMe722G6gRA+6D3USUG VYViprhWjRIVuBD6Eu7clyepFApB3ns7SYTXRp80hkXVMNa6dfSpp/OaBqhKJNLaFKkrkhu1gQJ 6hvTjFUh6DQtqGNp60N7DhPfcFLKj4d8blL0xZxjkf+TNHBNiKuHksXP4sptIrmZogxd8Bk1nyP mffqE8sQoCmsog7C/gWPH+A9MT1a4lKRNIfzq4pf X-Google-Smtp-Source: AGHT+IEsrMQ0pSeGXLXjPA0rsKq3Qr3i5XRFIpYP/gDADnG7iCB4FFevsZ0PkmZEsb3s0OrSScL5/y59XBf0 X-Received: by 2002:a05:6602:6b0b:b0:855:bf2b:adba with SMTP id ca18e2360f4ac-855dabb87a5mr2021648339f.8.1740511056337; Tue, 25 Feb 2025 11:17:36 -0800 (PST) Received: from postal.iol.unh.edu (postal.iol.unh.edu. [132.177.123.84]) by smtp-relay.gmail.com with ESMTPS id ca18e2360f4ac-8562093783asm9110639f.9.2025.02.25.11.17.36 (version=TLS1_2 cipher=ECDHE-ECDSA-AES128-GCM-SHA256 bits=128/128); Tue, 25 Feb 2025 11:17:36 -0800 (PST) X-Relaying-Domain: iol.unh.edu Date: Tue, 25 Feb 2025 11:17:36 -0800 (PST) Message-ID: <67be1750.050a0220.2a7119.55caSMTPIN_ADDED_MISSING@mx.google.com> Received: from [172.21.0.7] (unknown [172.18.0.240]) by postal.iol.unh.edu (Postfix) with ESMTP id CCD1F6052471; Tue, 25 Feb 2025 14:17:35 -0500 (EST) Subject: |FAILURE| pw152041-152044 [PATCH] [V1,4/4] net/mlx5/hws: allow diffe From: dpdklab@iol.unh.edu To: Test Report Cc: dpdk-test-reports@iol.unh.edu, Ophir Munk In-Reply-To: <20250225120213.2968616-4-ophirmu@nvidia.com> References: <20250225120213.2968616-4-ophirmu@nvidia.com> Content-Type: text/plain X-BeenThere: test-report@dpdk.org X-Mailman-Version: 2.1.29 Precedence: list List-Id: automatic DPDK test reports List-Unsubscribe: , List-Archive: List-Post: List-Help: List-Subscribe: , Errors-To: test-report-bounces@dpdk.org Test-Label: iol-compile-amd64-testing Test-Status: FAILURE http://dpdk.org/patch/152044 _Testing issues_ Submitter: Ophir Munk Date: Tuesday, February 25 2025 12:02:13 DPDK git baseline: Repo:dpdk Branch: master CommitID:61fc05f1c6a079c0b25b27d1668450134a784d56 152041-152044 --> testing issues Upstream job id: Generic-DPDK-Compile-Meson#365195 Test environment and result as below: +-------------------+--------------------+-------------------+------------------+ | Environment | dpdk_meson_compile | dpdk_compile_spdk | dpdk_compile_ovs | +===================+====================+===================+==================+ | CentOS Stream 9 | PASS | PASS | SKIPPED | +-------------------+--------------------+-------------------+------------------+ | CentOS Stream 10 | PASS | SKIPPED | SKIPPED | +-------------------+--------------------+-------------------+------------------+ | Debian Bullseye | FAIL | WARN | SKIPPED | +-------------------+--------------------+-------------------+------------------+ | Fedora 40 | PASS | PASS | SKIPPED | +-------------------+--------------------+-------------------+------------------+ | Fedora 41 (Clang) | PASS | PASS | PASS | +-------------------+--------------------+-------------------+------------------+ | Fedora 40 (Clang) | PASS | PASS | SKIPPED | +-------------------+--------------------+-------------------+------------------+ | Debian 12 | PASS | PASS | SKIPPED | +-------------------+--------------------+-------------------+------------------+ | RHEL8 | PASS | SKIPPED | SKIPPED | +-------------------+--------------------+-------------------+------------------+ | openSUSE Leap 15 | PASS | SKIPPED | SKIPPED | +-------------------+--------------------+-------------------+------------------+ | Fedora 41 | PASS | PASS | PASS | +-------------------+--------------------+-------------------+------------------+ | RHEL9 | PASS | SKIPPED | SKIPPED | +-------------------+--------------------+-------------------+------------------+ | Ubuntu 20.04 | FAIL | SKIPPED | SKIPPED | +-------------------+--------------------+-------------------+------------------+ | Ubuntu 22.04 | FAIL | WARN | SKIPPED | +-------------------+--------------------+-------------------+------------------+ | Ubuntu 24.04 | PASS | PASS | PASS | +-------------------+--------------------+-------------------+------------------+ | Alpine | PASS | SKIPPED | SKIPPED | +-------------------+--------------------+-------------------+------------------+ | FreeBSD 13.4 | PASS | SKIPPED | SKIPPED | +-------------------+--------------------+-------------------+------------------+ | FreeBSD 14.2 | PASS | SKIPPED | SKIPPED | +-------------------+--------------------+-------------------+------------------+ ==== 20 line log output for Ubuntu 22.04 (dpdk_compile_spdk): ==== --- Failed to get log output --- ==== End log output ==== CentOS Stream 9 Kernel: Depends on container host Compiler: gcc 11.5.0 20240719 (Red Hat 11.5.0-2) CentOS Stream 10 Kernel: Depends on container host Compiler: gcc 14.2.1 20241104 (Red Hat 14.2.1-6) Debian Bullseye Kernel: Depends on container host Compiler: gcc (Debian 10.2.1-6) 10.2.1 20210110 Fedora 40 Kernel: Depends on container host Compiler: gcc 14.2.1 20240912 (Red Hat 14.2.1-3) Fedora 41 (Clang) Kernel: Depends on container host Compiler: clang 19.1.5 (Fedora 19.1.5-1.fc41) Fedora 40 (Clang) Kernel: Depends on container host Compiler: clang 18.1.8 (Fedora 18.1.8-1.fc40) Debian 12 Kernel: Depends on container host Compiler: gcc (Debian 12.2.0-14) 12.2.0 RHEL8 Kernel: Depends on container host Compiler: gcc 8.5.0 20210514 (Red Hat 8.5.0-22) openSUSE Leap 15 Kernel: Depends on container host Compiler: gcc (SUSE Linux) 7.5.0 Fedora 41 Kernel: Depends on container host Compiler: gcc 14.2.1 20240912 (Red Hat 14.2.1-3) RHEL9 Kernel: Depends on container host Compiler: gcc 11.5.0 20240719 (Red Hat 11.5.0-2) Ubuntu 20.04 Kernel: Depends on container host Compiler: gcc (Ubuntu 9.4.0-1ubuntu1~20.04.2) 9.4.0 Ubuntu 22.04 Kernel: Depends on container host Compiler: gcc (Ubuntu 11.4.0-1ubuntu1~22.04) 11.4.0 Ubuntu 24.04 Kernel: Depends on container host Compiler: gcc (Ubuntu 13.3.0-6ubuntu2~24.04) 13.3.0 Alpine Kernel: Depends on container host Compiler: gcc (Alpine 14.2.0) 14.2.0 FreeBSD 13.4 Kernel: 13.4-RELEASE-p1 Compiler: clang 18.1.6 FreeBSD 14.2 Kernel: 14.2-RELEASE Compiler: clang 18.1.6 To view detailed results, visit: https://lab.dpdk.org/results/dashboard/patchsets/32681/ UNH-IOL DPDK Community Lab To manage your email subscriptions, visit: https://lab.dpdk.org/results/dashboard/preferences/subscriptions/