From mboxrd@z Thu Jan 1 00:00:00 1970 Return-Path: Received: from mails.dpdk.org (mails.dpdk.org [217.70.189.124]) by inbox.dpdk.org (Postfix) with ESMTP id 5C02C462BB for ; Tue, 25 Feb 2025 21:18:30 +0100 (CET) Received: from mails.dpdk.org (localhost [127.0.0.1]) by mails.dpdk.org (Postfix) with ESMTP id 533BA402D7; Tue, 25 Feb 2025 21:18:30 +0100 (CET) Received: from mail-qv1-f100.google.com (mail-qv1-f100.google.com [209.85.219.100]) by mails.dpdk.org (Postfix) with ESMTP id EC7C0402D4 for ; Tue, 25 Feb 2025 21:18:28 +0100 (CET) Received: by mail-qv1-f100.google.com with SMTP id 6a1803df08f44-6e6846bcde2so47827066d6.1 for ; Tue, 25 Feb 2025 12:18:28 -0800 (PST) DKIM-Signature: v=1; a=rsa-sha256; c=relaxed/relaxed; d=iol.unh.edu; s=unh-iol; t=1740514708; x=1741119508; darn=dpdk.org; h=references:in-reply-to:cc:to:from:subject:message-id:date:from:to :cc:subject:date:message-id:reply-to; bh=RZGtB3g+n+epC+SO1yDuvzzclEJE4bmsmYNAPxiMVFU=; b=Qh8GfBzQulQIbgtbAmTEV50bqihvLn+GqPvGbzLhcY4T7rQ7X35pZPma2mVN0h6Y9B obPJqsZTk8Mmvp7MNkm8meASlE6pwzJfR/NNgD1CJTYU8MT3gx2KmRXYVumvKBVyxyhx mpceYu2dcW9cloIa9W7wWdJMIuXWKP5K2CxRs= X-Google-DKIM-Signature: v=1; a=rsa-sha256; c=relaxed/relaxed; d=1e100.net; s=20230601; t=1740514708; x=1741119508; h=references:in-reply-to:cc:to:from:subject:message-id:date :x-gm-message-state:from:to:cc:subject:date:message-id:reply-to; bh=RZGtB3g+n+epC+SO1yDuvzzclEJE4bmsmYNAPxiMVFU=; b=EZQbKVSNkAyS8UNJoN75Ss76pfWyJRGThlZtE4ZKDhNU7zgHrbDKcAsz0oyyzUyHLZ JVuvH7ep12h1Qb1TOxH5d5lmEVutHYoHJbGMd6PtThUt8CzuurorrmgU+PLVgQW63CA9 RiO32TP0UiPiPHUWL+CYevBVW68Pym3CnaAgx5dIWGtK1w38YDoQ/knd5keD103Ejode 33JPQvNTLfa4+8xr3yjLJEzDXlR2t7eXay44kofvYa3Zi3XniaFTxAEOYTRrT/zakn3Y krc/iPrQaepzTCc1O4y2xho5dTvh3eHba3TpnIY8ov4RnPFpZiebwqucv23Y6z/adpLw /+cw== X-Gm-Message-State: AOJu0Yx0aYsHjixfsmsLPQdke1xd2TvYKC/Zfl2WCoKFaUwynCnr4d4V twWXLXCvFni2RLBvzxgWuCsnAQotWaGKxKtZ3h8El/+qcu8d9v1viMpQrZ0ucaByue8CCELrtGR m6iY9B9w0fYXARQBAWyFYxE5AXr1KO/J+nF9l/unJpUo5GRMzag0/1D0a X-Gm-Gg: ASbGncvt8PrsSFwhA6XpM72bFVQ+ECffgJu8MeTwU7KMxiq7LLsTBw2Cu1+WuSWhgTR lOS/QRVFI1/vPx6ZCARqoQrqM9f4ZmKVUTHEpvUg/jK24D0KMa0VVCnrbC17VXevmPP9TYRu9Jj n5SO5M63e+BrscjTr6TCXd/59o5h1SPrttcC6ECFva4vTajshE4+qWFztAG18ZGmu421DjTT1Ki QWAWwhujTS0fk15jsv8tjxbR/Y0YcvFcWbAl2KgrQDKzndeW4H/g88dYOmIcDg/9sILqjH/GtHa BHWn+sKHahdRVxWlvjh5k5KO197GiLvPqXpmz/NGYiBj2EcnHOkq X-Google-Smtp-Source: AGHT+IGIRb0LxKSkx9IeYPVYB3HSRNzp+X3phsy5K8GuKTOd6kaQZtT6q5pYzRWli4P6tdpOFyB7fVQAaKUd X-Received: by 2002:a05:6214:c45:b0:6e6:6699:2276 with SMTP id 6a1803df08f44-6e87ab700eamr65184976d6.26.1740514708367; Tue, 25 Feb 2025 12:18:28 -0800 (PST) Received: from postal.iol.unh.edu (postal.iol.unh.edu. [2606:4100:3880:1234::84]) by smtp-relay.gmail.com with ESMTPS id 6a1803df08f44-6e87b0d9c35sm1061236d6.53.2025.02.25.12.18.28 (version=TLS1_2 cipher=ECDHE-ECDSA-AES128-GCM-SHA256 bits=128/128); Tue, 25 Feb 2025 12:18:28 -0800 (PST) X-Relaying-Domain: iol.unh.edu Date: Tue, 25 Feb 2025 12:18:28 -0800 (PST) Message-ID: <67be2594.d40a0220.74160.6392SMTPIN_ADDED_MISSING@mx.google.com> Received: from [172.21.0.7] (unknown [172.18.0.240]) by postal.iol.unh.edu (Postfix) with ESMTP id 07D8B6052471; Tue, 25 Feb 2025 15:18:28 -0500 (EST) Subject: |FAILURE| pw152041-152044 [PATCH] [V1,4/4] net/mlx5/hws: allow diffe From: dpdklab@iol.unh.edu To: Test Report Cc: dpdk-test-reports@iol.unh.edu, Ophir Munk In-Reply-To: <20250225120213.2968616-4-ophirmu@nvidia.com> References: <20250225120213.2968616-4-ophirmu@nvidia.com> Content-Type: text/plain X-BeenThere: test-report@dpdk.org X-Mailman-Version: 2.1.29 Precedence: list List-Id: automatic DPDK test reports List-Unsubscribe: , List-Archive: List-Post: List-Help: List-Subscribe: , Errors-To: test-report-bounces@dpdk.org Test-Label: iol-compile-arm64-testing Test-Status: FAILURE http://dpdk.org/patch/152044 _Testing issues_ Submitter: Ophir Munk Date: Tuesday, February 25 2025 12:02:13 DPDK git baseline: Repo:dpdk Branch: master CommitID:61fc05f1c6a079c0b25b27d1668450134a784d56 152041-152044 --> testing issues Upstream job id: Generic-DPDK-Compile-Meson#365210 Test environment and result as below: +----------------------------------------+--------------------+ | Environment | dpdk_meson_compile | +========================================+====================+ | RHEL9 (ARM) | PASS | +----------------------------------------+--------------------+ | Ubuntu 20.04 ARM GCC Cross Compile | PASS | +----------------------------------------+--------------------+ | Ubuntu 20.04 ARM SVE | PASS | +----------------------------------------+--------------------+ | Fedora 40 (ARM Clang) | PASS | +----------------------------------------+--------------------+ | Fedora 40 (ARM) | PASS | +----------------------------------------+--------------------+ | Debian 12 with MUSDK | PASS | +----------------------------------------+--------------------+ | Ubuntu 20.04 (ARM) | FAIL | +----------------------------------------+--------------------+ | Fedora 41 (ARM Clang) | PASS | +----------------------------------------+--------------------+ | Ubuntu 22.04 (ARM) | FAIL | +----------------------------------------+--------------------+ | Ubuntu 24.04 (ARM) | PASS | +----------------------------------------+--------------------+ | CentOS Stream 9 (ARM) | PASS | +----------------------------------------+--------------------+ | CentOS Stream 10 (ARM) | PASS | +----------------------------------------+--------------------+ | Debian 11 (Buster) (ARM) | FAIL | +----------------------------------------+--------------------+ | Debian 12 (arm) | PASS | +----------------------------------------+--------------------+ | Ubuntu 20.04 ARM Clang Cross Compile | PASS | +----------------------------------------+--------------------+ | Ubuntu 20.04 aarch32 GCC Cross Compile | PASS | +----------------------------------------+--------------------+ | Fedora 41 (ARM) | PASS | +----------------------------------------+--------------------+ ==== 20 line log output for Debian 11 (Buster) (ARM) (dpdk_meson_compile): ==== [1977/3400] Compiling C object drivers/libtmp_rte_net_mlx5.a.p/net_mlx5_mlx5_utils.c.o [1978/3400] Compiling C object drivers/libtmp_rte_net_mlx5.a.p/net_mlx5_mlx5_devx.c.o [1979/3400] Compiling C object drivers/libtmp_rte_net_mlx5.a.p/net_mlx5_mlx5_nta_rss.c.o [1980/3400] Compiling C object drivers/libtmp_rte_net_mlx5.a.p/net_mlx5_mlx5_flow_geneve.c.o [1981/3400] Compiling C object drivers/libtmp_rte_net_mlx5.a.p/net_mlx5_mlx5_flow_hw.c.o FAILED: drivers/libtmp_rte_net_mlx5.a.p/net_mlx5_mlx5_flow_hw.c.o ccache cc -Idrivers/libtmp_rte_net_mlx5.a.p -Idrivers -I../drivers -Idrivers/net/mlx5 -I../drivers/net/mlx5 -Idrivers/net/mlx5/linux -I../drivers/net/mlx5/linux -Idrivers/net/mlx5/hws -I../drivers/net/mlx5/hws -Ilib/ethdev -I../lib/ethdev -I. -I.. -Iconfig -I../config -Ilib/eal/include -I../lib/eal/include -Ilib/eal/linux/include -I../lib/eal/linux/include -Ilib/eal/arm/include -I../lib/eal/arm/include -I../kernel/linux -Ilib/eal/common -I../lib/eal/common -Ilib/eal -I../lib/eal -Ilib/kvargs -I../lib/kvargs -Ilib/log -I../lib/log -Ilib/metrics -I../lib/metrics -Ilib/telemetry -I../lib/telemetry -Ilib/net -I../lib/net -Ilib/mbuf -I../lib/mbuf -Ilib/mempool -I../lib/mempool -Ilib/ring -I../lib/ring -Ilib/meter -I../lib/meter -Idrivers/bus/pci -I../drivers/bus/pci -I../drivers/bus/pci/linux -Ilib/pci -I../lib/pci -Idrivers/bus/vdev -I../drivers/bus/vdev -Ilib/hash -I../lib/hash -Ilib/rcu -I../lib/rcu -Idrivers/common/mlx5 -I../drivers/common/mlx5 -Idrivers/common/mlx5/linux -I../drivers /common/mlx5/linux -Idrivers/bus/auxiliary -I../drivers/bus/auxiliary -I/usr/include/libnl3 -fdiagnostics-color=always -pipe -D_FILE_OFFSET_BITS=64 -Wall -Winvalid-pch -Wextra -Werror -std=c11 -O3 -include rte_config.h -Wvla -Wcast-qual -Wdeprecated -Wformat -Wformat-nonliteral -Wformat-security -Wmissing-declarations -Wmissing-prototypes -Wnested-externs -Wold-style-definition -Wpointer-arith -Wsign-compare -Wstrict-prototypes -Wundef -Wwrite-strings -Wno-packed-not-aligned -Wno-missing-field-initializers -D_GNU_SOURCE -fPIC -march=armv8.1-a+crc+crypto -DALLOW_EXPERIMENTAL_API -DALLOW_INTERNAL_API -Wno-format-truncation -Wno-address-of-packed-member -std=c11 -Wno-strict-prototypes -D_BSD_SOURCE -D_DEFAULT_SOURCE -D_XOPEN_SOURCE=600 -UPEDANTIC -Wno-vla -DRTE_LOG_DEFAULT_LOGTYPE=pmd.net.mlx5 -MD -MQ drivers/libtmp_rte_net_mlx5.a.p/net_mlx5_mlx5_flow_hw.c.o -MF drivers/libtmp_rte_net_mlx5.a.p/net_mlx5_mlx5_flow_hw.c.o.d -o drivers/libtmp_rte_net_mlx5.a.p/net_mlx5_mlx5_flow_hw.c.o -c . ./drivers/net/mlx5/mlx5_flow_hw.c ../drivers/net/mlx5/mlx5_flow_hw.c: In function 'mlx5_flow_hw_actions_validate': ../drivers/net/mlx5/mlx5_flow_hw.c:7238:7: error: unused variable 'res' [-Werror=unused-variable] 7238 | bool res; | ^~~ ../drivers/net/mlx5/mlx5_flow_hw.c: In function 'flow_hw_create_send_to_kernel_actions': ../drivers/net/mlx5/mlx5_flow_hw.c:9652:57: error: unused parameter 'priv' [-Werror=unused-parameter] 9652 | flow_hw_create_send_to_kernel_actions(struct mlx5_priv *priv, bool is_proxy) | ~~~~~~~~~~~~~~~~~~^~~~ ../drivers/net/mlx5/mlx5_flow_hw.c:9652:68: error: unused parameter 'is_proxy' [-Werror=unused-parameter] 9652 | flow_hw_create_send_to_kernel_actions(struct mlx5_priv *priv, bool is_proxy) | ^ cc1: all warnings being treated as errors ninja: build stopped: subcommand failed. ==== End log output ==== RHEL9 (ARM) Kernel: Depends on container host Compiler: gcc 11.5.0 20240719 (Red Hat 11.5.0-2) Ubuntu 20.04 ARM GCC Cross Compile Kernel: Depends on container host Compiler: aarch64-linux-gnu-gcc (Ubuntu 9.4.0-1ubuntu1~20.04.2) 9.4.0 Ubuntu 20.04 ARM SVE Kernel: Depends on container host Compiler: gcc (Ubuntu 10.5.0-1ubuntu1~20.04) 10.5.0 Fedora 40 (ARM Clang) Kernel: Depends on container host Compiler: clang 18.1.8 (Fedora 18.1.8-1.fc40) Fedora 40 (ARM) Kernel: Depends on container host Compiler: gcc 14.2.1 20240912 (Red Hat 14.2.1-3) Debian 12 with MUSDK Kernel: Depends on container host Compiler: gcc (Debian 12.2.0-14) 12.2.0 Ubuntu 20.04 (ARM) Kernel: Depends on container host Compiler: gcc (Ubuntu 9.4.0-1ubuntu1~20.04.2) 9.4.0 Fedora 41 (ARM Clang) Kernel: Depends on container host Compiler: clang 19.1.5 (Fedora 19.1.5-1.fc41) Ubuntu 22.04 (ARM) Kernel: Depends on container host Compiler: gcc (Ubuntu 11.4.0-1ubuntu1~22.04) 11.4.0 Ubuntu 24.04 (ARM) Kernel: Depends on container host Compiler: gcc (Ubuntu 13.3.0-6ubuntu2~24.04) 13.3.0 CentOS Stream 9 (ARM) Kernel: Depends on container host Compiler: gcc 11.5.0 20240719 (Red Hat 11.5.0-2) CentOS Stream 10 (ARM) Kernel: Depends on container host Compiler: gcc 14.2.1 20241104 (Red Hat 14.2.1-6) Debian 11 (Buster) (ARM) Kernel: Depends on container host Compiler: gcc (Debian 10.2.1-6) 10.2.1 20210110 Debian 12 (arm) Kernel: Depends on container host Compiler: gcc (Debian 12.2.0-14) 12.2.0 Ubuntu 20.04 ARM Clang Cross Compile Kernel: Depends on container host Compiler: clang 10.0.0-4ubuntu1 Ubuntu 20.04 aarch32 GCC Cross Compile Kernel: Depends on container host Compiler: gcc 9.4.0 Fedora 41 (ARM) Kernel: Depends on container host Compiler: gcc 14.2.1 20240912 (Red Hat 14.2.1-3) To view detailed results, visit: https://lab.dpdk.org/results/dashboard/patchsets/32681/ UNH-IOL DPDK Community Lab To manage your email subscriptions, visit: https://lab.dpdk.org/results/dashboard/preferences/subscriptions/