From mboxrd@z Thu Jan  1 00:00:00 1970
Return-Path: <test-report-bounces@dpdk.org>
Received: from mails.dpdk.org (mails.dpdk.org [217.70.189.124])
	by inbox.dpdk.org (Postfix) with ESMTP id 2F3B0462F7
	for <public@inbox.dpdk.org>; Sat,  1 Mar 2025 20:02:57 +0100 (CET)
Received: from mails.dpdk.org (localhost [127.0.0.1])
	by mails.dpdk.org (Postfix) with ESMTP id 24E5C40287;
	Sat,  1 Mar 2025 20:02:57 +0100 (CET)
Received: from mail-il1-f226.google.com (mail-il1-f226.google.com
 [209.85.166.226])
 by mails.dpdk.org (Postfix) with ESMTP id CCF6240281
 for <test-report@dpdk.org>; Sat,  1 Mar 2025 20:02:55 +0100 (CET)
Received: by mail-il1-f226.google.com with SMTP id
 e9e14a558f8ab-3d3dd76a825so11513065ab.2
 for <test-report@dpdk.org>; Sat, 01 Mar 2025 11:02:55 -0800 (PST)
DKIM-Signature: v=1; a=rsa-sha256; c=relaxed/relaxed;
 d=iol.unh.edu; s=unh-iol; t=1740855775; x=1741460575; darn=dpdk.org;
 h=references:in-reply-to:cc:to:from:subject:message-id:date:from:to
 :cc:subject:date:message-id:reply-to;
 bh=ldtDZ/HO3o7juZcyqdYGkQyouudku+MU2kCVMCp2bys=;
 b=Ck2odS8BS3f810jnuH9iL6vbPbtalaFywLfhFysf44rogMufn1ldFD+1hLutPxQIuU
 +CMOK2GlXF3c1XgYivBgiRxSGIJRQonbAL2R0bnxUO12RFo2GLS/aXGMOeKarau8jVRu
 kGAWN0STqB+Ks/kL0lOpjGz2k3MuQ1wosOmxk=
X-Google-DKIM-Signature: v=1; a=rsa-sha256; c=relaxed/relaxed;
 d=1e100.net; s=20230601; t=1740855775; x=1741460575;
 h=references:in-reply-to:cc:to:from:subject:message-id:date
 :x-gm-message-state:from:to:cc:subject:date:message-id:reply-to;
 bh=ldtDZ/HO3o7juZcyqdYGkQyouudku+MU2kCVMCp2bys=;
 b=vgUzj0ayEAxcefTW6cnoK9+95ijbpJRxSxpWVDsJ+xxlGTvFpLmRVyOaSDXSudzKuW
 ZIDjvJ5y050DJ8FwhZbkiRkfELLPKrFoyW5netQJpPNeiv/f8BVoGM9A1BIE2hslcx29
 7zIzUiN796Xv2m7Yu8nju2hW1MnuqnfSrf2Q6Pivsaux16v3CoAAiyrKhN2HOU5TJWJ3
 JS21p1oX0BEMYI7FZg7MlDwskBl+K+Kdp7T5YF8ei7c0mquX+GK5STKcGnFD6lNowJwg
 9G0TmKAd3ioxMZjK6heDdwFbkMzRlB6uRnzUFlAXUPPuSmefJjohQyApUG+zB6X6OlB4
 WwGg==
X-Gm-Message-State: AOJu0YwT+0t5ZXM7vceP5I+03+GB+av1prsqZU5U8Lg6gk3Xy0Jt7x6u
 sx9omcArUap+rvFj2J5QvXG8AH4dd7EoaDk2B4E5XI8IhEKSZ5Jk9BQrcSgOq1lcbRQeDRE3KAi
 0xxXNGeB+tx1XQpALfSv6WNqhSdhv6X7pdzT15JU/
X-Gm-Gg: ASbGnctLRdR8hJ2OIYg0+s/8NJvhxzCCnUgtD1cJPDekf0JTBxUoaszBddMYBIyUFLf
 wfQRPq1Gf9ZxQkVz1j2MdkolfW0B94PD5i8T4rX9s7HFimg53VXNGbT92E+o8FXPJDaw7eedwoX
 vltSNxJQklJCW879EzECgARk7Ndkvp6IGWZ6epu6w25oo71ggU0Y9JOhUqJSjf6gyaHi912YqqW
 gusn9F1+Fsh/Ysize2PwWaBoBMlIdtnHp4v45+fMijaPoOoDotQmV4RuV1tVZwuQv872PWp8wbG
 YRflis4P/o74FJcOd4FfcOanqLvkqMv8jD4bpSWO
X-Google-Smtp-Source: AGHT+IGXxQBBjjN3NmxVfO0BM/kd/JWj5i58V+jvEH8d1PiHTzi1hQ8vKusR5BqivQEQb0fxeVL9iBOeaLg9
X-Received: by 2002:a92:c567:0:b0:3d3:fa64:c6ed with SMTP id
 e9e14a558f8ab-3d3fa64c95bmr15265295ab.7.1740855775145; 
 Sat, 01 Mar 2025 11:02:55 -0800 (PST)
Received: from postal.iol.unh.edu (postal.iol.unh.edu. [132.177.123.84])
 by smtp-relay.gmail.com with ESMTPS id
 e9e14a558f8ab-3d3dee5d9d1sm3260735ab.12.2025.03.01.11.02.55
 (version=TLS1_2 cipher=ECDHE-ECDSA-AES128-GCM-SHA256 bits=128/128);
 Sat, 01 Mar 2025 11:02:55 -0800 (PST)
X-Relaying-Domain: iol.unh.edu
Date: Sat, 01 Mar 2025 11:02:55 -0800 (PST)
Message-ID: <67c359df.050a0220.3570c4.1d7fSMTPIN_ADDED_MISSING@mx.google.com>
Received: from [172.21.0.7] (unknown [172.18.0.240])
 by postal.iol.unh.edu (Postfix) with ESMTP id 8A79E6052471;
 Sat,  1 Mar 2025 14:02:54 -0500 (EST)
Subject: |FAILURE| pw152060 [PATCH] [v3] net/mlx5: add eCPRI support
From: dpdklab@iol.unh.edu
To: Test Report <test-report@dpdk.org>
Cc: dpdk-test-reports@iol.unh.edu, Bing Zhao <bingz@nvidia.com>
In-Reply-To: <20250226071724.12769-1-bingz@nvidia.com>
References: <20250226071724.12769-1-bingz@nvidia.com>
Content-Type: text/plain
X-BeenThere: test-report@dpdk.org
X-Mailman-Version: 2.1.29
Precedence: list
List-Id: automatic DPDK test reports <test-report.dpdk.org>
List-Unsubscribe: <https://mails.dpdk.org/options/test-report>,
 <mailto:test-report-request@dpdk.org?subject=unsubscribe>
List-Archive: <http://mails.dpdk.org/archives/test-report/>
List-Post: <mailto:test-report@dpdk.org>
List-Help: <mailto:test-report-request@dpdk.org?subject=help>
List-Subscribe: <https://mails.dpdk.org/listinfo/test-report>,
 <mailto:test-report-request@dpdk.org?subject=subscribe>
Errors-To: test-report-bounces@dpdk.org

Test-Label: iol-compile-amd64-testing
Test-Status: FAILURE
http://dpdk.org/patch/152060

_Testing issues_

Submitter: Bing Zhao <bingz@nvidia.com>
Date: Wednesday, February 26 2025 07:17:24 
DPDK git baseline: Repo:dpdk
  Branch: master
  CommitID:5813fc4238f10b5cc2aa008b0116c977712820d7

152060 --> testing issues

Upstream job id: Generic-DPDK-Compile-Meson#367713

Test environment and result as below:

+-------------------+--------------------+-------------------+------------------+
|    Environment    | dpdk_meson_compile | dpdk_compile_spdk | dpdk_compile_ovs |
+===================+====================+===================+==================+
| CentOS Stream 10  | PASS               | SKIPPED           | SKIPPED          |
+-------------------+--------------------+-------------------+------------------+
| CentOS Stream 9   | PEND               | PEND              | SKIPPED          |
+-------------------+--------------------+-------------------+------------------+
| Debian 12         | PEND               | PEND              | SKIPPED          |
+-------------------+--------------------+-------------------+------------------+
| Debian Bullseye   | FAIL               | WARN              | SKIPPED          |
+-------------------+--------------------+-------------------+------------------+
| Fedora 40         | PEND               | PEND              | SKIPPED          |
+-------------------+--------------------+-------------------+------------------+
| Fedora 41 (Clang) | PEND               | PEND              | PEND             |
+-------------------+--------------------+-------------------+------------------+
| Fedora 40 (Clang) | PEND               | PEND              | SKIPPED          |
+-------------------+--------------------+-------------------+------------------+
| openSUSE Leap 15  | PEND               | SKIPPED           | SKIPPED          |
+-------------------+--------------------+-------------------+------------------+
| Fedora 41         | PEND               | PEND              | PEND             |
+-------------------+--------------------+-------------------+------------------+
| RHEL8             | PEND               | SKIPPED           | SKIPPED          |
+-------------------+--------------------+-------------------+------------------+
| RHEL9             | PEND               | SKIPPED           | SKIPPED          |
+-------------------+--------------------+-------------------+------------------+
| Ubuntu 22.04      | PEND               | PEND              | SKIPPED          |
+-------------------+--------------------+-------------------+------------------+

==== 20 line log output for Debian Bullseye (dpdk_compile_spdk): ====
 --- Failed to get log output --- 
==== End log output ====

CentOS Stream 10
	Kernel: Depends on container host
	Compiler: gcc 14.2.1 20241104 (Red Hat 14.2.1-6)

CentOS Stream 9
	Kernel: Depends on container host
	Compiler: gcc 11.5.0 20240719 (Red Hat 11.5.0-2)

Debian 12
	Kernel: Depends on container host
	Compiler: gcc (Debian 12.2.0-14) 12.2.0

Debian Bullseye
	Kernel: Depends on container host
	Compiler: gcc (Debian 10.2.1-6) 10.2.1 20210110

Fedora 40
	Kernel: Depends on container host
	Compiler: gcc 14.2.1 20240912 (Red Hat 14.2.1-3)

Fedora 41 (Clang)
	Kernel: Depends on container host
	Compiler: clang 19.1.5 (Fedora 19.1.5-1.fc41)

Fedora 40 (Clang)
	Kernel: Depends on container host
	Compiler: clang 18.1.8 (Fedora 18.1.8-1.fc40)

openSUSE Leap 15
	Kernel: Depends on container host
	Compiler: gcc (SUSE Linux) 7.5.0

Fedora 41
	Kernel: Depends on container host
	Compiler: gcc 14.2.1 20240912 (Red Hat 14.2.1-3)

RHEL8
	Kernel: Depends on container host
	Compiler: gcc 8.5.0 20210514 (Red Hat 8.5.0-22)

RHEL9
	Kernel: Depends on container host
	Compiler: gcc 11.5.0 20240719 (Red Hat 11.5.0-2)

Ubuntu 22.04
	Kernel: Depends on container host
	Compiler: gcc (Ubuntu 11.4.0-1ubuntu1~22.04) 11.4.0

To view detailed results, visit:
https://lab.dpdk.org/results/dashboard/patchsets/32688/

UNH-IOL DPDK Community Lab

To manage your email subscriptions, visit: 
https://lab.dpdk.org/results/dashboard/preferences/subscriptions/