From mboxrd@z Thu Jan  1 00:00:00 1970
Return-Path: <test-report-bounces@dpdk.org>
Received: from mails.dpdk.org (mails.dpdk.org [217.70.189.124])
	by inbox.dpdk.org (Postfix) with ESMTP id 925384635B
	for <public@inbox.dpdk.org>; Thu,  6 Mar 2025 15:02:22 +0100 (CET)
Received: from mails.dpdk.org (localhost [127.0.0.1])
	by mails.dpdk.org (Postfix) with ESMTP id 66FF74065F;
	Thu,  6 Mar 2025 15:02:22 +0100 (CET)
Received: from mail-qv1-f97.google.com (mail-qv1-f97.google.com
 [209.85.219.97]) by mails.dpdk.org (Postfix) with ESMTP id CA11C402DE
 for <test-report@dpdk.org>; Thu,  6 Mar 2025 15:02:20 +0100 (CET)
Received: by mail-qv1-f97.google.com with SMTP id
 6a1803df08f44-6e86b92d3b0so4914286d6.2
 for <test-report@dpdk.org>; Thu, 06 Mar 2025 06:02:20 -0800 (PST)
DKIM-Signature: v=1; a=rsa-sha256; c=relaxed/relaxed;
 d=iol.unh.edu; s=unh-iol; t=1741269740; x=1741874540; darn=dpdk.org;
 h=references:in-reply-to:cc:to:from:subject:message-id:date:from:to
 :cc:subject:date:message-id:reply-to;
 bh=dFjM8651uxvT9TDLVkiRutOOv2k6Qy+ouNYQm3AyYo0=;
 b=OTAPxr2VPYXxUw8YAHSI4NgpDteAZDy1wdGLdPlh1Nf/3pyjITXwoKSVFK1j4YTAgg
 d2e3UxnjPduDLqqcudO35dC5B/krjsiU9xy58a3bWWNvgMnQRpvpYdSydxzwUaRvH8tX
 +bsOqUSIB02uM0ApBRAN3XYMvTM7bo7LYtLBY=
X-Google-DKIM-Signature: v=1; a=rsa-sha256; c=relaxed/relaxed;
 d=1e100.net; s=20230601; t=1741269740; x=1741874540;
 h=references:in-reply-to:cc:to:from:subject:message-id:date
 :x-gm-message-state:from:to:cc:subject:date:message-id:reply-to;
 bh=dFjM8651uxvT9TDLVkiRutOOv2k6Qy+ouNYQm3AyYo0=;
 b=tGDf/1cnchSGOAG4j+xapGWfPzhIa5sO2CW0YP6dt4683FMgK6BGsVy8nuybySdhOm
 Qd+cfOTwR/WC5nOkWrd5IWHg+SzXR4qnoKkGuxaCZLziO2Yle/GYmWfjhojExHCiA9vQ
 Sqp3lxNKf9+KoidHPLt1p6bhTEogy1N4zqXzOWj1seHsdC8Ovoxpkjwp/7oxZC1g4brx
 dhmg2M/sDVeeHF83DPIBC4S7qqHwyFEHJ/JfAm9v3vPAhxwfkxpvPra03/WUzhDGZfuu
 PIpU1xMnHhioFXM+pJf2IUbj5+5EhVRM8Zqe9GFb4M8yF1LdoOssBneuYnHjsQaW/Z+G
 /7RA==
X-Gm-Message-State: AOJu0YxtiHaMLLio/Oi2kjda7JhgvM/wHdSfXC2AsiNHY9MNuXsHr8ml
 lc7laGVveJqw9XJIZlLjOG/l0MULaD5bdjT4S558lOUjd+KwnI8yGmWiRmSoqJFS4o3x4GIOjBQ
 aXW13a5uMlmm4COk9K1/RbSq9dmE0Dae7I3heLLyP
X-Gm-Gg: ASbGncsImsXMRK7akrhfNuEAc07IfBFdoQ2xyl+k+fW9u1uWhh8tBESd2jjpW+EJarK
 GAvEvlbkN0yJFrOZ53zf/Nmj4tdeXKlxLV5dYxjxOlNtO4wi8kkAiHLR4jgoXcUs6e5nLUheEZW
 v7FgM4ZrHaqzVN6U6ZvWsfJqQ2SQ4WxOSSYPo1+m966JGAkOZtg5feXlnTFMxLSk3GRjoK17Qqg
 1luSHEo203q66Vi7GFRfPnd4qysSGmCCkYj9ql2x4cbno9CtUVFcHPJxST5ybvFJS6jfECcGgiC
 cHUtQNqP38azxeD42YpKRH2K/U1b4q7LbhUHWcZa
X-Google-Smtp-Source: AGHT+IGLk0xZ4OAc0s+kyNONzXd7YUFp7o4W+f/+r+1HqbEHSmn1slFP7aiOPYAGeyGUdaldH3Y73nr4Lg/7
X-Received: by 2002:ad4:59d4:0:b0:6e8:f672:ace9 with SMTP id
 6a1803df08f44-6e8f672b0d3mr19120686d6.29.1741269739998; 
 Thu, 06 Mar 2025 06:02:19 -0800 (PST)
Received: from postal.iol.unh.edu (postal.iol.unh.edu. [132.177.123.84])
 by smtp-relay.gmail.com with ESMTPS id
 6a1803df08f44-6e8f70a4d33sm435756d6.35.2025.03.06.06.02.19
 (version=TLS1_2 cipher=ECDHE-ECDSA-AES128-GCM-SHA256 bits=128/128);
 Thu, 06 Mar 2025 06:02:19 -0800 (PST)
X-Relaying-Domain: iol.unh.edu
Date: Thu, 06 Mar 2025 06:02:19 -0800 (PST)
Message-ID: <67c9aaeb.0c0a0220.286eb.275dSMTPIN_ADDED_MISSING@mx.google.com>
Received: from [172.21.0.8] (unknown [172.18.0.240])
 by postal.iol.unh.edu (Postfix) with ESMTP id 6B3A36052471;
 Thu,  6 Mar 2025 09:02:19 -0500 (EST)
Subject: |FAILURE| pw152266-152267 [PATCH] [RFC,v2,2/2] build: generate symbo
From: dpdklab@iol.unh.edu
To: Test Report <test-report@dpdk.org>
Cc: dpdk-test-reports@iol.unh.edu, David Marchand <david.marchand@redhat.com>
In-Reply-To: <20250306125021.2231121-2-david.marchand@redhat.com>
References: <20250306125021.2231121-2-david.marchand@redhat.com>
Content-Type: text/plain
X-BeenThere: test-report@dpdk.org
X-Mailman-Version: 2.1.29
Precedence: list
List-Id: automatic DPDK test reports <test-report.dpdk.org>
List-Unsubscribe: <https://mails.dpdk.org/options/test-report>,
 <mailto:test-report-request@dpdk.org?subject=unsubscribe>
List-Archive: <http://mails.dpdk.org/archives/test-report/>
List-Post: <mailto:test-report@dpdk.org>
List-Help: <mailto:test-report-request@dpdk.org?subject=help>
List-Subscribe: <https://mails.dpdk.org/listinfo/test-report>,
 <mailto:test-report-request@dpdk.org?subject=subscribe>
Errors-To: test-report-bounces@dpdk.org

Test-Label: iol-unit-amd64-testing
Test-Status: FAILURE
http://dpdk.org/patch/152267

_Testing issues_

Submitter: David Marchand <david.marchand@redhat.com>
Date: Thursday, March 06 2025 12:50:21 
DPDK git baseline: Repo:dpdk
  Branch: master
  CommitID:47461173800f029033d7088b7d49860ea27305db

152266-152267 --> testing issues

Upstream job id: Generic-Unit-Test-DPDK#322252

Test environment and result as below:

+---------------------+----------------+
|     Environment     | dpdk_unit_test |
+=====================+================+
| Debian Bullseye     | PASS           |
+---------------------+----------------+
| CentOS Stream 9     | PASS           |
+---------------------+----------------+
| CentOS Stream 10    | PASS           |
+---------------------+----------------+
| RHEL8               | PASS           |
+---------------------+----------------+
| Fedora 40           | PASS           |
+---------------------+----------------+
| Fedora 41           | PEND           |
+---------------------+----------------+
| Debian 12           | PASS           |
+---------------------+----------------+
| Fedora 40 (Clang)   | PASS           |
+---------------------+----------------+
| RHEL9               | PEND           |
+---------------------+----------------+
| Fedora 41 (Clang)   | PEND           |
+---------------------+----------------+
| Ubuntu 20.04        | PEND           |
+---------------------+----------------+
| Ubuntu 22.04        | PASS           |
+---------------------+----------------+
| Ubuntu 24.04        | PEND           |
+---------------------+----------------+
| Windows Server 2022 | FAIL           |
+---------------------+----------------+

==== Unit test summary for Windows Server 2022 (dpdk_unit_test): ====
Failed to get the unit test results.
Displaying the unit test results is not supported for some environments,
such as our aarch32 testing, where meson is not used to run the tests.
Download the logs available on our CI site.
==== End log output ====

Debian Bullseye
	Kernel: Depends on container host
	Compiler: gcc (Debian 10.2.1-6) 10.2.1 20210110

CentOS Stream 9
	Kernel: Depends on container host
	Compiler: gcc 11.5.0 20240719 (Red Hat 11.5.0-2)

CentOS Stream 10
	Kernel: Depends on container host
	Compiler: gcc 14.2.1 20241104 (Red Hat 14.2.1-6)

RHEL8
	Kernel: Depends on container host
	Compiler: gcc 8.5.0 20210514 (Red Hat 8.5.0-22)

Fedora 40
	Kernel: Depends on container host
	Compiler: gcc 14.2.1 20240912 (Red Hat 14.2.1-3)

Fedora 41
	Kernel: Depends on container host
	Compiler: gcc 14.2.1 20240912 (Red Hat 14.2.1-3)

Debian 12
	Kernel: Depends on container host
	Compiler: gcc (Debian 12.2.0-14) 12.2.0

Fedora 40 (Clang)
	Kernel: Depends on container host
	Compiler: clang 18.1.8 (Fedora 18.1.8-1.fc40)

RHEL9
	Kernel: Depends on container host
	Compiler: gcc 11.5.0 20240719 (Red Hat 11.5.0-2)

Fedora 41 (Clang)
	Kernel: Depends on container host
	Compiler: clang 19.1.5 (Fedora 19.1.5-1.fc41)

Ubuntu 20.04
	Kernel: Depends on container host
	Compiler: gcc (Ubuntu 9.4.0-1ubuntu1~20.04.2) 9.4.0

Ubuntu 22.04
	Kernel: Depends on container host
	Compiler: gcc (Ubuntu 11.4.0-1ubuntu1~22.04) 11.4.0

Ubuntu 24.04
	Kernel: Depends on container host
	Compiler: gcc (Ubuntu 13.3.0-6ubuntu2~24.04) 13.3.0

Windows Server 2022
	Kernel: 10.0.20348.2031
	Compiler: clang 15.0.7, gcc 14.1.0 (MinGW), and MSVC VS 19.39.33521

To view detailed results, visit:
https://lab.dpdk.org/results/dashboard/patchsets/32765/

UNH-IOL DPDK Community Lab

To manage your email subscriptions, visit: 
https://lab.dpdk.org/results/dashboard/preferences/subscriptions/