From mboxrd@z Thu Jan  1 00:00:00 1970
Return-Path: <test-report-bounces@dpdk.org>
Received: from mails.dpdk.org (mails.dpdk.org [217.70.189.124])
	by inbox.dpdk.org (Postfix) with ESMTP id BA9E64635B
	for <public@inbox.dpdk.org>; Thu,  6 Mar 2025 15:37:58 +0100 (CET)
Received: from mails.dpdk.org (localhost [127.0.0.1])
	by mails.dpdk.org (Postfix) with ESMTP id A4C11406A2;
	Thu,  6 Mar 2025 15:37:58 +0100 (CET)
Received: from mail-io1-f97.google.com (mail-io1-f97.google.com
 [209.85.166.97]) by mails.dpdk.org (Postfix) with ESMTP id 055154065F
 for <test-report@dpdk.org>; Thu,  6 Mar 2025 15:37:56 +0100 (CET)
Received: by mail-io1-f97.google.com with SMTP id
 ca18e2360f4ac-85add719f7aso21412539f.3
 for <test-report@dpdk.org>; Thu, 06 Mar 2025 06:37:56 -0800 (PST)
DKIM-Signature: v=1; a=rsa-sha256; c=relaxed/relaxed;
 d=iol.unh.edu; s=unh-iol; t=1741271876; x=1741876676; darn=dpdk.org;
 h=references:in-reply-to:cc:to:from:subject:message-id:date:from:to
 :cc:subject:date:message-id:reply-to;
 bh=6NzD9loYnbNOLAsqv2BwWrXIlss0nuOebnzxDZy5n6M=;
 b=X2OSUyChouSuaS58UkIr9xd+LIpKprKFgYW5m0x6kxmB8I3s66riCLzzhFlzjCalsF
 oU828Oky9MeUjHlLGKYC+QEFOj5jFAVh4UejBkjV4txU6QNfaSHjY/9t2KOz5U2kXG3/
 jRdHZyMzfaRPaNjuufSoK3iAO0prxzAW1NN3k=
X-Google-DKIM-Signature: v=1; a=rsa-sha256; c=relaxed/relaxed;
 d=1e100.net; s=20230601; t=1741271876; x=1741876676;
 h=references:in-reply-to:cc:to:from:subject:message-id:date
 :x-gm-message-state:from:to:cc:subject:date:message-id:reply-to;
 bh=6NzD9loYnbNOLAsqv2BwWrXIlss0nuOebnzxDZy5n6M=;
 b=pZRDg9EnC/7WI57H2ssVOusUd19yGDB2+SBn6oXBt6F9PhO46X5Sy6oVcH9lbGvf3V
 LfUnYDZ4iEQ4PiTEHZfuryc+lAFMoz293WVxodlFVpAOHkt9kj9fLXZe3N7ROMnrDRwv
 meq8kXnGhYdxerrREh0BRIJCNKvkz7fAbxRoyJJwba0XhWvYK9fHLB4WXD26oS9uudaw
 SMNcwi6+n+ZsG3LSIlZYwY3zH/awug6/m9DhcvkTTX7DY/UkfeLEmnqPWQr1MS0tJiyT
 rW324Exn5EttgxPRe+PQ4s8QOTFwlMEe7jJ7xqpubx4Ig97/wkaRJUkYwemsDf4Vgvir
 FJsw==
X-Gm-Message-State: AOJu0YwC70B96CgMarbu/RhKjDv6Cd3C3c0q0Z1SETMIFJcKGo3rlTsV
 SrA/1iFXzx3VZiP0xeX+8TZb4lO4l4lBwEwss6Htrcp/vbK8AFnDzWLZHnYNCaKnL8lWJ2C8pNL
 tNxanc1JCeaKRI3k0HaDu17Q+S/FzEUoTjX2KwUIPVcjnPhPIsWd7l6ED
X-Gm-Gg: ASbGncui2fpv1aZLRhpFnQviPaZ6/4Y1kC+/yJvrogMh2fP9Mhqf76gNJnJa2Mfo3GP
 f6A1YW6E+QK7UUFyUMDo/1gwoZr0sqRtK1nwrss4GO7wWa/gs4LR+N3hnDLnQmTDQBWfwBdiQTp
 gnDDIZ0Kg5bnF90dyZNyUsrFbylBK6VphDL0CawUTokHV889bgK/5/w1lGSP9Vi0Cg2VAPrjF/P
 3nDgxdpTfMI9CXAvHa3pjBkc8b9IoDywKiT8r0jp2s9JRKMlZ4btEpQDntmRKDE59bJGfbYAZZn
 A4xkis3Fp0eit7cMuQ2cJ2NzFgNi5GCID6V4t9AuevuMNG2URL0n
X-Google-Smtp-Source: AGHT+IGaqQMNKuomKHGa7CZg4AlWJovC7QgqNGMhRAbg8mfVyHnJ3HJ6EHlLP4cSER9dNTkgWjNRtyiBaWIY
X-Received: by 2002:a05:6e02:3a05:b0:3d0:4b3d:75ba with SMTP id
 e9e14a558f8ab-3d42b884f1dmr68453865ab.4.1741271876183; 
 Thu, 06 Mar 2025 06:37:56 -0800 (PST)
Received: from postal.iol.unh.edu (postal.iol.unh.edu.
 [2606:4100:3880:1234::84]) by smtp-relay.gmail.com with ESMTPS id
 e9e14a558f8ab-3d43b5ed726sm589455ab.58.2025.03.06.06.37.56
 (version=TLS1_2 cipher=ECDHE-ECDSA-AES128-GCM-SHA256 bits=128/128);
 Thu, 06 Mar 2025 06:37:56 -0800 (PST)
X-Relaying-Domain: iol.unh.edu
Date: Thu, 06 Mar 2025 06:37:56 -0800 (PST)
Message-ID: <67c9b344.920a0220.3cb32d.37c8SMTPIN_ADDED_MISSING@mx.google.com>
Received: from [172.17.0.3] (unknown [172.18.0.217])
 by postal.iol.unh.edu (Postfix) with ESMTP id 991276052471;
 Thu,  6 Mar 2025 09:37:55 -0500 (EST)
Subject: |FAILURE| pw152266-152267 [PATCH] [RFC,v2,2/2] build: generate symbo
From: dpdklab@iol.unh.edu
To: Test Report <test-report@dpdk.org>
Cc: dpdk-test-reports@iol.unh.edu, David Marchand <david.marchand@redhat.com>
In-Reply-To: <20250306125021.2231121-2-david.marchand@redhat.com>
References: <20250306125021.2231121-2-david.marchand@redhat.com>
Content-Type: text/plain
X-BeenThere: test-report@dpdk.org
X-Mailman-Version: 2.1.29
Precedence: list
List-Id: automatic DPDK test reports <test-report.dpdk.org>
List-Unsubscribe: <https://mails.dpdk.org/options/test-report>,
 <mailto:test-report-request@dpdk.org?subject=unsubscribe>
List-Archive: <http://mails.dpdk.org/archives/test-report/>
List-Post: <mailto:test-report@dpdk.org>
List-Help: <mailto:test-report-request@dpdk.org?subject=help>
List-Subscribe: <https://mails.dpdk.org/listinfo/test-report>,
 <mailto:test-report-request@dpdk.org?subject=subscribe>
Errors-To: test-report-bounces@dpdk.org

Test-Label: iol-compile-amd64-testing
Test-Status: FAILURE
http://dpdk.org/patch/152267

_Testing issues_

Submitter: David Marchand <david.marchand@redhat.com>
Date: Thursday, March 06 2025 12:50:21 
DPDK git baseline: Repo:dpdk
  Branch: master
  CommitID:47461173800f029033d7088b7d49860ea27305db

152266-152267 --> testing issues

Upstream job id: Generic-DPDK-Compile-Meson#369549

Test environment and result as below:

+-----------------------------------+--------------------+-------------------+------------------+-------------------------+-------------------+----------------------+
|            Environment            | dpdk_meson_compile | dpdk_compile_spdk | dpdk_compile_ovs | dpdk_llvm_clang_compile | dpdk_msvc_compile | dpdk_mingw64_compile |
+===================================+====================+===================+==================+=========================+===================+======================+
| CentOS Stream 9                   | PASS               | PASS              | SKIPPED          | SKIPPED                 | SKIPPED           | SKIPPED              |
+-----------------------------------+--------------------+-------------------+------------------+-------------------------+-------------------+----------------------+
| CentOS Stream 10                  | PASS               | SKIPPED           | SKIPPED          | SKIPPED                 | SKIPPED           | SKIPPED              |
+-----------------------------------+--------------------+-------------------+------------------+-------------------------+-------------------+----------------------+
| Debian Bullseye                   | PASS               | PASS              | SKIPPED          | SKIPPED                 | SKIPPED           | SKIPPED              |
+-----------------------------------+--------------------+-------------------+------------------+-------------------------+-------------------+----------------------+
| Fedora 40 (Clang)                 | PASS               | PASS              | SKIPPED          | SKIPPED                 | SKIPPED           | SKIPPED              |
+-----------------------------------+--------------------+-------------------+------------------+-------------------------+-------------------+----------------------+
| Debian 12                         | PASS               | PASS              | SKIPPED          | SKIPPED                 | SKIPPED           | SKIPPED              |
+-----------------------------------+--------------------+-------------------+------------------+-------------------------+-------------------+----------------------+
| Fedora 40                         | PASS               | PASS              | SKIPPED          | SKIPPED                 | SKIPPED           | SKIPPED              |
+-----------------------------------+--------------------+-------------------+------------------+-------------------------+-------------------+----------------------+
| Fedora 41 (Clang)                 | PASS               | PASS              | PASS             | SKIPPED                 | SKIPPED           | SKIPPED              |
+-----------------------------------+--------------------+-------------------+------------------+-------------------------+-------------------+----------------------+
| RHEL9                             | PASS               | SKIPPED           | SKIPPED          | SKIPPED                 | SKIPPED           | SKIPPED              |
+-----------------------------------+--------------------+-------------------+------------------+-------------------------+-------------------+----------------------+
| Ubuntu 20.04                      | PASS               | SKIPPED           | SKIPPED          | SKIPPED                 | SKIPPED           | SKIPPED              |
+-----------------------------------+--------------------+-------------------+------------------+-------------------------+-------------------+----------------------+
| Ubuntu 24.04                      | PASS               | PASS              | PASS             | SKIPPED                 | SKIPPED           | SKIPPED              |
+-----------------------------------+--------------------+-------------------+------------------+-------------------------+-------------------+----------------------+
| Fedora 41                         | PASS               | PASS              | PASS             | SKIPPED                 | SKIPPED           | SKIPPED              |
+-----------------------------------+--------------------+-------------------+------------------+-------------------------+-------------------+----------------------+
| openSUSE Leap 15                  | PASS               | SKIPPED           | SKIPPED          | SKIPPED                 | SKIPPED           | SKIPPED              |
+-----------------------------------+--------------------+-------------------+------------------+-------------------------+-------------------+----------------------+
| Ubuntu 22.04                      | PASS               | PASS              | SKIPPED          | SKIPPED                 | SKIPPED           | SKIPPED              |
+-----------------------------------+--------------------+-------------------+------------------+-------------------------+-------------------+----------------------+
| RHEL8                             | PASS               | SKIPPED           | SKIPPED          | SKIPPED                 | SKIPPED           | SKIPPED              |
+-----------------------------------+--------------------+-------------------+------------------+-------------------------+-------------------+----------------------+
| Alpine                            | PASS               | SKIPPED           | SKIPPED          | SKIPPED                 | SKIPPED           | SKIPPED              |
+-----------------------------------+--------------------+-------------------+------------------+-------------------------+-------------------+----------------------+
| Ubuntu 24.04 32 Bit Cross Compile | PASS               | SKIPPED           | SKIPPED          | SKIPPED                 | SKIPPED           | SKIPPED              |
+-----------------------------------+--------------------+-------------------+------------------+-------------------------+-------------------+----------------------+
| FreeBSD 13.4                      | FAIL               | SKIPPED           | SKIPPED          | SKIPPED                 | SKIPPED           | SKIPPED              |
+-----------------------------------+--------------------+-------------------+------------------+-------------------------+-------------------+----------------------+
| FreeBSD 14.2                      | FAIL               | SKIPPED           | SKIPPED          | SKIPPED                 | SKIPPED           | SKIPPED              |
+-----------------------------------+--------------------+-------------------+------------------+-------------------------+-------------------+----------------------+
| Windows Server 2022               | SKIPPED            | SKIPPED           | SKIPPED          | FAIL                    | FAIL              | FAIL                 |
+-----------------------------------+--------------------+-------------------+------------------+-------------------------+-------------------+----------------------+

==== 20 line log output for Windows Server 2022 (dpdk_mingw64_compile): ====
crypto/nitrox:	only supported on Linux
crypto/null:	not supported on Windows
crypto/octeontx:	only supported on 64-bit Linux
crypto/openssl:	not supported on Windows
crypto/scheduler:	not supported on Windows
crypto/uadk:	only supported on Linux
crypto/virtio:	not supported on Windows
regex/*:	missing internal dependency, "regexdev"
ml/cnxk:	only supported on 64-bit Linux
gpu/cuda:	only supported on Linux
power/*:	missing internal dependency, "power"


Message: DPDK build config complete:
source path = "C:\Users\builder\jenkins\workspace\Windows-Compile-DPDK-Native\dpdk"
build path  = "C:\Users\builder\jenkins\workspace\Windows-Compile-DPDK-Native\dpdk\build"
Build targets in project: 212

Found ninja-1.12.1 at C:\mingw64\mingw64\bin\ninja.EXE
ninja: Entering directory `build'
==== End log output ====

CentOS Stream 9
	Kernel: Depends on container host
	Compiler: gcc 11.5.0 20240719 (Red Hat 11.5.0-2)

CentOS Stream 10
	Kernel: Depends on container host
	Compiler: gcc 14.2.1 20241104 (Red Hat 14.2.1-6)

Debian Bullseye
	Kernel: Depends on container host
	Compiler: gcc (Debian 10.2.1-6) 10.2.1 20210110

Fedora 40 (Clang)
	Kernel: Depends on container host
	Compiler: clang 18.1.8 (Fedora 18.1.8-1.fc40)

Debian 12
	Kernel: Depends on container host
	Compiler: gcc (Debian 12.2.0-14) 12.2.0

Fedora 40
	Kernel: Depends on container host
	Compiler: gcc 14.2.1 20240912 (Red Hat 14.2.1-3)

Fedora 41 (Clang)
	Kernel: Depends on container host
	Compiler: clang 19.1.5 (Fedora 19.1.5-1.fc41)

RHEL9
	Kernel: Depends on container host
	Compiler: gcc 11.5.0 20240719 (Red Hat 11.5.0-2)

Ubuntu 20.04
	Kernel: Depends on container host
	Compiler: gcc (Ubuntu 9.4.0-1ubuntu1~20.04.2) 9.4.0

Ubuntu 24.04
	Kernel: Depends on container host
	Compiler: gcc (Ubuntu 13.3.0-6ubuntu2~24.04) 13.3.0

Fedora 41
	Kernel: Depends on container host
	Compiler: gcc 14.2.1 20240912 (Red Hat 14.2.1-3)

openSUSE Leap 15
	Kernel: Depends on container host
	Compiler: gcc (SUSE Linux) 7.5.0

Ubuntu 22.04
	Kernel: Depends on container host
	Compiler: gcc (Ubuntu 11.4.0-1ubuntu1~22.04) 11.4.0

RHEL8
	Kernel: Depends on container host
	Compiler: gcc 8.5.0 20210514 (Red Hat 8.5.0-22)

Alpine
	Kernel: Depends on container host
	Compiler: gcc (Alpine 14.2.0) 14.2.0

Ubuntu 24.04 32 Bit Cross Compile
	Kernel: Depends on container host
	Compiler: gcc (Ubuntu 13.3.0-6ubuntu2~24.04) 13.3.0

FreeBSD 13.4
	Kernel: 13.4-RELEASE-p1
	Compiler: clang 18.1.6

FreeBSD 14.2
	Kernel: 14.2-RELEASE
	Compiler: clang 18.1.6

Windows Server 2022
	Kernel: 10.0.20348.2031
	Compiler: clang 15.0.7, gcc 14.1.0 (MinGW), and MSVC VS 19.39.33521

To view detailed results, visit:
https://lab.dpdk.org/results/dashboard/patchsets/32765/

UNH-IOL DPDK Community Lab

To manage your email subscriptions, visit: 
https://lab.dpdk.org/results/dashboard/preferences/subscriptions/