From mboxrd@z Thu Jan 1 00:00:00 1970
Return-Path: <test-report-bounces@dpdk.org>
Received: from mails.dpdk.org (mails.dpdk.org [217.70.189.124])
by inbox.dpdk.org (Postfix) with ESMTP id 7DBF0463BA
for <public@inbox.dpdk.org>; Fri, 14 Mar 2025 15:56:10 +0100 (CET)
Received: from mails.dpdk.org (localhost [127.0.0.1])
by mails.dpdk.org (Postfix) with ESMTP id 77D3B402E4;
Fri, 14 Mar 2025 15:56:10 +0100 (CET)
Received: from mail-pl1-f226.google.com (mail-pl1-f226.google.com
[209.85.214.226])
by mails.dpdk.org (Postfix) with ESMTP id D3A0F40289
for <test-report@dpdk.org>; Fri, 14 Mar 2025 15:56:09 +0100 (CET)
Received: by mail-pl1-f226.google.com with SMTP id
d9443c01a7336-22349bb8605so49052725ad.0
for <test-report@dpdk.org>; Fri, 14 Mar 2025 07:56:09 -0700 (PDT)
DKIM-Signature: v=1; a=rsa-sha256; c=relaxed/relaxed;
d=iol.unh.edu; s=unh-iol; t=1741964169; x=1742568969; darn=dpdk.org;
h=references:in-reply-to:cc:to:from:subject:message-id:date:from:to
:cc:subject:date:message-id:reply-to;
bh=6O0anx+y77AfjELkd+eVDViMVdHH5KQysW5RhNJ6/p0=;
b=HtVGTgN1AGC+lo/mCRkPdzivb6PsiV69tjsQAi/cJaTPY9ZY3qXc6ZhAz5vzY/51xp
HhaQTSQod5MM7Mo4iOuutao/xAyG83+VeTJ9mdiMDixkjDTrvb22KzZU3fvhnOxeP/iZ
D972ZstUnolNzJvOuwiHh/tG3hQ9eaCNYToWA=
X-Google-DKIM-Signature: v=1; a=rsa-sha256; c=relaxed/relaxed;
d=1e100.net; s=20230601; t=1741964169; x=1742568969;
h=references:in-reply-to:cc:to:from:subject:message-id:date
:x-gm-message-state:from:to:cc:subject:date:message-id:reply-to;
bh=6O0anx+y77AfjELkd+eVDViMVdHH5KQysW5RhNJ6/p0=;
b=kU6kxdaewhV8Wx5gJl59KhJJTnoBGuWMWxZoMWsfLEOWrbrZsvWlGkcIh7dU0EpycH
cvDfC+292kfkyb1MtodFNvNP+sAkHWTauAhvd4of0ZZxv8ck2RcTJtXS42+y01rSLdLM
aROfxFo2Rz/jPuOdks/YFtISvnQgEtE/NQBl1j1SNJl+QR6YkY00UhsYU6kW9TU5u8I8
0yxVW54CsAh5awIRjXmcZPhtN87wxf232G8W71O3j5tI/teSHrXmeIvBg5WuhX0OU4LG
jLpl7Fy+i2mJ1+bOAZ9mDoUVXtr7smy0Tb/Ejtg/P009noiONIZPaxApJkZ8hj+Bv7vf
295w==
X-Gm-Message-State: AOJu0YziHmj9DtSZv+hfTfNvQ6cr7yS1I0YNVHJqI8+Y1m92yNIC3T38
w7olSGFoogOjSRb3siaw1nOO5ftmq/XA1kcNZYqiyOa1/RPUNZDhIKONcRjajmwdZUbctfQkwn3
uiSHT7KuGq+l52fcyQ0sq2vYFeed1lmohYzOx4HLT
X-Gm-Gg: ASbGncvPC9dbVSAqcUz5An5OKAf8navjYkWzFNsI05F5kttWcF5MOTxzKVfK+LseLwQ
lsYS56xSvnzCpl3olJYsStj/Ftz00VY8NbENFlQdWpLzAlmKdoQPmj9+PLj78etMB9aIxEQB1mK
4HPf9yLhGzersi6iOdzV37hXWdYDdGHr5b1/J9LlKhO89Ffiz8jFgIhBTFWpXs9iML+TmnHfYyM
NbxWRzaj/vihqAMm6d0xv3J91hsDgP0WkT3sgmLToUo3czkdQ/z1UgVc1lXn7I1TNQllUpPL5pZ
mABVXN3KNWoV2KKr9nNWwqk85z0a/C6D47ANBDwX
X-Google-Smtp-Source: AGHT+IEZWMt6kxhLtRo5zgywvzczp0dZeclYpM2bDNGnykfPiinJw4LXR4vopn8NU4nBQcfnYpuazlryyQvN
X-Received: by 2002:a17:902:e808:b0:224:2657:2c04 with SMTP id
d9443c01a7336-225e0a285f2mr34120125ad.4.1741964169015;
Fri, 14 Mar 2025 07:56:09 -0700 (PDT)
Received: from postal.iol.unh.edu (postal.iol.unh.edu. [132.177.123.84])
by smtp-relay.gmail.com with ESMTPS id
d9443c01a7336-225c6c0e013sm1488215ad.110.2025.03.14.07.56.08
(version=TLS1_2 cipher=ECDHE-ECDSA-AES128-GCM-SHA256 bits=128/128);
Fri, 14 Mar 2025 07:56:08 -0700 (PDT)
X-Relaying-Domain: iol.unh.edu
Date: Fri, 14 Mar 2025 07:56:08 -0700 (PDT)
Message-ID: <67d44388.170a0220.233fd9.9510SMTPIN_ADDED_MISSING@mx.google.com>
Received: from [172.21.0.5] (unknown [172.18.0.240])
by postal.iol.unh.edu (Postfix) with ESMTP id 30D286052471;
Fri, 14 Mar 2025 10:56:08 -0400 (EDT)
Subject: |WARNING| pw152404 [PATCH] raw/cnxk_gpio: switch to character based
From: dpdklab@iol.unh.edu
To: Test Report <test-report@dpdk.org>
Cc: dpdk-test-reports@iol.unh.edu
In-Reply-To: <20250314125710.4118027-1-tduszynski@marvell.com>
References: <20250314125710.4118027-1-tduszynski@marvell.com>
Content-Type: text/plain
X-BeenThere: test-report@dpdk.org
X-Mailman-Version: 2.1.29
Precedence: list
List-Id: automatic DPDK test reports <test-report.dpdk.org>
List-Unsubscribe: <https://mails.dpdk.org/options/test-report>,
<mailto:test-report-request@dpdk.org?subject=unsubscribe>
List-Archive: <http://mails.dpdk.org/archives/test-report/>
List-Post: <mailto:test-report@dpdk.org>
List-Help: <mailto:test-report-request@dpdk.org?subject=help>
List-Subscribe: <https://mails.dpdk.org/listinfo/test-report>,
<mailto:test-report-request@dpdk.org?subject=subscribe>
Errors-To: test-report-bounces@dpdk.org
Test-Label: iol-abi-testing
Test-Status: WARNING
http://dpdk.org/patch/152404
_Testing issues_
Submitter: Tomasz Duszynski <tduszynski@marvell.com>
Date: Friday, March 14 2025 12:57:09
DPDK git baseline: Repo:dpdk
Branch: master
CommitID:5f37ee9c859f3ce08ca4364f1d8c0e70ec33ac83
152404 --> testing issues
Upstream job id: Generic-DPDK-Compile-ABI#120436
Test environment and result as below:
+-------------------+----------+
| Environment | abi_test |
+===================+==========+
| CentOS Stream 9 | PASS |
+-------------------+----------+
| CentOS Stream 10 | PASS |
+-------------------+----------+
| Debian 12 | PASS |
+-------------------+----------+
| Fedora 40 | PASS |
+-------------------+----------+
| Fedora 40 (Clang) | PEND |
+-------------------+----------+
| Fedora 41 (Clang) | PEND |
+-------------------+----------+
| Fedora 41 | PEND |
+-------------------+----------+
| openSUSE Leap 15 | PASS |
+-------------------+----------+
| RHEL8 | FAIL |
+-------------------+----------+
| RHEL9 | PEND |
+-------------------+----------+
| Ubuntu 22.04 | PEND |
+-------------------+----------+
| Ubuntu 24.04 | PEND |
+-------------------+----------+
==== 20 line log output for RHEL8 (abi_test): ====
^~~~~~~~~~~~~~~~~~~~~~~~~~~~
GPIOLINE_FLAG_ACTIVE_LOW
../drivers/raw/cnxk_gpio/cnxk_gpio.c:715:31: error: 'GPIO_V2_LINE_GET_VALUES_IOCTL' undeclared (first use in this function); did you mean 'GPIOHANDLE_GET_LINE_VALUES_IOCTL'?
ret = cnxk_gpio_ioctl(gpio, GPIO_V2_LINE_GET_VALUES_IOCTL, &values);
^~~~~~~~~~~~~~~~~~~~~~~~~~~~~
GPIOHANDLE_GET_LINE_VALUES_IOCTL
../drivers/raw/cnxk_gpio/cnxk_gpio.c:651:27: warning: unused variable 'info' [-Wunused-variable]
struct gpio_v2_line_info info = {0};
^~~~
../drivers/raw/cnxk_gpio/cnxk_gpio.c:650:29: warning: unused variable 'config' [-Wunused-variable]
struct gpio_v2_line_config config = {0};
^~~~~~
../drivers/raw/cnxk_gpio/cnxk_gpio.c:649:29: warning: unused variable 'values' [-Wunused-variable]
struct gpio_v2_line_values values = {0};
^~~~~~
../drivers/raw/cnxk_gpio/cnxk_gpio.c: In function 'cnxk_gpio_available':
../drivers/raw/cnxk_gpio/cnxk_gpio.c:348:1: warning: control reaches end of non-void function [-Wreturn-type]
}
^
ninja: build stopped: subcommand failed.
==== End log output ====
CentOS Stream 9
Kernel: Depends on container host
Compiler: gcc 11.5.0 20240719 (Red Hat 11.5.0-2)
CentOS Stream 10
Kernel: Depends on container host
Compiler: gcc 14.2.1 20241104 (Red Hat 14.2.1-6)
Debian 12
Kernel: Depends on container host
Compiler: gcc (Debian 12.2.0-14) 12.2.0
Fedora 40
Kernel: Depends on container host
Compiler: gcc 14.2.1 20240912 (Red Hat 14.2.1-3)
Fedora 40 (Clang)
Kernel: Depends on container host
Compiler: clang 18.1.8 (Fedora 18.1.8-1.fc40)
Fedora 41 (Clang)
Kernel: Depends on container host
Compiler: clang 19.1.5 (Fedora 19.1.5-1.fc41)
Fedora 41
Kernel: Depends on container host
Compiler: gcc 14.2.1 20240912 (Red Hat 14.2.1-3)
openSUSE Leap 15
Kernel: Depends on container host
Compiler: gcc (SUSE Linux) 7.5.0
RHEL8
Kernel: Depends on container host
Compiler: gcc 8.5.0 20210514 (Red Hat 8.5.0-22)
RHEL9
Kernel: Depends on container host
Compiler: gcc 11.5.0 20240719 (Red Hat 11.5.0-2)
Ubuntu 22.04
Kernel: Depends on container host
Compiler: gcc (Ubuntu 11.4.0-1ubuntu1~22.04) 11.4.0
Ubuntu 24.04
Kernel: Depends on container host
Compiler: gcc (Ubuntu 13.3.0-6ubuntu2~24.04) 13.3.0
To view detailed results, visit:
https://lab.dpdk.org/results/dashboard/patchsets/32830/
UNH-IOL DPDK Community Lab
To manage your email subscriptions, visit:
https://lab.dpdk.org/results/dashboard/preferences/subscriptions/