From mboxrd@z Thu Jan  1 00:00:00 1970
Return-Path: <test-report-bounces@dpdk.org>
Received: from mails.dpdk.org (mails.dpdk.org [217.70.189.124])
	by inbox.dpdk.org (Postfix) with ESMTP id 59B5F4643D
	for <public@inbox.dpdk.org>; Fri, 21 Mar 2025 18:16:46 +0100 (CET)
Received: from mails.dpdk.org (localhost [127.0.0.1])
	by mails.dpdk.org (Postfix) with ESMTP id 543FB40276;
	Fri, 21 Mar 2025 18:16:46 +0100 (CET)
Received: from mail-qv1-f97.google.com (mail-qv1-f97.google.com
 [209.85.219.97]) by mails.dpdk.org (Postfix) with ESMTP id BB39340156
 for <test-report@dpdk.org>; Fri, 21 Mar 2025 18:16:45 +0100 (CET)
Received: by mail-qv1-f97.google.com with SMTP id
 6a1803df08f44-6eafac1f047so38075136d6.2
 for <test-report@dpdk.org>; Fri, 21 Mar 2025 10:16:45 -0700 (PDT)
DKIM-Signature: v=1; a=rsa-sha256; c=relaxed/relaxed;
 d=iol.unh.edu; s=unh-iol; t=1742577405; x=1743182205; darn=dpdk.org;
 h=references:in-reply-to:cc:to:from:subject:message-id:date:from:to
 :cc:subject:date:message-id:reply-to;
 bh=l5B9BjCS8ttHYaLrPby8K/guH2fvCLs2REdLQNj6gtI=;
 b=Pm+bhRiZuIj85Z4t1DCwCWUvsXQItzLJrYv/JIb3obaO+d9AX3glnFnvTv43OqpNJ+
 TA1c6aV7PI3hlXxQw5Sq9TlDG/c+KJO45K6JNb1vGBLrp7Eea7Z0Ix2X8ifMHB+NtnmZ
 09xnbZ/P85JeftQqGvWSacmH4bmdCXGmh6uMg=
X-Google-DKIM-Signature: v=1; a=rsa-sha256; c=relaxed/relaxed;
 d=1e100.net; s=20230601; t=1742577405; x=1743182205;
 h=references:in-reply-to:cc:to:from:subject:message-id:date
 :x-gm-message-state:from:to:cc:subject:date:message-id:reply-to;
 bh=l5B9BjCS8ttHYaLrPby8K/guH2fvCLs2REdLQNj6gtI=;
 b=NdhlLuzx8xVzY93+OZrn8ZEXdq9MaMztjrksnPmGa+f6E2pXoAxy6ZxXcTHl9ILrSM
 P6hhVDGfIX2yck03eVUt1ZvH95COeS0lgxN3hWmXxSNfqndlPRnb0eEXeeYq5twlKPla
 Wulmjps6GdD02uZSyhx0lKqkcUf+iAKx+tjzM0hAS53ypWRjYwuf/cTzQTfcMMJ6t7aC
 +hFX31GQlb2xcVaOXLAHrdZ0kiR84tyQ6n2ezayAIcX03+kxhMDBmzvpTioTnuMYbg4w
 4rdYK6n/4J4WrDozMUkzlLrCyaxtrjvl+QIQv4vR2fXPyzENvppa5lbHgQD5dsCWjmGr
 QHIA==
X-Gm-Message-State: AOJu0YycAaXost2QLt9nJM7gHUEVhYfdOMdddbMUFJGC0oftez6cHhXj
 /yDwR2aAHhnVqnnIFy8KcpREzjLD8yjxxCFQ5+QzmDe+y2m2c+HE0lIbEuxrM+mI+daxxSZe3x+
 KgOHrgBZhhdp7pz0nqhulcxXJ8mXBmv/FglYLDznZEVh6p+s+oumMaDIq
X-Gm-Gg: ASbGncv4+Ce32TMoTxdCVd1Wp+hZ/6KHTIWgEUcAcly9ZPInF43+Bjas+Hl1LATcNM0
 d9lmTY/DtZhE93jknzRgpJSl1ni8KfquURd0ftR87exyKj9eS5pN9GkSvPR0CaEQ+/MPmDYYChm
 IxV8Y48tYB+hNYp1fVJa8y3UNR9fRfBQRQxaypkkaDAmZfJPms0n+U/94uGW8Wy9kcdAYBDFA1+
 rVYyXWyR9tloH+rFXPSYcL/542p5ZsCwXsODSVrupiQL1PMqeKcuIOx0F5zGIBtfLE94KmDhaFz
 Y87AjmDptvGOhPgCUZL+rQlJzUm2QASIeoOfKyzctSn0sBlWAPTA
X-Google-Smtp-Source: AGHT+IFliXZcmcucqkiu2HmcbI5H/meHgNcQEW3soXQT+ZH+xVOR5ctLFOCyH7wA5zRvT3ECmNIuJxx0SlGl
X-Received: by 2002:a05:6214:224e:b0:6d8:9be9:7d57 with SMTP id
 6a1803df08f44-6eb3f3aebbfmr62561636d6.37.1742577405111; 
 Fri, 21 Mar 2025 10:16:45 -0700 (PDT)
Received: from postal.iol.unh.edu (postal.iol.unh.edu.
 [2606:4100:3880:1234::84]) by smtp-relay.gmail.com with ESMTPS id
 6a1803df08f44-6eb3f064c75sm1163426d6.55.2025.03.21.10.16.45
 (version=TLS1_2 cipher=ECDHE-ECDSA-AES128-GCM-SHA256 bits=128/128);
 Fri, 21 Mar 2025 10:16:45 -0700 (PDT)
X-Relaying-Domain: iol.unh.edu
Date: Fri, 21 Mar 2025 10:16:45 -0700 (PDT)
Message-ID: <67dd9efd.050a0220.2a7486.6f5bSMTPIN_ADDED_MISSING@mx.google.com>
Received: from [172.17.0.3] (unknown [172.18.0.217])
 by postal.iol.unh.edu (Postfix) with ESMTP id 6A90B6052471;
 Fri, 21 Mar 2025 13:16:44 -0400 (EDT)
Subject: |WARNING| pw152521-152522 [PATCH] [v2,2/2] net/mlx5: enhance log fil
From: dpdklab@iol.unh.edu
To: Test Report <test-report@dpdk.org>
Cc: dpdk-test-reports@iol.unh.edu
In-Reply-To: <20250321132750.4237-2-ming.1.yang@nokia-sbell.com>
References: <20250321132750.4237-2-ming.1.yang@nokia-sbell.com>
Content-Type: text/plain
X-BeenThere: test-report@dpdk.org
X-Mailman-Version: 2.1.29
Precedence: list
List-Id: automatic DPDK test reports <test-report.dpdk.org>
List-Unsubscribe: <https://mails.dpdk.org/options/test-report>,
 <mailto:test-report-request@dpdk.org?subject=unsubscribe>
List-Archive: <http://mails.dpdk.org/archives/test-report/>
List-Post: <mailto:test-report@dpdk.org>
List-Help: <mailto:test-report-request@dpdk.org?subject=help>
List-Subscribe: <https://mails.dpdk.org/listinfo/test-report>,
 <mailto:test-report-request@dpdk.org?subject=subscribe>
Errors-To: test-report-bounces@dpdk.org

Test-Label: iol-compile-amd64-testing
Test-Status: WARNING
http://dpdk.org/patch/152522

_Testing issues_

Submitter: Yang Ming <ming.1.yang@nokia-sbell.com>
Date: Friday, March 21 2025 13:27:50 
DPDK git baseline: Repo:dpdk
  Branch: master
  CommitID:e9c1fdf2c971b1537b140d48314ee29a9369b742

152521-152522 --> testing issues

Upstream job id: Windows-Compile-DPDK-Native#27455

Test environment and result as below:

+-----------------------------------+--------------------+-------------------+------------------+-------------------+-------------------------+
|            Environment            | dpdk_meson_compile | dpdk_compile_spdk | dpdk_compile_ovs | dpdk_msvc_compile | dpdk_llvm_clang_compile |
+===================================+====================+===================+==================+===================+=========================+
| CentOS Stream 9                   | PASS               | PASS              | SKIPPED          | SKIPPED           | SKIPPED                 |
+-----------------------------------+--------------------+-------------------+------------------+-------------------+-------------------------+
| CentOS Stream 10                  | PASS               | SKIPPED           | SKIPPED          | SKIPPED           | SKIPPED                 |
+-----------------------------------+--------------------+-------------------+------------------+-------------------+-------------------------+
| Fedora 41                         | PASS               | PASS              | PASS             | SKIPPED           | SKIPPED                 |
+-----------------------------------+--------------------+-------------------+------------------+-------------------+-------------------------+
| Fedora 41 (Clang)                 | PASS               | PASS              | PASS             | SKIPPED           | SKIPPED                 |
+-----------------------------------+--------------------+-------------------+------------------+-------------------+-------------------------+
| Debian 12                         | PASS               | PASS              | SKIPPED          | SKIPPED           | SKIPPED                 |
+-----------------------------------+--------------------+-------------------+------------------+-------------------+-------------------------+
| Fedora 40 (Clang)                 | PASS               | PASS              | SKIPPED          | SKIPPED           | SKIPPED                 |
+-----------------------------------+--------------------+-------------------+------------------+-------------------+-------------------------+
| Fedora 40                         | PASS               | PASS              | SKIPPED          | SKIPPED           | SKIPPED                 |
+-----------------------------------+--------------------+-------------------+------------------+-------------------+-------------------------+
| RHEL8                             | PASS               | SKIPPED           | SKIPPED          | SKIPPED           | SKIPPED                 |
+-----------------------------------+--------------------+-------------------+------------------+-------------------+-------------------------+
| RHEL9                             | PASS               | SKIPPED           | SKIPPED          | SKIPPED           | SKIPPED                 |
+-----------------------------------+--------------------+-------------------+------------------+-------------------+-------------------------+
| openSUSE Leap 15                  | PASS               | SKIPPED           | SKIPPED          | SKIPPED           | SKIPPED                 |
+-----------------------------------+--------------------+-------------------+------------------+-------------------+-------------------------+
| Ubuntu 20.04                      | PASS               | SKIPPED           | SKIPPED          | SKIPPED           | SKIPPED                 |
+-----------------------------------+--------------------+-------------------+------------------+-------------------+-------------------------+
| Ubuntu 22.04                      | PASS               | PASS              | SKIPPED          | SKIPPED           | SKIPPED                 |
+-----------------------------------+--------------------+-------------------+------------------+-------------------+-------------------------+
| Ubuntu 24.04                      | PEND               | PEND              | PEND             | SKIPPED           | SKIPPED                 |
+-----------------------------------+--------------------+-------------------+------------------+-------------------+-------------------------+
| Alpine                            | PASS               | SKIPPED           | SKIPPED          | SKIPPED           | SKIPPED                 |
+-----------------------------------+--------------------+-------------------+------------------+-------------------+-------------------------+
| Ubuntu 24.04 32 Bit Cross Compile | PASS               | SKIPPED           | SKIPPED          | SKIPPED           | SKIPPED                 |
+-----------------------------------+--------------------+-------------------+------------------+-------------------+-------------------------+
| FreeBSD 13.5                      | PASS               | SKIPPED           | SKIPPED          | SKIPPED           | SKIPPED                 |
+-----------------------------------+--------------------+-------------------+------------------+-------------------+-------------------------+
| FreeBSD 14.2                      | PASS               | SKIPPED           | SKIPPED          | SKIPPED           | SKIPPED                 |
+-----------------------------------+--------------------+-------------------+------------------+-------------------+-------------------------+
| Windows Server 2022               | SKIPPED            | SKIPPED           | SKIPPED          | PASS              | FAIL                    |
+-----------------------------------+--------------------+-------------------+------------------+-------------------+-------------------------+

==== 20 line log output for Windows Server 2022 (dpdk_llvm_clang_compile): ====
C:\Program Files (x86)\Windows Kits\10\Include\10.0.22621.0\ucrt\corecrt.h:428:50: note: expanded from macro '_CRT_NONSTDC_DEPRECATE'
#define _CRT_NONSTDC_DEPRECATE(_NewName) _CRT_DEPRECATE_TEXT(             \
^
C:\Program Files\Microsoft Visual Studio\2022\Community\VC\Tools\MSVC\14.39.33519\include\vcruntime.h:345:47: note: expanded from macro '_CRT_DEPRECATE_TEXT'
#define _CRT_DEPRECATE_TEXT(_Text) __declspec(deprecated(_Text))
^
../drivers/net/mlx5/mlx5_rxtx.c:416:34: error: use of undeclared identifier 'W_OK'
if (access(MLX5_SYSTEM_LOG_DIR, W_OK) == 0) {
^
2 errors generated.
[575/859] Compiling C object drivers/libtmp_rte_net_mlx5.a.p/net_mlx5_mlx5_tx.c.obj
[576/859] Compiling C object drivers/libtmp_rte_net_mlx5.a.p/net_mlx5_mlx5_devx.c.obj
[577/859] Compiling C object drivers/libtmp_rte_net_mlx5.a.p/net_mlx5_mlx5_rx.c.obj
[578/859] Generating rte_net_ixgbe.pmd.c with a custom command (wrapped by meson to set PATH)
[579/859] Compiling C object drivers/libtmp_rte_net_mlx5.a.p/net_mlx5_mlx5_utils.c.obj
[580/859] Compiling C object drivers/libtmp_rte_net_mlx5.a.p/net_mlx5_mlx5_rxq.c.obj
[581/859] Compiling C object drivers/libtmp_rte_net_mlx5.a.p/net_mlx5_mlx5_flow_dv.c.obj
[582/859] Compiling C object drivers/libtmp_rte_net_mlx5.a.p/net_mlx5_mlx5_txpp.c.obj
[583/859] Compiling C object drivers/libtmp_rte_net_mlx5.a.p/net_mlx5_mlx5_tx_empw.c.obj
ninja: build stopped: subcommand failed.
==== End log output ====

CentOS Stream 9
	Kernel: Depends on container host
	Compiler: gcc 11.5.0 20240719 (Red Hat 11.5.0-2)

CentOS Stream 10
	Kernel: Depends on container host
	Compiler: gcc 14.2.1 20241104 (Red Hat 14.2.1-6)

Fedora 41
	Kernel: Depends on container host
	Compiler: gcc 14.2.1 20240912 (Red Hat 14.2.1-3)

Fedora 41 (Clang)
	Kernel: Depends on container host
	Compiler: clang 19.1.5 (Fedora 19.1.5-1.fc41)

Debian 12
	Kernel: Depends on container host
	Compiler: gcc (Debian 12.2.0-14) 12.2.0

Fedora 40 (Clang)
	Kernel: Depends on container host
	Compiler: clang 18.1.8 (Fedora 18.1.8-1.fc40)

Fedora 40
	Kernel: Depends on container host
	Compiler: gcc 14.2.1 20240912 (Red Hat 14.2.1-3)

RHEL8
	Kernel: Depends on container host
	Compiler: gcc 8.5.0 20210514 (Red Hat 8.5.0-22)

RHEL9
	Kernel: Depends on container host
	Compiler: gcc 11.5.0 20240719 (Red Hat 11.5.0-2)

openSUSE Leap 15
	Kernel: Depends on container host
	Compiler: gcc (SUSE Linux) 7.5.0

Ubuntu 20.04
	Kernel: Depends on container host
	Compiler: gcc (Ubuntu 9.4.0-1ubuntu1~20.04.2) 9.4.0

Ubuntu 22.04
	Kernel: Depends on container host
	Compiler: gcc (Ubuntu 11.4.0-1ubuntu1~22.04) 11.4.0

Ubuntu 24.04
	Kernel: Depends on container host
	Compiler: gcc (Ubuntu 13.3.0-6ubuntu2~24.04) 13.3.0

Alpine
	Kernel: Depends on container host
	Compiler: gcc (Alpine 14.2.0) 14.2.0

Ubuntu 24.04 32 Bit Cross Compile
	Kernel: Depends on container host
	Compiler: gcc (Ubuntu 13.3.0-6ubuntu2~24.04) 13.3.0

FreeBSD 13.5
	Kernel: 13.5-RELEASE
	Compiler: clang 19.1.7

FreeBSD 14.2
	Kernel: 14.2-RELEASE
	Compiler: clang 18.1.6

Windows Server 2022
	Kernel: 10.0.20348.2031
	Compiler: clang 15.0.7, gcc 14.1.0 (MinGW), and MSVC VS 19.39.33521

To view detailed results, visit:
https://lab.dpdk.org/results/dashboard/patchsets/32863/

UNH-IOL DPDK Community Lab

To manage your email subscriptions, visit: 
https://lab.dpdk.org/results/dashboard/preferences/subscriptions/