From mboxrd@z Thu Jan  1 00:00:00 1970
Return-Path: <test-report-bounces@dpdk.org>
Received: from mails.dpdk.org (mails.dpdk.org [217.70.189.124])
	by inbox.dpdk.org (Postfix) with ESMTP id F076846466
	for <public@inbox.dpdk.org>; Mon, 24 Mar 2025 14:38:33 +0100 (CET)
Received: from mails.dpdk.org (localhost [127.0.0.1])
	by mails.dpdk.org (Postfix) with ESMTP id ECFF240A7F;
	Mon, 24 Mar 2025 14:38:33 +0100 (CET)
Received: from mail-io1-f99.google.com (mail-io1-f99.google.com
 [209.85.166.99]) by mails.dpdk.org (Postfix) with ESMTP id 2462540A71
 for <test-report@dpdk.org>; Mon, 24 Mar 2025 14:38:33 +0100 (CET)
Received: by mail-io1-f99.google.com with SMTP id
 ca18e2360f4ac-85e46f5c50fso138185539f.3
 for <test-report@dpdk.org>; Mon, 24 Mar 2025 06:38:33 -0700 (PDT)
DKIM-Signature: v=1; a=rsa-sha256; c=relaxed/relaxed;
 d=iol.unh.edu; s=unh-iol; t=1742823512; x=1743428312; darn=dpdk.org;
 h=references:in-reply-to:cc:to:from:subject:message-id:date:from:to
 :cc:subject:date:message-id:reply-to;
 bh=sunbYGkUTp8nkdXI+rleZHAf57mdzGzVGEH6RYiLOzk=;
 b=Fvs6ui8gs4t4sOxqomrlP5v/XVHGClyi35++hmIOi+ef3Fiur+uVcSAgm64sjP1ob5
 RD4KQUYDxkOze+t1oRMR/TKM7GEF6RUbaW+x4TcxS8efHbBq9t0yHBRZkQVHqUNeDXYe
 hzgQ5+5xnmm+jUX9mQO/dICs/cUEJIghKClNY=
X-Google-DKIM-Signature: v=1; a=rsa-sha256; c=relaxed/relaxed;
 d=1e100.net; s=20230601; t=1742823512; x=1743428312;
 h=references:in-reply-to:cc:to:from:subject:message-id:date
 :x-gm-message-state:from:to:cc:subject:date:message-id:reply-to;
 bh=sunbYGkUTp8nkdXI+rleZHAf57mdzGzVGEH6RYiLOzk=;
 b=xTChYK1e0qUdPzkM2eS60KERj4ZRT0XT74/Bb5x2H+ru/3Jisng+tGyYM7aE8CI6XG
 GEFYQygVccan+8r6TydsOHHrWJUbtGMSPWzNFaQmD3SrRbpj9qJasI7gl9uhdPSPF0rK
 ufwLQ9Cj357nDIbSCAKig4ivByRJp2iikxFGxVA2LjjQzUYfZOwSz0O9ksraj5OfYeD1
 BO0QAki9RZaYSDPjFM4BI1UuF5pLWbcJrNjUIVGKO3kVciQ4VU/26FfynyfUHXIXlMis
 r2YFW5pOco4pEA7Wo7WWHA9ROYENrdRS3Getox8u2BUo771TiL2Ms97ZA/wpgB1EZS5K
 7+qQ==
X-Gm-Message-State: AOJu0Ywmwbdb4cEBxePAIs01UTyN/Q8prp0ELJxvhWK9I3T4X9gnZyVB
 ldCUh+uBpTlRu0at2gSeXw4IKkCeuNyLf6GrWGRV/l3zD5oWGRvEPtDwn37rXhYjtJPKX6RV1v6
 PfSBQBFctirvhIGooItaDzDKMg8fbwC1KlZWW8BvMjKvkpqleFQMUv06K
X-Gm-Gg: ASbGncufusal2BiVbLfJU6NSf+g/arfIddrHZT/Qq0leU3gz2ILN9bd40B4VubISkpS
 Qaj1vwfka8CbfS2UhuUEskimfbIqdli3CBHB5cJQSGW8VobXJNH0jcnb8KED5d7c9zMenSEynOG
 XZ66Y7oTJFHMGr2ebx1DelgJqU20MzDgSAhLKBGjp6sEPEVrhwHWGwOi7W74Z9EGUsjF0Wyjyyl
 4fxb/YyTNOPkNO+CKeTjoFVuBQPZEdL06KavVTsLsA5AuSeXxIO6QZOm+hl98/Zn87fdN8q08QJ
 XMijyvyfRtP7isSdpgJRtNiJ0FjnEFmOZj2hvmUiZkD1bj1YM4xD
X-Google-Smtp-Source: AGHT+IGErTDQ3pPpBWP7e+43wEqsD5lRDccrCfxMp6RYIlEOz8JFcieiKoxN5WQ9wKTbqUuxZwSFOxRG4i9u
X-Received: by 2002:a05:6e02:388d:b0:3d1:a75e:65f6 with SMTP id
 e9e14a558f8ab-3d5961772d7mr157760435ab.18.1742823512367; 
 Mon, 24 Mar 2025 06:38:32 -0700 (PDT)
Received: from postal.iol.unh.edu (postal.iol.unh.edu.
 [2606:4100:3880:1234::84]) by smtp-relay.gmail.com with ESMTPS id
 e9e14a558f8ab-3d59608099fsm3581635ab.18.2025.03.24.06.38.32
 (version=TLS1_2 cipher=ECDHE-ECDSA-AES128-GCM-SHA256 bits=128/128);
 Mon, 24 Mar 2025 06:38:32 -0700 (PDT)
X-Relaying-Domain: iol.unh.edu
Date: Mon, 24 Mar 2025 06:38:32 -0700 (PDT)
Message-ID: <67e16058.050a0220.64f33.5067SMTPIN_ADDED_MISSING@mx.google.com>
Received: from [172.21.0.7] (unknown [172.18.0.240])
 by postal.iol.unh.edu (Postfix) with ESMTP id CD9AD6052471;
 Mon, 24 Mar 2025 09:38:31 -0400 (EDT)
Subject: |WARNING| pw152531 [PATCH] [v2] raw/cnxk_gpio: switch to character b
From: dpdklab@iol.unh.edu
To: Test Report <test-report@dpdk.org>
Cc: dpdk-test-reports@iol.unh.edu
In-Reply-To: <20250324082848.1361839-1-tduszynski@marvell.com>
References: <20250324082848.1361839-1-tduszynski@marvell.com>
Content-Type: text/plain
X-BeenThere: test-report@dpdk.org
X-Mailman-Version: 2.1.29
Precedence: list
List-Id: automatic DPDK test reports <test-report.dpdk.org>
List-Unsubscribe: <https://mails.dpdk.org/options/test-report>,
 <mailto:test-report-request@dpdk.org?subject=unsubscribe>
List-Archive: <http://mails.dpdk.org/archives/test-report/>
List-Post: <mailto:test-report@dpdk.org>
List-Help: <mailto:test-report-request@dpdk.org?subject=help>
List-Subscribe: <https://mails.dpdk.org/listinfo/test-report>,
 <mailto:test-report-request@dpdk.org?subject=subscribe>
Errors-To: test-report-bounces@dpdk.org

Test-Label: iol-abi-testing
Test-Status: WARNING
http://dpdk.org/patch/152531

_Testing issues_

Submitter: Tomasz Duszynski <tduszynski@marvell.com>
Date: Monday, March 24 2025 08:28:48 
DPDK git baseline: Repo:dpdk
  Branch: master
  CommitID:5f37ee9c859f3ce08ca4364f1d8c0e70ec33ac83

152531 --> testing issues

Upstream job id: Generic-DPDK-Compile-ABI#121150

Test environment and result as below:

+-------------------+----------+
|    Environment    | abi_test |
+===================+==========+
| CentOS Stream 9   | PASS     |
+-------------------+----------+
| CentOS Stream 10  | PASS     |
+-------------------+----------+
| Debian 12         | PASS     |
+-------------------+----------+
| Fedora 41         | PEND     |
+-------------------+----------+
| Fedora 41 (Clang) | PASS     |
+-------------------+----------+
| Fedora 40         | PASS     |
+-------------------+----------+
| openSUSE Leap 15  | PASS     |
+-------------------+----------+
| RHEL9             | PASS     |
+-------------------+----------+
| Ubuntu 22.04      | PASS     |
+-------------------+----------+
| Ubuntu 24.04      | PEND     |
+-------------------+----------+
| RHEL8             | FAIL     |
+-------------------+----------+

==== 20 line log output for RHEL8 (abi_test): ====
from ../drivers/raw/cnxk_gpio/cnxk_gpio_selftest.c:11:
../drivers/raw/cnxk_gpio/cnxk_gpio_selftest.c:71:66: error: 'struct gpio_v2_line_event' has no member named 'offset'
CNXK_GPIO_LOG(ERR, "event from gpio%d instead of gpio%d", event->offset, gpio);
^~
../lib/log/rte_log.h:334:32: note: in definition of macro 'RTE_LOG'
RTE_LOGTYPE_ ## t, # t ": " __VA_ARGS__)
^~~~~~~~~~~
../lib/log/rte_log.h:388:16: note: in expansion of macro 'RTE_FMT'
RTE_LOG(l, t, RTE_FMT(RTE_FMT_HEAD(__VA_ARGS__ ,) "\n", \
^~~~~~~
../lib/log/rte_log.h:389:3: note: in expansion of macro 'RTE_FMT_TAIL'
RTE_FMT_TAIL(__VA_ARGS__ ,))); \
^~~~~~~~~~~~
../drivers/raw/cnxk_gpio/cnxk_gpio.h:12:2: note: in expansion of macro 'RTE_LOG_LINE'
RTE_LOG_LINE(level, CNXK_GPIO, __VA_ARGS__)
^~~~~~~~~~~~
../drivers/raw/cnxk_gpio/cnxk_gpio_selftest.c:71:3: note: in expansion of macro 'CNXK_GPIO_LOG'
CNXK_GPIO_LOG(ERR, "event from gpio%d instead of gpio%d", event->offset, gpio);
^~~~~~~~~~~~~
ninja: build stopped: subcommand failed.
==== End log output ====

CentOS Stream 9
	Kernel: Depends on container host
	Compiler: gcc 11.5.0 20240719 (Red Hat 11.5.0-2)

CentOS Stream 10
	Kernel: Depends on container host
	Compiler: gcc 14.2.1 20241104 (Red Hat 14.2.1-6)

Debian 12
	Kernel: Depends on container host
	Compiler: gcc (Debian 12.2.0-14) 12.2.0

Fedora 41
	Kernel: Depends on container host
	Compiler: gcc 14.2.1 20240912 (Red Hat 14.2.1-3)

Fedora 41 (Clang)
	Kernel: Depends on container host
	Compiler: clang 19.1.5 (Fedora 19.1.5-1.fc41)

Fedora 40
	Kernel: Depends on container host
	Compiler: gcc 14.2.1 20240912 (Red Hat 14.2.1-3)

openSUSE Leap 15
	Kernel: Depends on container host
	Compiler: gcc (SUSE Linux) 7.5.0

RHEL9
	Kernel: Depends on container host
	Compiler: gcc 11.5.0 20240719 (Red Hat 11.5.0-2)

Ubuntu 22.04
	Kernel: Depends on container host
	Compiler: gcc (Ubuntu 11.4.0-1ubuntu1~22.04) 11.4.0

Ubuntu 24.04
	Kernel: Depends on container host
	Compiler: gcc (Ubuntu 13.3.0-6ubuntu2~24.04) 13.3.0

RHEL8
	Kernel: Depends on container host
	Compiler: gcc 8.5.0 20210514 (Red Hat 8.5.0-22)

To view detailed results, visit:
https://lab.dpdk.org/results/dashboard/patchsets/32871/

UNH-IOL DPDK Community Lab

To manage your email subscriptions, visit: 
https://lab.dpdk.org/results/dashboard/preferences/subscriptions/