From mboxrd@z Thu Jan 1 00:00:00 1970 Return-Path: Received: from mails.dpdk.org (mails.dpdk.org [217.70.189.124]) by inbox.dpdk.org (Postfix) with ESMTP id D85B946536 for ; Tue, 8 Apr 2025 18:23:59 +0200 (CEST) Received: from mails.dpdk.org (localhost [127.0.0.1]) by mails.dpdk.org (Postfix) with ESMTP id D280140267; Tue, 8 Apr 2025 18:23:59 +0200 (CEST) Received: from mail-pl1-f226.google.com (mail-pl1-f226.google.com [209.85.214.226]) by mails.dpdk.org (Postfix) with ESMTP id 3C57140267 for ; Tue, 8 Apr 2025 18:23:58 +0200 (CEST) Received: by mail-pl1-f226.google.com with SMTP id d9443c01a7336-224191d92e4so55150885ad.3 for ; Tue, 08 Apr 2025 09:23:58 -0700 (PDT) DKIM-Signature: v=1; a=rsa-sha256; c=relaxed/relaxed; d=iol.unh.edu; s=unh-iol; t=1744129437; x=1744734237; darn=dpdk.org; h=references:in-reply-to:cc:to:from:subject:message-id:date:from:to :cc:subject:date:message-id:reply-to; bh=Zadgvvns52ybGojbnrKy4EUTjzZFipsbM2QI8iwL7kw=; b=irn+VVMJJH8GLDbrAUMzyNlUGjdBZRnUFwl/DgfnOux/JG4izx7vu00kFdzlP2M4IF TWR8ziNd/ZKgz7JPxoOX69XjoAcGrzpPFB/q1Oc3aoWwziEi9AhM7r02cczHb+mY3Jdy Q4ytk+TOBs9NZzAySQHBNrKK6RJupz67Kci+c= X-Google-DKIM-Signature: v=1; a=rsa-sha256; c=relaxed/relaxed; d=1e100.net; s=20230601; t=1744129437; x=1744734237; h=references:in-reply-to:cc:to:from:subject:message-id:date :x-gm-message-state:from:to:cc:subject:date:message-id:reply-to; bh=Zadgvvns52ybGojbnrKy4EUTjzZFipsbM2QI8iwL7kw=; b=iA44LiD0k8sGYDfBj7UeXcxagh8eGOwYVVMc3pqdXsLJm80nSU66vl6XiRQofdkAlg YTJe4KNhP1Zc97E1DydAx7wAvGzpcTQCd6+gt1BlV+3pDKMjEtvoKGLlU/Ubzwe0lOpa YgY2O6S6jkksmOBhG25zr5KC1Z32j6tp0Cx9CtkmjBz7YNjhifeTopQfEbf/NSnB34LP rCDiIR9AtMn6wu7sKKSZCCRZ4TLYInhDMAXORCOr8hxEgyWpFu03CtZHYXKt0Z4R8B85 O00UPx6emdKWUdiSsItq0DJxpDkXL9Ai9g2Nkvx3Rxn0Xcf4M2AB8CG+LO2y/mUOrOr5 s8rg== X-Gm-Message-State: AOJu0YzR+DVKE1StNOsbxElL+9y62M7XGtd/Z5bmhRN9eOUd9s2PuJL6 weisZIvaQeGJq9xX2xjdXxBu7P+XMOd9HcH6Yni/7yc/r2Kpm8Bx0Fd6cMQp4RwqiyPOoHUZLN5 zoFQYppaFe4q0ADBxAr20jf0bfwAbt67ccJof+APGxzihXYVQW0nrq0mt X-Gm-Gg: ASbGncsTb/8hFlNBbZepYi4FfgObEvijkWR7FpzOeTK2sLJDw1B5/QdNVHxqpBYhytg MOK6HDwUSm4OHxyiG5fJixu8t2vrEFk3RxsHtMTKrjLUMJd18d6U1vLNjDHpXwvkVhJ2ROvQtkV eXMT3SwGizwsSoKVbCT76nHina+Jer6jsggEsxOCE4WXzVWLBJD+wcrqhSWbS5VWDPoktdOvF33 1MxrVTQdZAGRXfHQ7Be1fBj+i0ssgP4fEIRgZIa09oDigIGkrOuWMKJTKFWpG27FNjDqRh07csb za552z7gKvetyxD1yl51v67G9lObKe3fHea5irGc0juem1OGFSgF X-Google-Smtp-Source: AGHT+IHuhaOE52uF4678CfCRTdDfuq9YNGVWT+p70X7mDydvBAX77Uu4nYvfUagtqXeJTaud4pVJxQqdaDcU X-Received: by 2002:a17:903:1a6b:b0:224:a74:28c2 with SMTP id d9443c01a7336-22a8a06b33amr226562205ad.29.1744129437380; Tue, 08 Apr 2025 09:23:57 -0700 (PDT) Received: from postal.iol.unh.edu (postal.iol.unh.edu. [2606:4100:3880:1234::84]) by smtp-relay.gmail.com with ESMTPS id d9443c01a7336-2297899b38esm8967885ad.29.2025.04.08.09.23.57 (version=TLS1_2 cipher=ECDHE-ECDSA-AES128-GCM-SHA256 bits=128/128); Tue, 08 Apr 2025 09:23:57 -0700 (PDT) X-Relaying-Domain: iol.unh.edu Date: Tue, 08 Apr 2025 09:23:57 -0700 (PDT) Message-ID: <67f54d9d.170a0220.3db665.fa60SMTPIN_ADDED_MISSING@mx.google.com> Received: from [172.21.0.5] (unknown [172.18.0.240]) by postal.iol.unh.edu (Postfix) with ESMTP id 8BFB86052471; Tue, 8 Apr 2025 12:23:56 -0400 (EDT) Subject: |FAILURE| pw152831 [PATCH] [RFC,1/1] build: support ThreadSanitizer From: dpdklab@iol.unh.edu To: Test Report Cc: dpdk-test-reports@iol.unh.edu, Dengdui Huang In-Reply-To: <20250408130556.1054041-2-huangdengdui@huawei.com> References: <20250408130556.1054041-2-huangdengdui@huawei.com> Content-Type: text/plain X-BeenThere: test-report@dpdk.org X-Mailman-Version: 2.1.29 Precedence: list List-Id: automatic DPDK test reports List-Unsubscribe: , List-Archive: List-Post: List-Help: List-Subscribe: , Errors-To: test-report-bounces@dpdk.org Test-Label: iol-unit-arm64-testing Test-Status: FAILURE http://dpdk.org/patch/152831 _Testing issues_ Submitter: Dengdui Huang Date: Tuesday, April 08 2025 13:05:56 DPDK git baseline: Repo:dpdk Branch: master CommitID:8ee74a69abcf48563f05adeafecd298bb03477a8 152831 --> testing issues Upstream job id: Generic-Unit-Test-DPDK#329450 Test environment and result as below: +-----------------------------+----------------+--------------+---------------------------+------------------------------+ | Environment | dpdk_unit_test | lpm_autotest | cryptodev_sw_zuc_autotest | cryptodev_sw_snow3g_autotest | +=============================+================+==============+===========================+==============================+ | 32-bit Ubuntu 22.04.4 (ARM) | PASS | SKIPPED | SKIPPED | SKIPPED | +-----------------------------+----------------+--------------+---------------------------+------------------------------+ | CentOS Stream 9 (ARM) | FAIL | SKIPPED | SKIPPED | SKIPPED | +-----------------------------+----------------+--------------+---------------------------+------------------------------+ | CentOS Stream 10 (ARM) | PASS | SKIPPED | SKIPPED | SKIPPED | +-----------------------------+----------------+--------------+---------------------------+------------------------------+ | Fedora 40 (ARM Clang) | PASS | SKIPPED | SKIPPED | SKIPPED | +-----------------------------+----------------+--------------+---------------------------+------------------------------+ | Fedora 40 (ARM) | PASS | SKIPPED | SKIPPED | SKIPPED | +-----------------------------+----------------+--------------+---------------------------+------------------------------+ | Fedora 41 (ARM Clang) | PASS | SKIPPED | SKIPPED | SKIPPED | +-----------------------------+----------------+--------------+---------------------------+------------------------------+ | Debian 12 (arm) | PASS | SKIPPED | PASS | PASS | +-----------------------------+----------------+--------------+---------------------------+------------------------------+ | RHEL9 (ARM) | PASS | SKIPPED | SKIPPED | SKIPPED | +-----------------------------+----------------+--------------+---------------------------+------------------------------+ | Fedora 41 (ARM) | PASS | SKIPPED | SKIPPED | SKIPPED | +-----------------------------+----------------+--------------+---------------------------+------------------------------+ | Ubuntu 22.04 (ARM) | PASS | SKIPPED | SKIPPED | SKIPPED | +-----------------------------+----------------+--------------+---------------------------+------------------------------+ | Ubuntu 20.04 (ARM) | PASS | SKIPPED | SKIPPED | SKIPPED | +-----------------------------+----------------+--------------+---------------------------+------------------------------+ | Ubuntu 24.04 (ARM) | PASS | SKIPPED | SKIPPED | SKIPPED | +-----------------------------+----------------+--------------+---------------------------+------------------------------+ | Ubuntu 20.04 ARM SVE | SKIPPED | PASS | SKIPPED | SKIPPED | +-----------------------------+----------------+--------------+---------------------------+------------------------------+ ==== Unit test summary for CentOS Stream 9 (ARM) (dpdk_unit_test): ==== ninja: Entering directory `/home-local/jenkins-local/jenkins-agent/workspace/Generic-Unit-Test-DPDK/dpdk/build' ninja: no work to do. 1/119 DPDK:fast-tests / acl_autotest OK 4.37s 2/119 DPDK:fast-tests / alarm_autotest OK 1.18s 3/119 DPDK:fast-tests / argparse_autotest OK 0.18s 4/119 DPDK:fast-tests / atomic_autotest OK 4.88s 5/119 DPDK:fast-tests / bitcount_autotest OK 0.17s 6/119 DPDK:fast-tests / bitmap_autotest OK 0.20s 7/119 DPDK:fast-tests / bitops_autotest OK 1.66s 8/119 DPDK:fast-tests / bitratestats_autotest OK 0.16s 9/119 DPDK:fast-tests / bitset_autotest OK 3.12s 10/119 DPDK:fast-tests / bpf_autotest OK 0.16s 11/119 DPDK:fast-tests / bpf_convert_autotest OK 0.17s 12/119 DPDK:fast-tests / byteorder_autotest OK 0.16s 13/119 DPDK:fast-tests / cfgfile_autotest OK 0.16s 14/119 DPDK:fast-tests / cksum_autotest OK 0.15s 15/119 DPDK:fast-tests / cmdline_autotest OK 0.16s 16/119 DPDK:fast-tests / common_autotest OK 0.90s 17/119 DPDK:fast-tests / compressdev_autotest SKIP 0.09s exit status 77 18/119 DPDK:fast-tests / cpuflags_autotest OK 0.17s 19/119 DPDK:fast-tests / crc_autotest OK 0.15s 20/119 DPDK:fast-tests / user_delay_us OK 0.16s 21/119 DPDK:fast-tests / debug_autotest OK 0.88s 22/119 DPDK:fast-tests / devargs_autotest OK 0.16s 23/119 DPDK:fast-tests / dispatcher_autotest OK 2.36s 24/119 DPDK:fast-tests / distributor_autotest OK 0.81s 25/119 DPDK:fast-tests / eal_flags_c_opt_autotest OK 1.67s 26/119 DPDK:fast-tests / eal_flags_main_opt_autotest OK 0.43s 27/119 DPDK:fast-tests / eal_flags_n_opt_autotest OK 0.38s 28/119 DPDK:fast-tests / eal_flags_hpet_autotest OK 0.22s 29/119 DPDK:fast-tests / eal_flags_no_huge_autotest OK 0.44s 30/119 DPDK:fast-tests / eal_flags_a_opt_autotest OK 0.60s 31/119 DPDK:fast-tests / eal_flags_b_opt_autotest OK 0.49s 32/119 DPDK:fast-tests / eal_flags_vdev_opt_autotest OK 0.36s 33/119 DPDK:fast-tests / eal_flags_r_opt_autotest OK 0.35s 34/119 DPDK:fast-tests / eal_flags_mem_autotest OK 0.54s 35/119 DPDK:fast-tests / eal_flags_file_prefix_autotest OK 1.57s 36/119 DPDK:fast-tests / eal_flags_misc_autotest FAIL 0.97s (exit status 255 or signal 127 SIGinvalid) >>> MALLOC_PERTURB_=58 DPDK_TEST=eal_flags_misc_autotest /home-local/jenkins-local/jenkins-agent/workspace/Generic-Unit-Test-DPDK/dpdk/build/app/dpdk-test 37/119 DPDK:fast-tests / eal_fs_autotest OK 0.18s 38/119 DPDK:fast-tests / errno_autotest OK 0.15s 39/119 DPDK:fast-tests / ethdev_link_status OK 0.15s 40/119 DPDK:fast-tests / event_eth_tx_adapter_autotest OK 1.11s 41/119 DPDK:fast-tests / event_ring_autotest OK 0.17s 42/119 DPDK:fast-tests / eventdev_common_autotest OK 0.16s 43/119 DPDK:fast-tests / eventdev_selftest_sw OK 6.97s 44/119 DPDK:fast-tests / fbarray_autotest OK 0.16s 45/119 DPDK:fast-tests / fib_autotest OK 0.90s 46/119 DPDK:fast-tests / fib6_autotest OK 0.81s 47/119 DPDK:fast-tests / func_reentrancy_autotest OK 0.77s 48/119 DPDK:fast-tests / graph_autotest OK 0.17s 49/119 DPDK:fast-tests / node_list_dump OK 0.16s 50/119 DPDK:fast-tests / hash_autotest OK 0.52s 51/119 DPDK:fast-tests / hash_readwrite_func_autotest OK 7.12s 52/119 DPDK:fast-tests / interrupt_autotest OK 1.19s 53/119 DPDK:fast-tests / ipfrag_autotest OK 0.09s 54/119 DPDK:fast-tests / ipsec_autotest SKIP 0.17s exit status 77 55/119 DPDK:fast-tests / kvargs_autotest OK 0.16s 56/119 DPDK:fast-tests / latencystats_autotest OK 0.16s 57/119 DPDK:fast-tests / lcore_var_autotest OK 0.74s 58/119 DPDK:fast-tests / lcores_autotest OK 3.59s 59/119 DPDK:fast-tests / logs_autotest OK 0.15s 60/119 DPDK:fast-tests / lpm_autotest OK 1.59s 61/119 DPDK:fast-tests / lpm6_autotest OK 4.82s 62/119 DPDK:fast-tests / malloc_autotest OK 0.43s 63/119 DPDK:fast-tests / mbuf_autotest OK 4.31s 64/119 DPDK:fast-tests / mcslock_autotest OK 0.80s 65/119 DPDK:fast-tests / member_autotest OK 1.39s 66/119 DPDK:fast-tests / memcpy_autotest OK 5.59s 67/119 DPDK:fast-tests / memory_autotest OK 0.09s 68/119 DPDK:fast-tests / mempool_autotest OK 0.44s 69/119 DPDK:fast-tests / memzone_autotest OK 0.10s 70/119 DPDK:fast-tests / meter_autotest OK 0.17s 71/119 DPDK:fast-tests / metrics_autotest OK 0.16s 72/119 DPDK:fast-tests / multiprocess_autotest OK 0.34s 73/119 DPDK:fast-tests / net_ether_autotest OK 1.00s 74/119 DPDK:fast-tests / net_ipv6_autotest OK 0.16s 75/119 DPDK:fast-tests / pcapng_autotest OK 6.77s 76/119 DPDK:fast-tests / pdcp_autotest SKIP 0.09s exit status 77 77/119 DPDK:fast-tests / pdump_autotest OK 0.44s 78/119 DPDK:fast-tests / per_lcore_autotest OK 0.26s 79/119 DPDK:fast-tests / pflock_autotest OK 0.48s 80/119 DPDK:fast-tests / pie_autotest OK 0.16s 81/119 DPDK:fast-tests / ring_pmd_autotest OK 0.16s 82/119 DPDK:fast-tests / power_autotest OK 0.15s 83/119 DPDK:fast-tests / power_cpufreq_autotest SKIP 0.09s exit status 77 84/119 DPDK:fast-tests / power_intel_uncore_autotest SKIP 0.18s exit status 77 85/119 DPDK:fast-tests / power_kvm_vm_autotest SKIP 0.09s exit status 77 86/119 DPDK:fast-tests / prefetch_autotest OK 0.17s 87/119 DPDK:fast-tests / ptr_compress_autotest OK 0.15s 88/119 DPDK:fast-tests / rawdev_autotest OK 0.15s 89/119 DPDK:fast-tests / rcu_qsbr_autotest OK 0.63s 90/119 DPDK:fast-tests / reorder_autotest OK 0.41s 91/119 DPDK:fast-tests / rib_autotest OK 3.87s 92/119 DPDK:fast-tests / rib6_autotest OK 3.87s 93/119 DPDK:fast-tests / ring_autotest OK 0.18s 94/119 DPDK:fast-tests / rwlock_test1_autotest OK 0.47s 95/119 DPDK:fast-tests / rwlock_rda_autotest OK 5.16s 96/119 DPDK:fast-tests / rwlock_rds_wrm_autotest OK 5.16s 97/119 DPDK:fast-tests / rwlock_rde_wro_autotest OK 5.20s 98/119 DPDK:fast-tests / sched_autotest OK 0.17s 99/119 DPDK:fast-tests / security_autotest OK 0.09s 100/119 DPDK:fast-tests / seqlock_autotest OK 2.18s 101/119 DPDK:fast-tests / service_autotest OK 2.86s 102/119 DPDK:fast-tests / soring_autotest OK 0.16s 103/119 DPDK:fast-tests / spinlock_autotest OK 0.19s 104/119 DPDK:fast-tests / stack_autotest OK 0.34s 105/119 DPDK:fast-tests / stack_lf_autotest OK 0.33s 106/119 DPDK:fast-tests / string_autotest OK 0.18s 107/119 DPDK:fast-tests / table_autotest OK 7.05s 108/119 DPDK:fast-tests / tailq_autotest OK 0.22s 109/119 DPDK:fast-tests / telemetry_data_autotest OK 0.16s 110/119 DPDK:fast-tests / telemetry_json_autotest OK 0.15s 111/119 DPDK:fast-tests / thash_autotest OK 0.17s 112/119 DPDK:fast-tests / threads_autotest OK 0.30s 113/119 DPDK:fast-tests / ticketlock_autotest OK 0.23s 114/119 DPDK:fast-tests / timer_autotest OK 2.81s 115/119 DPDK:fast-tests / trace_autotest OK 0.19s 116/119 DPDK:fast-tests / trace_autotest_with_traces OK 0.17s 117/119 DPDK:fast-tests / vdev_autotest OK 0.16s 118/119 DPDK:fast-tests / version_autotest OK 0.16s 119/119 DPDK:fast-tests / telemetry_all SKIP 0.01s exit status 77 Ok: 111 Expected Fail: 0 Fail: 1 Unexpected Pass: 0 Skipped: 7 Timeout: 0 Full log written to /home-local/jenkins-local/jenkins-agent/workspace/Generic-Unit-Test-DPDK/dpdk/build/meson-logs/testlog.txt Test log output from the failed test eal_flags_misc_autotest: Sorry, we were not able to find the logs for this test. Download the log output from the CI site for this test run. ==== End log output ==== 32-bit Ubuntu 22.04.4 (ARM) Kernel: 5.15.83+ aarch64 Compiler: gcc (Ubuntu 11.4.0-1ubuntu1~22.04) 11.4.0 CentOS Stream 9 (ARM) Kernel: Depends on container host Compiler: gcc 11.5.0 20240719 (Red Hat 11.5.0-2) CentOS Stream 10 (ARM) Kernel: Depends on container host Compiler: gcc 14.2.1 20241104 (Red Hat 14.2.1-6) Fedora 40 (ARM Clang) Kernel: Depends on container host Compiler: clang 18.1.8 (Fedora 18.1.8-1.fc40) Fedora 40 (ARM) Kernel: Depends on container host Compiler: gcc 14.2.1 20240912 (Red Hat 14.2.1-3) Fedora 41 (ARM Clang) Kernel: Depends on container host Compiler: clang 19.1.5 (Fedora 19.1.5-1.fc41) Debian 12 (arm) Kernel: Depends on container host Compiler: gcc (Debian 12.2.0-14) 12.2.0 RHEL9 (ARM) Kernel: Depends on container host Compiler: gcc 11.5.0 20240719 (Red Hat 11.5.0-2) Fedora 41 (ARM) Kernel: Depends on container host Compiler: gcc 14.2.1 20240912 (Red Hat 14.2.1-3) Ubuntu 22.04 (ARM) Kernel: Depends on container host Compiler: gcc (Ubuntu 11.4.0-1ubuntu1~22.04) 11.4.0 Ubuntu 20.04 (ARM) Kernel: Depends on container host Compiler: gcc (Ubuntu 9.4.0-1ubuntu1~20.04.2) 9.4.0 Ubuntu 24.04 (ARM) Kernel: Depends on container host Compiler: gcc (Ubuntu 13.3.0-6ubuntu2~24.04) 13.3.0 Ubuntu 20.04 ARM SVE Kernel: Depends on container host Compiler: gcc (Ubuntu 10.5.0-1ubuntu1~20.04) 10.5.0 To view detailed results, visit: https://lab.dpdk.org/results/dashboard/patchsets/32966/ UNH-IOL DPDK Community Lab To manage your email subscriptions, visit: https://lab.dpdk.org/results/dashboard/preferences/subscriptions/