From mboxrd@z Thu Jan 1 00:00:00 1970 Return-Path: Received: from mails.dpdk.org (mails.dpdk.org [217.70.189.124]) by inbox.dpdk.org (Postfix) with ESMTP id B24F94653B for ; Wed, 9 Apr 2025 06:43:23 +0200 (CEST) Received: from mails.dpdk.org (localhost [127.0.0.1]) by mails.dpdk.org (Postfix) with ESMTP id ACA0240609; Wed, 9 Apr 2025 06:43:23 +0200 (CEST) Received: from mail-ot1-f98.google.com (mail-ot1-f98.google.com [209.85.210.98]) by mails.dpdk.org (Postfix) with ESMTP id D5CDB402D7 for ; Wed, 9 Apr 2025 06:43:22 +0200 (CEST) Received: by mail-ot1-f98.google.com with SMTP id 46e09a7af769-72c0987bc4fso2081726a34.0 for ; Tue, 08 Apr 2025 21:43:22 -0700 (PDT) DKIM-Signature: v=1; a=rsa-sha256; c=relaxed/relaxed; d=iol.unh.edu; s=unh-iol; t=1744173802; x=1744778602; darn=dpdk.org; h=references:in-reply-to:cc:to:from:subject:message-id:date:from:to :cc:subject:date:message-id:reply-to; bh=xdvgnaiXXFw4Pw4c/pCzqOkDP0lTsp6PVcA0NqYIk5w=; b=dUJSsO2XVtXS64G8ONYLmzwyBIuP0T7enrwP4vnRcCymfhQaAis2IMFmexW+H6Ksma AYM6uA2fSbuUM0abxa6taiGRQEgyh1eFZi6zk9wDNVdK6xzNXdPmF2DMNmXKiTcpra8q ksM8fUpW2gh7tPf2rkxB+LnEIreYETHyfhIEw= X-Google-DKIM-Signature: v=1; a=rsa-sha256; c=relaxed/relaxed; d=1e100.net; s=20230601; t=1744173802; x=1744778602; h=references:in-reply-to:cc:to:from:subject:message-id:date :x-gm-message-state:from:to:cc:subject:date:message-id:reply-to; bh=xdvgnaiXXFw4Pw4c/pCzqOkDP0lTsp6PVcA0NqYIk5w=; b=OS5i+uvP/k2KxQEhvm475AQSA7Nwu9CL1iNQUMS93qXiBE+jWGcQf/utNpM+9ylqcq s3Z17ZVHx7ooOsCD9XRhltk9EC3yG8EokJlu6SCkfuGSHkzyEZzq/mOHTBwh0+im2Gey bnm0hItpzBV4Xu8gV+Oq/WXKK1qyFyGyazr9bxqrexVihFpwUiuMCzqwx0dfwnlnvLDM FWC+BfJxa7uABzIhzB57D84pJ6XjSWeGlovCkGdhvHBWkexPvjVZxYQNYNPsW9Un8CJn uxqtCVI3hXmKX9UQ1sAQm2iNb033f3taxcWw6p0kz6kt72HlCTzSbi88YamSJizsTJvz V6eQ== X-Gm-Message-State: AOJu0YxrV9J50DlMw124LBi98XF7VWjYuCwIFNgGxOihVNcy4jb5o9uA eZsGTQqiYusTAJ7R4ymaBKwqLEL/em0++5wSqM5QpbZBRy9yMfY3w5tR7gGyEc8yezZYxcrPnA3 +QD0CLbolZJWxPwjhHWrxNQGtVVbGqC1lhx/2ZRPhM7RMZXJVOwGjOJdR X-Gm-Gg: ASbGncsSoKZpCs5dXxbshz0MKKCNggbfo/5h1T9fNvhcsvKZUDuHL0lJs+dEmSghs1l TIAxO4HDTzh/VI8qP3+TNKiP8PS0cviBQiHw2IgotOiBxtArjNGOlnjbyQw5ZbeCnjFg5OnWz3R 45FFRjwCPYzeRU6m0V0b4LH6QvzfpuWF+/8jidMozYTNTuHGOx3sYArO17Zr3wb1ipyAXuA0FLL 25OnxmSqA6U6JB6DJlcgCnIczXTLXa4T3YxBSzzw/mX48mTklUbPcceRyqZgC79IepNRptQR9h+ uQAm3eAzohizjnjh6NOQe3H43WI4tfvxaMddeFClXRWuhmmPjSJj X-Google-Smtp-Source: AGHT+IEMb+XxrIyCm0tcUtmNU89+aYvwOJ6AVGw/bf1K2ZjIwm5Ga6uOPGHUPS+KZs5SucTivTLobmGA05oJ X-Received: by 2002:a05:6808:219b:b0:3f9:17f9:3096 with SMTP id 5614622812f47-400736b05f7mr793144b6e.5.1744173801893; Tue, 08 Apr 2025 21:43:21 -0700 (PDT) Received: from postal.iol.unh.edu (postal.iol.unh.edu. [2606:4100:3880:1234::84]) by smtp-relay.gmail.com with ESMTPS id 006d021491bc7-6045f513b88sm33706eaf.1.2025.04.08.21.43.21 (version=TLS1_2 cipher=ECDHE-ECDSA-AES128-GCM-SHA256 bits=128/128); Tue, 08 Apr 2025 21:43:21 -0700 (PDT) X-Relaying-Domain: iol.unh.edu Date: Tue, 08 Apr 2025 21:43:21 -0700 (PDT) Message-ID: <67f5fae9.050a0220.317e30.08b5SMTPIN_ADDED_MISSING@mx.google.com> Received: from [172.21.0.5] (unknown [172.18.0.240]) by postal.iol.unh.edu (Postfix) with ESMTP id 5DCF56052471; Wed, 9 Apr 2025 00:43:21 -0400 (EDT) Subject: |WARNING| pw152840-152845 [PATCH] [v5,6/6] bus/vmbus: set event for From: dpdklab@iol.unh.edu To: Test Report Cc: dpdk-test-reports@iol.unh.edu In-Reply-To: <1744149236-30264-7-git-send-email-longli@linuxonhyperv.com> References: <1744149236-30264-7-git-send-email-longli@linuxonhyperv.com> Content-Type: text/plain X-BeenThere: test-report@dpdk.org X-Mailman-Version: 2.1.29 Precedence: list List-Id: automatic DPDK test reports List-Unsubscribe: , List-Archive: List-Post: List-Help: List-Subscribe: , Errors-To: test-report-bounces@dpdk.org Test-Label: iol-abi-testing Test-Status: WARNING http://dpdk.org/patch/152845 _Testing issues_ Submitter: Long Li Date: Tuesday, April 08 2025 21:53:56 DPDK git baseline: Repo:dpdk Branch: master CommitID:0b2f016cd76d4fb382eea54b8a6aaf9474586fbc 152840-152845 --> testing issues Upstream job id: Generic-DPDK-Compile-ABI#122734 Test environment and result as below: +-------------------+----------+ | Environment | abi_test | +===================+==========+ | CentOS Stream 9 | FAIL | +-------------------+----------+ | CentOS Stream 10 | FAIL | +-------------------+----------+ | Fedora 41 (Clang) | FAIL | +-------------------+----------+ | Fedora 40 | FAIL | +-------------------+----------+ | Debian 12 | FAIL | +-------------------+----------+ | Fedora 40 (Clang) | FAIL | +-------------------+----------+ | RHEL8 | FAIL | +-------------------+----------+ | Ubuntu 22.04 | FAIL | +-------------------+----------+ | openSUSE Leap 15 | FAIL | +-------------------+----------+ | RHEL9 | FAIL | +-------------------+----------+ | Ubuntu 24.04 | FAIL | +-------------------+----------+ | Fedora 41 | FAIL | +-------------------+----------+ ==== 20 line log output for Fedora 41 (abi_test): ==== Variables changes summary: 0 Removed, 0 Changed, 0 Added (1 filtered out) variable Functions changes summary: 0 Removed, 0 Changed (14 filtered out), 0 Added (4 filtered out) functions Variables changes summary: 0 Removed, 0 Changed, 0 Added variable Functions changes summary: 0 Removed, 0 Changed (2 filtered out), 0 Added functions Variables changes summary: 0 Removed, 0 Changed, 0 Added variable Functions changes summary: 0 Removed, 0 Changed (2 filtered out), 0 Added functions Variables changes summary: 0 Removed, 0 Changed, 0 Added variable Functions changes summary: 0 Removed, 0 Changed (24 filtered out), 0 Added functions Variables changes summary: 0 Removed, 0 Changed (2 filtered out), 0 Added variables Functions changes summary: 0 Removed, 0 Changed (4 filtered out), 0 Added (1 filtered out) functions Variables changes summary: 0 Removed, 0 Changed (1 filtered out), 0 Added variable Functions changes summary: 0 Removed, 0 Changed (1 filtered out), 0 Added function Variables changes summary: 0 Removed, 0 Changed, 0 Added variable ==== End log output ==== CentOS Stream 9 Kernel: Depends on container host Compiler: gcc 11.5.0 20240719 (Red Hat 11.5.0-2) CentOS Stream 10 Kernel: Depends on container host Compiler: gcc 14.2.1 20241104 (Red Hat 14.2.1-6) Fedora 41 (Clang) Kernel: Depends on container host Compiler: clang 19.1.5 (Fedora 19.1.5-1.fc41) Fedora 40 Kernel: Depends on container host Compiler: gcc 14.2.1 20240912 (Red Hat 14.2.1-3) Debian 12 Kernel: Depends on container host Compiler: gcc (Debian 12.2.0-14) 12.2.0 Fedora 40 (Clang) Kernel: Depends on container host Compiler: clang 18.1.8 (Fedora 18.1.8-1.fc40) RHEL8 Kernel: Depends on container host Compiler: gcc 8.5.0 20210514 (Red Hat 8.5.0-22) Ubuntu 22.04 Kernel: Depends on container host Compiler: gcc (Ubuntu 11.4.0-1ubuntu1~22.04) 11.4.0 openSUSE Leap 15 Kernel: Depends on container host Compiler: gcc (SUSE Linux) 7.5.0 RHEL9 Kernel: Depends on container host Compiler: gcc 11.5.0 20240719 (Red Hat 11.5.0-2) Ubuntu 24.04 Kernel: Depends on container host Compiler: gcc (Ubuntu 13.3.0-6ubuntu2~24.04) 13.3.0 Fedora 41 Kernel: Depends on container host Compiler: gcc 14.2.1 20240912 (Red Hat 14.2.1-3) To view detailed results, visit: https://lab.dpdk.org/results/dashboard/patchsets/32974/ UNH-IOL DPDK Community Lab To manage your email subscriptions, visit: https://lab.dpdk.org/results/dashboard/preferences/subscriptions/