From mboxrd@z Thu Jan 1 00:00:00 1970 Return-Path: Received: from mails.dpdk.org (mails.dpdk.org [217.70.189.124]) by inbox.dpdk.org (Postfix) with ESMTP id 70E4246542 for ; Wed, 9 Apr 2025 10:42:05 +0200 (CEST) Received: from mails.dpdk.org (localhost [127.0.0.1]) by mails.dpdk.org (Postfix) with ESMTP id 6E37E402C3; Wed, 9 Apr 2025 10:42:05 +0200 (CEST) Received: from mail-il1-f228.google.com (mail-il1-f228.google.com [209.85.166.228]) by mails.dpdk.org (Postfix) with ESMTP id 6A669402B7 for ; Wed, 9 Apr 2025 10:42:03 +0200 (CEST) Received: by mail-il1-f228.google.com with SMTP id e9e14a558f8ab-3d5e43e4725so18268915ab.1 for ; Wed, 09 Apr 2025 01:42:03 -0700 (PDT) DKIM-Signature: v=1; a=rsa-sha256; c=relaxed/relaxed; d=iol.unh.edu; s=unh-iol; t=1744188122; x=1744792922; darn=dpdk.org; h=cc:to:from:subject:message-id:date:from:to:cc:subject:date :message-id:reply-to; bh=PqagG3YeWhAAgQ1ySAlwZoVfNgV1iDh393g6Ucf1Pio=; b=IZfwu0hdEv7eh/kTMDXqW9MEdV6Yzy3bNXZ8bZ2CVVM3D+dLZagOVOHcy7UOgjz1IS PdAKVBlayGLxnibk92BSdPFhzwoLPIfJBqoVI0GZGOdgFQkmWeBpZvfF089VgKBcJhyw e4pw/eJW0iHSBZCkVyUEUCyolk3d+aTCLlYf4= X-Google-DKIM-Signature: v=1; a=rsa-sha256; c=relaxed/relaxed; d=1e100.net; s=20230601; t=1744188122; x=1744792922; h=cc:to:from:subject:message-id:date:x-gm-message-state:from:to:cc :subject:date:message-id:reply-to; bh=PqagG3YeWhAAgQ1ySAlwZoVfNgV1iDh393g6Ucf1Pio=; b=hh82xuGY8/TfBmzzKqECppjERzz0n3+LVNS2O2xZ1dWVvRjEMcfeG5YgUDygderQ+m 6r/HrkfIJZK9yr3tOsBX0HKVwoObQblIvekN/iKUbAcelbgJli21MO3NuMPf+bHXi+f0 +IJzeRhtTbYsJEUchKfINa6ZKlTD6Vcow02oOUfqBq1b4TUgf5JnJvs4Mn4vMa6oE9dZ NYDELtq9a8ZSKpA1WiDpMd3+Q1yfbPI9bYyilDaG+PDKjh6GHqcBARpigQ7fBb3lUVYk bBrb3n0BFOMVl09vPVozHwA0B8TdU02Pqyrfi6KaRXUq4ilvmXYRI2diToDkxnWm2LPx AubA== X-Gm-Message-State: AOJu0YxJAuQKwlICusXV1Ed9U/dZiJFMWoLvubd4XFgrx+YyBxnPQso+ 47yxVgno5a+yVGGY+9V54Rdhw5pmbZlytJTsGz9l3mzPAc57u8MbY5nn04qRA5mjsDTjy8ZyZQs wdpVpJxpbOuTNJUJ2NAY73+e8Rd4UFhLs X-Gm-Gg: ASbGncvqjEMfAszKSH/5kP10XdxqkA4YRCLfkzuho1vXeeBtsmCBs3XTZYLzkbjWlJ0 J5ppgSDYUC3eAepgXMYOisRfSKP64U2UUKpyj8h/8o7fYQfnkuhivu0ggK2fQW92F7uQCJbZV6Q WsOrNfvoReeICoiR+KcWNx5H2ArrjiZiJbwhgW4wc380xAr0wEEF7ZTKifNYWKzfHTJaORlKxRn bScW17c5I/0KIH16h35kK1AHtcl5zWkYoclR19GyBZbqteSrD4sXzJVOJ80p43CY74oW/mouCS/ rtMIwhWKTjDJk/+vTKoNlK3Y3sHtCZd5Fqqe X-Google-Smtp-Source: AGHT+IEvz3PQ/vrCAQ+V6HqB54IAcjqsZtroE/jOF9g3oVrtKw0H/qgriIuxZdlpYcumX4koVgknsodmy80a X-Received: by 2002:a05:6e02:1a04:b0:3d3:fbae:3978 with SMTP id e9e14a558f8ab-3d776c9d1c5mr17611285ab.9.1744188122747; Wed, 09 Apr 2025 01:42:02 -0700 (PDT) Received: from postal.iol.unh.edu (postal.iol.unh.edu. [132.177.123.84]) by smtp-relay.gmail.com with ESMTPS id 8926c6da1cb9f-4f505d40a4fsm95429173.34.2025.04.09.01.42.02 (version=TLS1_2 cipher=ECDHE-ECDSA-AES128-GCM-SHA256 bits=128/128); Wed, 09 Apr 2025 01:42:02 -0700 (PDT) X-Relaying-Domain: iol.unh.edu Date: Wed, 09 Apr 2025 01:42:02 -0700 (PDT) Message-ID: <67f632da.050a0220.37672c.1b7bSMTPIN_ADDED_MISSING@mx.google.com> Received: from [172.21.0.5] (unknown [172.18.0.240]) by postal.iol.unh.edu (Postfix) with ESMTP id 056766052471; Wed, 9 Apr 2025 04:42:00 -0400 (EDT) Subject: |WARNING| [GIT MASTER] 8effaffad34e015bb83f10e7d91617a6d4043f04 From: dpdklab@iol.unh.edu To: Test Report Cc: dpdk-test-reports@iol.unh.edu, Xueming Li , Christian Ehrhardt , Kevin Traynor , Luca Boccassi Content-Type: text/plain X-BeenThere: test-report@dpdk.org X-Mailman-Version: 2.1.29 Precedence: list List-Id: automatic DPDK test reports List-Unsubscribe: , List-Archive: List-Post: List-Help: List-Subscribe: , Errors-To: test-report-bounces@dpdk.org _Testing issues_ Branch: tags/v22.11 8effaffad34e015bb83f10e7d91617a6d4043f04 --> testing issues Upstream job id: Generic-Unit-Test-DPDK#329828 Test environment and result as below: +-----------------------------+----------------+---------------------------+--------------+------------------------------+ | Environment | dpdk_unit_test | cryptodev_sw_zuc_autotest | lpm_autotest | cryptodev_sw_snow3g_autotest | +=============================+================+===========================+==============+==============================+ | 32-bit Ubuntu 22.04.4 (ARM) | PASS | SKIPPED | SKIPPED | SKIPPED | +-----------------------------+----------------+---------------------------+--------------+------------------------------+ | Debian 12 (arm) | SKIPPED | PASS | SKIPPED | PASS | +-----------------------------+----------------+---------------------------+--------------+------------------------------+ | Ubuntu 20.04 ARM SVE | SKIPPED | SKIPPED | FAIL | SKIPPED | +-----------------------------+----------------+---------------------------+--------------+------------------------------+ ==== 20 line log output for Ubuntu 20.04 ARM SVE (lpm_autotest): ==== [671/690] Compiling C object 'app/test/3062f5d@@dpdk-test@exe/test_threads.c.o'. [672/690] Compiling C object 'app/test/3062f5d@@dpdk-test@exe/test_thash_perf.c.o'. [673/690] Compiling C object 'app/test/3062f5d@@dpdk-test@exe/test_thash.c.o'. [674/690] Compiling C object 'app/test/3062f5d@@dpdk-test@exe/test_timer.c.o'. [675/690] Compiling C object 'app/test/3062f5d@@dpdk-test@exe/test_timer_perf.c.o'. [676/690] Compiling C object 'app/test/3062f5d@@dpdk-test@exe/test_timer_racecond.c.o'. [677/690] Compiling C object 'app/test/3062f5d@@dpdk-test@exe/test_ticketlock.c.o'. [678/690] Compiling C object 'app/test/3062f5d@@dpdk-test@exe/test_timer_secondary.c.o'. [679/690] Compiling C object 'app/test/3062f5d@@dpdk-test@exe/test_ring.c.o'. [680/690] Compiling C object 'app/test/3062f5d@@dpdk-test@exe/test_trace_register.c.o'. [681/690] Compiling C object 'app/test/3062f5d@@dpdk-test@exe/test_version.c.o'. [682/690] Compiling C object 'app/test/3062f5d@@dpdk-test@exe/test_trace.c.o'. [683/690] Compiling C object 'app/test/3062f5d@@dpdk-test@exe/test_telemetry_data.c.o'. [684/690] Compiling C object 'app/test/3062f5d@@dpdk-test@exe/test_pcapng.c.o'. [685/690] Compiling C object 'app/test/3062f5d@@dpdk-test@exe/test_telemetry_json.c.o'. [686/690] Compiling C object 'app/test/3062f5d@@dpdk-test@exe/virtual_pmd.c.o'. [687/690] Compiling C object 'app/test/3062f5d@@dpdk-test@exe/test_bpf.c.o'. [688/690] Compiling C object 'app/test/3062f5d@@dpdk-test@exe/test_trace_perf.c.o'. [689/690] Compiling C object 'app/test/3062f5d@@dpdk-test@exe/test_compressdev.c.o'. [690/690] Linking target app/test/dpdk-test. ==== End log output ==== 32-bit Ubuntu 22.04.4 (ARM) Kernel: 5.15.83+ aarch64 Compiler: gcc (Ubuntu 11.4.0-1ubuntu1~22.04) 11.4.0 Debian 12 (arm) Kernel: Depends on container host Compiler: gcc (Debian 12.2.0-14) 12.2.0 Ubuntu 20.04 ARM SVE Kernel: Depends on container host Compiler: gcc (Ubuntu 10.5.0-1ubuntu1~20.04) 10.5.0 To view detailed results, visit: https://lab.dpdk.org/results/dashboard/tarballs/33198/ UNH-IOL DPDK Community Lab To manage your email subscriptions, visit: https://lab.dpdk.org/results/dashboard/preferences/subscriptions/