From mboxrd@z Thu Jan 1 00:00:00 1970 Return-Path: Received: from mails.dpdk.org (mails.dpdk.org [217.70.189.124]) by inbox.dpdk.org (Postfix) with ESMTP id 7CEE446542 for ; Wed, 9 Apr 2025 11:03:59 +0200 (CEST) Received: from mails.dpdk.org (localhost [127.0.0.1]) by mails.dpdk.org (Postfix) with ESMTP id 75D14402C3; Wed, 9 Apr 2025 11:03:59 +0200 (CEST) Received: from mail-pl1-f225.google.com (mail-pl1-f225.google.com [209.85.214.225]) by mails.dpdk.org (Postfix) with ESMTP id D2D51402B7 for ; Wed, 9 Apr 2025 11:03:58 +0200 (CEST) Received: by mail-pl1-f225.google.com with SMTP id d9443c01a7336-223fb0f619dso65542305ad.1 for ; Wed, 09 Apr 2025 02:03:58 -0700 (PDT) DKIM-Signature: v=1; a=rsa-sha256; c=relaxed/relaxed; d=iol.unh.edu; s=unh-iol; t=1744189438; x=1744794238; darn=dpdk.org; h=cc:to:from:subject:message-id:date:from:to:cc:subject:date :message-id:reply-to; bh=r/EdcU2i5CTFyBjIXOvfG9JXQ6CWkb9484CKQOBAdaU=; b=WJboscMvM2IDm6OzJPXbI7BA6XO74Iznonm/yyhH5MtGs8LzflJ5AH/tZUMHF0QcnC YpKIg/fi4Gsgeu1mlo6Dynt52tjZoGu5BSV4d8tKj/SW/goVjGxFox9zIysAWJIAlnzI P8ZTvFZStkZfLqd5dA63bDSNdXzNynhbLAwqU= X-Google-DKIM-Signature: v=1; a=rsa-sha256; c=relaxed/relaxed; d=1e100.net; s=20230601; t=1744189438; x=1744794238; h=cc:to:from:subject:message-id:date:x-gm-message-state:from:to:cc :subject:date:message-id:reply-to; bh=r/EdcU2i5CTFyBjIXOvfG9JXQ6CWkb9484CKQOBAdaU=; b=QcDtpPFEM6XbFxbLaseYKzReuDvLTn2Sh4RmFQzYHhBUtyQoqvfrAh5Iciq0vYX6pl UQnuZsSXg0aLPCIO98vKzwSsYIzt9IvDeq5ksipcMYIa+DfaM8VP7IGgjUOX63ODVZmk 4yHp764Zgb0LvpmOR57JIfOBVWdVmE4jE7gxGe5cuU+fzzgIcBY3RtD6iIYGby02NABy tsdlkOKKxNsKySA+//AYXlpH9XwlUVTYdUSHQ/IoeNEGzyMchLMBv5GbcfWeD5shvF4y VnEIqbfnT89nEYGgTeTVVbujkJlL11ZF3a9zB0TevlChwDdcA6dsH9zJDbVVKWA4QHcs YpNg== X-Gm-Message-State: AOJu0YwCtAiPH4ZpFiZkuboY5ZwwjOByarkbU9ulV93InH43mtFUP411 wjz1Su37DBpjLeVOOFJMNWqhey6Yq2gzaWRMQrbRCuc7zVfpnYWufYRo3CzQwvuf2hJK2VyDPmC EUOxM99+0Z9ptk7f4dQ2GQrxdgIaya3xT X-Gm-Gg: ASbGncura5JTU20PyKL35czRSlsIAHpue/YCXh1tydDF70FzXzd8zbxV7cVYHvv5y6K koc9CGima4UHNfxBRVzpTHAuZw6fgSYmeKSF62O79+eta9F3+Df/2292i1ZwZ9nZi3IX5SPEFrv LMaJt63jdK6btQpF0sKRZaLOBQGsYcM4VZ537HUmxf04VuknnGD07kCICGWq57uZnHdsYQ4EsrA QSZcOYxqfy2uWIju61DNcVsgjWFwp4JYjp7dsUH+RsCdt0jebzaRk0F7egCMMe92lYArXUcszkw 9nHY+wrg7KAS7+cO0hZ4kbQTfMjLp8Q9CIHU X-Google-Smtp-Source: AGHT+IGrZT2egIlhpZE6JSGR68BcCsChrpSaRgW3GMyBCCCSNi6dEZbyrfkzxd1G04TD+P9gEUPX8Rs+F+1j X-Received: by 2002:a17:903:249:b0:224:26fd:82e5 with SMTP id d9443c01a7336-22ac2a2fdf9mr30944245ad.48.1744189438003; Wed, 09 Apr 2025 02:03:58 -0700 (PDT) Received: from postal.iol.unh.edu (postal.iol.unh.edu. [132.177.123.84]) by smtp-relay.gmail.com with ESMTPS id d9443c01a7336-22ac7b6ece9sm468815ad.51.2025.04.09.02.03.57 (version=TLS1_2 cipher=ECDHE-ECDSA-AES128-GCM-SHA256 bits=128/128); Wed, 09 Apr 2025 02:03:57 -0700 (PDT) X-Relaying-Domain: iol.unh.edu Date: Wed, 09 Apr 2025 02:03:57 -0700 (PDT) Message-ID: <67f637fd.170a0220.2d4953.1215SMTPIN_ADDED_MISSING@mx.google.com> Received: from [172.21.0.8] (unknown [172.18.0.240]) by postal.iol.unh.edu (Postfix) with ESMTP id E6E4B6052471; Wed, 9 Apr 2025 05:03:54 -0400 (EDT) Subject: |WARNING| [GIT MASTER] 8effaffad34e015bb83f10e7d91617a6d4043f04 From: dpdklab@iol.unh.edu To: Test Report Cc: dpdk-test-reports@iol.unh.edu, Xueming Li , Christian Ehrhardt , Kevin Traynor , Luca Boccassi Content-Type: text/plain X-BeenThere: test-report@dpdk.org X-Mailman-Version: 2.1.29 Precedence: list List-Id: automatic DPDK test reports List-Unsubscribe: , List-Archive: List-Post: List-Help: List-Subscribe: , Errors-To: test-report-bounces@dpdk.org _Testing issues_ Branch: tags/v22.11 8effaffad34e015bb83f10e7d91617a6d4043f04 --> testing issues Upstream job id: Windows-Compile-DPDK-Native#27780 Test environment and result as below: +---------------------+--------------------+-------------------------+ | Environment | dpdk_meson_compile | dpdk_llvm_clang_compile | +=====================+====================+=========================+ | CentOS Stream 9 | PASS | SKIPPED | +---------------------+--------------------+-------------------------+ | Debian 12 | PASS | SKIPPED | +---------------------+--------------------+-------------------------+ | Fedora 40 (Clang) | PASS | SKIPPED | +---------------------+--------------------+-------------------------+ | Fedora 40 | PASS | SKIPPED | +---------------------+--------------------+-------------------------+ | RHEL8 | PASS | SKIPPED | +---------------------+--------------------+-------------------------+ | Fedora 41 (Clang) | PEND | SKIPPED | +---------------------+--------------------+-------------------------+ | Fedora 41 | PEND | SKIPPED | +---------------------+--------------------+-------------------------+ | Ubuntu 20.04 | PASS | SKIPPED | +---------------------+--------------------+-------------------------+ | Ubuntu 22.04 | PEND | SKIPPED | +---------------------+--------------------+-------------------------+ | Ubuntu 24.04 | PASS | SKIPPED | +---------------------+--------------------+-------------------------+ | FreeBSD 13.5 | PASS | SKIPPED | +---------------------+--------------------+-------------------------+ | FreeBSD 14.2 | PASS | SKIPPED | +---------------------+--------------------+-------------------------+ | RHEL9 | PASS | SKIPPED | +---------------------+--------------------+-------------------------+ | CentOS Stream 10 | PEND | SKIPPED | +---------------------+--------------------+-------------------------+ | openSUSE Leap 15 | PEND | SKIPPED | +---------------------+--------------------+-------------------------+ | Windows Server 2022 | SKIPPED | FAIL | +---------------------+--------------------+-------------------------+ ==== 20 line log output for Windows Server 2022 (dpdk_llvm_clang_compile): ==== ..\lib\eal\include/rte_common.h:850:32: note: expanded from macro 'RTE_FMT_TAIL' #define RTE_FMT_TAIL(fmt, ...) __VA_ARGS__ ^~~~~~~~~~~ ..\lib\eal\include/rte_common.h:848:39: note: expanded from macro 'RTE_FMT' #define RTE_FMT(fmt, ...) fmt "%.0s", __VA_ARGS__ "" ^~~~~~~~~~~ ../drivers/crypto/mlx5/mlx5_crypto.c:463:18: note: forward declaration of 'struct mlx5_err_cqe' volatile struct mlx5_err_cqe *cqe = (volatile struct mlx5_err_cqe *) ^ 3 errors generated. [618/788] Linking static target drivers/libtmp_rte_net_octeon_ep.a [619/788] Compiling C object drivers/libtmp_rte_net_vmxnet3.a.p/net_vmxnet3_vmxnet3_ethdev.c.obj [620/788] Compiling C object app/dpdk-testpmd.exe.p/test-pmd_cmdline_mtr.c.obj [621/788] Compiling C object drivers/libtmp_rte_crypto_mlx5.a.p/crypto_mlx5_mlx5_crypto_dek.c.obj [622/788] Compiling C object app/dpdk-testpmd.exe.p/test-pmd_5tswap.c.obj [623/788] Compiling C object app/dpdk-testpmd.exe.p/test-pmd_cmdline.c.obj [624/788] Compiling C object drivers/libtmp_rte_net_mlx5.a.p/net_mlx5_mlx5_tx_empw.c.obj [625/788] Compiling C object drivers/libtmp_rte_net_mlx5.a.p/net_mlx5_mlx5_tx_nompw.c.obj [626/788] Compiling C object drivers/libtmp_rte_net_mlx5.a.p/net_mlx5_mlx5_tx_txpp.c.obj ninja: build stopped: subcommand failed. ==== End log output ==== CentOS Stream 9 Kernel: Depends on container host Compiler: gcc 11.5.0 20240719 (Red Hat 11.5.0-2) Debian 12 Kernel: Depends on container host Compiler: gcc (Debian 12.2.0-14) 12.2.0 Fedora 40 (Clang) Kernel: Depends on container host Compiler: clang 18.1.8 (Fedora 18.1.8-1.fc40) Fedora 40 Kernel: Depends on container host Compiler: gcc 14.2.1 20240912 (Red Hat 14.2.1-3) RHEL8 Kernel: Depends on container host Compiler: gcc 8.5.0 20210514 (Red Hat 8.5.0-22) Fedora 41 (Clang) Kernel: Depends on container host Compiler: clang 19.1.5 (Fedora 19.1.5-1.fc41) Fedora 41 Kernel: Depends on container host Compiler: gcc 14.2.1 20240912 (Red Hat 14.2.1-3) Ubuntu 20.04 Kernel: 4.19.325-0419325-generic Compiler: gcc (Ubuntu 9.4.0-1ubuntu1~20.04.2) 9.4.0 Ubuntu 22.04 Kernel: Depends on container host Compiler: gcc (Ubuntu 11.4.0-1ubuntu1~22.04) 11.4.0 Ubuntu 24.04 Kernel: Depends on container host Compiler: gcc (Ubuntu 13.3.0-6ubuntu2~24.04) 13.3.0 FreeBSD 13.5 Kernel: 13.5-RELEASE Compiler: clang 19.1.7 FreeBSD 14.2 Kernel: 14.2-RELEASE Compiler: clang 18.1.6 RHEL9 Kernel: Depends on container host Compiler: gcc 11.5.0 20240719 (Red Hat 11.5.0-2) CentOS Stream 10 Kernel: Depends on container host Compiler: gcc 14.2.1 20241104 (Red Hat 14.2.1-6) openSUSE Leap 15 Kernel: Depends on container host Compiler: gcc (SUSE Linux) 7.5.0 Windows Server 2022 Kernel: 10.0.20348.2031 Compiler: clang 15.0.7, gcc 14.1.0 (MinGW), and MSVC VS 19.39.33521 To view detailed results, visit: https://lab.dpdk.org/results/dashboard/tarballs/33198/ UNH-IOL DPDK Community Lab To manage your email subscriptions, visit: https://lab.dpdk.org/results/dashboard/preferences/subscriptions/