From mboxrd@z Thu Jan  1 00:00:00 1970
Return-Path: <test-report-bounces@dpdk.org>
Received: from mails.dpdk.org (mails.dpdk.org [217.70.189.124])
	by inbox.dpdk.org (Postfix) with ESMTP id 9413746542
	for <public@inbox.dpdk.org>; Wed,  9 Apr 2025 11:04:38 +0200 (CEST)
Received: from mails.dpdk.org (localhost [127.0.0.1])
	by mails.dpdk.org (Postfix) with ESMTP id 8F7AC402C3;
	Wed,  9 Apr 2025 11:04:38 +0200 (CEST)
Received: from mail-yb1-f225.google.com (mail-yb1-f225.google.com
 [209.85.219.225])
 by mails.dpdk.org (Postfix) with ESMTP id 4F8B8402B7
 for <test-report@dpdk.org>; Wed,  9 Apr 2025 11:04:37 +0200 (CEST)
Received: by mail-yb1-f225.google.com with SMTP id
 3f1490d57ef6-e6dd991a0e6so5600263276.1
 for <test-report@dpdk.org>; Wed, 09 Apr 2025 02:04:37 -0700 (PDT)
DKIM-Signature: v=1; a=rsa-sha256; c=relaxed/relaxed;
 d=iol.unh.edu; s=unh-iol; t=1744189476; x=1744794276; darn=dpdk.org;
 h=cc:to:from:subject:message-id:date:from:to:cc:subject:date
 :message-id:reply-to;
 bh=TgsXNkIB3rpni2sw2gKpjwSO3M8c1gq4RwTOCSJaj6c=;
 b=O74mKkvPi9hXxQuPLVTirMYu4BAyRlRySQTA7jyLd+BHY5PcuWgMEDpQpXcUKMvR4A
 1WrD5iMWpw9Yp777x7e6vQZfeZUHEunFqVWMndaReUkajbsaLED6N5XQmA7A2BL5wnlE
 e8Cc3UVLET4q4THmOqeMyYpVauF6DmhZONkIo=
X-Google-DKIM-Signature: v=1; a=rsa-sha256; c=relaxed/relaxed;
 d=1e100.net; s=20230601; t=1744189476; x=1744794276;
 h=cc:to:from:subject:message-id:date:x-gm-message-state:from:to:cc
 :subject:date:message-id:reply-to;
 bh=TgsXNkIB3rpni2sw2gKpjwSO3M8c1gq4RwTOCSJaj6c=;
 b=FmbwajxyUqd4c7aQdGZiFv9yHnukXAK8e37KfQYhjyYDysx76nKHrSapdNmueOjC60
 HKpnt3lOwdNBGKCJJc51q6amgaHuSwlu+GE4yMllsAqtCGflwdYix0U+roDHwjXNrcxz
 7JtodrBtaXNGJHGtMX8vCgyFVlfhxZrHYW+JR55j8RFLh4+3hWgphimTb1pp+qO1cI3p
 UhTW69Z+A2ZGWLH7W101H28cHfLRW/LUrA3OelEYFJZxD2paYNoDwTumnGxtO8vZ6q+R
 eW9lojXCCt+BDIVOkwDeh0W3CQGfsbKmghtgJhA2xDxAYd1yQliHZXcvqrLJz8Ua6wjo
 yB8A==
X-Gm-Message-State: AOJu0YwrNLUIrs8rJPKoVSXpmI9GAlxYq7TJ4F71HHZlCwG44qxhX37f
 Gte+sec6vAWMlSX0kBWlv2qOFXLUPoholYPOndsnMqKvcGU3wv7JaonEZP3pBLKRW7yTGMQbQuY
 O/vX2R9DaA6tK9m/Lzj8BnVBs/Yt7MSuh
X-Gm-Gg: ASbGncuKT3pyUpybemeHIdiyLzrupNk0USXeKFakJiPJ+t89G/cZ0KttcWIwKH0CtrG
 pxKx9+2bIYhy++nBTaMnLNAwVjTde6AgQgAZv/NrnMNKsX2kpErBe3u8SlD8Zozi5WoRlhvGhJ3
 fik9/DQ33pviHaNrds1A38+WWfZ+WcshrRAKwMc1MNsLxWWIM/n5Lm5jkRY51siSHMSeV/DUvTs
 DRqYi8wuutkzb5acaOqTaV37PpJsuKoCzuPGIzKn7xWJhlGCRTK1AwQKbxoRxRqZ7nh9g5lqmk+
 ZzwOL4H6jI0OztvS/h5DpM6s+RZCgjae1ton
X-Google-Smtp-Source: AGHT+IG/wv4zzp1uOD8+6U4DaeintQWQ8W8Yiuptw/QlPG/qfboN75i1ZyUXIW+TMILgJnmZDiYOWyIEi8ej
X-Received: by 2002:a05:6902:a09:b0:e6d:f0a6:4cdc with SMTP id
 3f1490d57ef6-e702f5c6777mr3331608276.20.1744189476626; 
 Wed, 09 Apr 2025 02:04:36 -0700 (PDT)
Received: from postal.iol.unh.edu (postal.iol.unh.edu. [132.177.123.84])
 by smtp-relay.gmail.com with ESMTPS id
 3f1490d57ef6-e7032479f34sm115390276.15.2025.04.09.02.04.36
 (version=TLS1_2 cipher=ECDHE-ECDSA-AES128-GCM-SHA256 bits=128/128);
 Wed, 09 Apr 2025 02:04:36 -0700 (PDT)
X-Relaying-Domain: iol.unh.edu
Date: Wed, 09 Apr 2025 02:04:36 -0700 (PDT)
Message-ID: <67f63824.250a0220.253f54.2c46SMTPIN_ADDED_MISSING@mx.google.com>
Received: from [172.21.0.5] (unknown [172.18.0.240])
 by postal.iol.unh.edu (Postfix) with ESMTP id 0E0126052471;
 Wed,  9 Apr 2025 05:04:34 -0400 (EDT)
Subject: |WARNING| [GIT MASTER] 8effaffad34e015bb83f10e7d91617a6d4043f04
From: dpdklab@iol.unh.edu
To: Test Report <test-report@dpdk.org>
Cc: dpdk-test-reports@iol.unh.edu, Xueming Li <xuemingl@nvidia.com>,
 Christian Ehrhardt <christian.ehrhardt@canonical.com>,
 Kevin Traynor <ktraynor@redhat.com>, Luca Boccassi <bluca@debian.org>
Content-Type: text/plain
X-BeenThere: test-report@dpdk.org
X-Mailman-Version: 2.1.29
Precedence: list
List-Id: automatic DPDK test reports <test-report.dpdk.org>
List-Unsubscribe: <https://mails.dpdk.org/options/test-report>,
 <mailto:test-report-request@dpdk.org?subject=unsubscribe>
List-Archive: <http://mails.dpdk.org/archives/test-report/>
List-Post: <mailto:test-report@dpdk.org>
List-Help: <mailto:test-report-request@dpdk.org?subject=help>
List-Subscribe: <https://mails.dpdk.org/listinfo/test-report>,
 <mailto:test-report-request@dpdk.org?subject=subscribe>
Errors-To: test-report-bounces@dpdk.org

_Testing issues_

Branch: tags/v22.11

8effaffad34e015bb83f10e7d91617a6d4043f04 --> testing issues

Upstream job id: Generic-DPDK-Compile-Meson#378621

Test environment and result as below:

+---------------------+--------------------+-------------------------+
|     Environment     | dpdk_meson_compile | dpdk_llvm_clang_compile |
+=====================+====================+=========================+
| CentOS Stream 9     | PASS               | SKIPPED                 |
+---------------------+--------------------+-------------------------+
| Debian 12           | PASS               | SKIPPED                 |
+---------------------+--------------------+-------------------------+
| Fedora 40 (Clang)   | PASS               | SKIPPED                 |
+---------------------+--------------------+-------------------------+
| Fedora 40           | PASS               | SKIPPED                 |
+---------------------+--------------------+-------------------------+
| RHEL8               | PASS               | SKIPPED                 |
+---------------------+--------------------+-------------------------+
| Fedora 41 (Clang)   | PEND               | SKIPPED                 |
+---------------------+--------------------+-------------------------+
| Fedora 41           | PEND               | SKIPPED                 |
+---------------------+--------------------+-------------------------+
| Ubuntu 20.04        | PASS               | SKIPPED                 |
+---------------------+--------------------+-------------------------+
| Ubuntu 22.04        | PEND               | SKIPPED                 |
+---------------------+--------------------+-------------------------+
| Ubuntu 24.04        | PASS               | SKIPPED                 |
+---------------------+--------------------+-------------------------+
| FreeBSD 13.5        | PASS               | SKIPPED                 |
+---------------------+--------------------+-------------------------+
| FreeBSD 14.2        | PASS               | SKIPPED                 |
+---------------------+--------------------+-------------------------+
| RHEL9               | PASS               | SKIPPED                 |
+---------------------+--------------------+-------------------------+
| CentOS Stream 10    | PEND               | SKIPPED                 |
+---------------------+--------------------+-------------------------+
| openSUSE Leap 15    | PEND               | SKIPPED                 |
+---------------------+--------------------+-------------------------+
| Windows Server 2022 | SKIPPED            | FAIL                    |
+---------------------+--------------------+-------------------------+

==== 20 line log output for Windows Server 2022 (dpdk_llvm_clang_compile): ====
..\lib\eal\include/rte_common.h:850:32: note: expanded from macro 'RTE_FMT_TAIL'
#define RTE_FMT_TAIL(fmt, ...) __VA_ARGS__
^~~~~~~~~~~
..\lib\eal\include/rte_common.h:848:39: note: expanded from macro 'RTE_FMT'
#define RTE_FMT(fmt, ...) fmt "%.0s", __VA_ARGS__ ""
^~~~~~~~~~~
../drivers/crypto/mlx5/mlx5_crypto.c:463:18: note: forward declaration of 'struct mlx5_err_cqe'
volatile struct mlx5_err_cqe *cqe = (volatile struct mlx5_err_cqe *)
^
3 errors generated.
[618/788] Linking static target drivers/libtmp_rte_net_octeon_ep.a
[619/788] Compiling C object drivers/libtmp_rte_net_vmxnet3.a.p/net_vmxnet3_vmxnet3_ethdev.c.obj
[620/788] Compiling C object app/dpdk-testpmd.exe.p/test-pmd_cmdline_mtr.c.obj
[621/788] Compiling C object drivers/libtmp_rte_crypto_mlx5.a.p/crypto_mlx5_mlx5_crypto_dek.c.obj
[622/788] Compiling C object app/dpdk-testpmd.exe.p/test-pmd_5tswap.c.obj
[623/788] Compiling C object app/dpdk-testpmd.exe.p/test-pmd_cmdline.c.obj
[624/788] Compiling C object drivers/libtmp_rte_net_mlx5.a.p/net_mlx5_mlx5_tx_empw.c.obj
[625/788] Compiling C object drivers/libtmp_rte_net_mlx5.a.p/net_mlx5_mlx5_tx_nompw.c.obj
[626/788] Compiling C object drivers/libtmp_rte_net_mlx5.a.p/net_mlx5_mlx5_tx_txpp.c.obj
ninja: build stopped: subcommand failed.
==== End log output ====

CentOS Stream 9
	Kernel: Depends on container host
	Compiler: gcc 11.5.0 20240719 (Red Hat 11.5.0-2)

Debian 12
	Kernel: Depends on container host
	Compiler: gcc (Debian 12.2.0-14) 12.2.0

Fedora 40 (Clang)
	Kernel: Depends on container host
	Compiler: clang 18.1.8 (Fedora 18.1.8-1.fc40)

Fedora 40
	Kernel: Depends on container host
	Compiler: gcc 14.2.1 20240912 (Red Hat 14.2.1-3)

RHEL8
	Kernel: Depends on container host
	Compiler: gcc 8.5.0 20210514 (Red Hat 8.5.0-22)

Fedora 41 (Clang)
	Kernel: Depends on container host
	Compiler: clang 19.1.5 (Fedora 19.1.5-1.fc41)

Fedora 41
	Kernel: Depends on container host
	Compiler: gcc 14.2.1 20240912 (Red Hat 14.2.1-3)

Ubuntu 20.04
	Kernel: 4.19.325-0419325-generic
	Compiler: gcc (Ubuntu 9.4.0-1ubuntu1~20.04.2) 9.4.0

Ubuntu 22.04
	Kernel: Depends on container host
	Compiler: gcc (Ubuntu 11.4.0-1ubuntu1~22.04) 11.4.0

Ubuntu 24.04
	Kernel: Depends on container host
	Compiler: gcc (Ubuntu 13.3.0-6ubuntu2~24.04) 13.3.0

FreeBSD 13.5
	Kernel: 13.5-RELEASE
	Compiler: clang 19.1.7

FreeBSD 14.2
	Kernel: 14.2-RELEASE
	Compiler: clang 18.1.6

RHEL9
	Kernel: Depends on container host
	Compiler: gcc 11.5.0 20240719 (Red Hat 11.5.0-2)

CentOS Stream 10
	Kernel: Depends on container host
	Compiler: gcc 14.2.1 20241104 (Red Hat 14.2.1-6)

openSUSE Leap 15
	Kernel: Depends on container host
	Compiler: gcc (SUSE Linux) 7.5.0

Windows Server 2022
	Kernel: 10.0.20348.2031
	Compiler: clang 15.0.7, gcc 14.1.0 (MinGW), and MSVC VS 19.39.33521

To view detailed results, visit:
https://lab.dpdk.org/results/dashboard/tarballs/33198/

UNH-IOL DPDK Community Lab

To manage your email subscriptions, visit: 
https://lab.dpdk.org/results/dashboard/preferences/subscriptions/