From mboxrd@z Thu Jan 1 00:00:00 1970 Return-Path: Received: from mails.dpdk.org (mails.dpdk.org [217.70.189.124]) by inbox.dpdk.org (Postfix) with ESMTP id AE73446543 for ; Wed, 9 Apr 2025 12:30:39 +0200 (CEST) Received: from mails.dpdk.org (localhost [127.0.0.1]) by mails.dpdk.org (Postfix) with ESMTP id A8D35402E9; Wed, 9 Apr 2025 12:30:39 +0200 (CEST) Received: from mail-pl1-f226.google.com (mail-pl1-f226.google.com [209.85.214.226]) by mails.dpdk.org (Postfix) with ESMTP id ACC2C402B7 for ; Wed, 9 Apr 2025 12:30:38 +0200 (CEST) Received: by mail-pl1-f226.google.com with SMTP id d9443c01a7336-227c7e57da2so56721005ad.0 for ; Wed, 09 Apr 2025 03:30:38 -0700 (PDT) DKIM-Signature: v=1; a=rsa-sha256; c=relaxed/relaxed; d=iol.unh.edu; s=unh-iol; t=1744194638; x=1744799438; darn=dpdk.org; h=cc:to:from:subject:message-id:date:from:to:cc:subject:date :message-id:reply-to; bh=6HXb8Jchpz+/SOA35eb9DAIRXYBuHK1vJVjVPsWVUHE=; b=iMapX6SL3qlXN2g/V6DCFMTNA3F4TH5e90uxNE0LfuG3uTK5JGuLbQMkxvF1sK0xeo egKBZlVZHBpS6m+/b/xDevbOda+Gg4cq2/HHUF+qpmWpX2qBP02jFZK6GDBFzRu3iYi7 YRO34o4/KqH+fXf71Ti9Pv8RKFrThcUq29tBg= X-Google-DKIM-Signature: v=1; a=rsa-sha256; c=relaxed/relaxed; d=1e100.net; s=20230601; t=1744194638; x=1744799438; h=cc:to:from:subject:message-id:date:x-gm-message-state:from:to:cc :subject:date:message-id:reply-to; bh=6HXb8Jchpz+/SOA35eb9DAIRXYBuHK1vJVjVPsWVUHE=; b=TpG7tuVZdocZ7ICZqGSbo3IjZpuXWgASjIa3mwbkkvSymSXg1eWq4L9qFXwvhxHX81 Vg6RJUvutce3LXwQF70rwC5iYj+M1c6EyGZSprvlTCYMLLPuHQOmIXQUrjpi9nVns4f3 HjNyxreFYgi5zCVX2lcj0ML4X+h4Ax9vl+JFQlvRsJdZGIitu8PPiUh7cFufuFAn/XQ9 1Rot2iNowiLNmO2Ai7nb6BuX9WUJlFmAWZgfHAwcGDSm98eZ6duh49raC9nv+4v7dIZ+ Bqg1zqtDhF8zrXXPk8fcGr23heMtuFMPu6SFJXOV9+2ykRVbjRPd7ZNoiXp0R0gXSKDH pqXQ== X-Gm-Message-State: AOJu0YwtC8lCGUMOgSEckYkPocFL88GCKYCxWDBPxppe50k8EsYA/e8V dKU7B6fpTUud0F9em2eHEi/c0sQ8pPoJ3gN1xz+N0tNL0GbwnW7ZcCfgMt3384sX1+ue/HvommM UzHDYQRfpDckpD4FjYCgc24Jy+qGqhOz5 X-Gm-Gg: ASbGncsQ3Hd3DxnBRVSpxvgXvTkb7oAcVye3IbVQ6Fdt9Tsf0GjZ3GT6BRiXwbLxdVf QjRC3N70X0fn4fZKRtDtPPTL6EImnq3gTYiVfEDn3KkVUjVAyh0wdwbgzt84xNGB2sycKbMi8lK oPppejqcduiCLlff6mdvEpLVfcKMz5rcnpFqlnbJXj6L3E9tNFKS9XoXaKpVVXsNSZFxyaw8mjh 60e1PCTza9K+91PD5Gnlv6u4dPpNiwrESwvaZ/cTdEPYS2PXUIvj5YAi4WevCTmf0WkD2L6oKGi gCMLwMh20680r9ujempM/SxLkm1zh2AchK1B X-Google-Smtp-Source: AGHT+IHLvkK7PsF1ibov4wOmzxyqHF9h5kCRdMSmOI1KHy5sSZM7XbKCeQCwlKlEhhlQniB4hQQQmUWmrO+t X-Received: by 2002:a17:902:d486:b0:225:ac99:ae0d with SMTP id d9443c01a7336-22ac3f321bbmr28623765ad.10.1744194637757; Wed, 09 Apr 2025 03:30:37 -0700 (PDT) Received: from postal.iol.unh.edu (postal.iol.unh.edu. [132.177.123.84]) by smtp-relay.gmail.com with ESMTPS id d9443c01a7336-22ac7cc9193sm515615ad.127.2025.04.09.03.30.37 (version=TLS1_2 cipher=ECDHE-ECDSA-AES128-GCM-SHA256 bits=128/128); Wed, 09 Apr 2025 03:30:37 -0700 (PDT) X-Relaying-Domain: iol.unh.edu Date: Wed, 09 Apr 2025 03:30:37 -0700 (PDT) Message-ID: <67f64c4d.170a0220.20728a.1120SMTPIN_ADDED_MISSING@mx.google.com> Received: from [172.21.0.5] (unknown [172.18.0.240]) by postal.iol.unh.edu (Postfix) with ESMTP id 3DBA96052471; Wed, 9 Apr 2025 06:30:34 -0400 (EDT) Subject: |WARNING| [GIT MASTER] 8effaffad34e015bb83f10e7d91617a6d4043f04 From: dpdklab@iol.unh.edu To: Test Report Cc: dpdk-test-reports@iol.unh.edu, Xueming Li , Christian Ehrhardt , Kevin Traynor , Luca Boccassi Content-Type: text/plain X-BeenThere: test-report@dpdk.org X-Mailman-Version: 2.1.29 Precedence: list List-Id: automatic DPDK test reports List-Unsubscribe: , List-Archive: List-Post: List-Help: List-Subscribe: , Errors-To: test-report-bounces@dpdk.org _Testing issues_ Branch: tags/v22.11 8effaffad34e015bb83f10e7d91617a6d4043f04 --> testing issues Upstream job id: Generic-DPDK-Compile-Meson#378613 Test environment and result as below: +---------------------+--------------------+-------------------------+----------------------+ | Environment | dpdk_meson_compile | dpdk_llvm_clang_compile | dpdk_mingw64_compile | +=====================+====================+=========================+======================+ | CentOS Stream 9 | PASS | SKIPPED | SKIPPED | +---------------------+--------------------+-------------------------+----------------------+ | Debian 12 | PASS | SKIPPED | SKIPPED | +---------------------+--------------------+-------------------------+----------------------+ | Fedora 40 (Clang) | PASS | SKIPPED | SKIPPED | +---------------------+--------------------+-------------------------+----------------------+ | Fedora 40 | PASS | SKIPPED | SKIPPED | +---------------------+--------------------+-------------------------+----------------------+ | RHEL8 | PASS | SKIPPED | SKIPPED | +---------------------+--------------------+-------------------------+----------------------+ | Fedora 41 (Clang) | PASS | SKIPPED | SKIPPED | +---------------------+--------------------+-------------------------+----------------------+ | Fedora 41 | PASS | SKIPPED | SKIPPED | +---------------------+--------------------+-------------------------+----------------------+ | Ubuntu 20.04 | PASS | SKIPPED | SKIPPED | +---------------------+--------------------+-------------------------+----------------------+ | Ubuntu 22.04 | PASS | SKIPPED | SKIPPED | +---------------------+--------------------+-------------------------+----------------------+ | Ubuntu 24.04 | PASS | SKIPPED | SKIPPED | +---------------------+--------------------+-------------------------+----------------------+ | FreeBSD 13.5 | PASS | SKIPPED | SKIPPED | +---------------------+--------------------+-------------------------+----------------------+ | FreeBSD 14.2 | PASS | SKIPPED | SKIPPED | +---------------------+--------------------+-------------------------+----------------------+ | RHEL9 | PASS | SKIPPED | SKIPPED | +---------------------+--------------------+-------------------------+----------------------+ | CentOS Stream 10 | PASS | SKIPPED | SKIPPED | +---------------------+--------------------+-------------------------+----------------------+ | openSUSE Leap 15 | PASS | SKIPPED | SKIPPED | +---------------------+--------------------+-------------------------+----------------------+ | Windows Server 2022 | SKIPPED | FAIL | PASS | +---------------------+--------------------+-------------------------+----------------------+ ==== 20 line log output for Windows Server 2022 (dpdk_llvm_clang_compile): ==== ..\lib\eal\include/rte_common.h:850:32: note: expanded from macro 'RTE_FMT_TAIL' #define RTE_FMT_TAIL(fmt, ...) __VA_ARGS__ ^~~~~~~~~~~ ..\lib\eal\include/rte_common.h:848:39: note: expanded from macro 'RTE_FMT' #define RTE_FMT(fmt, ...) fmt "%.0s", __VA_ARGS__ "" ^~~~~~~~~~~ ../drivers/crypto/mlx5/mlx5_crypto.c:463:18: note: forward declaration of 'struct mlx5_err_cqe' volatile struct mlx5_err_cqe *cqe = (volatile struct mlx5_err_cqe *) ^ 3 errors generated. [618/788] Linking static target drivers/libtmp_rte_net_octeon_ep.a [619/788] Compiling C object drivers/libtmp_rte_net_vmxnet3.a.p/net_vmxnet3_vmxnet3_ethdev.c.obj [620/788] Compiling C object app/dpdk-testpmd.exe.p/test-pmd_cmdline_mtr.c.obj [621/788] Compiling C object drivers/libtmp_rte_crypto_mlx5.a.p/crypto_mlx5_mlx5_crypto_dek.c.obj [622/788] Compiling C object app/dpdk-testpmd.exe.p/test-pmd_5tswap.c.obj [623/788] Compiling C object app/dpdk-testpmd.exe.p/test-pmd_cmdline.c.obj [624/788] Compiling C object drivers/libtmp_rte_net_mlx5.a.p/net_mlx5_mlx5_tx_empw.c.obj [625/788] Compiling C object drivers/libtmp_rte_net_mlx5.a.p/net_mlx5_mlx5_tx_nompw.c.obj [626/788] Compiling C object drivers/libtmp_rte_net_mlx5.a.p/net_mlx5_mlx5_tx_txpp.c.obj ninja: build stopped: subcommand failed. ==== End log output ==== CentOS Stream 9 Kernel: Depends on container host Compiler: gcc 11.5.0 20240719 (Red Hat 11.5.0-2) Debian 12 Kernel: Depends on container host Compiler: gcc (Debian 12.2.0-14) 12.2.0 Fedora 40 (Clang) Kernel: Depends on container host Compiler: clang 18.1.8 (Fedora 18.1.8-1.fc40) Fedora 40 Kernel: Depends on container host Compiler: gcc 14.2.1 20240912 (Red Hat 14.2.1-3) RHEL8 Kernel: Depends on container host Compiler: gcc 8.5.0 20210514 (Red Hat 8.5.0-22) Fedora 41 (Clang) Kernel: Depends on container host Compiler: clang 19.1.5 (Fedora 19.1.5-1.fc41) Fedora 41 Kernel: Depends on container host Compiler: gcc 14.2.1 20240912 (Red Hat 14.2.1-3) Ubuntu 20.04 Kernel: 4.19.325-0419325-generic Compiler: gcc (Ubuntu 9.4.0-1ubuntu1~20.04.2) 9.4.0 Ubuntu 22.04 Kernel: Depends on container host Compiler: gcc (Ubuntu 11.4.0-1ubuntu1~22.04) 11.4.0 Ubuntu 24.04 Kernel: Depends on container host Compiler: gcc (Ubuntu 13.3.0-6ubuntu2~24.04) 13.3.0 FreeBSD 13.5 Kernel: 13.5-RELEASE Compiler: clang 19.1.7 FreeBSD 14.2 Kernel: 14.2-RELEASE Compiler: clang 18.1.6 RHEL9 Kernel: Depends on container host Compiler: gcc 11.5.0 20240719 (Red Hat 11.5.0-2) CentOS Stream 10 Kernel: Depends on container host Compiler: gcc 14.2.1 20241104 (Red Hat 14.2.1-6) openSUSE Leap 15 Kernel: Depends on container host Compiler: gcc (SUSE Linux) 7.5.0 Windows Server 2022 Kernel: 10.0.20348.2031 Compiler: clang 15.0.7, gcc 14.1.0 (MinGW), and MSVC VS 19.39.33521 To view detailed results, visit: https://lab.dpdk.org/results/dashboard/tarballs/33198/ UNH-IOL DPDK Community Lab To manage your email subscriptions, visit: https://lab.dpdk.org/results/dashboard/preferences/subscriptions/