From mboxrd@z Thu Jan  1 00:00:00 1970
Return-Path: <test-report-bounces@dpdk.org>
Received: from mails.dpdk.org (mails.dpdk.org [217.70.189.124])
	by inbox.dpdk.org (Postfix) with ESMTP id 3DADE46547
	for <public@inbox.dpdk.org>; Wed,  9 Apr 2025 20:02:51 +0200 (CEST)
Received: from mails.dpdk.org (localhost [127.0.0.1])
	by mails.dpdk.org (Postfix) with ESMTP id 3831540652;
	Wed,  9 Apr 2025 20:02:51 +0200 (CEST)
Received: from mail-il1-f225.google.com (mail-il1-f225.google.com
 [209.85.166.225])
 by mails.dpdk.org (Postfix) with ESMTP id 68FEB402B7
 for <test-report@dpdk.org>; Wed,  9 Apr 2025 20:02:50 +0200 (CEST)
Received: by mail-il1-f225.google.com with SMTP id
 e9e14a558f8ab-3ce886a2d5bso106585ab.1
 for <test-report@dpdk.org>; Wed, 09 Apr 2025 11:02:50 -0700 (PDT)
DKIM-Signature: v=1; a=rsa-sha256; c=relaxed/relaxed;
 d=iol.unh.edu; s=unh-iol; t=1744221769; x=1744826569; darn=dpdk.org;
 h=cc:to:from:subject:message-id:date:from:to:cc:subject:date
 :message-id:reply-to;
 bh=Su0LlE5pHBHy+MUgysX2Bzz6StnHrq0E4NuiAQXqD2M=;
 b=B10z+Ryz7cjA0F0IFe0biunmOf+uyU7fQi5gtGxcH2vMrYSbLsijBcNUyyiSzHoS9b
 qit5ZHcsW6UOvuyGB9NiEdEETVGbxfs7G0q2ZEkX1MQZlL3mgr7sV7nieUneyng2b6A4
 ZPlmNPO47kebm1HQZ61Vtk9de8+7f71OQtDSs=
X-Google-DKIM-Signature: v=1; a=rsa-sha256; c=relaxed/relaxed;
 d=1e100.net; s=20230601; t=1744221769; x=1744826569;
 h=cc:to:from:subject:message-id:date:x-gm-message-state:from:to:cc
 :subject:date:message-id:reply-to;
 bh=Su0LlE5pHBHy+MUgysX2Bzz6StnHrq0E4NuiAQXqD2M=;
 b=SBFdU7Wlza9VQedGiRmaMIKFP90JpTEwCkdwamx0SzfoHrHEsYG4KXmuTGCuLX4djM
 yY7fBJ9OC2cD7wOiTzH3FJ1r1hRJitsAvkat5etYAEPDNGA74l1yyhU8GRktkzMZOKet
 WFuusUSNbdogHa7S9s+wOWJhpbFhFoOqjaTv4DyUndIK6VRnVu1WboTp8vS3N7zRyTCG
 Uph3sc1BImNUCf4BONkXHValaM0/qxaqXNr2XFo88nHRucQV5eCqohOCJoAPLrUJWmNE
 Ze5gu0F38qt1T54MUOT+Hnf/ZR/W9hA57MmQPbnw+k64jGxIw8I0zdKaJ6QhnxrrXLkw
 VECQ==
X-Gm-Message-State: AOJu0YxqEUqPSkkH0xAsBPkPTJ1AyyTpsVVJHtgUPrsgEgz8M7OAbtfF
 9368YeLhuT5YtNABo6LU73VM39KqZaMGis5lkDcCcRy4wCkta6+l17JGWOqJa4Ar1rkdmS1DXDj
 AbzyPMzS25xNot0+yIapLrxhrGMlTzsC8ERnNzcvK
X-Gm-Gg: ASbGncuC1IT3Rv5hctlr384J6xVyspCwkPiM/DAZULHkHnuJdrBlJ9YFPtkNgexHXzd
 w2rILy5njEnhxDw3DFjGHn6o4aQG+wMI2fXNQ3LKH/4m1CezPrnoGrYwsEwVQGouZTPVreZOlVc
 yeyDAhoN/VERpCfQFfTAZfIHBSyU50ELSLb3OrBin/pmfTxYfyLDiHhOCAyzAtCIAEzv42dcHNs
 O094XbUGwA/tXKTiYUEkIgkGsSY++No5VU7u9WZ4ZEhePii9lNIyC93EUE0B+VTO8w4CeqtgAfP
 D6q5Gq/LxaJLnR7cmxt4Q6MCk+TySh7cvhqq
X-Google-Smtp-Source: AGHT+IH7QgFA6wKppiKjDntoIOdxTMBiHfNpFxtmE7fNq8yuWfK9UkuHkQjC+gRadpvosO+QLznYkPchg1VZ
X-Received: by 2002:a05:6e02:1568:b0:3d1:a75e:65f6 with SMTP id
 e9e14a558f8ab-3d77c2b31fbmr53288095ab.18.1744221769721; 
 Wed, 09 Apr 2025 11:02:49 -0700 (PDT)
Received: from postal.iol.unh.edu (postal.iol.unh.edu. [132.177.123.84])
 by smtp-relay.gmail.com with ESMTPS id
 8926c6da1cb9f-4f505d41ce6sm138542173.33.2025.04.09.11.02.49
 (version=TLS1_2 cipher=ECDHE-ECDSA-AES128-GCM-SHA256 bits=128/128);
 Wed, 09 Apr 2025 11:02:49 -0700 (PDT)
X-Relaying-Domain: iol.unh.edu
Date: Wed, 09 Apr 2025 11:02:49 -0700 (PDT)
Message-ID: <67f6b649.050a0220.2cace7.433fSMTPIN_ADDED_MISSING@mx.google.com>
Received: from [172.17.0.3] (unknown [172.18.0.217])
 by postal.iol.unh.edu (Postfix) with ESMTP id 574626052471;
 Wed,  9 Apr 2025 14:02:49 -0400 (EDT)
Subject: |FAILURE| [GIT MASTER] d7817c378fecd07c59360667f93c25dff4b1a145
From: dpdklab@iol.unh.edu
To: Test Report <test-report@dpdk.org>
Cc: dpdk-test-reports@iol.unh.edu,
 Bruce Richardson <bruce.richardson@intel.com>
Content-Type: text/plain
X-BeenThere: test-report@dpdk.org
X-Mailman-Version: 2.1.29
Precedence: list
List-Id: automatic DPDK test reports <test-report.dpdk.org>
List-Unsubscribe: <https://mails.dpdk.org/options/test-report>,
 <mailto:test-report-request@dpdk.org?subject=unsubscribe>
List-Archive: <http://mails.dpdk.org/archives/test-report/>
List-Post: <mailto:test-report@dpdk.org>
List-Help: <mailto:test-report-request@dpdk.org?subject=help>
List-Subscribe: <https://mails.dpdk.org/listinfo/test-report>,
 <mailto:test-report-request@dpdk.org?subject=subscribe>
Errors-To: test-report-bounces@dpdk.org

_Testing issues_

Branch: dpdk-next-net-intel

d7817c378fecd07c59360667f93c25dff4b1a145 --> testing issues

Upstream job id: Generic-VM-Unit-Test-DPDK#27895

Test environment and result as below:

+---------------------+----------------+
|     Environment     | dpdk_unit_test |
+=====================+================+
| Debian 12           | PASS           |
+---------------------+----------------+
| CentOS Stream 10    | FAIL           |
+---------------------+----------------+
| CentOS Stream 9     | PASS           |
+---------------------+----------------+
| Fedora 40           | PASS           |
+---------------------+----------------+
| Fedora 40 (Clang)   | PASS           |
+---------------------+----------------+
| Fedora 41           | PASS           |
+---------------------+----------------+
| RHEL8               | PASS           |
+---------------------+----------------+
| Ubuntu 20.04        | PASS           |
+---------------------+----------------+
| Fedora 41 (Clang)   | PASS           |
+---------------------+----------------+
| RHEL9               | PASS           |
+---------------------+----------------+
| Ubuntu 24.04        | PASS           |
+---------------------+----------------+
| Ubuntu 22.04        | PASS           |
+---------------------+----------------+
| Windows Server 2022 | PASS           |
+---------------------+----------------+

==== Unit test summary for CentOS Stream 10 (dpdk_unit_test): ====
ninja: Entering directory `/root/workspace/Generic-Unit-Test-DPDK/dpdk/build'
ninja: no work to do.
  1/119 DPDK:fast-tests / acl_autotest                   OK               2.74s
  2/119 DPDK:fast-tests / alarm_autotest                 OK               1.18s
  3/119 DPDK:fast-tests / argparse_autotest              OK               0.18s
  4/119 DPDK:fast-tests / atomic_autotest                OK               0.35s
  5/119 DPDK:fast-tests / bitcount_autotest              OK               0.18s
  6/119 DPDK:fast-tests / bitmap_autotest                OK               0.18s
  7/119 DPDK:fast-tests / bitops_autotest                OK               1.68s
  8/119 DPDK:fast-tests / bitratestats_autotest          OK               0.18s
  9/119 DPDK:fast-tests / bitset_autotest                OK               1.40s
 10/119 DPDK:fast-tests / bpf_autotest                   OK               0.18s
 11/119 DPDK:fast-tests / bpf_convert_autotest           OK               0.18s
 12/119 DPDK:fast-tests / byteorder_autotest             OK               0.18s
 13/119 DPDK:fast-tests / cfgfile_autotest               OK               0.18s
 14/119 DPDK:fast-tests / cksum_autotest                 OK               0.18s
 15/119 DPDK:fast-tests / cmdline_autotest               OK               0.18s
 16/119 DPDK:fast-tests / common_autotest                OK               0.47s
 17/119 DPDK:fast-tests / compressdev_autotest           SKIP             0.15s   exit status 77
 18/119 DPDK:fast-tests / cpuflags_autotest              OK               0.18s
 19/119 DPDK:fast-tests / crc_autotest                   OK               0.18s
 20/119 DPDK:fast-tests / user_delay_us                  OK               0.18s
 21/119 DPDK:fast-tests / debug_autotest                 OK               0.46s
 22/119 DPDK:fast-tests / devargs_autotest               OK               0.21s
 23/119 DPDK:fast-tests / dispatcher_autotest            SKIP             0.15s   exit status 77
 24/119 DPDK:fast-tests / distributor_autotest           OK               0.86s
 25/119 DPDK:fast-tests / eal_flags_c_opt_autotest       OK               0.82s
 26/119 DPDK:fast-tests / eal_flags_main_opt_autotest    OK               0.32s
 27/119 DPDK:fast-tests / eal_flags_n_opt_autotest       OK               0.48s
 28/119 DPDK:fast-tests / eal_flags_hpet_autotest        OK               0.21s
 29/119 DPDK:fast-tests / eal_flags_no_huge_autotest     OK               0.50s
 30/119 DPDK:fast-tests / eal_flags_a_opt_autotest       OK               0.38s
 31/119 DPDK:fast-tests / eal_flags_b_opt_autotest       OK               0.32s
 32/119 DPDK:fast-tests / eal_flags_vdev_opt_autotest    OK               0.57s
 33/119 DPDK:fast-tests / eal_flags_r_opt_autotest       OK               0.27s
 34/119 DPDK:fast-tests / eal_flags_mem_autotest         OK               0.75s
 35/119 DPDK:fast-tests / eal_flags_file_prefix_autotest OK               3.51s
 36/119 DPDK:fast-tests / eal_flags_misc_autotest        FAIL             2.24s   killed by signal 11 SIGSEGV
>>> MALLOC_PERTURB_=80 DPDK_TEST=eal_flags_misc_autotest /root/workspace/Generic-Unit-Test-DPDK/dpdk/build/app/dpdk-test

 37/119 DPDK:fast-tests / eal_fs_autotest                OK               0.18s
 38/119 DPDK:fast-tests / errno_autotest                 OK               0.18s
 39/119 DPDK:fast-tests / ethdev_link_status             OK               0.18s
 40/119 DPDK:fast-tests / event_eth_tx_adapter_autotest  OK               0.45s
 41/119 DPDK:fast-tests / event_ring_autotest            OK               0.19s
 42/119 DPDK:fast-tests / eventdev_common_autotest       OK               0.18s
 43/119 DPDK:fast-tests / eventdev_selftest_sw           OK               0.21s
 44/119 DPDK:fast-tests / fbarray_autotest               OK               0.18s
 45/119 DPDK:fast-tests / fib_autotest                   OK               0.89s
 46/119 DPDK:fast-tests / fib6_autotest                  OK               0.72s
 47/119 DPDK:fast-tests / func_reentrancy_autotest       OK               0.54s
 48/119 DPDK:fast-tests / graph_autotest                 OK               0.18s
 49/119 DPDK:fast-tests / node_list_dump                 OK               0.18s
 50/119 DPDK:fast-tests / hash_autotest                  OK               0.27s
 51/119 DPDK:fast-tests / hash_readwrite_func_autotest   SKIP             0.15s   exit status 77
 52/119 DPDK:fast-tests / interrupt_autotest             OK               1.20s
 53/119 DPDK:fast-tests / ipfrag_autotest                OK               0.15s
 54/119 DPDK:fast-tests / ipsec_autotest                 SKIP             0.18s   exit status 77
 55/119 DPDK:fast-tests / kvargs_autotest                OK               0.18s
 56/119 DPDK:fast-tests / latencystats_autotest          OK               0.18s
 57/119 DPDK:fast-tests / lcore_var_autotest             OK               0.32s
 58/119 DPDK:fast-tests / lcores_autotest                OK               0.70s
 59/119 DPDK:fast-tests / logs_autotest                  OK               0.18s
 60/119 DPDK:fast-tests / lpm_autotest                   OK               2.55s
 61/119 DPDK:fast-tests / lpm6_autotest                  OK               3.93s
 62/119 DPDK:fast-tests / malloc_autotest                OK               0.39s
 63/119 DPDK:fast-tests / mbuf_autotest                  OK               0.17s
 64/119 DPDK:fast-tests / mcslock_autotest               OK               0.39s
 65/119 DPDK:fast-tests / member_autotest                OK               0.99s
 66/119 DPDK:fast-tests / memcpy_autotest                OK               2.07s
 67/119 DPDK:fast-tests / memory_autotest                OK               0.15s
 68/119 DPDK:fast-tests / mempool_autotest               OK               0.43s
 69/119 DPDK:fast-tests / memzone_autotest               OK               0.15s
 70/119 DPDK:fast-tests / meter_autotest                 OK               0.19s
 71/119 DPDK:fast-tests / metrics_autotest               OK               0.18s
 72/119 DPDK:fast-tests / multiprocess_autotest          OK               0.28s
 73/119 DPDK:fast-tests / net_ether_autotest             OK               0.45s
 74/119 DPDK:fast-tests / net_ipv6_autotest              OK               0.18s
 75/119 DPDK:fast-tests / pcapng_autotest                OK               5.97s
 76/119 DPDK:fast-tests / pdcp_autotest                  SKIP             0.16s   exit status 77
 77/119 DPDK:fast-tests / pdump_autotest                 OK               0.44s
 78/119 DPDK:fast-tests / per_lcore_autotest             OK               0.32s
 79/119 DPDK:fast-tests / pflock_autotest                OK               0.32s
 80/119 DPDK:fast-tests / pie_autotest                   OK               0.21s
 81/119 DPDK:fast-tests / ring_pmd_autotest              OK               0.21s
 82/119 DPDK:fast-tests / power_autotest                 OK               0.20s
 83/119 DPDK:fast-tests / power_cpufreq_autotest         SKIP             0.16s   exit status 77
 84/119 DPDK:fast-tests / power_intel_uncore_autotest    SKIP             0.21s   exit status 77
 85/119 DPDK:fast-tests / power_kvm_vm_autotest          SKIP             0.16s   exit status 77
 86/119 DPDK:fast-tests / prefetch_autotest              OK               0.20s
 87/119 DPDK:fast-tests / ptr_compress_autotest          OK               0.20s
 88/119 DPDK:fast-tests / rawdev_autotest                OK               0.19s
 89/119 DPDK:fast-tests / rcu_qsbr_autotest              OK               0.32s
 90/119 DPDK:fast-tests / reorder_autotest               OK               0.50s
 91/119 DPDK:fast-tests / rib_autotest                   OK              10.19s
 92/119 DPDK:fast-tests / rib6_autotest                  OK               9.82s
 93/119 DPDK:fast-tests / ring_autotest                  OK               0.22s
 94/119 DPDK:fast-tests / rwlock_test1_autotest          OK               0.33s
 95/119 DPDK:fast-tests / rwlock_rda_autotest            OK               5.26s
 96/119 DPDK:fast-tests / rwlock_rds_wrm_autotest        OK               5.21s
 97/119 DPDK:fast-tests / rwlock_rde_wro_autotest        OK               5.18s
 98/119 DPDK:fast-tests / sched_autotest                 OK               0.18s
 99/119 DPDK:fast-tests / security_autotest              OK               0.14s
100/119 DPDK:fast-tests / seqlock_autotest               SKIP             0.18s   exit status 77
101/119 DPDK:fast-tests / service_autotest               OK               0.28s
102/119 DPDK:fast-tests / soring_autotest                OK               0.18s
103/119 DPDK:fast-tests / spinlock_autotest              OK               0.19s
104/119 DPDK:fast-tests / stack_autotest                 OK               0.19s
105/119 DPDK:fast-tests / stack_lf_autotest              OK               0.24s
106/119 DPDK:fast-tests / string_autotest                OK               0.18s
107/119 DPDK:fast-tests / table_autotest                 OK               5.66s
108/119 DPDK:fast-tests / tailq_autotest                 OK               0.18s
109/119 DPDK:fast-tests / telemetry_data_autotest        OK               0.18s
110/119 DPDK:fast-tests / telemetry_json_autotest        OK               0.18s
111/119 DPDK:fast-tests / thash_autotest                 OK               0.19s
112/119 DPDK:fast-tests / threads_autotest               OK               0.33s
113/119 DPDK:fast-tests / ticketlock_autotest            OK               0.19s
114/119 DPDK:fast-tests / timer_autotest                 OK               2.49s
115/119 DPDK:fast-tests / trace_autotest                 OK               0.19s
116/119 DPDK:fast-tests / trace_autotest_with_traces     OK               0.19s
117/119 DPDK:fast-tests / vdev_autotest                  OK               0.18s
118/119 DPDK:fast-tests / version_autotest               OK               0.18s
119/119 DPDK:fast-tests / telemetry_all                  SKIP             0.01s   exit status 77


Ok:                 108 
Expected Fail:      0   
Fail:               1   
Unexpected Pass:    0   
Skipped:            10  
Timeout:            0   

Full log written to /root/workspace/Generic-Unit-Test-DPDK/dpdk/build/meson-logs/testlog.txt



Test log output from the failed test eal_flags_misc_autotest:

Sorry, we were not able to find the logs for this test.
Download the log output from the CI site for this test run.
==== End log output ====

Debian 12
	Kernel: Depends on container host
	Compiler: gcc (Debian 12.2.0-14) 12.2.0

CentOS Stream 10
	Kernel: Depends on container host
	Compiler: gcc 14.2.1 20241104 (Red Hat 14.2.1-6)

CentOS Stream 9
	Kernel: Depends on container host
	Compiler: gcc 11.5.0 20240719 (Red Hat 11.5.0-2)

Fedora 40
	Kernel: Depends on container host
	Compiler: gcc 14.2.1 20240912 (Red Hat 14.2.1-3)

Fedora 40 (Clang)
	Kernel: Depends on container host
	Compiler: clang 18.1.8 (Fedora 18.1.8-1.fc40)

Fedora 41
	Kernel: Depends on container host
	Compiler: gcc 14.2.1 20240912 (Red Hat 14.2.1-3)

RHEL8
	Kernel: Depends on container host
	Compiler: gcc 8.5.0 20210514 (Red Hat 8.5.0-22)

Ubuntu 20.04
	Kernel: Depends on container host
	Compiler: gcc (Ubuntu 9.4.0-1ubuntu1~20.04.2) 9.4.0

Fedora 41 (Clang)
	Kernel: Depends on container host
	Compiler: clang 19.1.5 (Fedora 19.1.5-1.fc41)

RHEL9
	Kernel: Depends on container host
	Compiler: gcc 11.5.0 20240719 (Red Hat 11.5.0-2)

Ubuntu 24.04
	Kernel: Depends on container host
	Compiler: gcc (Ubuntu 13.3.0-6ubuntu2~24.04) 13.3.0

Ubuntu 22.04
	Kernel: Depends on container host
	Compiler: gcc (Ubuntu 11.4.0-1ubuntu1~22.04) 11.4.0

Windows Server 2022
	Kernel: 10.0.20348.2031
	Compiler: clang 15.0.7, gcc 14.1.0 (MinGW), and MSVC VS 19.39.33521

To view detailed results, visit:
https://lab.dpdk.org/results/dashboard/tarballs/33207/

UNH-IOL DPDK Community Lab

To manage your email subscriptions, visit: 
https://lab.dpdk.org/results/dashboard/preferences/subscriptions/