From mboxrd@z Thu Jan  1 00:00:00 1970
Return-Path: <test-report-bounces@dpdk.org>
Received: from mails.dpdk.org (mails.dpdk.org [217.70.189.124])
	by inbox.dpdk.org (Postfix) with ESMTP id B6F3046548
	for <public@inbox.dpdk.org>; Thu, 10 Apr 2025 01:53:30 +0200 (CEST)
Received: from mails.dpdk.org (localhost [127.0.0.1])
	by mails.dpdk.org (Postfix) with ESMTP id B02DB402E1;
	Thu, 10 Apr 2025 01:53:30 +0200 (CEST)
Received: from mail-pl1-f225.google.com (mail-pl1-f225.google.com
 [209.85.214.225])
 by mails.dpdk.org (Postfix) with ESMTP id 742C640288
 for <test-report@dpdk.org>; Thu, 10 Apr 2025 01:53:28 +0200 (CEST)
Received: by mail-pl1-f225.google.com with SMTP id
 d9443c01a7336-227914acd20so11270735ad.1
 for <test-report@dpdk.org>; Wed, 09 Apr 2025 16:53:28 -0700 (PDT)
DKIM-Signature: v=1; a=rsa-sha256; c=relaxed/relaxed;
 d=iol.unh.edu; s=unh-iol; t=1744242807; x=1744847607; darn=dpdk.org;
 h=references:in-reply-to:cc:to:from:subject:message-id:date:from:to
 :cc:subject:date:message-id:reply-to;
 bh=uR25qg0C7LolXwUN58haCN2lAxJHHwWT6qBJKc2QHYY=;
 b=WVIbsa67k07L3htPOA0fE62r+FGa8321n5JJ4L+QxQdH10J0N59gHuA3AtG8S+EZAd
 lFjHtyc7c5fkN5zNcJDOFMgdyIULZ29akjCeEPq+XrE67V93///UmnoRWvqq7wv3F5U0
 FLbJYI8R4kwaRJRdLmxKyHUWyZOFYDuf1LM38=
X-Google-DKIM-Signature: v=1; a=rsa-sha256; c=relaxed/relaxed;
 d=1e100.net; s=20230601; t=1744242807; x=1744847607;
 h=references:in-reply-to:cc:to:from:subject:message-id:date
 :x-gm-message-state:from:to:cc:subject:date:message-id:reply-to;
 bh=uR25qg0C7LolXwUN58haCN2lAxJHHwWT6qBJKc2QHYY=;
 b=ob2yQH4x2XUL7TdvK+qoTAgBTaQyWDA0DUpih2okNjVtlU7N6X0YdMwrMlXaQQw3o5
 OMej93FWwLbBNhFM5IwEYgHlUww1+GxASN2TQ/pLGOOjuOlMtwaYqoZDWmGH4iY3fHJO
 ypcRM+jHaU2NSQ+2nUAcuDIosktrYDHL9pDF4PjwJXHKHAOmD8cjAZr29/8p3QOpYHGo
 PG106QSQDsPqSQFB1mGCmRu5OUUGvlIBKxggWEg/4hgD/HDlfBexMxGUHGHAtQ/tTG/7
 xFuyTUWKda326luQunIUDvwYJGPcUOELR5VwUVxoWZEnnoDrEpBNBw1RKvw1KLzVL969
 eBsw==
X-Gm-Message-State: AOJu0Yx6TqSkfHYe8eDkFVEJfQBOm8QwJGVNUN/il8CzvW4ItKbDVxPE
 cNQqvRoC5mHf5r021mNoZzlj763GmymbUUwh7i/Gtdq2w++W2skwFvxKFQdLHyJYOda6oR+4DwJ
 2eZQdVlnyj7mraIftpdw1JM9EMHDp5Ef7/RLmbAwipv0hTrtIH8N1BE2+
X-Gm-Gg: ASbGncvWTZ87XXjSAa4xPLfE5ra370/eZlhP1WC6HY7PZXJsiJPpZrNfxgGCv8h6dvm
 rbwIVV+MUv4g6ThJQH4VPxRKmI2DTNk756cE5HpIGHPalg2OtXzByg/Cp8VkfqSEdAud8q9nBkL
 3TbvEOhVhysV6Nt9Jr1KWLWlFIb1lYHn+72hpNse/4kj2t+2Gzgu4vBuDX1JHYL0w1GogIfy77V
 9Ogl2pYp726Mz92sjW5UuFSWfrx5FRHQwdwAdUzYkHvDKdF7vmA8KmDLm81gNTpIbjzFrbH31fV
 A08LzZpuPalgnMi51UZDR8qyZq+ObcfpOZ4PUqlMbX6a2p9z
X-Google-Smtp-Source: AGHT+IGVe8RCIVOL4Mrx7oF3pCulavJ4C8bzEcxcsY7mMes5Jct1Eij/aTALE4CLtik1ywYInOI6kdzDY/iw
X-Received: by 2002:a17:903:1b10:b0:21f:6d63:6f4f with SMTP id
 d9443c01a7336-22b69433486mr9990005ad.2.1744242807529; 
 Wed, 09 Apr 2025 16:53:27 -0700 (PDT)
Received: from postal.iol.unh.edu (postal.iol.unh.edu.
 [2606:4100:3880:1234::84]) by smtp-relay.gmail.com with ESMTPS id
 d9443c01a7336-22ac7b6bb41sm1224405ad.43.2025.04.09.16.53.27
 (version=TLS1_2 cipher=ECDHE-ECDSA-AES128-GCM-SHA256 bits=128/128);
 Wed, 09 Apr 2025 16:53:27 -0700 (PDT)
X-Relaying-Domain: iol.unh.edu
Date: Wed, 09 Apr 2025 16:53:27 -0700 (PDT)
Message-ID: <67f70877.170a0220.3bba01.4bd8SMTPIN_ADDED_MISSING@mx.google.com>
Received: from [172.21.0.5] (unknown [172.18.0.240])
 by postal.iol.unh.edu (Postfix) with ESMTP id 999956052471;
 Wed,  9 Apr 2025 19:53:26 -0400 (EDT)
Subject: |FAILURE| pw152857-152860 [PATCH] [4/4] dts: extend meson fast tests
From: dpdklab@iol.unh.edu
To: Test Report <test-report@dpdk.org>
Cc: dpdk-test-reports@iol.unh.edu, Patrick Robb <probb@iol.unh.edu>
In-Reply-To: <20250409223825.1579256-5-probb@iol.unh.edu>
References: <20250409223825.1579256-5-probb@iol.unh.edu>
Content-Type: text/plain
X-BeenThere: test-report@dpdk.org
X-Mailman-Version: 2.1.29
Precedence: list
List-Id: automatic DPDK test reports <test-report.dpdk.org>
List-Unsubscribe: <https://mails.dpdk.org/options/test-report>,
 <mailto:test-report-request@dpdk.org?subject=unsubscribe>
List-Archive: <http://mails.dpdk.org/archives/test-report/>
List-Post: <mailto:test-report@dpdk.org>
List-Help: <mailto:test-report-request@dpdk.org?subject=help>
List-Subscribe: <https://mails.dpdk.org/listinfo/test-report>,
 <mailto:test-report-request@dpdk.org?subject=subscribe>
Errors-To: test-report-bounces@dpdk.org

Test-Label: iol-unit-amd64-testing
Test-Status: FAILURE
http://dpdk.org/patch/152860

_Testing issues_

Submitter: Patrick Robb <probb@iol.unh.edu>
Date: Wednesday, April 09 2025 22:38:25 
DPDK git baseline: Repo:dpdk
  Branch: master
  CommitID:c933d60a7f8696695eb08ae655f2d809aedc29d5

152857-152860 --> testing issues

Upstream job id: Generic-VM-Unit-Test-DPDK#27900

Test environment and result as below:

+---------------------+----------------+
|     Environment     | dpdk_unit_test |
+=====================+================+
| Ubuntu 22.04        | PASS           |
+---------------------+----------------+
| Fedora 40           | PASS           |
+---------------------+----------------+
| RHEL8               | PASS           |
+---------------------+----------------+
| Fedora 40 (Clang)   | FAIL           |
+---------------------+----------------+
| Debian 12           | PASS           |
+---------------------+----------------+
| Fedora 41 (Clang)   | PASS           |
+---------------------+----------------+
| CentOS Stream 10    | PASS           |
+---------------------+----------------+
| Fedora 41           | PASS           |
+---------------------+----------------+
| RHEL9               | PASS           |
+---------------------+----------------+
| Ubuntu 20.04        | PASS           |
+---------------------+----------------+
| Ubuntu 24.04        | PASS           |
+---------------------+----------------+
| Windows Server 2022 | PASS           |
+---------------------+----------------+

==== Unit test summary for Fedora 40 (Clang) (dpdk_unit_test): ====
ninja: Entering directory `/root/workspace/Generic-Unit-Test-DPDK/dpdk/build'
ninja: no work to do.
  1/119 DPDK:fast-tests / acl_autotest                   OK               5.06s
  2/119 DPDK:fast-tests / alarm_autotest                 OK               1.30s
  3/119 DPDK:fast-tests / argparse_autotest              OK               0.16s
  4/119 DPDK:fast-tests / atomic_autotest                OK               0.80s
  5/119 DPDK:fast-tests / bitcount_autotest              OK               0.18s
  6/119 DPDK:fast-tests / bitmap_autotest                OK               0.33s
  7/119 DPDK:fast-tests / bitops_autotest                OK               2.00s
  8/119 DPDK:fast-tests / bitratestats_autotest          OK               0.34s
  9/119 DPDK:fast-tests / bitset_autotest                OK               1.91s
 10/119 DPDK:fast-tests / bpf_autotest                   OK               0.26s
 11/119 DPDK:fast-tests / bpf_convert_autotest           OK               0.35s
 12/119 DPDK:fast-tests / byteorder_autotest             OK               0.24s
 13/119 DPDK:fast-tests / cfgfile_autotest               OK               0.37s
 14/119 DPDK:fast-tests / cksum_autotest                 OK               0.32s
 15/119 DPDK:fast-tests / cmdline_autotest               OK               0.32s
 16/119 DPDK:fast-tests / common_autotest                OK               0.59s
 17/119 DPDK:fast-tests / compressdev_autotest           SKIP             0.26s   exit status 77
 18/119 DPDK:fast-tests / cpuflags_autotest              OK               0.17s
 19/119 DPDK:fast-tests / crc_autotest                   OK               0.38s
 20/119 DPDK:fast-tests / user_delay_us                  OK               0.22s
 21/119 DPDK:fast-tests / debug_autotest                 OK               0.82s
 22/119 DPDK:fast-tests / devargs_autotest               OK               0.23s
 23/119 DPDK:fast-tests / dispatcher_autotest            SKIP             0.15s   exit status 77
 24/119 DPDK:fast-tests / distributor_autotest           OK               1.10s
 25/119 DPDK:fast-tests / eal_flags_c_opt_autotest       OK               1.17s
 26/119 DPDK:fast-tests / eal_flags_main_opt_autotest    OK               0.55s
 27/119 DPDK:fast-tests / eal_flags_n_opt_autotest       OK               0.72s
 28/119 DPDK:fast-tests / eal_flags_hpet_autotest        OK               0.24s
 29/119 DPDK:fast-tests / eal_flags_no_huge_autotest     OK               0.87s
 30/119 DPDK:fast-tests / eal_flags_a_opt_autotest       OK               0.46s
 31/119 DPDK:fast-tests / eal_flags_b_opt_autotest       OK               0.55s
 32/119 DPDK:fast-tests / eal_flags_vdev_opt_autotest    OK               0.57s
 33/119 DPDK:fast-tests / eal_flags_r_opt_autotest       OK               0.37s
 34/119 DPDK:fast-tests / eal_flags_mem_autotest         OK               0.90s
 35/119 DPDK:fast-tests / eal_flags_file_prefix_autotest OK               4.52s
 36/119 DPDK:fast-tests / eal_flags_misc_autotest        OK               2.64s
 37/119 DPDK:fast-tests / eal_fs_autotest                OK               0.18s
 38/119 DPDK:fast-tests / errno_autotest                 OK               0.26s
 39/119 DPDK:fast-tests / ethdev_link_status             OK               0.21s
 40/119 DPDK:fast-tests / event_eth_tx_adapter_autotest  OK               0.69s
 41/119 DPDK:fast-tests / event_ring_autotest            OK               0.30s
 42/119 DPDK:fast-tests / eventdev_common_autotest       OK               0.33s
 43/119 DPDK:fast-tests / eventdev_selftest_sw           OK               0.21s
 44/119 DPDK:fast-tests / fbarray_autotest               OK               0.37s
 45/119 DPDK:fast-tests / fib_autotest                   OK               1.47s
 46/119 DPDK:fast-tests / fib6_autotest                  OK               1.27s
 47/119 DPDK:fast-tests / func_reentrancy_autotest       OK               0.85s
 48/119 DPDK:fast-tests / graph_autotest                 OK               0.17s
 49/119 DPDK:fast-tests / node_list_dump                 OK               0.17s
 50/119 DPDK:fast-tests / hash_autotest                  OK               0.33s
 51/119 DPDK:fast-tests / hash_readwrite_func_autotest   SKIP             0.26s   exit status 77
 52/119 DPDK:fast-tests / interrupt_autotest             OK               1.69s
 53/119 DPDK:fast-tests / ipfrag_autotest                OK               0.19s
 54/119 DPDK:fast-tests / ipsec_autotest                 SKIP             0.17s   exit status 77
 55/119 DPDK:fast-tests / kvargs_autotest                OK               0.37s
 56/119 DPDK:fast-tests / latencystats_autotest          OK               0.38s
 57/119 DPDK:fast-tests / lcore_var_autotest             OK               0.47s
 58/119 DPDK:fast-tests / lcores_autotest                OK               1.19s
 59/119 DPDK:fast-tests / logs_autotest                  OK               0.33s
 60/119 DPDK:fast-tests / lpm_autotest                   OK               4.37s
 61/119 DPDK:fast-tests / lpm6_autotest                  OK               6.15s
 62/119 DPDK:fast-tests / malloc_autotest                OK               0.56s
 63/119 DPDK:fast-tests / mbuf_autotest                  OK               0.28s
 64/119 DPDK:fast-tests / mcslock_autotest               OK               0.67s
 65/119 DPDK:fast-tests / member_autotest                OK               1.56s
 66/119 DPDK:fast-tests / memcpy_autotest                OK               2.05s
 67/119 DPDK:fast-tests / memory_autotest                OK               0.14s
 68/119 DPDK:fast-tests / mempool_autotest               OK               0.58s
 69/119 DPDK:fast-tests / memzone_autotest               OK               0.15s
 70/119 DPDK:fast-tests / meter_autotest                 OK               0.18s
 71/119 DPDK:fast-tests / metrics_autotest               OK               0.19s
 72/119 DPDK:fast-tests / multiprocess_autotest          OK               0.48s
 73/119 DPDK:fast-tests / net_ether_autotest             OK               0.61s
 74/119 DPDK:fast-tests / net_ipv6_autotest              OK               0.24s
 75/119 DPDK:fast-tests / pcapng_autotest                OK               6.94s
 76/119 DPDK:fast-tests / pdcp_autotest                  SKIP             0.14s   exit status 77
 77/119 DPDK:fast-tests / pdump_autotest                 OK               0.41s
 78/119 DPDK:fast-tests / per_lcore_autotest             OK               0.34s
 79/119 DPDK:fast-tests / pflock_autotest                OK               0.31s
 80/119 DPDK:fast-tests / pie_autotest                   OK               0.17s
 81/119 DPDK:fast-tests / ring_pmd_autotest              OK               0.28s
 82/119 DPDK:fast-tests / power_autotest                 OK               0.17s
 83/119 DPDK:fast-tests / power_cpufreq_autotest         SKIP             0.15s   exit status 77
 84/119 DPDK:fast-tests / power_intel_uncore_autotest    SKIP             0.17s   exit status 77
 85/119 DPDK:fast-tests / power_kvm_vm_autotest          SKIP             0.28s   exit status 77
 86/119 DPDK:fast-tests / prefetch_autotest              OK               0.18s
 87/119 DPDK:fast-tests / ptr_compress_autotest          OK               0.22s
 88/119 DPDK:fast-tests / rawdev_autotest                OK               0.30s
 89/119 DPDK:fast-tests / rcu_qsbr_autotest              OK               0.29s
 90/119 DPDK:fast-tests / reorder_autotest               OK               0.54s
 91/119 DPDK:fast-tests / rib_autotest                   OK               7.35s
 92/119 DPDK:fast-tests / rib6_autotest                  OK               7.36s
 93/119 DPDK:fast-tests / ring_autotest                  OK               0.29s
 94/119 DPDK:fast-tests / rwlock_test1_autotest          OK               0.37s
 95/119 DPDK:fast-tests / rwlock_rda_autotest            OK               5.45s
 96/119 DPDK:fast-tests / rwlock_rds_wrm_autotest        OK               5.19s
 97/119 DPDK:fast-tests / rwlock_rde_wro_autotest        OK               5.28s
 98/119 DPDK:fast-tests / sched_autotest                 OK               0.23s
 99/119 DPDK:fast-tests / security_autotest              OK               0.27s
100/119 DPDK:fast-tests / seqlock_autotest               SKIP             0.74s   exit status 77
101/119 DPDK:fast-tests / service_autotest               OK               0.84s
102/119 DPDK:fast-tests / soring_autotest                OK               0.40s
103/119 DPDK:fast-tests / spinlock_autotest              OK               0.21s
104/119 DPDK:fast-tests / stack_autotest                 OK               0.21s
105/119 DPDK:fast-tests / stack_lf_autotest              OK               0.31s
106/119 DPDK:fast-tests / string_autotest                OK               0.24s
107/119 DPDK:fast-tests / table_autotest                 OK              19.76s
108/119 DPDK:fast-tests / tailq_autotest                 OK               0.24s
109/119 DPDK:fast-tests / telemetry_data_autotest        OK               0.65s
110/119 DPDK:fast-tests / telemetry_json_autotest        OK               0.19s
111/119 DPDK:fast-tests / thash_autotest                 OK               0.36s
112/119 DPDK:fast-tests / threads_autotest               OK               0.49s
113/119 DPDK:fast-tests / ticketlock_autotest            OK               0.28s


Ok:                 104 
Expected Fail:      0   
Fail:               0   
Unexpected Pass:    0   
Skipped:            9   
Timeout:            0   

Full log written to /root/workspace/Generic-Unit-Test-DPDK/dpdk/build/meson-logs/testlog.txt

==== End log output ====

Ubuntu 22.04
	Kernel: Depends on container host
	Compiler: gcc (Ubuntu 11.4.0-1ubuntu1~22.04) 11.4.0

Fedora 40
	Kernel: Depends on container host
	Compiler: gcc 14.2.1 20240912 (Red Hat 14.2.1-3)

RHEL8
	Kernel: Depends on container host
	Compiler: gcc 8.5.0 20210514 (Red Hat 8.5.0-22)

Fedora 40 (Clang)
	Kernel: Depends on container host
	Compiler: clang 18.1.8 (Fedora 18.1.8-1.fc40)

Debian 12
	Kernel: Depends on container host
	Compiler: gcc (Debian 12.2.0-14) 12.2.0

Fedora 41 (Clang)
	Kernel: Depends on container host
	Compiler: clang 19.1.5 (Fedora 19.1.5-1.fc41)

CentOS Stream 10
	Kernel: Depends on container host
	Compiler: gcc 14.2.1 20241104 (Red Hat 14.2.1-6)

Fedora 41
	Kernel: Depends on container host
	Compiler: gcc 14.2.1 20240912 (Red Hat 14.2.1-3)

RHEL9
	Kernel: Depends on container host
	Compiler: gcc 11.5.0 20240719 (Red Hat 11.5.0-2)

Ubuntu 20.04
	Kernel: Depends on container host
	Compiler: gcc (Ubuntu 9.4.0-1ubuntu1~20.04.2) 9.4.0

Ubuntu 24.04
	Kernel: Depends on container host
	Compiler: gcc (Ubuntu 13.3.0-6ubuntu2~24.04) 13.3.0

Windows Server 2022
	Kernel: 10.0.20348.2031
	Compiler: clang 15.0.7, gcc 14.1.0 (MinGW), and MSVC VS 19.39.33521

To view detailed results, visit:
https://lab.dpdk.org/results/dashboard/patchsets/32983/

UNH-IOL DPDK Community Lab

To manage your email subscriptions, visit: 
https://lab.dpdk.org/results/dashboard/preferences/subscriptions/