From mboxrd@z Thu Jan 1 00:00:00 1970 Return-Path: Received: from mails.dpdk.org (mails.dpdk.org [217.70.189.124]) by inbox.dpdk.org (Postfix) with ESMTP id 5AA464654E for ; Thu, 10 Apr 2025 09:10:45 +0200 (CEST) Received: from mails.dpdk.org (localhost [127.0.0.1]) by mails.dpdk.org (Postfix) with ESMTP id 55E854066A; Thu, 10 Apr 2025 09:10:45 +0200 (CEST) Received: from mail-io1-f97.google.com (mail-io1-f97.google.com [209.85.166.97]) by mails.dpdk.org (Postfix) with ESMTP id D56AD402ED for ; Thu, 10 Apr 2025 09:10:43 +0200 (CEST) Received: by mail-io1-f97.google.com with SMTP id ca18e2360f4ac-85dac9729c3so45698539f.2 for ; Thu, 10 Apr 2025 00:10:43 -0700 (PDT) DKIM-Signature: v=1; a=rsa-sha256; c=relaxed/relaxed; d=iol.unh.edu; s=unh-iol; t=1744269043; x=1744873843; darn=dpdk.org; h=cc:to:from:subject:message-id:date:from:to:cc:subject:date :message-id:reply-to; bh=KdMW/dieXRwSJyDlUeJ6UrfPmsuLfINMKS+vNoXfLi8=; b=F1kTMEiMSfZLYBK8WDFOJpYZm4GZ8CLfczUDljaSttXeMaRdzFkssV/42aR7860QGb N31vbYI7c0L9KuOJvTIj+XIj/A9Heb/D7YfP2yJX2a8cKtrU+/5cOIXpXy1TRivaF3e1 fkqguLZaLliy9JLauGYXcavvjsTYnK20n+WQs= X-Google-DKIM-Signature: v=1; a=rsa-sha256; c=relaxed/relaxed; d=1e100.net; s=20230601; t=1744269043; x=1744873843; h=cc:to:from:subject:message-id:date:x-gm-message-state:from:to:cc :subject:date:message-id:reply-to; bh=KdMW/dieXRwSJyDlUeJ6UrfPmsuLfINMKS+vNoXfLi8=; b=L5yQ2ZYpKHPk8fshlxxxqDxkdXUiFkFV++WlPIRlZV+LM4emdDuV4zthxY5R8QlVBx By0wvBUgeLNcg5wp3N8nGKnc0AG7ayKOJo5l1LN5kPfbmENWGTnb03u4OnIks1MXSUA2 JFJQfQ3W6Z30VVVRkHOA1KsPsMaE7GtPRjPsNVT5jB6c66KWKFFf3kZHy85M31WeZwpK ELPYEfjJE67+pmF5aJ9BHReagWQIdlz11VrI23X0Fg9YH1m6qo5snh8WWcQNLbWiWGVx 3X3hIwsQ5xlPGfqT2Ou38fKqbQsjTV2kCrZCigw1ADZNi8B11rhYnGuyCgRVqfGGpsm1 lhpw== X-Gm-Message-State: AOJu0Yx71R3LzaKI5Tq/5ZNl0w9aSc6Pc6sY/CjLVx7uA/veDH2u7Mfo Qq+nu/9cSd5UNMe4xfbmOsEUPDvNrJNquj0LomQped4PvK/sxLdXfpWwDh25uX3kgJIxs6ieGCV yNrgJHVPRojJUyHxJGHIy4vhv4Q39RSCAY5dtCPlohbQ4KQde X-Gm-Gg: ASbGncuBs3ejHpWh5tfyXdlQxSsx8ZtQIeafQxNRLrkGFiCl3XlB3gK6PPPobQRmYV8 qLITUX5EGx9XA5uGLuj+E5XbDLmjK5NH565R0D76s3iCj83ejjFBcTL2qAkhmfR1N5bzlvb7l3a JJbea91l6Nr9odZ3OR0KlxCuAUxStblY7ClGeQQJ/mNyN5aGIQAwiBNx29jhsxafKvpu2aSbMQL VnwCDNcqOq6eGDe+22AtD7IypdkbeQf4t4UCO1DY6AQhQNjORespiWUv9LO6EHPPFu/stGTUrre ZB7+KnROJD6YvJc/iLuc0PXnWG34E+Usl+HDBd2KOIa6EbFh X-Google-Smtp-Source: AGHT+IED1EyTKyDW+NNnM4JUuahMSXg6dfq/nRp3iWig/MP4XEoOYwMhthPr9DoKOR3waSkQSJfHJxM/XR0o X-Received: by 2002:a05:6602:2983:b0:85b:505a:7def with SMTP id ca18e2360f4ac-8616ed448a4mr190670339f.6.1744269043211; Thu, 10 Apr 2025 00:10:43 -0700 (PDT) Received: from postal.iol.unh.edu (postal.iol.unh.edu. [2606:4100:3880:1234::84]) by smtp-relay.gmail.com with ESMTPS id ca18e2360f4ac-861656c8facsm17868839f.24.2025.04.10.00.10.43 (version=TLS1_2 cipher=ECDHE-ECDSA-AES128-GCM-SHA256 bits=128/128); Thu, 10 Apr 2025 00:10:43 -0700 (PDT) X-Relaying-Domain: iol.unh.edu Date: Thu, 10 Apr 2025 00:10:43 -0700 (PDT) Message-ID: <67f76ef3.050a0220.f6bb0.5c93SMTPIN_ADDED_MISSING@mx.google.com> Received: from [172.21.0.5] (unknown [172.18.0.240]) by postal.iol.unh.edu (Postfix) with ESMTP id A94D16052471; Thu, 10 Apr 2025 03:10:42 -0400 (EDT) Subject: |FAILURE| [GIT MASTER] 4401486b5e30d43a134f80f9802f60b5f43e74a8 From: dpdklab@iol.unh.edu To: Test Report Cc: dpdk-test-reports@iol.unh.edu, Xueming Li , Christian Ehrhardt , Kevin Traynor , Luca Boccassi Content-Type: text/plain X-BeenThere: test-report@dpdk.org X-Mailman-Version: 2.1.29 Precedence: list List-Id: automatic DPDK test reports List-Unsubscribe: , List-Archive: List-Post: List-Help: List-Subscribe: , Errors-To: test-report-bounces@dpdk.org _Testing issues_ Branch: tags/v22.11 4401486b5e30d43a134f80f9802f60b5f43e74a8 --> testing issues Upstream job id: Generic-Unit-Test-DPDK#330182 Test environment and result as below: +---------------------+----------------+ | Environment | dpdk_unit_test | +=====================+================+ | Fedora 40 (Clang) | PEND | +---------------------+----------------+ | CentOS Stream 10 | PEND | +---------------------+----------------+ | Fedora 40 | FAIL | +---------------------+----------------+ | Debian 12 | PEND | +---------------------+----------------+ | CentOS Stream 9 | PEND | +---------------------+----------------+ | Ubuntu 22.04 | PEND | +---------------------+----------------+ | RHEL9 | PEND | +---------------------+----------------+ | Fedora 41 (Clang) | PEND | +---------------------+----------------+ | RHEL8 | PEND | +---------------------+----------------+ | Fedora 41 | PEND | +---------------------+----------------+ | Ubuntu 24.04 | PEND | +---------------------+----------------+ | Ubuntu 20.04 | PASS | +---------------------+----------------+ | Windows Server 2022 | FAIL | +---------------------+----------------+ ==== Unit test summary for Windows Server 2022 (dpdk_unit_test): ==== Failed to get the unit test results. Displaying the unit test results is not supported for some environments, such as our aarch32 testing, where meson is not used to run the tests. Download the logs available on our CI site. ==== End log output ==== Fedora 40 (Clang) Kernel: Depends on container host Compiler: clang 18.1.8 (Fedora 18.1.8-1.fc40) CentOS Stream 10 Kernel: Depends on container host Compiler: gcc 14.2.1 20241104 (Red Hat 14.2.1-6) Fedora 40 Kernel: Depends on container host Compiler: gcc 14.2.1 20240912 (Red Hat 14.2.1-3) Debian 12 Kernel: Depends on container host Compiler: gcc (Debian 12.2.0-14) 12.2.0 CentOS Stream 9 Kernel: Depends on container host Compiler: gcc 11.5.0 20240719 (Red Hat 11.5.0-2) Ubuntu 22.04 Kernel: Depends on container host Compiler: gcc (Ubuntu 11.4.0-1ubuntu1~22.04) 11.4.0 RHEL9 Kernel: Depends on container host Compiler: gcc 11.5.0 20240719 (Red Hat 11.5.0-2) Fedora 41 (Clang) Kernel: Depends on container host Compiler: clang 19.1.5 (Fedora 19.1.5-1.fc41) RHEL8 Kernel: Depends on container host Compiler: gcc 8.5.0 20210514 (Red Hat 8.5.0-22) Fedora 41 Kernel: Depends on container host Compiler: gcc 14.2.1 20240912 (Red Hat 14.2.1-3) Ubuntu 24.04 Kernel: Depends on container host Compiler: gcc (Ubuntu 13.3.0-6ubuntu2~24.04) 13.3.0 Ubuntu 20.04 Kernel: Depends on container host Compiler: gcc (Ubuntu 9.4.0-1ubuntu1~20.04.2) 9.4.0 Windows Server 2022 Kernel: 10.0.20348.2031 Compiler: clang 15.0.7, gcc 14.1.0 (MinGW), and MSVC VS 19.39.33521 To view detailed results, visit: https://lab.dpdk.org/results/dashboard/tarballs/33214/ UNH-IOL DPDK Community Lab To manage your email subscriptions, visit: https://lab.dpdk.org/results/dashboard/preferences/subscriptions/