From mboxrd@z Thu Jan 1 00:00:00 1970 Return-Path: Received: from mails.dpdk.org (mails.dpdk.org [217.70.189.124]) by inbox.dpdk.org (Postfix) with ESMTP id EA6C24654E for ; Thu, 10 Apr 2025 09:14:52 +0200 (CEST) Received: from mails.dpdk.org (localhost [127.0.0.1]) by mails.dpdk.org (Postfix) with ESMTP id C48AE4066A; Thu, 10 Apr 2025 09:14:52 +0200 (CEST) Received: from mail-io1-f99.google.com (mail-io1-f99.google.com [209.85.166.99]) by mails.dpdk.org (Postfix) with ESMTP id 340C9402ED for ; Thu, 10 Apr 2025 09:14:51 +0200 (CEST) Received: by mail-io1-f99.google.com with SMTP id ca18e2360f4ac-8616987c261so15954439f.3 for ; Thu, 10 Apr 2025 00:14:51 -0700 (PDT) DKIM-Signature: v=1; a=rsa-sha256; c=relaxed/relaxed; d=iol.unh.edu; s=unh-iol; t=1744269290; x=1744874090; darn=dpdk.org; h=cc:to:from:subject:message-id:date:from:to:cc:subject:date :message-id:reply-to; bh=se3V/UxfPMzOuN4tiUP8tcec0IdgbqEvzbMACQ93Z2o=; b=ScC5x1C953yqIFdtF5PnjP7vOLzsW8gqyQEiBoRf7gJ4RqsU8fJasBxwm5GgQaIJaL 6MDlPV8ZsajiVaP2AHxtKUEx8amdqBNGkb2iH4yUUGU+m9isOHkYdkQe0hqITIidgOhU 0tbarSc77gWBJY5fQbMLQ1P0Hq/vS5PoFu8q8= X-Google-DKIM-Signature: v=1; a=rsa-sha256; c=relaxed/relaxed; d=1e100.net; s=20230601; t=1744269290; x=1744874090; h=cc:to:from:subject:message-id:date:x-gm-message-state:from:to:cc :subject:date:message-id:reply-to; bh=se3V/UxfPMzOuN4tiUP8tcec0IdgbqEvzbMACQ93Z2o=; b=TItwbN721dBsOUp/CJnQP1susv7TtQ2eXPBDObHV24Ky3tKfmGNn2nRHFneB1Ie+xM Dmi9zQS4YEI3nNFDHWM5W7UUbIOYy8Kh0Nxpw0ctGkNkgicctbmnTrt9XkmhFoUJHU5/ NYQ4LyWbVLvrJbXjoyQZiBXPqco855WCLp/TZzlJBbD/mqhlG0GAnItQ8yi1g7cXInZ8 uHOFmQF7+9QYRQOkxR2y9mOAN98LLbaqDSqD7xwpxb6iW8cxwRl5MnrfFJUp9E3w4BZ1 wysW9V1x7QBg7Nr0d+sBMTHSkX4Lwv8By/XXYwl0uaAdVcm+MsvqSj+jQJ/ZVqNWZAKX cPcQ== X-Gm-Message-State: AOJu0YyiG2cE4EPdeZfOcGCuJedZGn+pnVJmlzmewKwMtbxqvj3GIa9N 1tLsVnW1hptWTDym+4zZpu1fHLfeX5jkgjYUGj20J6XSlvzJ/VptWLi18brmTMPT196LqR4IOW3 gomUax+g0Gm4C9zX0JJNVX8N1B9FXzfx/xvkzDyNlYhrR88Zl X-Gm-Gg: ASbGncsNbTeLvMGMwLFW5pWAQ/IDcj2xAzW1oi5Yn2VnCEFs/PXXjIuesRVcqXfHtYB 6guvgMrl8UVgtXq6qtHhVKYXgV033xnFxEHrk6gciwHT0BjWi23PicJgMmC2je2hWU+G99vTdoO 8Tc1Psq4ZTk1aCnztjxc5Vew+YrUIlZ7TqYyHdqP9B/OlVfj65cHLRJQCHWpui5UXIH+Q2k64zy gfmTNkOZ/h1DW6q/mRUnZtQm01Hz6pBGtMzZ27FsJkgs643pt737QJSmcfLMEi0nXJlAhEhdWfL UbPOIwbBG8D+ND0l4Qf58KXtGHY0/VBaHKMx7utxpU9Unwa7 X-Google-Smtp-Source: AGHT+IFyl7O/vSnpjTJe67WioxFub5eMysQcr/bldXJC0MGSuXl3xtB7d5Cf1mhS9aI4hKnGjTIxqY/+UkPs X-Received: by 2002:a05:6602:2989:b0:85b:4319:2a2a with SMTP id ca18e2360f4ac-86170702bdemr113733639f.6.1744269290267; Thu, 10 Apr 2025 00:14:50 -0700 (PDT) Received: from postal.iol.unh.edu (postal.iol.unh.edu. [2606:4100:3880:1234::84]) by smtp-relay.gmail.com with ESMTPS id ca18e2360f4ac-86165428eb5sm17946739f.12.2025.04.10.00.14.50 (version=TLS1_2 cipher=ECDHE-ECDSA-AES128-GCM-SHA256 bits=128/128); Thu, 10 Apr 2025 00:14:50 -0700 (PDT) X-Relaying-Domain: iol.unh.edu Date: Thu, 10 Apr 2025 00:14:50 -0700 (PDT) Message-ID: <67f76fea.050a0220.944f6.5eb5SMTPIN_ADDED_MISSING@mx.google.com> Received: from [172.21.0.5] (unknown [172.18.0.240]) by postal.iol.unh.edu (Postfix) with ESMTP id AE8756052471; Thu, 10 Apr 2025 03:14:49 -0400 (EDT) Subject: |FAILURE| [GIT MASTER] 4401486b5e30d43a134f80f9802f60b5f43e74a8 From: dpdklab@iol.unh.edu To: Test Report Cc: dpdk-test-reports@iol.unh.edu, Xueming Li , Christian Ehrhardt , Kevin Traynor , Luca Boccassi Content-Type: text/plain X-BeenThere: test-report@dpdk.org X-Mailman-Version: 2.1.29 Precedence: list List-Id: automatic DPDK test reports List-Unsubscribe: , List-Archive: List-Post: List-Help: List-Subscribe: , Errors-To: test-report-bounces@dpdk.org _Testing issues_ Branch: tags/v22.11 4401486b5e30d43a134f80f9802f60b5f43e74a8 --> testing issues Upstream job id: Generic-Unit-Test-DPDK#330183 Test environment and result as below: +---------------------+----------------+ | Environment | dpdk_unit_test | +=====================+================+ | Fedora 40 (Clang) | FAIL | +---------------------+----------------+ | CentOS Stream 10 | PEND | +---------------------+----------------+ | Fedora 40 | FAIL | +---------------------+----------------+ | Debian 12 | PEND | +---------------------+----------------+ | CentOS Stream 9 | PEND | +---------------------+----------------+ | Ubuntu 22.04 | PEND | +---------------------+----------------+ | RHEL9 | PEND | +---------------------+----------------+ | Fedora 41 (Clang) | PEND | +---------------------+----------------+ | RHEL8 | PEND | +---------------------+----------------+ | Fedora 41 | PEND | +---------------------+----------------+ | Ubuntu 24.04 | PEND | +---------------------+----------------+ | Ubuntu 20.04 | PASS | +---------------------+----------------+ | Windows Server 2022 | FAIL | +---------------------+----------------+ ==== Unit test summary for Windows Server 2022 (dpdk_unit_test): ==== Failed to get the unit test results. Displaying the unit test results is not supported for some environments, such as our aarch32 testing, where meson is not used to run the tests. Download the logs available on our CI site. ==== End log output ==== Fedora 40 (Clang) Kernel: Depends on container host Compiler: clang 18.1.8 (Fedora 18.1.8-1.fc40) CentOS Stream 10 Kernel: Depends on container host Compiler: gcc 14.2.1 20241104 (Red Hat 14.2.1-6) Fedora 40 Kernel: Depends on container host Compiler: gcc 14.2.1 20240912 (Red Hat 14.2.1-3) Debian 12 Kernel: Depends on container host Compiler: gcc (Debian 12.2.0-14) 12.2.0 CentOS Stream 9 Kernel: Depends on container host Compiler: gcc 11.5.0 20240719 (Red Hat 11.5.0-2) Ubuntu 22.04 Kernel: Depends on container host Compiler: gcc (Ubuntu 11.4.0-1ubuntu1~22.04) 11.4.0 RHEL9 Kernel: Depends on container host Compiler: gcc 11.5.0 20240719 (Red Hat 11.5.0-2) Fedora 41 (Clang) Kernel: Depends on container host Compiler: clang 19.1.5 (Fedora 19.1.5-1.fc41) RHEL8 Kernel: Depends on container host Compiler: gcc 8.5.0 20210514 (Red Hat 8.5.0-22) Fedora 41 Kernel: Depends on container host Compiler: gcc 14.2.1 20240912 (Red Hat 14.2.1-3) Ubuntu 24.04 Kernel: Depends on container host Compiler: gcc (Ubuntu 13.3.0-6ubuntu2~24.04) 13.3.0 Ubuntu 20.04 Kernel: Depends on container host Compiler: gcc (Ubuntu 9.4.0-1ubuntu1~20.04.2) 9.4.0 Windows Server 2022 Kernel: 10.0.20348.2031 Compiler: clang 15.0.7, gcc 14.1.0 (MinGW), and MSVC VS 19.39.33521 To view detailed results, visit: https://lab.dpdk.org/results/dashboard/tarballs/33214/ UNH-IOL DPDK Community Lab To manage your email subscriptions, visit: https://lab.dpdk.org/results/dashboard/preferences/subscriptions/