From mboxrd@z Thu Jan 1 00:00:00 1970 Return-Path: Received: from mails.dpdk.org (mails.dpdk.org [217.70.189.124]) by inbox.dpdk.org (Postfix) with ESMTP id E9E324654E for ; Thu, 10 Apr 2025 09:15:34 +0200 (CEST) Received: from mails.dpdk.org (localhost [127.0.0.1]) by mails.dpdk.org (Postfix) with ESMTP id E599C4066A; Thu, 10 Apr 2025 09:15:34 +0200 (CEST) Received: from mail-pf1-f225.google.com (mail-pf1-f225.google.com [209.85.210.225]) by mails.dpdk.org (Postfix) with ESMTP id 51711402ED for ; Thu, 10 Apr 2025 09:15:34 +0200 (CEST) Received: by mail-pf1-f225.google.com with SMTP id d2e1a72fcca58-739525d4e12so378613b3a.3 for ; Thu, 10 Apr 2025 00:15:34 -0700 (PDT) DKIM-Signature: v=1; a=rsa-sha256; c=relaxed/relaxed; d=iol.unh.edu; s=unh-iol; t=1744269333; x=1744874133; darn=dpdk.org; h=cc:to:from:subject:message-id:date:from:to:cc:subject:date :message-id:reply-to; bh=vEoXMRqE0Rrr/1b2QrUR6bsY34QmWMPxgSa9/FkL5ec=; b=cOw3MPPX1OaR9JYC/cQn6U65R3ZEt0f8feWW3eXJMsN87E6REPwTY43CQ1Y6b7PqVy KI3NXppNm7SrmEEH/QeXo4cQ6/uDKQ1EN4dZPEpPruEFeI4BonEnZkBmqFRAUyxKxctv jkcscWcTUbqdAeAkZVZJH4UAdGN5IW/E5n76c= X-Google-DKIM-Signature: v=1; a=rsa-sha256; c=relaxed/relaxed; d=1e100.net; s=20230601; t=1744269333; x=1744874133; h=cc:to:from:subject:message-id:date:x-gm-message-state:from:to:cc :subject:date:message-id:reply-to; bh=vEoXMRqE0Rrr/1b2QrUR6bsY34QmWMPxgSa9/FkL5ec=; b=csx6JZv0SfUnTwAay4uPv/QSasrmpNvwp/7uprgEpC6bclANAlb7s7YYvG4GozBaLn YHwJVvL0ubfv/OaKVFsG1iJARIS1dtYGb/GBnZeAjCilT/3O995ZHq/BwojepTjmzW8z hzGBdcS/Q6SqteqKlYnxNX/DP5Jcv8uxlK6ENgxcuLO0SdobODxkhbLniy6QS3xclIHX eyTodUqB4Ai1QUkqeAlxgQXOPSbLAkkSWFCFVyOXwCJ95ps+UPxEuMhzTeH5Ks9vh8fB bvjbfH9J1nnzGyzxaaKPHoALBdb9k3ybJFYvAMWoCJeRLMI3MS5oyJHeU23iZ1zw4xew ODVQ== X-Gm-Message-State: AOJu0YwtKB57A3av/n2drTylKmLkThh/a2QNAdWClJiTvueZSecNeQRv L3LdK+TrAAnRJzCkMDEFeaOWF8s/X5qkovEodh/XZVqwiuafg5BikR9L2SFV1HSiQgjKWIVPusN zi8Sp7GH73aGFZRsIZ45R/9SgjIJTiMQ88Shw+i7AMOGoSgwb X-Gm-Gg: ASbGnctP5ldEnUJSsuQoYeNBTBH9IdxfzekOfm6ZcPm6xODzhG8VDYd1aT6LtCTGQyS cVD3muHOvFJPCyclp9J/696Hnrbocjh+4gRq+nlgv+u1gDLKgEB3t+NHOMETixKV4dGpRu5YyTL DDAuJNvYZa7cqumvJ2ti/dJY/S8NigPtauSgp4NxzLkrLqykQMShc2vewkxyPca1MYzZvw251nJ eZ1foO47H7LgvpyBpwuZdix/z1udyxSCvekH05YaEs39byMr8zncjpopJLWxG58eBQOGeeYWT// ZihMOFUQe8epw9g3rnCx5pA6uWxDIWReswIcHwAlJibNmLtF X-Google-Smtp-Source: AGHT+IE124comU6hLjlYt5Ick4lir4CGM4LP9pBvD12O60+ich3clakKLJ/SSFyDLIeQ0+X4k67S+Yimmv13 X-Received: by 2002:a05:6a20:a121:b0:1f5:8678:1820 with SMTP id adf61e73a8af0-2016948c580mr3389234637.12.1744269333473; Thu, 10 Apr 2025 00:15:33 -0700 (PDT) Received: from postal.iol.unh.edu (postal.iol.unh.edu. [2606:4100:3880:1234::84]) by smtp-relay.gmail.com with ESMTPS id 41be03b00d2f7-b02a11d1cd8sm238480a12.15.2025.04.10.00.15.33 (version=TLS1_2 cipher=ECDHE-ECDSA-AES128-GCM-SHA256 bits=128/128); Thu, 10 Apr 2025 00:15:33 -0700 (PDT) X-Relaying-Domain: iol.unh.edu Date: Thu, 10 Apr 2025 00:15:33 -0700 (PDT) Message-ID: <67f77015.630a0220.2af0e.96e7SMTPIN_ADDED_MISSING@mx.google.com> Received: from [172.21.0.5] (unknown [172.18.0.240]) by postal.iol.unh.edu (Postfix) with ESMTP id A42196052471; Thu, 10 Apr 2025 03:15:32 -0400 (EDT) Subject: |FAILURE| [GIT MASTER] 4401486b5e30d43a134f80f9802f60b5f43e74a8 From: dpdklab@iol.unh.edu To: Test Report Cc: dpdk-test-reports@iol.unh.edu, Xueming Li , Christian Ehrhardt , Kevin Traynor , Luca Boccassi Content-Type: text/plain X-BeenThere: test-report@dpdk.org X-Mailman-Version: 2.1.29 Precedence: list List-Id: automatic DPDK test reports List-Unsubscribe: , List-Archive: List-Post: List-Help: List-Subscribe: , Errors-To: test-report-bounces@dpdk.org _Testing issues_ Branch: tags/v22.11 4401486b5e30d43a134f80f9802f60b5f43e74a8 --> testing issues Upstream job id: Generic-Unit-Test-DPDK#330179 Test environment and result as below: +---------------------+----------------+ | Environment | dpdk_unit_test | +=====================+================+ | Fedora 40 (Clang) | FAIL | +---------------------+----------------+ | CentOS Stream 10 | PEND | +---------------------+----------------+ | Fedora 40 | FAIL | +---------------------+----------------+ | Debian 12 | PEND | +---------------------+----------------+ | CentOS Stream 9 | FAIL | +---------------------+----------------+ | Ubuntu 22.04 | PEND | +---------------------+----------------+ | RHEL9 | PEND | +---------------------+----------------+ | Fedora 41 (Clang) | PEND | +---------------------+----------------+ | RHEL8 | PEND | +---------------------+----------------+ | Fedora 41 | PEND | +---------------------+----------------+ | Ubuntu 24.04 | PEND | +---------------------+----------------+ | Ubuntu 20.04 | PASS | +---------------------+----------------+ | Windows Server 2022 | FAIL | +---------------------+----------------+ ==== Unit test summary for Windows Server 2022 (dpdk_unit_test): ==== Failed to get the unit test results. Displaying the unit test results is not supported for some environments, such as our aarch32 testing, where meson is not used to run the tests. Download the logs available on our CI site. ==== End log output ==== Fedora 40 (Clang) Kernel: Depends on container host Compiler: clang 18.1.8 (Fedora 18.1.8-1.fc40) CentOS Stream 10 Kernel: Depends on container host Compiler: gcc 14.2.1 20241104 (Red Hat 14.2.1-6) Fedora 40 Kernel: Depends on container host Compiler: gcc 14.2.1 20240912 (Red Hat 14.2.1-3) Debian 12 Kernel: Depends on container host Compiler: gcc (Debian 12.2.0-14) 12.2.0 CentOS Stream 9 Kernel: Depends on container host Compiler: gcc 11.5.0 20240719 (Red Hat 11.5.0-2) Ubuntu 22.04 Kernel: Depends on container host Compiler: gcc (Ubuntu 11.4.0-1ubuntu1~22.04) 11.4.0 RHEL9 Kernel: Depends on container host Compiler: gcc 11.5.0 20240719 (Red Hat 11.5.0-2) Fedora 41 (Clang) Kernel: Depends on container host Compiler: clang 19.1.5 (Fedora 19.1.5-1.fc41) RHEL8 Kernel: Depends on container host Compiler: gcc 8.5.0 20210514 (Red Hat 8.5.0-22) Fedora 41 Kernel: Depends on container host Compiler: gcc 14.2.1 20240912 (Red Hat 14.2.1-3) Ubuntu 24.04 Kernel: Depends on container host Compiler: gcc (Ubuntu 13.3.0-6ubuntu2~24.04) 13.3.0 Ubuntu 20.04 Kernel: Depends on container host Compiler: gcc (Ubuntu 9.4.0-1ubuntu1~20.04.2) 9.4.0 Windows Server 2022 Kernel: 10.0.20348.2031 Compiler: clang 15.0.7, gcc 14.1.0 (MinGW), and MSVC VS 19.39.33521 To view detailed results, visit: https://lab.dpdk.org/results/dashboard/tarballs/33214/ UNH-IOL DPDK Community Lab To manage your email subscriptions, visit: https://lab.dpdk.org/results/dashboard/preferences/subscriptions/