From mboxrd@z Thu Jan 1 00:00:00 1970 Return-Path: Received: from mails.dpdk.org (mails.dpdk.org [217.70.189.124]) by inbox.dpdk.org (Postfix) with ESMTP id 96B9A4654E for ; Thu, 10 Apr 2025 09:55:45 +0200 (CEST) Received: from mails.dpdk.org (localhost [127.0.0.1]) by mails.dpdk.org (Postfix) with ESMTP id 9155440671; Thu, 10 Apr 2025 09:55:45 +0200 (CEST) Received: from mail-oa1-f97.google.com (mail-oa1-f97.google.com [209.85.160.97]) by mails.dpdk.org (Postfix) with ESMTP id C8C2140669 for ; Thu, 10 Apr 2025 09:55:44 +0200 (CEST) Received: by mail-oa1-f97.google.com with SMTP id 586e51a60fabf-2c2bb447e5eso274465fac.0 for ; Thu, 10 Apr 2025 00:55:44 -0700 (PDT) DKIM-Signature: v=1; a=rsa-sha256; c=relaxed/relaxed; d=iol.unh.edu; s=unh-iol; t=1744271744; x=1744876544; darn=dpdk.org; h=cc:to:from:subject:message-id:date:from:to:cc:subject:date :message-id:reply-to; bh=qxI2gz87B0RSckb7lOvv6wWDerYrStXvJvS5jx2f9fk=; b=SZQtL8T3loOOfws8oTjLiy5BFLnf+HRuMhXNc91AXRqX+0Z8ZUsxj3J8IkB82x4MJg RSgQGRmstlsanl4KBo9rdHtSEBbpxrI1QnD1xo/PMESAHaonI1O0K9kiSCjT+R2kXTwY GFoATSbot15HqGVSFJrXKd5KmIX9w4bnS31YI= X-Google-DKIM-Signature: v=1; a=rsa-sha256; c=relaxed/relaxed; d=1e100.net; s=20230601; t=1744271744; x=1744876544; h=cc:to:from:subject:message-id:date:x-gm-message-state:from:to:cc :subject:date:message-id:reply-to; bh=qxI2gz87B0RSckb7lOvv6wWDerYrStXvJvS5jx2f9fk=; b=c01Ek6qdsnWi46ZKDN1OMUITM6D12barI+XLm+6/rYg3DW1SxkcMWaynhcqhUWaNGj fvXE8EsnFzxlKK+nD2Fkv5t+c2jI4pIaVRfIl8K2JsbiBjR8OVGEVNbknvwVbj8EEJA0 K7NOhVaN1zsXZMCEEOXYW85ZbQU1ajcCF2n8SK67e2W+Jnfwf0S41t1z6p7NDIEJhkKG 7KhzQ1LGMp9Jm6+8Jee8MoEOyOeM1cRR2RzaKbQv27KOIx09TjW8uYyg31X60hHkPbaE AOkS25dzqxOzPqTspINTb6Ow7Uzmjl4JIUEGrFrk60mV8pbCI3TKO/sErNZ9kHLuJI2i aJaQ== X-Gm-Message-State: AOJu0YwF+rdprID6PQ8Ngq+LdrB7XU+XvGIH/Rmm1T+rmZQSdO3Ml97Q LMLa2d9Y3lUOEBgQ1lT6PHapP+MPZIiSolNJg8MoFHuCQC1+XSAJxhJ0XLzRTXOdJLWVuxdZLif PXKISRZskidkhY5dRWvD79oRfX06RqFSg X-Gm-Gg: ASbGnctfk7buAXz0uI0aANneYcmWYW/SeKqLDH8q76rHNZDK4MdVfceImmgvFfjbTyp UG5U7zYFjV2S+TACkmUAWVtP9+LssG/FfoW6iXiLHRfaoT9EDMD4ECwQKFDGWOqgTgRP1n4T2GE sZdtNb60wgQIYj4dV2WuosmVFS57gqTcrlWPMhEeb4B5MVKorLek2h60A6jqWp2IuNTMyOAqhgM r5cLeH2Hfv9Y4+Crh+Jz39b/1cvvgFjMug+oXEBxOY4mCokluHIXORqqq7n50+HQcFZOAYOSR0r GlKu7NHzhp1R2bhl/RKturVtS6awx7nqJlxe X-Google-Smtp-Source: AGHT+IHhGIdd4F3Ql2bQjpuhQHjWgdLOajycLJgGRuJXOlKDgNfl0xgYa5K2IvWOryKpqIo68C473NxtHeMa X-Received: by 2002:a05:6871:4008:b0:29e:559b:d694 with SMTP id 586e51a60fabf-2d0b388d3a4mr1070612fac.32.1744271743969; Thu, 10 Apr 2025 00:55:43 -0700 (PDT) Received: from postal.iol.unh.edu (postal.iol.unh.edu. [132.177.123.84]) by smtp-relay.gmail.com with ESMTPS id 586e51a60fabf-2d096cd1730sm227220fac.30.2025.04.10.00.55.43 (version=TLS1_2 cipher=ECDHE-ECDSA-AES128-GCM-SHA256 bits=128/128); Thu, 10 Apr 2025 00:55:43 -0700 (PDT) X-Relaying-Domain: iol.unh.edu Date: Thu, 10 Apr 2025 00:55:43 -0700 (PDT) Message-ID: <67f7797f.050a0220.1d1f2.713aSMTPIN_ADDED_MISSING@mx.google.com> Received: from [172.21.0.5] (unknown [172.18.0.240]) by postal.iol.unh.edu (Postfix) with ESMTP id 5DA396052471; Thu, 10 Apr 2025 03:55:43 -0400 (EDT) Subject: |FAILURE| [GIT MASTER] 4401486b5e30d43a134f80f9802f60b5f43e74a8 From: dpdklab@iol.unh.edu To: Test Report Cc: dpdk-test-reports@iol.unh.edu, Xueming Li , Christian Ehrhardt , Kevin Traynor , Luca Boccassi Content-Type: text/plain X-BeenThere: test-report@dpdk.org X-Mailman-Version: 2.1.29 Precedence: list List-Id: automatic DPDK test reports List-Unsubscribe: , List-Archive: List-Post: List-Help: List-Subscribe: , Errors-To: test-report-bounces@dpdk.org _Testing issues_ Branch: tags/v22.11 4401486b5e30d43a134f80f9802f60b5f43e74a8 --> testing issues Upstream job id: Generic-Unit-Test-DPDK#330181 Test environment and result as below: +---------------------+----------------+ | Environment | dpdk_unit_test | +=====================+================+ | Fedora 40 (Clang) | FAIL | +---------------------+----------------+ | CentOS Stream 10 | FAIL | +---------------------+----------------+ | Fedora 40 | FAIL | +---------------------+----------------+ | Debian 12 | FAIL | +---------------------+----------------+ | CentOS Stream 9 | FAIL | +---------------------+----------------+ | Ubuntu 22.04 | FAIL | +---------------------+----------------+ | RHEL9 | FAIL | +---------------------+----------------+ | Fedora 41 (Clang) | FAIL | +---------------------+----------------+ | RHEL8 | FAIL | +---------------------+----------------+ | Fedora 41 | FAIL | +---------------------+----------------+ | Ubuntu 24.04 | PEND | +---------------------+----------------+ | Ubuntu 20.04 | PASS | +---------------------+----------------+ | Windows Server 2022 | FAIL | +---------------------+----------------+ ==== Unit test summary for Windows Server 2022 (dpdk_unit_test): ==== Failed to get the unit test results. Displaying the unit test results is not supported for some environments, such as our aarch32 testing, where meson is not used to run the tests. Download the logs available on our CI site. ==== End log output ==== Fedora 40 (Clang) Kernel: Depends on container host Compiler: clang 18.1.8 (Fedora 18.1.8-1.fc40) CentOS Stream 10 Kernel: Depends on container host Compiler: gcc 14.2.1 20241104 (Red Hat 14.2.1-6) Fedora 40 Kernel: Depends on container host Compiler: gcc 14.2.1 20240912 (Red Hat 14.2.1-3) Debian 12 Kernel: Depends on container host Compiler: gcc (Debian 12.2.0-14) 12.2.0 CentOS Stream 9 Kernel: Depends on container host Compiler: gcc 11.5.0 20240719 (Red Hat 11.5.0-2) Ubuntu 22.04 Kernel: Depends on container host Compiler: gcc (Ubuntu 11.4.0-1ubuntu1~22.04) 11.4.0 RHEL9 Kernel: Depends on container host Compiler: gcc 11.5.0 20240719 (Red Hat 11.5.0-2) Fedora 41 (Clang) Kernel: Depends on container host Compiler: clang 19.1.5 (Fedora 19.1.5-1.fc41) RHEL8 Kernel: Depends on container host Compiler: gcc 8.5.0 20210514 (Red Hat 8.5.0-22) Fedora 41 Kernel: Depends on container host Compiler: gcc 14.2.1 20240912 (Red Hat 14.2.1-3) Ubuntu 24.04 Kernel: Depends on container host Compiler: gcc (Ubuntu 13.3.0-6ubuntu2~24.04) 13.3.0 Ubuntu 20.04 Kernel: Depends on container host Compiler: gcc (Ubuntu 9.4.0-1ubuntu1~20.04.2) 9.4.0 Windows Server 2022 Kernel: 10.0.20348.2031 Compiler: clang 15.0.7, gcc 14.1.0 (MinGW), and MSVC VS 19.39.33521 To view detailed results, visit: https://lab.dpdk.org/results/dashboard/tarballs/33214/ UNH-IOL DPDK Community Lab To manage your email subscriptions, visit: https://lab.dpdk.org/results/dashboard/preferences/subscriptions/