From mboxrd@z Thu Jan 1 00:00:00 1970 Return-Path: Received: from mails.dpdk.org (mails.dpdk.org [217.70.189.124]) by inbox.dpdk.org (Postfix) with ESMTP id 1882B4655E for ; Fri, 11 Apr 2025 08:58:50 +0200 (CEST) Received: from mails.dpdk.org (localhost [127.0.0.1]) by mails.dpdk.org (Postfix) with ESMTP id E2D95406B6; Fri, 11 Apr 2025 08:58:49 +0200 (CEST) Received: from mail-qv1-f97.google.com (mail-qv1-f97.google.com [209.85.219.97]) by mails.dpdk.org (Postfix) with ESMTP id 73BBF40285 for ; Fri, 11 Apr 2025 08:58:48 +0200 (CEST) Received: by mail-qv1-f97.google.com with SMTP id 6a1803df08f44-6e8f43c1fa0so19048636d6.3 for ; Thu, 10 Apr 2025 23:58:48 -0700 (PDT) DKIM-Signature: v=1; a=rsa-sha256; c=relaxed/relaxed; d=iol.unh.edu; s=unh-iol; t=1744354728; x=1744959528; darn=dpdk.org; h=cc:to:from:subject:message-id:date:from:to:cc:subject:date :message-id:reply-to; bh=7JIldKjK8XpE+mmpZypRYqnJg6UFZALl9QmZwGI5PXc=; b=Jq9R6IYXMotbaXC30h0+oTXF1BJaXFuwJpaEUCsJObpoXWLBAAXX6F89XZzHXP0bnH hfGSfuL5okM098GyfKauwWEOUs8KFji24Mq+2ik8dDKajcv/iZFmMjLunVpEpYRjHRDh Gk1qlDFZhJyyEopvUV1zVp4CmjqT3i3RAYAcs= X-Google-DKIM-Signature: v=1; a=rsa-sha256; c=relaxed/relaxed; d=1e100.net; s=20230601; t=1744354728; x=1744959528; h=cc:to:from:subject:message-id:date:x-gm-message-state:from:to:cc :subject:date:message-id:reply-to; bh=7JIldKjK8XpE+mmpZypRYqnJg6UFZALl9QmZwGI5PXc=; b=JW11QmmtsnyfpCWSoR28Fto4wvH6E2pSwMLwWoU3qcA9l+FXwz6w6cMHs84d79DREA yJJgcmSqMK4VraFbltgs64H5JHufvoAYT3AuULIq6vvuAgYugx6ciYx+2BMdCOWT5Zk+ 6z3Qjpb0/7ZzwN3pONv8pnb4k/ZA+TRXC4/GWswfcnT9x87wXGpDpQTXb9s+0aByj8dq 8SStMpOD5wTDO2gALUkfpzldB+9ha2vXTf5+xhRugZy9Qdf26IGEj5SeELy6NOSq27Da iccPyEGeqshJMnR2Vjo7gidQ9YA2hsR+eE46WEpPYW6lIl8oLm7XoSPsA+tJcGaRw4Oh wjcA== X-Gm-Message-State: AOJu0YxU6vWswm5aBMez/0ySqipFKfBPSW/sICy8D06IRzXSuPukYWYP pZMzhDC6KMI0WG7nu0r/7FYuxyQ9AoYT7OmIa4lk4ejLWNNTR21p5nyK81ubmpIN9PsmAfl+Mai Mn9EtbLRbnNtkVmmEVl2M2ZR8T9k5jj1sUgmQTkoLcQgk/kWp X-Gm-Gg: ASbGncsfGWQRUjI8GKqDb30U7zMFutnTOyrKJN7yUYFeXdKPmZYAZX9ayn8I/hQ6wfL lUSH3/GFsYag4gjtkqw0a75tl/E9vS39GDJYiJoKhh6ZV+a8FwPMslukae7YM1ins3MwbPyNuyN LCfqb0r/MCXjBUM9JCbbxAepVipGwaPHra2YqFLGlwK1/4Wb6etmieGKqyoGuZEd6f5S3JhLHdm W1A3MG5O/VQ71juV+naUN+dSJQkGaRQ7M3NWpvx5Wsq3eeIujhYzkZu6QjSKn/QicE2UuSZ735X UPux/iuboqS2d18edwLLn0Q79bVe7dNZ+jEA98J2KRYezBwd X-Google-Smtp-Source: AGHT+IFG1kTUIKJZsLCMiIM4AZ2elBrjpqG+iFERLaWvMO10TGNkaTehgkoTC/W+d7kJ5t1o0nOfYJ2QGQBs X-Received: by 2002:ad4:4ee5:0:b0:6e6:591b:fa61 with SMTP id 6a1803df08f44-6f230cc1f49mr29088426d6.7.1744354727867; Thu, 10 Apr 2025 23:58:47 -0700 (PDT) Received: from postal.iol.unh.edu (postal.iol.unh.edu. [2606:4100:3880:1234::84]) by smtp-relay.gmail.com with ESMTPS id 6a1803df08f44-6f0de96e5adsm3653206d6.15.2025.04.10.23.58.47 (version=TLS1_2 cipher=ECDHE-ECDSA-AES128-GCM-SHA256 bits=128/128); Thu, 10 Apr 2025 23:58:47 -0700 (PDT) X-Relaying-Domain: iol.unh.edu Date: Thu, 10 Apr 2025 23:58:47 -0700 (PDT) Message-ID: <67f8bda7.050a0220.15032.dcbfSMTPIN_ADDED_MISSING@mx.google.com> Received: from [172.21.0.6] (unknown [172.18.0.240]) by postal.iol.unh.edu (Postfix) with ESMTP id 80B5D6052471; Fri, 11 Apr 2025 02:58:47 -0400 (EDT) Subject: |FAILURE| [GIT MASTER] 4401486b5e30d43a134f80f9802f60b5f43e74a8 From: dpdklab@iol.unh.edu To: Test Report Cc: dpdk-test-reports@iol.unh.edu, Xueming Li , Christian Ehrhardt , Kevin Traynor , Luca Boccassi Content-Type: text/plain X-BeenThere: test-report@dpdk.org X-Mailman-Version: 2.1.29 Precedence: list List-Id: automatic DPDK test reports List-Unsubscribe: , List-Archive: List-Post: List-Help: List-Subscribe: , Errors-To: test-report-bounces@dpdk.org _Testing issues_ Branch: tags/v22.11 4401486b5e30d43a134f80f9802f60b5f43e74a8 --> testing issues Upstream job id: Generic-Unit-Test-DPDK#330406 Test environment and result as below: +---------------------+----------------+ | Environment | dpdk_unit_test | +=====================+================+ | Fedora 40 (Clang) | FAIL | +---------------------+----------------+ | CentOS Stream 9 | PEND | +---------------------+----------------+ | Debian 12 | PEND | +---------------------+----------------+ | CentOS Stream 10 | FAIL | +---------------------+----------------+ | Fedora 40 | PEND | +---------------------+----------------+ | Fedora 41 (Clang) | PEND | +---------------------+----------------+ | RHEL9 | PEND | +---------------------+----------------+ | Ubuntu 24.04 | PEND | +---------------------+----------------+ | Ubuntu 22.04 | PEND | +---------------------+----------------+ | Fedora 41 | PEND | +---------------------+----------------+ | Ubuntu 20.04 | PASS | +---------------------+----------------+ | RHEL8 | PEND | +---------------------+----------------+ | Windows Server 2022 | FAIL | +---------------------+----------------+ ==== Unit test summary for Windows Server 2022 (dpdk_unit_test): ==== Failed to get the unit test results. Displaying the unit test results is not supported for some environments, such as our aarch32 testing, where meson is not used to run the tests. Download the logs available on our CI site. ==== End log output ==== Fedora 40 (Clang) Kernel: Depends on container host Compiler: clang 18.1.8 (Fedora 18.1.8-1.fc40) CentOS Stream 9 Kernel: Depends on container host Compiler: gcc 11.5.0 20240719 (Red Hat 11.5.0-2) Debian 12 Kernel: Depends on container host Compiler: gcc (Debian 12.2.0-14) 12.2.0 CentOS Stream 10 Kernel: Depends on container host Compiler: gcc 14.2.1 20241104 (Red Hat 14.2.1-6) Fedora 40 Kernel: Depends on container host Compiler: gcc 14.2.1 20240912 (Red Hat 14.2.1-3) Fedora 41 (Clang) Kernel: Depends on container host Compiler: clang 19.1.5 (Fedora 19.1.5-1.fc41) RHEL9 Kernel: Depends on container host Compiler: gcc 11.5.0 20240719 (Red Hat 11.5.0-2) Ubuntu 24.04 Kernel: Depends on container host Compiler: gcc (Ubuntu 13.3.0-6ubuntu2~24.04) 13.3.0 Ubuntu 22.04 Kernel: Depends on container host Compiler: gcc (Ubuntu 11.4.0-1ubuntu1~22.04) 11.4.0 Fedora 41 Kernel: Depends on container host Compiler: gcc 14.2.1 20240912 (Red Hat 14.2.1-3) Ubuntu 20.04 Kernel: Depends on container host Compiler: gcc (Ubuntu 9.4.0-1ubuntu1~20.04.2) 9.4.0 RHEL8 Kernel: Depends on container host Compiler: gcc 8.5.0 20210514 (Red Hat 8.5.0-22) Windows Server 2022 Kernel: 10.0.20348.2031 Compiler: clang 15.0.7, gcc 14.1.0 (MinGW), and MSVC VS 19.39.33521 To view detailed results, visit: https://lab.dpdk.org/results/dashboard/tarballs/33224/ UNH-IOL DPDK Community Lab To manage your email subscriptions, visit: https://lab.dpdk.org/results/dashboard/preferences/subscriptions/