From mboxrd@z Thu Jan 1 00:00:00 1970 Return-Path: Received: from mails.dpdk.org (mails.dpdk.org [217.70.189.124]) by inbox.dpdk.org (Postfix) with ESMTP id 498734655E for ; Fri, 11 Apr 2025 09:21:31 +0200 (CEST) Received: from mails.dpdk.org (localhost [127.0.0.1]) by mails.dpdk.org (Postfix) with ESMTP id 44DD6406BB; Fri, 11 Apr 2025 09:21:31 +0200 (CEST) Received: from mail-pl1-f227.google.com (mail-pl1-f227.google.com [209.85.214.227]) by mails.dpdk.org (Postfix) with ESMTP id A701140285 for ; Fri, 11 Apr 2025 09:21:30 +0200 (CEST) Received: by mail-pl1-f227.google.com with SMTP id d9443c01a7336-22401f4d35aso19645435ad.2 for ; Fri, 11 Apr 2025 00:21:30 -0700 (PDT) DKIM-Signature: v=1; a=rsa-sha256; c=relaxed/relaxed; d=iol.unh.edu; s=unh-iol; t=1744356090; x=1744960890; darn=dpdk.org; h=cc:to:from:subject:message-id:date:from:to:cc:subject:date :message-id:reply-to; bh=eBamnuPqb4BFaq/tx0lfwAIUic4HMgTtX21WiFJ/ztI=; b=SP2CSHUJzon2UXcZyFCbNSMxxiPKz4w4ZS3gkcFFtjflqp7lRjtp1OaX7NUrmSbuK2 MK0mU+dtYSqXWiBqIU7vCD8qtYnerhDax7aQh6TFmHCT+kIsIma60DBA9OvJiC+mjTG+ lhNt/+lK9oh4h9Bw46lxHfcBw/4SimVr/bG6E= X-Google-DKIM-Signature: v=1; a=rsa-sha256; c=relaxed/relaxed; d=1e100.net; s=20230601; t=1744356090; x=1744960890; h=cc:to:from:subject:message-id:date:x-gm-message-state:from:to:cc :subject:date:message-id:reply-to; bh=eBamnuPqb4BFaq/tx0lfwAIUic4HMgTtX21WiFJ/ztI=; b=cKi1JASjumnqO0ABezkW10mUm7DGgDHuL5/NgaqExZMDZImOpryGAarayn7MxlTpai +IohBHfmPZ+Zaer/fAWt3T8WIQlo/eGLtOwqfT6+WHkoLUcm0JF7gqal56JvtnRTRjlC 4tyqanxIHDSekbwrZo1+WRfRUziQCpG5aW4kWH5xgyRg9dQbKwQ5l/+/VRwZi5gcadrm pxvJ5lpXZ13fZxz1anau5+P9QIRTQfEbVS/nRUCh2W8db2WSNTS9yUxMDCdv7Fx93r+h DmY9YedKX/LnlHw36TjyveUvh/LawJOt+ggDi8ddSu3rkQHm1mOHspJpcQM5yxO5HoZU fP2g== X-Gm-Message-State: AOJu0Yz9lmC/5PGeh+9ygg/xWSpTCc8uVuS6mYYxsgygskvAkpT7r2lB uOEWhRQaqsSwamuOHCtEn8AoV4XXP/Jlcz9h+l+ndGJ63Ssx3Ew30S46OCS8R1jltATmV+huFHE ws2N7vjQv8sWfWIas4Shs5tNpzVloACHQ X-Gm-Gg: ASbGncvrgYlFekUjvzvSDIGDondhG95cztlhikyErwWwuMlP4e+qkfLb+JVjyXdl4uZ bq2SKl9s8HymYDXt++oNk36a+9qyxlK7XETQeS9SsoOysZCa9GJee9HAtaASY/oQMOfOZAzfdXc QHuI4N4Y3MRJZbvyZQFbMUTIw/N4lknkYTcwOYBNgyx5nP41pmxwK2ZWivLULWoSpIjEQ+itbmX yIAhv8EmApZm4VNvAs/iJSNosNWfrpRiCOe7KTafJtmyjczz2J8SrpfmLMm0e5Y9h/40XQ7RFFy 40kePLdVpts/7EgKd9mPv6wnxdoaaaEMUa/O X-Google-Smtp-Source: AGHT+IGNAVQv8wLUgWLXLRV2MrePdZKav/zpSlM13Z4ULsrRxDAdG2ouyB4x+gy4e7/eEOUJ00iIV7KxZfBr X-Received: by 2002:a17:903:2988:b0:220:fe50:5b44 with SMTP id d9443c01a7336-22bea4bd934mr29973525ad.31.1744356089596; Fri, 11 Apr 2025 00:21:29 -0700 (PDT) Received: from postal.iol.unh.edu (postal.iol.unh.edu. [132.177.123.84]) by smtp-relay.gmail.com with ESMTPS id d9443c01a7336-22ac7b41f1dsm3036105ad.6.2025.04.11.00.21.29 (version=TLS1_2 cipher=ECDHE-ECDSA-AES128-GCM-SHA256 bits=128/128); Fri, 11 Apr 2025 00:21:29 -0700 (PDT) X-Relaying-Domain: iol.unh.edu Date: Fri, 11 Apr 2025 00:21:29 -0700 (PDT) Message-ID: <67f8c2f9.170a0220.583ee.c4c6SMTPIN_ADDED_MISSING@mx.google.com> Received: from [172.21.0.6] (unknown [172.18.0.240]) by postal.iol.unh.edu (Postfix) with ESMTP id E6CB96052471; Fri, 11 Apr 2025 03:21:28 -0400 (EDT) Subject: |FAILURE| [GIT MASTER] 4401486b5e30d43a134f80f9802f60b5f43e74a8 From: dpdklab@iol.unh.edu To: Test Report Cc: dpdk-test-reports@iol.unh.edu, Xueming Li , Christian Ehrhardt , Kevin Traynor , Luca Boccassi Content-Type: text/plain X-BeenThere: test-report@dpdk.org X-Mailman-Version: 2.1.29 Precedence: list List-Id: automatic DPDK test reports List-Unsubscribe: , List-Archive: List-Post: List-Help: List-Subscribe: , Errors-To: test-report-bounces@dpdk.org _Testing issues_ Branch: tags/v22.11 4401486b5e30d43a134f80f9802f60b5f43e74a8 --> testing issues Upstream job id: Generic-Unit-Test-DPDK#330413 Test environment and result as below: +---------------------+----------------+ | Environment | dpdk_unit_test | +=====================+================+ | Fedora 40 (Clang) | FAIL | +---------------------+----------------+ | CentOS Stream 9 | PEND | +---------------------+----------------+ | Debian 12 | FAIL | +---------------------+----------------+ | CentOS Stream 10 | FAIL | +---------------------+----------------+ | Fedora 40 | PEND | +---------------------+----------------+ | Fedora 41 (Clang) | FAIL | +---------------------+----------------+ | RHEL9 | FAIL | +---------------------+----------------+ | Ubuntu 24.04 | PEND | +---------------------+----------------+ | Ubuntu 22.04 | PEND | +---------------------+----------------+ | Fedora 41 | PEND | +---------------------+----------------+ | Ubuntu 20.04 | PASS | +---------------------+----------------+ | RHEL8 | PEND | +---------------------+----------------+ | Windows Server 2022 | FAIL | +---------------------+----------------+ ==== Unit test summary for Windows Server 2022 (dpdk_unit_test): ==== Failed to get the unit test results. Displaying the unit test results is not supported for some environments, such as our aarch32 testing, where meson is not used to run the tests. Download the logs available on our CI site. ==== End log output ==== Fedora 40 (Clang) Kernel: Depends on container host Compiler: clang 18.1.8 (Fedora 18.1.8-1.fc40) CentOS Stream 9 Kernel: Depends on container host Compiler: gcc 11.5.0 20240719 (Red Hat 11.5.0-2) Debian 12 Kernel: Depends on container host Compiler: gcc (Debian 12.2.0-14) 12.2.0 CentOS Stream 10 Kernel: Depends on container host Compiler: gcc 14.2.1 20241104 (Red Hat 14.2.1-6) Fedora 40 Kernel: Depends on container host Compiler: gcc 14.2.1 20240912 (Red Hat 14.2.1-3) Fedora 41 (Clang) Kernel: Depends on container host Compiler: clang 19.1.5 (Fedora 19.1.5-1.fc41) RHEL9 Kernel: Depends on container host Compiler: gcc 11.5.0 20240719 (Red Hat 11.5.0-2) Ubuntu 24.04 Kernel: Depends on container host Compiler: gcc (Ubuntu 13.3.0-6ubuntu2~24.04) 13.3.0 Ubuntu 22.04 Kernel: Depends on container host Compiler: gcc (Ubuntu 11.4.0-1ubuntu1~22.04) 11.4.0 Fedora 41 Kernel: Depends on container host Compiler: gcc 14.2.1 20240912 (Red Hat 14.2.1-3) Ubuntu 20.04 Kernel: Depends on container host Compiler: gcc (Ubuntu 9.4.0-1ubuntu1~20.04.2) 9.4.0 RHEL8 Kernel: Depends on container host Compiler: gcc 8.5.0 20210514 (Red Hat 8.5.0-22) Windows Server 2022 Kernel: 10.0.20348.2031 Compiler: clang 15.0.7, gcc 14.1.0 (MinGW), and MSVC VS 19.39.33521 To view detailed results, visit: https://lab.dpdk.org/results/dashboard/tarballs/33224/ UNH-IOL DPDK Community Lab To manage your email subscriptions, visit: https://lab.dpdk.org/results/dashboard/preferences/subscriptions/