From mboxrd@z Thu Jan 1 00:00:00 1970 Return-Path: Received: from mails.dpdk.org (mails.dpdk.org [217.70.189.124]) by inbox.dpdk.org (Postfix) with ESMTP id 76A3E4655E for ; Fri, 11 Apr 2025 09:22:17 +0200 (CEST) Received: from mails.dpdk.org (localhost [127.0.0.1]) by mails.dpdk.org (Postfix) with ESMTP id 72878406BB; Fri, 11 Apr 2025 09:22:17 +0200 (CEST) Received: from mail-pl1-f226.google.com (mail-pl1-f226.google.com [209.85.214.226]) by mails.dpdk.org (Postfix) with ESMTP id 393CB40285 for ; Fri, 11 Apr 2025 09:22:16 +0200 (CEST) Received: by mail-pl1-f226.google.com with SMTP id d9443c01a7336-225df540edcso28512455ad.0 for ; Fri, 11 Apr 2025 00:22:16 -0700 (PDT) DKIM-Signature: v=1; a=rsa-sha256; c=relaxed/relaxed; d=iol.unh.edu; s=unh-iol; t=1744356135; x=1744960935; darn=dpdk.org; h=cc:to:from:subject:message-id:date:from:to:cc:subject:date :message-id:reply-to; bh=6Ua1xvrJT6uuNO8eBV0wNvEEfNs/1jfwmsfmgcjwgFI=; b=VeGj1dg1XgadW/cWeQURRvljHHcrdfv8j2I6HIUQidpEICs9aeGAbABLYAvZCoJt7A oT9XCG7zmMbfeJ//c4PouVuqlfQRzhI0nK9kWk1aVP5dDMgntziFL4OJBSSG6n+pvzTM be5nzSNWq2DbF34RT11Io1BdxC4t3jSLWxGYw= X-Google-DKIM-Signature: v=1; a=rsa-sha256; c=relaxed/relaxed; d=1e100.net; s=20230601; t=1744356135; x=1744960935; h=cc:to:from:subject:message-id:date:x-gm-message-state:from:to:cc :subject:date:message-id:reply-to; bh=6Ua1xvrJT6uuNO8eBV0wNvEEfNs/1jfwmsfmgcjwgFI=; b=mts2+0Za7uMllZB35HYBAfEoI0vzQ2IQIgmpYCm4IS5Ue2Af2t9eAQz66PUzUyrNv9 +l46lbrRsDGgcJrkcgfD9pRBAQpNtAS+7f7BlWVLDWBP+3Kh4gq1tHVma87zAL6Gh83w 75N28SVjvlqyipB0eOhw0AfAqdgFH8NcNUgYGWIqmzsWoUB5IFauuo8nCcK/UU6EoDfQ nNObGiRcbOlpGoWzXWojC4DLnsUGHg9j7dFn6re6gdmwIrfdYNvKnPrUF6OI6bMzTIOe mP2H9Nj74vERkCQHhoNrvTSPSKBKwhA2lDprnvXdXqG/++0NsR777DpEhcoAeMpo7Mhl NyFw== X-Gm-Message-State: AOJu0YzweaTG6HKK2Zz1JAEq6qcytHdZW0Pt5uMcAW8rIHczsVLvDtUX 9sfNi3HkXqVPyLj+tBPeDoo/o0vkZTxYCltZRQRfTw2lz7eN6mJmg1DJndugOKK5lZjZAAwjstL 03PHI/mYTGF/HXdmDTB1lzAOM9B30FR7H X-Gm-Gg: ASbGncstzEfxZEEI4tPDT3J80yGWiDmLdoa8wkuuu6GjCXY2tW7SBFpL4Oc64vqTc4U FPo3VJuBqKSRRKfrJOXzBJj21T9+iVRV7DCJCYOsd4HYcVx16NG69rT+IK3muZ7h/YO0y70fO6V 4sibqqqJKI+CZ1NjAXgP8agh59q7fk35F4ww84/51sypA+VT8aYS0Dp7ur1lnfVkd3mOtqYFzoa +aYKc0qMN+muUnkURQ7u6R94W+4HuBa5EBpNFAtuZZYTaWqEQ0zhxk82rVgAd5fQLyH4M1jhvCn Zz8BC5ClxR05qKOlnG/vATFGKFtrCsdM5JzE X-Google-Smtp-Source: AGHT+IHo61tWVv82vDtkx8nTGobCK8zyKLnkM5ppOszgU5R8lnYqXjECQU7IR8hTqeEkIpAUa0v6eLLjMnXn X-Received: by 2002:a17:903:2a90:b0:223:5187:a886 with SMTP id d9443c01a7336-22bea0c6669mr27211345ad.22.1744356135456; Fri, 11 Apr 2025 00:22:15 -0700 (PDT) Received: from postal.iol.unh.edu (postal.iol.unh.edu. [132.177.123.84]) by smtp-relay.gmail.com with ESMTPS id d9443c01a7336-22ac7cc9193sm2959785ad.127.2025.04.11.00.22.15 (version=TLS1_2 cipher=ECDHE-ECDSA-AES128-GCM-SHA256 bits=128/128); Fri, 11 Apr 2025 00:22:15 -0700 (PDT) X-Relaying-Domain: iol.unh.edu Date: Fri, 11 Apr 2025 00:22:15 -0700 (PDT) Message-ID: <67f8c327.170a0220.20728a.c17dSMTPIN_ADDED_MISSING@mx.google.com> Received: from [172.21.0.6] (unknown [172.18.0.240]) by postal.iol.unh.edu (Postfix) with ESMTP id 8E4846052471; Fri, 11 Apr 2025 03:22:14 -0400 (EDT) Subject: |FAILURE| [GIT MASTER] 4401486b5e30d43a134f80f9802f60b5f43e74a8 From: dpdklab@iol.unh.edu To: Test Report Cc: dpdk-test-reports@iol.unh.edu, Xueming Li , Christian Ehrhardt , Kevin Traynor , Luca Boccassi Content-Type: text/plain X-BeenThere: test-report@dpdk.org X-Mailman-Version: 2.1.29 Precedence: list List-Id: automatic DPDK test reports List-Unsubscribe: , List-Archive: List-Post: List-Help: List-Subscribe: , Errors-To: test-report-bounces@dpdk.org _Testing issues_ Branch: tags/v22.11 4401486b5e30d43a134f80f9802f60b5f43e74a8 --> testing issues Upstream job id: Generic-Unit-Test-DPDK#330405 Test environment and result as below: +---------------------+----------------+ | Environment | dpdk_unit_test | +=====================+================+ | Fedora 40 (Clang) | FAIL | +---------------------+----------------+ | CentOS Stream 9 | FAIL | +---------------------+----------------+ | Debian 12 | FAIL | +---------------------+----------------+ | CentOS Stream 10 | FAIL | +---------------------+----------------+ | Fedora 40 | PEND | +---------------------+----------------+ | Fedora 41 (Clang) | FAIL | +---------------------+----------------+ | RHEL9 | FAIL | +---------------------+----------------+ | Ubuntu 24.04 | PEND | +---------------------+----------------+ | Ubuntu 22.04 | PEND | +---------------------+----------------+ | Fedora 41 | PEND | +---------------------+----------------+ | Ubuntu 20.04 | PASS | +---------------------+----------------+ | RHEL8 | PEND | +---------------------+----------------+ | Windows Server 2022 | FAIL | +---------------------+----------------+ ==== Unit test summary for Windows Server 2022 (dpdk_unit_test): ==== Failed to get the unit test results. Displaying the unit test results is not supported for some environments, such as our aarch32 testing, where meson is not used to run the tests. Download the logs available on our CI site. ==== End log output ==== Fedora 40 (Clang) Kernel: Depends on container host Compiler: clang 18.1.8 (Fedora 18.1.8-1.fc40) CentOS Stream 9 Kernel: Depends on container host Compiler: gcc 11.5.0 20240719 (Red Hat 11.5.0-2) Debian 12 Kernel: Depends on container host Compiler: gcc (Debian 12.2.0-14) 12.2.0 CentOS Stream 10 Kernel: Depends on container host Compiler: gcc 14.2.1 20241104 (Red Hat 14.2.1-6) Fedora 40 Kernel: Depends on container host Compiler: gcc 14.2.1 20240912 (Red Hat 14.2.1-3) Fedora 41 (Clang) Kernel: Depends on container host Compiler: clang 19.1.5 (Fedora 19.1.5-1.fc41) RHEL9 Kernel: Depends on container host Compiler: gcc 11.5.0 20240719 (Red Hat 11.5.0-2) Ubuntu 24.04 Kernel: Depends on container host Compiler: gcc (Ubuntu 13.3.0-6ubuntu2~24.04) 13.3.0 Ubuntu 22.04 Kernel: Depends on container host Compiler: gcc (Ubuntu 11.4.0-1ubuntu1~22.04) 11.4.0 Fedora 41 Kernel: Depends on container host Compiler: gcc 14.2.1 20240912 (Red Hat 14.2.1-3) Ubuntu 20.04 Kernel: Depends on container host Compiler: gcc (Ubuntu 9.4.0-1ubuntu1~20.04.2) 9.4.0 RHEL8 Kernel: Depends on container host Compiler: gcc 8.5.0 20210514 (Red Hat 8.5.0-22) Windows Server 2022 Kernel: 10.0.20348.2031 Compiler: clang 15.0.7, gcc 14.1.0 (MinGW), and MSVC VS 19.39.33521 To view detailed results, visit: https://lab.dpdk.org/results/dashboard/tarballs/33224/ UNH-IOL DPDK Community Lab To manage your email subscriptions, visit: https://lab.dpdk.org/results/dashboard/preferences/subscriptions/