From mboxrd@z Thu Jan 1 00:00:00 1970 Return-Path: Received: from mails.dpdk.org (mails.dpdk.org [217.70.189.124]) by inbox.dpdk.org (Postfix) with ESMTP id 525D64655E for ; Fri, 11 Apr 2025 09:39:13 +0200 (CEST) Received: from mails.dpdk.org (localhost [127.0.0.1]) by mails.dpdk.org (Postfix) with ESMTP id 4D22D406B4; Fri, 11 Apr 2025 09:39:13 +0200 (CEST) Received: from mail-pl1-f228.google.com (mail-pl1-f228.google.com [209.85.214.228]) by mails.dpdk.org (Postfix) with ESMTP id AC0EA40285 for ; Fri, 11 Apr 2025 09:39:11 +0200 (CEST) Received: by mail-pl1-f228.google.com with SMTP id d9443c01a7336-2241053582dso23330005ad.1 for ; Fri, 11 Apr 2025 00:39:11 -0700 (PDT) DKIM-Signature: v=1; a=rsa-sha256; c=relaxed/relaxed; d=iol.unh.edu; s=unh-iol; t=1744357151; x=1744961951; darn=dpdk.org; h=cc:to:from:subject:message-id:date:from:to:cc:subject:date :message-id:reply-to; bh=TF7f7vjNuVcU7VYRPnshwcH5i02Yx5ud3AB7TNoaitk=; b=gc3AKyuRZb0FfCrN8NKL/+O+XwqvgG5bJIjMTTB+B721BqmEHtHjDlceZeCl0D3ACE i6t3KYNTeLgeJBs1KFBHUMJ65uJazyDd9KJkN4utHsEBaSA9lnpviffG+zWBLFOXLEGy yDNx8yZFReP+NWjGKeJtCdnwiKfXc8cK3R+Rs= X-Google-DKIM-Signature: v=1; a=rsa-sha256; c=relaxed/relaxed; d=1e100.net; s=20230601; t=1744357151; x=1744961951; h=cc:to:from:subject:message-id:date:x-gm-message-state:from:to:cc :subject:date:message-id:reply-to; bh=TF7f7vjNuVcU7VYRPnshwcH5i02Yx5ud3AB7TNoaitk=; b=Vqn7dCrc3qaeM+JvrTnXTAgC3QLVWCExAjmFWjToDPCwZ1xprpe0M5FRtknyv1A5J1 3X7nhUP3BizqKT93yyRexMfgg0EYrbvk5F7bQ8yJ+fseWv8aJKQrLwhguh7ckOamtTlm KlR60GNI5O3/aHbuW5ADnUzGJ5uoijwfPfJbyGmG3Xlu+dg9BhSGELaAljkHNPhsAck0 I6iirn34BDicXnijhg8kUWMO8ASwqEqGXNHPyX55RLYv0MAZUPsTxeVE9AX4P1yKegS7 Rl5dRVd28xyXE5Uub5zXl/KCMpO3HrgOkC7os12nNgMAocAWZc98/YmTKAYiOi+o2OrL pmGA== X-Gm-Message-State: AOJu0Yw71xQdV9sk3Uh6qRcAPq5KzHR89YtAXOmRsHxkTimaZ8G4fa16 k9a+630DIBbGkxdXIjkoZw3FPJ/qZXPhgeXU5lFiRKP0A9IuusGA+YIg2Mx+PJncwsxHENBfDBI HOD0Jj+IdvwsUM5y9I5v+5HFOA0yW8vbn X-Gm-Gg: ASbGnct85Sv+YwcoKYXermHrJjAGJoCJgsqVd9E6dwqxTdbwXxb26plow9Yhhusd7PZ nNWRidMpEWyNNKEwS7DkSBSOvQuN96mMv+Cmg8SdPp1CC+G73fY2Kz+9v9Kfx9hDtJBC5MDQ7r4 49nVvSz5D58e7cIpWjflYnut37TK5CjsOaqtHMiYzpljJrhMvxsiiMkVKE8fg2Wdttsz4gQqwAT Sf+vJuWs8uveYMoC+1sKK0cz+JqEb7VlhepKSQIitatjFXBR58++Y0XTwyapVZHW6Q4lMBZT3g1 /9OGAYdoSegfMvDREWhmjd5c1q86Qz2MQP+I X-Google-Smtp-Source: AGHT+IFM+53lWK4tEfICc3pi0xdTqS29k/VbgXynSN2bZB7IS2xfgecFScwX1oLKiXW9xDqCp+6BPZWbpM/x X-Received: by 2002:a17:902:ef0b:b0:224:191d:8a79 with SMTP id d9443c01a7336-22bea4c696bmr28346125ad.27.1744357150835; Fri, 11 Apr 2025 00:39:10 -0700 (PDT) Received: from postal.iol.unh.edu (postal.iol.unh.edu. [132.177.123.84]) by smtp-relay.gmail.com with ESMTPS id d9443c01a7336-22ac7b94f2bsm2871595ad.62.2025.04.11.00.39.10 (version=TLS1_2 cipher=ECDHE-ECDSA-AES128-GCM-SHA256 bits=128/128); Fri, 11 Apr 2025 00:39:10 -0700 (PDT) X-Relaying-Domain: iol.unh.edu Date: Fri, 11 Apr 2025 00:39:10 -0700 (PDT) Message-ID: <67f8c71e.170a0220.d49a2.b297SMTPIN_ADDED_MISSING@mx.google.com> Received: from [172.21.0.6] (unknown [172.18.0.240]) by postal.iol.unh.edu (Postfix) with ESMTP id EFF956052471; Fri, 11 Apr 2025 03:39:09 -0400 (EDT) Subject: |FAILURE| [GIT MASTER] 4401486b5e30d43a134f80f9802f60b5f43e74a8 From: dpdklab@iol.unh.edu To: Test Report Cc: dpdk-test-reports@iol.unh.edu, Xueming Li , Christian Ehrhardt , Kevin Traynor , Luca Boccassi Content-Type: text/plain X-BeenThere: test-report@dpdk.org X-Mailman-Version: 2.1.29 Precedence: list List-Id: automatic DPDK test reports List-Unsubscribe: , List-Archive: List-Post: List-Help: List-Subscribe: , Errors-To: test-report-bounces@dpdk.org _Testing issues_ Branch: tags/v22.11 4401486b5e30d43a134f80f9802f60b5f43e74a8 --> testing issues Upstream job id: Generic-Unit-Test-DPDK#330414 Test environment and result as below: +---------------------+----------------+ | Environment | dpdk_unit_test | +=====================+================+ | Fedora 40 (Clang) | FAIL | +---------------------+----------------+ | CentOS Stream 9 | FAIL | +---------------------+----------------+ | Debian 12 | FAIL | +---------------------+----------------+ | CentOS Stream 10 | FAIL | +---------------------+----------------+ | Fedora 40 | FAIL | +---------------------+----------------+ | Fedora 41 (Clang) | FAIL | +---------------------+----------------+ | RHEL9 | FAIL | +---------------------+----------------+ | Ubuntu 24.04 | FAIL | +---------------------+----------------+ | Ubuntu 22.04 | PEND | +---------------------+----------------+ | Fedora 41 | PEND | +---------------------+----------------+ | Ubuntu 20.04 | PASS | +---------------------+----------------+ | RHEL8 | PEND | +---------------------+----------------+ | Windows Server 2022 | FAIL | +---------------------+----------------+ ==== Unit test summary for Windows Server 2022 (dpdk_unit_test): ==== Failed to get the unit test results. Displaying the unit test results is not supported for some environments, such as our aarch32 testing, where meson is not used to run the tests. Download the logs available on our CI site. ==== End log output ==== Fedora 40 (Clang) Kernel: Depends on container host Compiler: clang 18.1.8 (Fedora 18.1.8-1.fc40) CentOS Stream 9 Kernel: Depends on container host Compiler: gcc 11.5.0 20240719 (Red Hat 11.5.0-2) Debian 12 Kernel: Depends on container host Compiler: gcc (Debian 12.2.0-14) 12.2.0 CentOS Stream 10 Kernel: Depends on container host Compiler: gcc 14.2.1 20241104 (Red Hat 14.2.1-6) Fedora 40 Kernel: Depends on container host Compiler: gcc 14.2.1 20240912 (Red Hat 14.2.1-3) Fedora 41 (Clang) Kernel: Depends on container host Compiler: clang 19.1.5 (Fedora 19.1.5-1.fc41) RHEL9 Kernel: Depends on container host Compiler: gcc 11.5.0 20240719 (Red Hat 11.5.0-2) Ubuntu 24.04 Kernel: Depends on container host Compiler: gcc (Ubuntu 13.3.0-6ubuntu2~24.04) 13.3.0 Ubuntu 22.04 Kernel: Depends on container host Compiler: gcc (Ubuntu 11.4.0-1ubuntu1~22.04) 11.4.0 Fedora 41 Kernel: Depends on container host Compiler: gcc 14.2.1 20240912 (Red Hat 14.2.1-3) Ubuntu 20.04 Kernel: Depends on container host Compiler: gcc (Ubuntu 9.4.0-1ubuntu1~20.04.2) 9.4.0 RHEL8 Kernel: Depends on container host Compiler: gcc 8.5.0 20210514 (Red Hat 8.5.0-22) Windows Server 2022 Kernel: 10.0.20348.2031 Compiler: clang 15.0.7, gcc 14.1.0 (MinGW), and MSVC VS 19.39.33521 To view detailed results, visit: https://lab.dpdk.org/results/dashboard/tarballs/33224/ UNH-IOL DPDK Community Lab To manage your email subscriptions, visit: https://lab.dpdk.org/results/dashboard/preferences/subscriptions/