From mboxrd@z Thu Jan 1 00:00:00 1970 Return-Path: Received: from mails.dpdk.org (mails.dpdk.org [217.70.189.124]) by inbox.dpdk.org (Postfix) with ESMTP id 7EE604655E for ; Fri, 11 Apr 2025 10:00:00 +0200 (CEST) Received: from mails.dpdk.org (localhost [127.0.0.1]) by mails.dpdk.org (Postfix) with ESMTP id 7845F406B4; Fri, 11 Apr 2025 10:00:00 +0200 (CEST) Received: from mail-qv1-f98.google.com (mail-qv1-f98.google.com [209.85.219.98]) by mails.dpdk.org (Postfix) with ESMTP id DDC9540285 for ; Fri, 11 Apr 2025 09:59:58 +0200 (CEST) Received: by mail-qv1-f98.google.com with SMTP id 6a1803df08f44-6ed0cc5eca4so29079596d6.1 for ; Fri, 11 Apr 2025 00:59:58 -0700 (PDT) DKIM-Signature: v=1; a=rsa-sha256; c=relaxed/relaxed; d=iol.unh.edu; s=unh-iol; t=1744358398; x=1744963198; darn=dpdk.org; h=cc:to:from:subject:message-id:date:from:to:cc:subject:date :message-id:reply-to; bh=VAE0qN3r2DPeXaTH/aud/tLY4aESz/wffMDfHAVBWak=; b=Hvvw6YJkaBeoooQfw4CjZAhnPUKYEM44VnHOGMtv/7wKUbwYsGNzsDSYdE09qR7I+X 44WN8siU/2C+4Pn2iobbiKS2S+CSuM8oLcHzu9cg87AS53CpHAUFWHP8qdGO6sUulHlt RR6M4CdHdDxh8UCTDsh5/lly9B/P2YcEUGVU0= X-Google-DKIM-Signature: v=1; a=rsa-sha256; c=relaxed/relaxed; d=1e100.net; s=20230601; t=1744358398; x=1744963198; h=cc:to:from:subject:message-id:date:x-gm-message-state:from:to:cc :subject:date:message-id:reply-to; bh=VAE0qN3r2DPeXaTH/aud/tLY4aESz/wffMDfHAVBWak=; b=P90j4yyEol3/FnTjGamhxY6jGXjdJ8kjpQcZj/iLG1XtsHEtcfw56sIwdlw/m/LYYa 1Kb6pv8tWD5UdWLnhd8VqfhitPcrcv4fwGLMG6n3ZDBYv50uES41yBjM/0j0wYtNiXq4 WlvOy1PZOQeuPkXi4Xcp4N6MTIpkSyVebXVDBTTDGGNOIe4SGSImWvRgdsvJwl6LrD1U IhBRAkpmrEc5/Pvofgb8xiZar3HUyUPy3d+TQo7dvr8IDcpEacTT4tMx65gculqDB3ny /wwu4QNMMBASy4Vns86MAu0tNhRPxP9OlENSPYmzN4Sxz7PekUvrAZyetaG83bgeIbvT //ig== X-Gm-Message-State: AOJu0YzdMsI3/kVDkD9TByP0zhY4QQ4V/LdMBcwktPv96EWDrNhgr4LS uzYkHZj8/VwfQlBaXPWQpTyATZFOlJMq+d0mB6/db/75jX8b1u/vHmVzu1CK302GI92uPnKRfBj BvV3SgZTZ0AwAw8fnaX7Id32tRceMBwft4p9u0WYRfBhWxiO9 X-Gm-Gg: ASbGncsBtfEW36P0Xm1xqqZGP0GesuUfbwpKe7bLTl15vhgbvV1Q7BLmf/1sUOmr4ip umRTIk9F7tJ5Zl21+5/+bV1MmPJLWMKQd8ZyDfaUnu8Y4LATpNRVvt49Ex8PvK3Aqs4oCFLH1m/ sttRjTYuCSdcx066UNOJADv26gcrAJVPjKPIBXryEB6RA1PeD5pcVvJSUn9IW0ZYERtHF1mzYY+ FkKn/HqGVRgBMClHG0yT5RyHHK+DudhKsgLXJ4FJJUxBnuIjKnT152COBOzmfcuaXS/wUP40U7S 470LLfRkCebkrFeIj1nswAbYSrNjrDRUfLZa+53kEwI07+8R X-Google-Smtp-Source: AGHT+IFP+64KtCEPz/GtZhuRak9054HAXoGnr0ex2D8potf71LSRXP65LUZu6Qnf4qWlX9npFuSiJhSTmb1H X-Received: by 2002:a05:6214:29e3:b0:6e4:5317:64a0 with SMTP id 6a1803df08f44-6f0e612b85dmr76232656d6.13.1744358398334; Fri, 11 Apr 2025 00:59:58 -0700 (PDT) Received: from postal.iol.unh.edu (postal.iol.unh.edu. [2606:4100:3880:1234::84]) by smtp-relay.gmail.com with ESMTPS id 6a1803df08f44-6f0de97a9a2sm3451616d6.30.2025.04.11.00.59.58 (version=TLS1_2 cipher=ECDHE-ECDSA-AES128-GCM-SHA256 bits=128/128); Fri, 11 Apr 2025 00:59:58 -0700 (PDT) X-Relaying-Domain: iol.unh.edu Date: Fri, 11 Apr 2025 00:59:58 -0700 (PDT) Message-ID: <67f8cbfe.050a0220.d18c6.d14cSMTPIN_ADDED_MISSING@mx.google.com> Received: from [172.21.0.5] (unknown [172.18.0.240]) by postal.iol.unh.edu (Postfix) with ESMTP id 01E8E6052471; Fri, 11 Apr 2025 03:59:58 -0400 (EDT) Subject: |FAILURE| [GIT MASTER] 4401486b5e30d43a134f80f9802f60b5f43e74a8 From: dpdklab@iol.unh.edu To: Test Report Cc: dpdk-test-reports@iol.unh.edu, Xueming Li , Christian Ehrhardt , Kevin Traynor , Luca Boccassi Content-Type: text/plain X-BeenThere: test-report@dpdk.org X-Mailman-Version: 2.1.29 Precedence: list List-Id: automatic DPDK test reports List-Unsubscribe: , List-Archive: List-Post: List-Help: List-Subscribe: , Errors-To: test-report-bounces@dpdk.org _Testing issues_ Branch: tags/v22.11 4401486b5e30d43a134f80f9802f60b5f43e74a8 --> testing issues Upstream job id: Generic-Unit-Test-DPDK#330410 Test environment and result as below: +---------------------+----------------+ | Environment | dpdk_unit_test | +=====================+================+ | Fedora 40 (Clang) | FAIL | +---------------------+----------------+ | CentOS Stream 9 | FAIL | +---------------------+----------------+ | Debian 12 | FAIL | +---------------------+----------------+ | CentOS Stream 10 | FAIL | +---------------------+----------------+ | Fedora 40 | FAIL | +---------------------+----------------+ | Fedora 41 (Clang) | FAIL | +---------------------+----------------+ | RHEL9 | FAIL | +---------------------+----------------+ | Ubuntu 24.04 | FAIL | +---------------------+----------------+ | Ubuntu 22.04 | FAIL | +---------------------+----------------+ | Fedora 41 | FAIL | +---------------------+----------------+ | Ubuntu 20.04 | PASS | +---------------------+----------------+ | RHEL8 | FAIL | +---------------------+----------------+ | Windows Server 2022 | FAIL | +---------------------+----------------+ ==== Unit test summary for Windows Server 2022 (dpdk_unit_test): ==== Failed to get the unit test results. Displaying the unit test results is not supported for some environments, such as our aarch32 testing, where meson is not used to run the tests. Download the logs available on our CI site. ==== End log output ==== Fedora 40 (Clang) Kernel: Depends on container host Compiler: clang 18.1.8 (Fedora 18.1.8-1.fc40) CentOS Stream 9 Kernel: Depends on container host Compiler: gcc 11.5.0 20240719 (Red Hat 11.5.0-2) Debian 12 Kernel: Depends on container host Compiler: gcc (Debian 12.2.0-14) 12.2.0 CentOS Stream 10 Kernel: Depends on container host Compiler: gcc 14.2.1 20241104 (Red Hat 14.2.1-6) Fedora 40 Kernel: Depends on container host Compiler: gcc 14.2.1 20240912 (Red Hat 14.2.1-3) Fedora 41 (Clang) Kernel: Depends on container host Compiler: clang 19.1.5 (Fedora 19.1.5-1.fc41) RHEL9 Kernel: Depends on container host Compiler: gcc 11.5.0 20240719 (Red Hat 11.5.0-2) Ubuntu 24.04 Kernel: Depends on container host Compiler: gcc (Ubuntu 13.3.0-6ubuntu2~24.04) 13.3.0 Ubuntu 22.04 Kernel: Depends on container host Compiler: gcc (Ubuntu 11.4.0-1ubuntu1~22.04) 11.4.0 Fedora 41 Kernel: Depends on container host Compiler: gcc 14.2.1 20240912 (Red Hat 14.2.1-3) Ubuntu 20.04 Kernel: Depends on container host Compiler: gcc (Ubuntu 9.4.0-1ubuntu1~20.04.2) 9.4.0 RHEL8 Kernel: Depends on container host Compiler: gcc 8.5.0 20210514 (Red Hat 8.5.0-22) Windows Server 2022 Kernel: 10.0.20348.2031 Compiler: clang 15.0.7, gcc 14.1.0 (MinGW), and MSVC VS 19.39.33521 To view detailed results, visit: https://lab.dpdk.org/results/dashboard/tarballs/33224/ UNH-IOL DPDK Community Lab To manage your email subscriptions, visit: https://lab.dpdk.org/results/dashboard/preferences/subscriptions/