From mboxrd@z Thu Jan  1 00:00:00 1970
Return-Path: <test-report-bounces@dpdk.org>
Received: from mails.dpdk.org (mails.dpdk.org [217.70.189.124])
	by inbox.dpdk.org (Postfix) with ESMTP id 1B78D4656B
	for <public@inbox.dpdk.org>; Sat, 12 Apr 2025 08:13:43 +0200 (CEST)
Received: from mails.dpdk.org (localhost [127.0.0.1])
	by mails.dpdk.org (Postfix) with ESMTP id 1432640658;
	Sat, 12 Apr 2025 08:13:43 +0200 (CEST)
Received: from mail-pf1-f226.google.com (mail-pf1-f226.google.com
 [209.85.210.226])
 by mails.dpdk.org (Postfix) with ESMTP id 354CD40285
 for <test-report@dpdk.org>; Sat, 12 Apr 2025 08:13:41 +0200 (CEST)
Received: by mail-pf1-f226.google.com with SMTP id
 d2e1a72fcca58-736c277331eso3574466b3a.1
 for <test-report@dpdk.org>; Fri, 11 Apr 2025 23:13:41 -0700 (PDT)
DKIM-Signature: v=1; a=rsa-sha256; c=relaxed/relaxed;
 d=iol.unh.edu; s=unh-iol; t=1744438420; x=1745043220; darn=dpdk.org;
 h=cc:to:from:subject:message-id:date:from:to:cc:subject:date
 :message-id:reply-to;
 bh=ymeH6zTLASWSNI1kf8c406yTtpktET1iBq+3VzPDk78=;
 b=dlCLA8o6h+/YpgqOvSn+zut9Mu0o9mjYsMcpOT4RFeQ2lLbQw7SXnsqstKr8yd8B17
 CnopW+m1XYqZlinH8kpj2rBOd1Q3N4pnxBnTd+Z2MxFkI7/UY3uVkUcjIabb1g5Rlaro
 HzwMNaJp7ixbZrSn13PCUShcvJ31dmrn5pok0=
X-Google-DKIM-Signature: v=1; a=rsa-sha256; c=relaxed/relaxed;
 d=1e100.net; s=20230601; t=1744438420; x=1745043220;
 h=cc:to:from:subject:message-id:date:x-gm-message-state:from:to:cc
 :subject:date:message-id:reply-to;
 bh=ymeH6zTLASWSNI1kf8c406yTtpktET1iBq+3VzPDk78=;
 b=RYWN6atbuOj+ElmfVyw+5Ji4AyvQhvt2v0pFaHhBqLXHYGG2NJf5woimaPG2steG+j
 +sbhD7PVBnIHeHCzZvt1TvCTQcrPpO+KzmlsTTV1XrvyyqFlztpkBqNZ46XYxJFIFBhL
 dPzBYfvs7/gpg/16Wrrgk0/nymoF9K025Jx8M1p5butSA/y/2OZuaBgLSe0uCVMWVq0C
 UpgZgihliOEy8CixcO8sPvAuo9p1H4AI/VuL8YejSWBcktrwoS3EQtsvh/uiFqgltJBs
 y0Jwt4WEwaCWGTlEDT074oApjT1STVxo82qbW66NTHWDyay71n5FRwCOCk+6OVM69L5n
 pDRg==
X-Gm-Message-State: AOJu0YwkDjna8mgiTU966EedwlgIbZAYDNEiEqqKlHCeX87XdS+oVJvb
 InSN/iC/8gkLe3CDMFkw4643CuPz95OY7XLJ407JGhPBuVj9rXuaOOKEchcWBf7wHfgNT4u/rRL
 1OxTf++o8xNjHI2ahP0LSSI+8J/6KfD6WqFy16HX0IcLpxhEG
X-Gm-Gg: ASbGncutR2N8a9jTKAIw/Gff5M1v7Me8Cnguw9y7oBTg2kqZuUmU9DfPPRqQJF3Ko8G
 ryPsAKSOjyVqOrrzdSscm4oP03rGmBDyoBdntkJ4DBvSsBOD8OhYzAfA9M5YL+xEwsP4a3s2P/k
 TrHjfaA7lzPWyubQk7BVdN7eFHeXtAKqy4eVRAAZUb7RYB7ijm9BIenLBAcQZ8EoL6SI44s7NaR
 yIQb/v0a+lZh/pmPQQNLdpwGPpfFV2SX2G8QkRdcE70Gz28iGiUhifhf9eOTYCPejw1qtKA3jvo
 Z6mINUvpMPwdQsp9c6SVumSNf6Wdu2csyPzVi0VkxFUq075U
X-Google-Smtp-Source: AGHT+IFxT37F+lb7LS4QmMn7LRnwK8NlnFuqrIpRVB8vRJWQax1e5kKJzchDZ96MknTyKHDX2uPAmwqGPOQv
X-Received: by 2002:a05:6a21:8cca:b0:1ee:5fae:8f6a with SMTP id
 adf61e73a8af0-2016a176e00mr15563200637.1.1744438420153; 
 Fri, 11 Apr 2025 23:13:40 -0700 (PDT)
Received: from postal.iol.unh.edu (postal.iol.unh.edu.
 [2606:4100:3880:1234::84]) by smtp-relay.gmail.com with ESMTPS id
 41be03b00d2f7-b02a11d2117sm488063a12.16.2025.04.11.23.13.40
 (version=TLS1_2 cipher=ECDHE-ECDSA-AES128-GCM-SHA256 bits=128/128);
 Fri, 11 Apr 2025 23:13:40 -0700 (PDT)
X-Relaying-Domain: iol.unh.edu
Date: Fri, 11 Apr 2025 23:13:40 -0700 (PDT)
Message-ID: <67fa0494.630a0220.5ba50.700dSMTPIN_ADDED_MISSING@mx.google.com>
Received: from [172.21.0.6] (unknown [172.18.0.240])
 by postal.iol.unh.edu (Postfix) with ESMTP id 572636052471;
 Sat, 12 Apr 2025 02:13:39 -0400 (EDT)
Subject: |FAILURE| [GIT MASTER] 4401486b5e30d43a134f80f9802f60b5f43e74a8
From: dpdklab@iol.unh.edu
To: Test Report <test-report@dpdk.org>
Cc: dpdk-test-reports@iol.unh.edu, Xueming Li <xuemingl@nvidia.com>,
 Christian Ehrhardt <christian.ehrhardt@canonical.com>,
 Kevin Traynor <ktraynor@redhat.com>, Luca Boccassi <bluca@debian.org>
Content-Type: text/plain
X-BeenThere: test-report@dpdk.org
X-Mailman-Version: 2.1.29
Precedence: list
List-Id: automatic DPDK test reports <test-report.dpdk.org>
List-Unsubscribe: <https://mails.dpdk.org/options/test-report>,
 <mailto:test-report-request@dpdk.org?subject=unsubscribe>
List-Archive: <http://mails.dpdk.org/archives/test-report/>
List-Post: <mailto:test-report@dpdk.org>
List-Help: <mailto:test-report-request@dpdk.org?subject=help>
List-Subscribe: <https://mails.dpdk.org/listinfo/test-report>,
 <mailto:test-report-request@dpdk.org?subject=subscribe>
Errors-To: test-report-bounces@dpdk.org

_Testing issues_

Branch: tags/v22.11

4401486b5e30d43a134f80f9802f60b5f43e74a8 --> testing issues

Upstream job id: Generic-Unit-Test-DPDK#330654

Test environment and result as below:

+---------------------+----------------+
|     Environment     | dpdk_unit_test |
+=====================+================+
| CentOS Stream 9     | FAIL           |
+---------------------+----------------+
| CentOS Stream 10    | PEND           |
+---------------------+----------------+
| Debian 12           | FAIL           |
+---------------------+----------------+
| Fedora 41 (Clang)   | PEND           |
+---------------------+----------------+
| Fedora 40 (Clang)   | PEND           |
+---------------------+----------------+
| Fedora 41           | PEND           |
+---------------------+----------------+
| RHEL8               | PEND           |
+---------------------+----------------+
| RHEL9               | PEND           |
+---------------------+----------------+
| Fedora 40           | PEND           |
+---------------------+----------------+
| Ubuntu 20.04        | PASS           |
+---------------------+----------------+
| Ubuntu 22.04        | PEND           |
+---------------------+----------------+
| Ubuntu 24.04        | PEND           |
+---------------------+----------------+
| Windows Server 2022 | FAIL           |
+---------------------+----------------+

==== Unit test summary for Windows Server 2022 (dpdk_unit_test): ====
Failed to get the unit test results.
Displaying the unit test results is not supported for some environments,
such as our aarch32 testing, where meson is not used to run the tests.
Download the logs available on our CI site.
==== End log output ====

CentOS Stream 9
	Kernel: Depends on container host
	Compiler: gcc 11.5.0 20240719 (Red Hat 11.5.0-2)

CentOS Stream 10
	Kernel: Depends on container host
	Compiler: gcc 14.2.1 20241104 (Red Hat 14.2.1-6)

Debian 12
	Kernel: Depends on container host
	Compiler: gcc (Debian 12.2.0-14) 12.2.0

Fedora 41 (Clang)
	Kernel: Depends on container host
	Compiler: clang 19.1.5 (Fedora 19.1.5-1.fc41)

Fedora 40 (Clang)
	Kernel: Depends on container host
	Compiler: clang 18.1.8 (Fedora 18.1.8-1.fc40)

Fedora 41
	Kernel: Depends on container host
	Compiler: gcc 14.2.1 20240912 (Red Hat 14.2.1-3)

RHEL8
	Kernel: Depends on container host
	Compiler: gcc 8.5.0 20210514 (Red Hat 8.5.0-22)

RHEL9
	Kernel: Depends on container host
	Compiler: gcc 11.5.0 20240719 (Red Hat 11.5.0-2)

Fedora 40
	Kernel: Depends on container host
	Compiler: gcc 14.2.1 20240912 (Red Hat 14.2.1-3)

Ubuntu 20.04
	Kernel: Depends on container host
	Compiler: gcc (Ubuntu 9.4.0-1ubuntu1~20.04.2) 9.4.0

Ubuntu 22.04
	Kernel: Depends on container host
	Compiler: gcc (Ubuntu 11.4.0-1ubuntu1~22.04) 11.4.0

Ubuntu 24.04
	Kernel: Depends on container host
	Compiler: gcc (Ubuntu 13.3.0-6ubuntu2~24.04) 13.3.0

Windows Server 2022
	Kernel: 10.0.20348.2031
	Compiler: clang 15.0.7, gcc 14.1.0 (MinGW), and MSVC VS 19.39.33521

To view detailed results, visit:
https://lab.dpdk.org/results/dashboard/tarballs/33237/

UNH-IOL DPDK Community Lab

To manage your email subscriptions, visit: 
https://lab.dpdk.org/results/dashboard/preferences/subscriptions/