From mboxrd@z Thu Jan 1 00:00:00 1970 Return-Path: Received: from mails.dpdk.org (mails.dpdk.org [217.70.189.124]) by inbox.dpdk.org (Postfix) with ESMTP id C49454656B for ; Sat, 12 Apr 2025 08:28:59 +0200 (CEST) Received: from mails.dpdk.org (localhost [127.0.0.1]) by mails.dpdk.org (Postfix) with ESMTP id 9A6F440658; Sat, 12 Apr 2025 08:28:59 +0200 (CEST) Received: from mail-il1-f225.google.com (mail-il1-f225.google.com [209.85.166.225]) by mails.dpdk.org (Postfix) with ESMTP id 6425940285 for ; Sat, 12 Apr 2025 08:28:58 +0200 (CEST) Received: by mail-il1-f225.google.com with SMTP id e9e14a558f8ab-3d7f4cb75f3so1215895ab.2 for ; Fri, 11 Apr 2025 23:28:58 -0700 (PDT) DKIM-Signature: v=1; a=rsa-sha256; c=relaxed/relaxed; d=iol.unh.edu; s=unh-iol; t=1744439337; x=1745044137; darn=dpdk.org; h=cc:to:from:subject:message-id:date:from:to:cc:subject:date :message-id:reply-to; bh=V3mIsH5p8ZVsOuXzSCdj+DqZbUbugw7wu50CNIVBkus=; b=NVmAqijvLfUSOtY+oQwrAtWx8UZSQ7j9/5t4XctKLto0yrkAAiUUpxKdcYfgf7q6NM WEpjpZkmW4A0db5ubOOr/qmo8hcGycu3OPv+zv7uZ4+zrNLCP2smCCZ/F0WX2DOZMazh 7/Q1rljMryXDoUQnm6jcQyM7kbAgH1XvTDWVA= X-Google-DKIM-Signature: v=1; a=rsa-sha256; c=relaxed/relaxed; d=1e100.net; s=20230601; t=1744439337; x=1745044137; h=cc:to:from:subject:message-id:date:x-gm-message-state:from:to:cc :subject:date:message-id:reply-to; bh=V3mIsH5p8ZVsOuXzSCdj+DqZbUbugw7wu50CNIVBkus=; b=T0DnIcklI8q3aAo1z6IpBqSnzRFLhNwlwrsFqGQGI4BNwklP3YZ3NjKdybGqLMrOqV /uXhhu7BcWv5KdqBEbJE2UykJ+fzqrmVc042Q+B9UQGBO9PVx6VWNB4qorsYNBBiIZlR ZS8jZcBJj+BUsObWbfLnTXnKjDxHaFV4FfKWobRxNbr0dPs50HKgueWpnYk6OwX6a2sR kOcuW9Tc+u3lP3vUTh6uzI3OCSDk73IgjYZd2hmWUtihSseTLYka4l83jcxu2KEyJxqq Suzj0X1b3qKLFmrZTmN21tUmYDkLDCtga8ZOKkAhNcSmO5WK5RGIspQer7VmXexj0eo5 wubQ== X-Gm-Message-State: AOJu0YyAZ8mn5XF2LeO6sspdUFRKa0apWt5gAdJhTInOj8N0SgV+Lyur VBWEtSUHE//aDYY8tEkYwKeamMZHHN74ZUv0oDjNfLN4RqGBwqy94cLezI1GjmwrQRcmO+UGRkt puokawc1al5owzkx94/xJFqP9IX1TlVoCz7gZJI49OMSi6uSX X-Gm-Gg: ASbGncvLa6oQjQqcADjszn73RbPbQ47KhIiFZkXON5jw3RDTWRqIQNsFIHxMCtxmq3s y1HxrTdqyAxOkzrW4XJQyVzpUiSvflHuPX3FGa2jPejY+KYVBTIBnRGSlNSjri1dBqdnGPCvQ9L uk8cv9EpbVBxozd/1JfhCdp4h4hXM3RGvqEXxmnzkvAGhjfHe9Qmp4ISTIIqZJdQY+VJW4rAVRy rqA6tAXbhrvjA+9Rd07gvgSHXFpezTCEQHwWOO2jnd/VdBS1OB+rmxbnu815pF4RlkjO72nBteG VAVDWhlN5x5XBwjN2xxEmHERdpWGvNRj44mD/ca0qFVXiIMC X-Google-Smtp-Source: AGHT+IFsp4qQyz4dVznLy1y41+rZ6ifuAe8rdTCGWiKNfl4bdCk0zcPd6NJOVqP9TZ4PrABuYwTDDwhEizlT X-Received: by 2002:a05:6602:3609:b0:855:cca0:ed2c with SMTP id ca18e2360f4ac-8617cbe02e9mr631310939f.10.1744439337454; Fri, 11 Apr 2025 23:28:57 -0700 (PDT) Received: from postal.iol.unh.edu (postal.iol.unh.edu. [2606:4100:3880:1234::84]) by smtp-relay.gmail.com with ESMTPS id 8926c6da1cb9f-4f505e2ea64sm435041173.64.2025.04.11.23.28.57 (version=TLS1_2 cipher=ECDHE-ECDSA-AES128-GCM-SHA256 bits=128/128); Fri, 11 Apr 2025 23:28:57 -0700 (PDT) X-Relaying-Domain: iol.unh.edu Date: Fri, 11 Apr 2025 23:28:57 -0700 (PDT) Message-ID: <67fa0829.050a0220.2431b0.1c25SMTPIN_ADDED_MISSING@mx.google.com> Received: from [172.21.0.5] (unknown [172.18.0.240]) by postal.iol.unh.edu (Postfix) with ESMTP id E5BB06052471; Sat, 12 Apr 2025 02:28:56 -0400 (EDT) Subject: |FAILURE| [GIT MASTER] 4401486b5e30d43a134f80f9802f60b5f43e74a8 From: dpdklab@iol.unh.edu To: Test Report Cc: dpdk-test-reports@iol.unh.edu, Xueming Li , Christian Ehrhardt , Kevin Traynor , Luca Boccassi Content-Type: text/plain X-BeenThere: test-report@dpdk.org X-Mailman-Version: 2.1.29 Precedence: list List-Id: automatic DPDK test reports List-Unsubscribe: , List-Archive: List-Post: List-Help: List-Subscribe: , Errors-To: test-report-bounces@dpdk.org _Testing issues_ Branch: tags/v22.11 4401486b5e30d43a134f80f9802f60b5f43e74a8 --> testing issues Upstream job id: Generic-Unit-Test-DPDK#330655 Test environment and result as below: +---------------------+----------------+ | Environment | dpdk_unit_test | +=====================+================+ | CentOS Stream 9 | FAIL | +---------------------+----------------+ | CentOS Stream 10 | PEND | +---------------------+----------------+ | Debian 12 | FAIL | +---------------------+----------------+ | Fedora 41 (Clang) | PEND | +---------------------+----------------+ | Fedora 40 (Clang) | PEND | +---------------------+----------------+ | Fedora 41 | PEND | +---------------------+----------------+ | RHEL8 | PEND | +---------------------+----------------+ | RHEL9 | PEND | +---------------------+----------------+ | Fedora 40 | FAIL | +---------------------+----------------+ | Ubuntu 20.04 | PASS | +---------------------+----------------+ | Ubuntu 22.04 | PEND | +---------------------+----------------+ | Ubuntu 24.04 | PEND | +---------------------+----------------+ | Windows Server 2022 | FAIL | +---------------------+----------------+ ==== Unit test summary for Windows Server 2022 (dpdk_unit_test): ==== Failed to get the unit test results. Displaying the unit test results is not supported for some environments, such as our aarch32 testing, where meson is not used to run the tests. Download the logs available on our CI site. ==== End log output ==== CentOS Stream 9 Kernel: Depends on container host Compiler: gcc 11.5.0 20240719 (Red Hat 11.5.0-2) CentOS Stream 10 Kernel: Depends on container host Compiler: gcc 14.2.1 20241104 (Red Hat 14.2.1-6) Debian 12 Kernel: Depends on container host Compiler: gcc (Debian 12.2.0-14) 12.2.0 Fedora 41 (Clang) Kernel: Depends on container host Compiler: clang 19.1.5 (Fedora 19.1.5-1.fc41) Fedora 40 (Clang) Kernel: Depends on container host Compiler: clang 18.1.8 (Fedora 18.1.8-1.fc40) Fedora 41 Kernel: Depends on container host Compiler: gcc 14.2.1 20240912 (Red Hat 14.2.1-3) RHEL8 Kernel: Depends on container host Compiler: gcc 8.5.0 20210514 (Red Hat 8.5.0-22) RHEL9 Kernel: Depends on container host Compiler: gcc 11.5.0 20240719 (Red Hat 11.5.0-2) Fedora 40 Kernel: Depends on container host Compiler: gcc 14.2.1 20240912 (Red Hat 14.2.1-3) Ubuntu 20.04 Kernel: Depends on container host Compiler: gcc (Ubuntu 9.4.0-1ubuntu1~20.04.2) 9.4.0 Ubuntu 22.04 Kernel: Depends on container host Compiler: gcc (Ubuntu 11.4.0-1ubuntu1~22.04) 11.4.0 Ubuntu 24.04 Kernel: Depends on container host Compiler: gcc (Ubuntu 13.3.0-6ubuntu2~24.04) 13.3.0 Windows Server 2022 Kernel: 10.0.20348.2031 Compiler: clang 15.0.7, gcc 14.1.0 (MinGW), and MSVC VS 19.39.33521 To view detailed results, visit: https://lab.dpdk.org/results/dashboard/tarballs/33237/ UNH-IOL DPDK Community Lab To manage your email subscriptions, visit: https://lab.dpdk.org/results/dashboard/preferences/subscriptions/